W20260710 13:26:47.686713 32360 system_unsync_time.cc:38] NTP support is disabled. Clock error bounds will not be accurate. This configuration is not suitable for distributed clusters.
I20260710 13:26:47.686831 32360 hybrid_clock.cc:648] HybridClock initialized: now 1783690007686820 us; error 0 us; skew 500 ppm
I20260710 13:26:47.687363 32360 server_base.cc:861] Flag tcmalloc_max_total_thread_cache_bytes is not working since tcmalloc is not enabled.
I20260710 13:26:47.697645 32360 webserver.cc:533] Webserver started at http://127.31.154.1:42817/ using document root <none> and password file <none>
I20260710 13:26:47.698573 32360 fs_manager.cc:362] Metadata directory not provided
I20260710 13:26:47.698843 32360 fs_manager.cc:368] Using write-ahead log directory (fs_wal_dir) as metadata directory
I20260710 13:26:47.699244 32360 server_base.cc:909] This appears to be a new deployment of Kudu; creating new FS layout
I20260710 13:26:47.701157 32360 fs_manager.cc:1068] Generated new instance metadata in path /tmp/dist-test-taskpwR2Su/test-tmp/auto_leader_rebalancer-test.0.LeaderRebalancerTest.AddTserver.1783689984131009-32360-0/minicluster-data/ts-0-root/instance:
uuid: "c43560ed3cd44ebe921da6db8553b7d4"
format_stamp: "Formatted at 2026-07-10 13:26:47 on dist-test-slave-prc7"
I20260710 13:26:47.708978 32360 fs_manager.cc:696] Time spent creating directory manager: real 0.007s	user 0.002s	sys 0.005s
I20260710 13:26:47.713898   966 log_block_manager.cc:4127] Time spent loading block containers with low live blocks: real 0.000s	user 0.000s	sys 0.000s
I20260710 13:26:47.714689 32360 fs_manager.cc:730] Time spent opening block manager: real 0.003s	user 0.003s	sys 0.001s
I20260710 13:26:47.715093 32360 fs_manager.cc:647] Opened local filesystem: /tmp/dist-test-taskpwR2Su/test-tmp/auto_leader_rebalancer-test.0.LeaderRebalancerTest.AddTserver.1783689984131009-32360-0/minicluster-data/ts-0-root
uuid: "c43560ed3cd44ebe921da6db8553b7d4"
format_stamp: "Formatted at 2026-07-10 13:26:47 on dist-test-slave-prc7"
I20260710 13:26:47.715444 32360 fs_report.cc:389] FS layout report
--------------------
wal directory: /tmp/dist-test-taskpwR2Su/test-tmp/auto_leader_rebalancer-test.0.LeaderRebalancerTest.AddTserver.1783689984131009-32360-0/minicluster-data/ts-0-root
metadata directory: /tmp/dist-test-taskpwR2Su/test-tmp/auto_leader_rebalancer-test.0.LeaderRebalancerTest.AddTserver.1783689984131009-32360-0/minicluster-data/ts-0-root
1 data directories: /tmp/dist-test-taskpwR2Su/test-tmp/auto_leader_rebalancer-test.0.LeaderRebalancerTest.AddTserver.1783689984131009-32360-0/minicluster-data/ts-0-root/data
Total live blocks: 0
Total live bytes: 0
Total live bytes (after alignment): 0
Total number of LBM containers: 0 (0 full)
Did not check for missing blocks
Did not check for orphaned blocks
Total full LBM containers with extra space: 0 (0 repaired)
Total full LBM container extra space in bytes: 0 (0 repaired)
Total incomplete LBM containers: 0 (0 repaired)
Total LBM partial records: 0 (0 repaired)
Total corrupted LBM metadata records in RocksDB: 0 (0 repaired)
I20260710 13:26:47.746349 32360 rpc_server.cc:225] running with OpenSSL 1.1.1  11 Sep 2018
I20260710 13:26:47.747499 32360 kserver.cc:163] Server-wide thread pool size limit: 3276
I20260710 13:26:47.748907 32360 txn_system_client.cc:432] TxnSystemClient initialization is disabled...
I20260710 13:26:47.751120 32360 ts_tablet_manager.cc:585] Loaded tablet metadata (0 total tablets, 0 live tablets)
I20260710 13:26:47.751335 32360 ts_tablet_manager.cc:531] Time spent load tablet metadata: real 0.000s	user 0.000s	sys 0.000s
I20260710 13:26:47.751573 32360 ts_tablet_manager.cc:616] Registered 0 tablets
I20260710 13:26:47.751753 32360 ts_tablet_manager.cc:595] Time spent register tablets: real 0.000s	user 0.000s	sys 0.000s
I20260710 13:26:47.797418 32360 rpc_server.cc:307] RPC server started. Bound to: 127.31.154.1:39513
I20260710 13:26:47.797597  1028 acceptor_pool.cc:272] collecting diagnostics on the listening RPC socket 127.31.154.1:39513 every 8 connection(s)
I20260710 13:26:47.802378 32360 file_cache.cc:504] Constructed file cache file cache with capacity 419430
W20260710 13:26:47.808885  1033 instance_detector.cc:116] could not retrieve AWS instance metadata: Network error: curl error: HTTP response code said error: The requested URL returned error: 404
W20260710 13:26:47.810781  1034 instance_detector.cc:116] could not retrieve Azure instance metadata: Network error: curl error: HTTP response code said error: The requested URL returned error: 404
I20260710 13:26:47.813805 32360 server_base.cc:1061] running on GCE node
W20260710 13:26:47.814664  1036 instance_detector.cc:116] could not retrieve OpenStack instance metadata: Network error: curl error: HTTP response code said error: The requested URL returned error: 404
I20260710 13:26:47.815595 32360 hybrid_clock.cc:584] initializing the hybrid clock with 'system_unsync' time source
W20260710 13:26:47.815889 32360 system_unsync_time.cc:38] NTP support is disabled. Clock error bounds will not be accurate. This configuration is not suitable for distributed clusters.
I20260710 13:26:47.816102 32360 hybrid_clock.cc:648] HybridClock initialized: now 1783690007816081 us; error 0 us; skew 500 ppm
I20260710 13:26:47.816812 32360 server_base.cc:861] Flag tcmalloc_max_total_thread_cache_bytes is not working since tcmalloc is not enabled.
I20260710 13:26:47.818114  1029 heartbeater.cc:344] Connected to a master server at 127.31.154.62:38423
I20260710 13:26:47.818503  1029 heartbeater.cc:461] Registering TS with master...
I20260710 13:26:47.819281  1029 heartbeater.cc:507] Master 127.31.154.62:38423 requested a full tablet report, sending...
I20260710 13:26:47.819432 32360 webserver.cc:533] Webserver started at http://127.31.154.2:42735/ using document root <none> and password file <none>
I20260710 13:26:47.820007 32360 fs_manager.cc:362] Metadata directory not provided
I20260710 13:26:47.820222 32360 fs_manager.cc:368] Using write-ahead log directory (fs_wal_dir) as metadata directory
I20260710 13:26:47.820528 32360 server_base.cc:909] This appears to be a new deployment of Kudu; creating new FS layout
I20260710 13:26:47.821594   902 ts_manager.cc:194] Registered new tserver with Master: c43560ed3cd44ebe921da6db8553b7d4 (127.31.154.1:39513)
I20260710 13:26:47.822059 32360 fs_manager.cc:1068] Generated new instance metadata in path /tmp/dist-test-taskpwR2Su/test-tmp/auto_leader_rebalancer-test.0.LeaderRebalancerTest.AddTserver.1783689984131009-32360-0/minicluster-data/ts-1-root/instance:
uuid: "31008f0ea28446f5b0c863890b3dcb07"
format_stamp: "Formatted at 2026-07-10 13:26:47 on dist-test-slave-prc7"
I20260710 13:26:47.823980   902 master_service.cc:502] Signed X509 certificate for tserver {username='slave'} at 127.0.0.1:40260
I20260710 13:26:47.827364 32360 fs_manager.cc:696] Time spent creating directory manager: real 0.005s	user 0.005s	sys 0.000s
I20260710 13:26:47.830513  1041 log_block_manager.cc:4127] Time spent loading block containers with low live blocks: real 0.000s	user 0.000s	sys 0.000s
I20260710 13:26:47.831214 32360 fs_manager.cc:730] Time spent opening block manager: real 0.002s	user 0.003s	sys 0.000s
I20260710 13:26:47.831497 32360 fs_manager.cc:647] Opened local filesystem: /tmp/dist-test-taskpwR2Su/test-tmp/auto_leader_rebalancer-test.0.LeaderRebalancerTest.AddTserver.1783689984131009-32360-0/minicluster-data/ts-1-root
uuid: "31008f0ea28446f5b0c863890b3dcb07"
format_stamp: "Formatted at 2026-07-10 13:26:47 on dist-test-slave-prc7"
I20260710 13:26:47.831782 32360 fs_report.cc:389] FS layout report
--------------------
wal directory: /tmp/dist-test-taskpwR2Su/test-tmp/auto_leader_rebalancer-test.0.LeaderRebalancerTest.AddTserver.1783689984131009-32360-0/minicluster-data/ts-1-root
metadata directory: /tmp/dist-test-taskpwR2Su/test-tmp/auto_leader_rebalancer-test.0.LeaderRebalancerTest.AddTserver.1783689984131009-32360-0/minicluster-data/ts-1-root
1 data directories: /tmp/dist-test-taskpwR2Su/test-tmp/auto_leader_rebalancer-test.0.LeaderRebalancerTest.AddTserver.1783689984131009-32360-0/minicluster-data/ts-1-root/data
Total live blocks: 0
Total live bytes: 0
Total live bytes (after alignment): 0
Total number of LBM containers: 0 (0 full)
Did not check for missing blocks
Did not check for orphaned blocks
Total full LBM containers with extra space: 0 (0 repaired)
Total full LBM container extra space in bytes: 0 (0 repaired)
Total incomplete LBM containers: 0 (0 repaired)
Total LBM partial records: 0 (0 repaired)
Total corrupted LBM metadata records in RocksDB: 0 (0 repaired)
I20260710 13:26:47.857292 32360 rpc_server.cc:225] running with OpenSSL 1.1.1  11 Sep 2018
I20260710 13:26:47.858527 32360 kserver.cc:163] Server-wide thread pool size limit: 3276
I20260710 13:26:47.859997 32360 txn_system_client.cc:432] TxnSystemClient initialization is disabled...
I20260710 13:26:47.862247 32360 ts_tablet_manager.cc:585] Loaded tablet metadata (0 total tablets, 0 live tablets)
I20260710 13:26:47.862469 32360 ts_tablet_manager.cc:531] Time spent load tablet metadata: real 0.000s	user 0.000s	sys 0.000s
I20260710 13:26:47.862706 32360 ts_tablet_manager.cc:616] Registered 0 tablets
I20260710 13:26:47.862874 32360 ts_tablet_manager.cc:595] Time spent register tablets: real 0.000s	user 0.000s	sys 0.000s
I20260710 13:26:47.901003 32360 rpc_server.cc:307] RPC server started. Bound to: 127.31.154.2:42447
I20260710 13:26:47.901095  1103 acceptor_pool.cc:272] collecting diagnostics on the listening RPC socket 127.31.154.2:42447 every 8 connection(s)
I20260710 13:26:47.905627 32360 file_cache.cc:504] Constructed file cache file cache with capacity 419430
W20260710 13:26:47.912662  1107 instance_detector.cc:116] could not retrieve AWS instance metadata: Network error: curl error: HTTP response code said error: The requested URL returned error: 404
W20260710 13:26:47.913787  1108 instance_detector.cc:116] could not retrieve Azure instance metadata: Network error: curl error: HTTP response code said error: The requested URL returned error: 404
W20260710 13:26:47.915693  1110 instance_detector.cc:116] could not retrieve OpenStack instance metadata: Network error: curl error: HTTP response code said error: The requested URL returned error: 404
I20260710 13:26:47.916496 32360 server_base.cc:1061] running on GCE node
I20260710 13:26:47.917559 32360 hybrid_clock.cc:584] initializing the hybrid clock with 'system_unsync' time source
W20260710 13:26:47.917788 32360 system_unsync_time.cc:38] NTP support is disabled. Clock error bounds will not be accurate. This configuration is not suitable for distributed clusters.
I20260710 13:26:47.918016 32360 hybrid_clock.cc:648] HybridClock initialized: now 1783690007917999 us; error 0 us; skew 500 ppm
I20260710 13:26:47.918112  1104 heartbeater.cc:344] Connected to a master server at 127.31.154.62:38423
I20260710 13:26:47.918550  1104 heartbeater.cc:461] Registering TS with master...
I20260710 13:26:47.918676 32360 server_base.cc:861] Flag tcmalloc_max_total_thread_cache_bytes is not working since tcmalloc is not enabled.
I20260710 13:26:47.919364  1104 heartbeater.cc:507] Master 127.31.154.62:38423 requested a full tablet report, sending...
I20260710 13:26:47.921625 32360 webserver.cc:533] Webserver started at http://127.31.154.3:44955/ using document root <none> and password file <none>
I20260710 13:26:47.921618   902 ts_manager.cc:194] Registered new tserver with Master: 31008f0ea28446f5b0c863890b3dcb07 (127.31.154.2:42447)
I20260710 13:26:47.922271 32360 fs_manager.cc:362] Metadata directory not provided
I20260710 13:26:47.922499 32360 fs_manager.cc:368] Using write-ahead log directory (fs_wal_dir) as metadata directory
I20260710 13:26:47.922768 32360 server_base.cc:909] This appears to be a new deployment of Kudu; creating new FS layout
I20260710 13:26:47.923204   902 master_service.cc:502] Signed X509 certificate for tserver {username='slave'} at 127.0.0.1:40274
I20260710 13:26:47.924001 32360 fs_manager.cc:1068] Generated new instance metadata in path /tmp/dist-test-taskpwR2Su/test-tmp/auto_leader_rebalancer-test.0.LeaderRebalancerTest.AddTserver.1783689984131009-32360-0/minicluster-data/ts-2-root/instance:
uuid: "dbca7f0606ff409b8d6d9d9d11985174"
format_stamp: "Formatted at 2026-07-10 13:26:47 on dist-test-slave-prc7"
I20260710 13:26:47.928442 32360 fs_manager.cc:696] Time spent creating directory manager: real 0.004s	user 0.006s	sys 0.000s
I20260710 13:26:47.931572  1115 log_block_manager.cc:4127] Time spent loading block containers with low live blocks: real 0.000s	user 0.000s	sys 0.000s
I20260710 13:26:47.932401 32360 fs_manager.cc:730] Time spent opening block manager: real 0.002s	user 0.000s	sys 0.002s
I20260710 13:26:47.932678 32360 fs_manager.cc:647] Opened local filesystem: /tmp/dist-test-taskpwR2Su/test-tmp/auto_leader_rebalancer-test.0.LeaderRebalancerTest.AddTserver.1783689984131009-32360-0/minicluster-data/ts-2-root
uuid: "dbca7f0606ff409b8d6d9d9d11985174"
format_stamp: "Formatted at 2026-07-10 13:26:47 on dist-test-slave-prc7"
I20260710 13:26:47.932958 32360 fs_report.cc:389] FS layout report
--------------------
wal directory: /tmp/dist-test-taskpwR2Su/test-tmp/auto_leader_rebalancer-test.0.LeaderRebalancerTest.AddTserver.1783689984131009-32360-0/minicluster-data/ts-2-root
metadata directory: /tmp/dist-test-taskpwR2Su/test-tmp/auto_leader_rebalancer-test.0.LeaderRebalancerTest.AddTserver.1783689984131009-32360-0/minicluster-data/ts-2-root
1 data directories: /tmp/dist-test-taskpwR2Su/test-tmp/auto_leader_rebalancer-test.0.LeaderRebalancerTest.AddTserver.1783689984131009-32360-0/minicluster-data/ts-2-root/data
Total live blocks: 0
Total live bytes: 0
Total live bytes (after alignment): 0
Total number of LBM containers: 0 (0 full)
Did not check for missing blocks
Did not check for orphaned blocks
Total full LBM containers with extra space: 0 (0 repaired)
Total full LBM container extra space in bytes: 0 (0 repaired)
Total incomplete LBM containers: 0 (0 repaired)
Total LBM partial records: 0 (0 repaired)
Total corrupted LBM metadata records in RocksDB: 0 (0 repaired)
I20260710 13:26:47.947399 32360 rpc_server.cc:225] running with OpenSSL 1.1.1  11 Sep 2018
I20260710 13:26:47.948549 32360 kserver.cc:163] Server-wide thread pool size limit: 3276
I20260710 13:26:47.950008 32360 txn_system_client.cc:432] TxnSystemClient initialization is disabled...
I20260710 13:26:47.952282 32360 ts_tablet_manager.cc:585] Loaded tablet metadata (0 total tablets, 0 live tablets)
I20260710 13:26:47.952512 32360 ts_tablet_manager.cc:531] Time spent load tablet metadata: real 0.000s	user 0.000s	sys 0.000s
I20260710 13:26:47.952754 32360 ts_tablet_manager.cc:616] Registered 0 tablets
I20260710 13:26:47.952931 32360 ts_tablet_manager.cc:595] Time spent register tablets: real 0.000s	user 0.000s	sys 0.000s
I20260710 13:26:47.990777 32360 rpc_server.cc:307] RPC server started. Bound to: 127.31.154.3:37423
I20260710 13:26:47.990904  1177 acceptor_pool.cc:272] collecting diagnostics on the listening RPC socket 127.31.154.3:37423 every 8 connection(s)
I20260710 13:26:48.003916  1178 heartbeater.cc:344] Connected to a master server at 127.31.154.62:38423
I20260710 13:26:48.004335  1178 heartbeater.cc:461] Registering TS with master...
I20260710 13:26:48.004989  1178 heartbeater.cc:507] Master 127.31.154.62:38423 requested a full tablet report, sending...
I20260710 13:26:48.006997   902 ts_manager.cc:194] Registered new tserver with Master: dbca7f0606ff409b8d6d9d9d11985174 (127.31.154.3:37423)
I20260710 13:26:48.007138 32360 internal_mini_cluster.cc:371] 3 TS(s) registered with all masters after 0.013275948s
I20260710 13:26:48.008322   902 master_service.cc:502] Signed X509 certificate for tserver {username='slave'} at 127.0.0.1:40288
I20260710 13:26:48.032413   902 catalog_manager.cc:2283] Servicing CreateTable request from {username='slave'} at 127.0.0.1:40302:
name: "test-workload"
schema {
  columns {
    name: "key"
    type: INT32
    is_key: true
    is_nullable: false
    encoding: AUTO_ENCODING
    compression: DEFAULT_COMPRESSION
    cfile_block_size: 0
    immutable: false
  }
  columns {
    name: "int_val"
    type: INT32
    is_key: false
    is_nullable: false
    encoding: AUTO_ENCODING
    compression: DEFAULT_COMPRESSION
    cfile_block_size: 0
    immutable: false
  }
  columns {
    name: "string_val"
    type: STRING
    is_key: false
    is_nullable: true
    encoding: AUTO_ENCODING
    compression: DEFAULT_COMPRESSION
    cfile_block_size: 0
    immutable: false
  }
}
num_replicas: 3
split_rows_range_bounds {
  rows: "\004\001\000UUU\005\004\001\000\252\252\252\n\004\001\000\377\377\377\017\004\001\000TUU\025\004\001\000\251\252\252\032\004\001\000\376\377\377\037\004\001\000SUU%\004\001\000\250\252\252*\004\001\000\375\377\377/\004\001\000RUU5\004\001\000\247\252\252:\004\001\000\374\377\377?\004\001\000QUUE\004\001\000\246\252\252J\004\001\000\373\377\377O\004\001\000PUUU\004\001\000\245\252\252Z\004\001\000\372\377\377_\004\001\000OUUe\004\001\000\244\252\252j\004\001\000\371\377\377o\004\001\000NUUu\004\001\000\243\252\252z""\004\001\000UUU\005\004\001\000\252\252\252\n\004\001\000\377\377\377\017\004\001\000TUU\025\004\001\000\251\252\252\032\004\001\000\376\377\377\037\004\001\000SUU%\004\001\000\250\252\252*\004\001\000\375\377\377/\004\001\000RUU5\004\001\000\247\252\252:\004\001\000\374\377\377?\004\001\000QUUE\004\001\000\246\252\252J\004\001\000\373\377\377O\004\001\000PUUU\004\001\000\245\252\252Z\004\001\000\372\377\377_\004\001\000OUUe\004\001\000\244\252\252j\004\001\000\371\377\377o\004\001\000NUUu\004\001\000\243\252\252z"
  indirect_data: """"
}
partition_schema {
  range_schema {
    columns {
      name: "key"
    }
  }
}
W20260710 13:26:48.036269   902 catalog_manager.cc:7077] The number of live tablet servers is not enough to re-replicate a tablet replica of the newly created table test-workload in case of a server failure: 4 tablet servers would be needed, 3 are available. Consider bringing up more tablet servers.
I20260710 13:26:48.151154  1143 tablet_service.cc:1511] Processing CreateTablet for tablet b0cdd3a708f14516bebee65737010e5d (DEFAULT_TABLE table=test-workload [id=5bd488af316a4cf7a161758a5cf79816]), partition=RANGE (key) PARTITION VALUES < 89478485
I20260710 13:26:48.152159  1141 tablet_service.cc:1511] Processing CreateTablet for tablet f7d6d0fac7d845bdab2d5946bbd038e5 (DEFAULT_TABLE table=test-workload [id=5bd488af316a4cf7a161758a5cf79816]), partition=RANGE (key) PARTITION 178956970 <= VALUES < 268435455
I20260710 13:26:48.152632  1143 data_dirs.cc:400] Could only allocate 1 dirs of requested 3 for tablet b0cdd3a708f14516bebee65737010e5d. 1 dirs total, 0 dirs full, 0 dirs failed
I20260710 13:26:48.153918  1142 tablet_service.cc:1511] Processing CreateTablet for tablet 62a522d34ad04fcca8d715aca5204840 (DEFAULT_TABLE table=test-workload [id=5bd488af316a4cf7a161758a5cf79816]), partition=RANGE (key) PARTITION 89478485 <= VALUES < 178956970
I20260710 13:26:48.155198  1142 data_dirs.cc:400] Could only allocate 1 dirs of requested 3 for tablet 62a522d34ad04fcca8d715aca5204840. 1 dirs total, 0 dirs full, 0 dirs failed
I20260710 13:26:48.157866  1141 data_dirs.cc:400] Could only allocate 1 dirs of requested 3 for tablet f7d6d0fac7d845bdab2d5946bbd038e5. 1 dirs total, 0 dirs full, 0 dirs failed
I20260710 13:26:48.166633  1140 tablet_service.cc:1511] Processing CreateTablet for tablet 7afc6830edeb440cbe266b9e7721e213 (DEFAULT_TABLE table=test-workload [id=5bd488af316a4cf7a161758a5cf79816]), partition=RANGE (key) PARTITION 268435455 <= VALUES < 357913940
I20260710 13:26:48.167923  1140 data_dirs.cc:400] Could only allocate 1 dirs of requested 3 for tablet 7afc6830edeb440cbe266b9e7721e213. 1 dirs total, 0 dirs full, 0 dirs failed
I20260710 13:26:48.170595   994 tablet_service.cc:1511] Processing CreateTablet for tablet b0cdd3a708f14516bebee65737010e5d (DEFAULT_TABLE table=test-workload [id=5bd488af316a4cf7a161758a5cf79816]), partition=RANGE (key) PARTITION VALUES < 89478485
I20260710 13:26:48.171854   994 data_dirs.cc:400] Could only allocate 1 dirs of requested 3 for tablet b0cdd3a708f14516bebee65737010e5d. 1 dirs total, 0 dirs full, 0 dirs failed
I20260710 13:26:48.174464  1139 tablet_service.cc:1511] Processing CreateTablet for tablet 94871d1e12e14c0395a091da70df2834 (DEFAULT_TABLE table=test-workload [id=5bd488af316a4cf7a161758a5cf79816]), partition=RANGE (key) PARTITION 357913940 <= VALUES < 447392425
I20260710 13:26:48.175809  1139 data_dirs.cc:400] Could only allocate 1 dirs of requested 3 for tablet 94871d1e12e14c0395a091da70df2834. 1 dirs total, 0 dirs full, 0 dirs failed
I20260710 13:26:48.199314   993 tablet_service.cc:1511] Processing CreateTablet for tablet 62a522d34ad04fcca8d715aca5204840 (DEFAULT_TABLE table=test-workload [id=5bd488af316a4cf7a161758a5cf79816]), partition=RANGE (key) PARTITION 89478485 <= VALUES < 178956970
I20260710 13:26:48.199764   992 tablet_service.cc:1511] Processing CreateTablet for tablet f7d6d0fac7d845bdab2d5946bbd038e5 (DEFAULT_TABLE table=test-workload [id=5bd488af316a4cf7a161758a5cf79816]), partition=RANGE (key) PARTITION 178956970 <= VALUES < 268435455
I20260710 13:26:48.200726   993 data_dirs.cc:400] Could only allocate 1 dirs of requested 3 for tablet 62a522d34ad04fcca8d715aca5204840. 1 dirs total, 0 dirs full, 0 dirs failed
I20260710 13:26:48.201289   992 data_dirs.cc:400] Could only allocate 1 dirs of requested 3 for tablet f7d6d0fac7d845bdab2d5946bbd038e5. 1 dirs total, 0 dirs full, 0 dirs failed
I20260710 13:26:48.214170   991 tablet_service.cc:1511] Processing CreateTablet for tablet 7afc6830edeb440cbe266b9e7721e213 (DEFAULT_TABLE table=test-workload [id=5bd488af316a4cf7a161758a5cf79816]), partition=RANGE (key) PARTITION 268435455 <= VALUES < 357913940
I20260710 13:26:48.215523   991 data_dirs.cc:400] Could only allocate 1 dirs of requested 3 for tablet 7afc6830edeb440cbe266b9e7721e213. 1 dirs total, 0 dirs full, 0 dirs failed
I20260710 13:26:48.222205  1192 tablet_bootstrap.cc:492] T 62a522d34ad04fcca8d715aca5204840 P dbca7f0606ff409b8d6d9d9d11985174: Bootstrap starting.
I20260710 13:26:48.226878   990 tablet_service.cc:1511] Processing CreateTablet for tablet 43eb61bcdb9d4c7683eeba2fcdc05adf (DEFAULT_TABLE table=test-workload [id=5bd488af316a4cf7a161758a5cf79816]), partition=RANGE (key) PARTITION 447392425 <= VALUES < 536870910
I20260710 13:26:48.228294   990 data_dirs.cc:400] Could only allocate 1 dirs of requested 3 for tablet 43eb61bcdb9d4c7683eeba2fcdc05adf. 1 dirs total, 0 dirs full, 0 dirs failed
I20260710 13:26:48.230810  1143 tablet_service.cc:1511] Processing CreateTablet for tablet 9a6683d31ef54534becb39b07764a519 (DEFAULT_TABLE table=test-workload [id=5bd488af316a4cf7a161758a5cf79816]), partition=RANGE (key) PARTITION 626349395 <= VALUES < 715827880
I20260710 13:26:48.232564  1143 data_dirs.cc:400] Could only allocate 1 dirs of requested 3 for tablet 9a6683d31ef54534becb39b07764a519. 1 dirs total, 0 dirs full, 0 dirs failed
I20260710 13:26:48.234800   985 tablet_service.cc:1511] Processing CreateTablet for tablet 1ef51fd59c5d45979c24121c9f81c26a (DEFAULT_TABLE table=test-workload [id=5bd488af316a4cf7a161758a5cf79816]), partition=RANGE (key) PARTITION 894784850 <= VALUES < 984263335
I20260710 13:26:48.236161   985 data_dirs.cc:400] Could only allocate 1 dirs of requested 3 for tablet 1ef51fd59c5d45979c24121c9f81c26a. 1 dirs total, 0 dirs full, 0 dirs failed
I20260710 13:26:48.228295  1140 tablet_service.cc:1511] Processing CreateTablet for tablet 35fbd7273c2040c994116a57460e77b8 (DEFAULT_TABLE table=test-workload [id=5bd488af316a4cf7a161758a5cf79816]), partition=RANGE (key) PARTITION 536870910 <= VALUES < 626349395
I20260710 13:26:48.238806  1140 data_dirs.cc:400] Could only allocate 1 dirs of requested 3 for tablet 35fbd7273c2040c994116a57460e77b8. 1 dirs total, 0 dirs full, 0 dirs failed
I20260710 13:26:48.238581  1138 tablet_service.cc:1511] Processing CreateTablet for tablet 307c33a544d44573b0e1fc2d7f06f133 (DEFAULT_TABLE table=test-workload [id=5bd488af316a4cf7a161758a5cf79816]), partition=RANGE (key) PARTITION 805306365 <= VALUES < 894784850
I20260710 13:26:48.240710  1137 tablet_service.cc:1511] Processing CreateTablet for tablet 1ef51fd59c5d45979c24121c9f81c26a (DEFAULT_TABLE table=test-workload [id=5bd488af316a4cf7a161758a5cf79816]), partition=RANGE (key) PARTITION 894784850 <= VALUES < 984263335
I20260710 13:26:48.242060  1137 data_dirs.cc:400] Could only allocate 1 dirs of requested 3 for tablet 1ef51fd59c5d45979c24121c9f81c26a. 1 dirs total, 0 dirs full, 0 dirs failed
I20260710 13:26:48.242470  1139 tablet_service.cc:1511] Processing CreateTablet for tablet 8e37fbe7716a492d9299336333106241 (DEFAULT_TABLE table=test-workload [id=5bd488af316a4cf7a161758a5cf79816]), partition=RANGE (key) PARTITION 715827880 <= VALUES < 805306365
I20260710 13:26:48.243635  1139 data_dirs.cc:400] Could only allocate 1 dirs of requested 3 for tablet 8e37fbe7716a492d9299336333106241. 1 dirs total, 0 dirs full, 0 dirs failed
I20260710 13:26:48.246599  1136 tablet_service.cc:1511] Processing CreateTablet for tablet 736ee00f28de40b18327dc2f86697ac6 (DEFAULT_TABLE table=test-workload [id=5bd488af316a4cf7a161758a5cf79816]), partition=RANGE (key) PARTITION 984263335 <= VALUES < 1073741820
I20260710 13:26:48.247845  1136 data_dirs.cc:400] Could only allocate 1 dirs of requested 3 for tablet 736ee00f28de40b18327dc2f86697ac6. 1 dirs total, 0 dirs full, 0 dirs failed
I20260710 13:26:48.250432   994 tablet_service.cc:1511] Processing CreateTablet for tablet 94871d1e12e14c0395a091da70df2834 (DEFAULT_TABLE table=test-workload [id=5bd488af316a4cf7a161758a5cf79816]), partition=RANGE (key) PARTITION 357913940 <= VALUES < 447392425
I20260710 13:26:48.251731   994 data_dirs.cc:400] Could only allocate 1 dirs of requested 3 for tablet 94871d1e12e14c0395a091da70df2834. 1 dirs total, 0 dirs full, 0 dirs failed
I20260710 13:26:48.252002  1142 tablet_service.cc:1511] Processing CreateTablet for tablet 2f6ae3cdfa45479a9e632e472f68a579 (DEFAULT_TABLE table=test-workload [id=5bd488af316a4cf7a161758a5cf79816]), partition=RANGE (key) PARTITION 1252698790 <= VALUES < 1342177275
I20260710 13:26:48.252223  1134 tablet_service.cc:1511] Processing CreateTablet for tablet 4786cb08420148e084abdc48fb6db735 (DEFAULT_TABLE table=test-workload [id=5bd488af316a4cf7a161758a5cf79816]), partition=RANGE (key) PARTITION 1163220305 <= VALUES < 1252698790
I20260710 13:26:48.250528  1135 tablet_service.cc:1511] Processing CreateTablet for tablet d5c08040f8ac4cf48f9b5593ac5959bc (DEFAULT_TABLE table=test-workload [id=5bd488af316a4cf7a161758a5cf79816]), partition=RANGE (key) PARTITION 1073741820 <= VALUES < 1163220305
I20260710 13:26:48.254818   989 tablet_service.cc:1511] Processing CreateTablet for tablet 35fbd7273c2040c994116a57460e77b8 (DEFAULT_TABLE table=test-workload [id=5bd488af316a4cf7a161758a5cf79816]), partition=RANGE (key) PARTITION 536870910 <= VALUES < 626349395
I20260710 13:26:48.254916   986 tablet_service.cc:1511] Processing CreateTablet for tablet 307c33a544d44573b0e1fc2d7f06f133 (DEFAULT_TABLE table=test-workload [id=5bd488af316a4cf7a161758a5cf79816]), partition=RANGE (key) PARTITION 805306365 <= VALUES < 894784850
I20260710 13:26:48.255736   987 tablet_service.cc:1511] Processing CreateTablet for tablet 8e37fbe7716a492d9299336333106241 (DEFAULT_TABLE table=test-workload [id=5bd488af316a4cf7a161758a5cf79816]), partition=RANGE (key) PARTITION 715827880 <= VALUES < 805306365
I20260710 13:26:48.256181   989 data_dirs.cc:400] Could only allocate 1 dirs of requested 3 for tablet 35fbd7273c2040c994116a57460e77b8. 1 dirs total, 0 dirs full, 0 dirs failed
I20260710 13:26:48.257879   988 tablet_service.cc:1511] Processing CreateTablet for tablet 9a6683d31ef54534becb39b07764a519 (DEFAULT_TABLE table=test-workload [id=5bd488af316a4cf7a161758a5cf79816]), partition=RANGE (key) PARTITION 626349395 <= VALUES < 715827880
I20260710 13:26:48.260391   987 data_dirs.cc:400] Could only allocate 1 dirs of requested 3 for tablet 8e37fbe7716a492d9299336333106241. 1 dirs total, 0 dirs full, 0 dirs failed
I20260710 13:26:48.266322   986 data_dirs.cc:400] Could only allocate 1 dirs of requested 3 for tablet 307c33a544d44573b0e1fc2d7f06f133. 1 dirs total, 0 dirs full, 0 dirs failed
I20260710 13:26:48.266418  1141 tablet_service.cc:1511] Processing CreateTablet for tablet 43eb61bcdb9d4c7683eeba2fcdc05adf (DEFAULT_TABLE table=test-workload [id=5bd488af316a4cf7a161758a5cf79816]), partition=RANGE (key) PARTITION 447392425 <= VALUES < 536870910
I20260710 13:26:48.268224  1142 data_dirs.cc:400] Could only allocate 1 dirs of requested 3 for tablet 2f6ae3cdfa45479a9e632e472f68a579. 1 dirs total, 0 dirs full, 0 dirs failed
I20260710 13:26:48.269304   988 data_dirs.cc:400] Could only allocate 1 dirs of requested 3 for tablet 9a6683d31ef54534becb39b07764a519. 1 dirs total, 0 dirs full, 0 dirs failed
I20260710 13:26:48.269528  1138 data_dirs.cc:400] Could only allocate 1 dirs of requested 3 for tablet 307c33a544d44573b0e1fc2d7f06f133. 1 dirs total, 0 dirs full, 0 dirs failed
I20260710 13:26:48.270181  1135 data_dirs.cc:400] Could only allocate 1 dirs of requested 3 for tablet d5c08040f8ac4cf48f9b5593ac5959bc. 1 dirs total, 0 dirs full, 0 dirs failed
I20260710 13:26:48.270754  1134 data_dirs.cc:400] Could only allocate 1 dirs of requested 3 for tablet 4786cb08420148e084abdc48fb6db735. 1 dirs total, 0 dirs full, 0 dirs failed
I20260710 13:26:48.271559  1193 tablet_bootstrap.cc:492] T 62a522d34ad04fcca8d715aca5204840 P c43560ed3cd44ebe921da6db8553b7d4: Bootstrap starting.
I20260710 13:26:48.273558   993 tablet_service.cc:1511] Processing CreateTablet for tablet 736ee00f28de40b18327dc2f86697ac6 (DEFAULT_TABLE table=test-workload [id=5bd488af316a4cf7a161758a5cf79816]), partition=RANGE (key) PARTITION 984263335 <= VALUES < 1073741820
I20260710 13:26:48.274788   993 data_dirs.cc:400] Could only allocate 1 dirs of requested 3 for tablet 736ee00f28de40b18327dc2f86697ac6. 1 dirs total, 0 dirs full, 0 dirs failed
I20260710 13:26:48.281771  1141 data_dirs.cc:400] Could only allocate 1 dirs of requested 3 for tablet 43eb61bcdb9d4c7683eeba2fcdc05adf. 1 dirs total, 0 dirs full, 0 dirs failed
I20260710 13:26:48.290098   993 tablet_service.cc:1511] Processing CreateTablet for tablet d5c08040f8ac4cf48f9b5593ac5959bc (DEFAULT_TABLE table=test-workload [id=5bd488af316a4cf7a161758a5cf79816]), partition=RANGE (key) PARTITION 1073741820 <= VALUES < 1163220305
I20260710 13:26:48.291901   993 data_dirs.cc:400] Could only allocate 1 dirs of requested 3 for tablet d5c08040f8ac4cf48f9b5593ac5959bc. 1 dirs total, 0 dirs full, 0 dirs failed
I20260710 13:26:48.296173  1193 tablet_bootstrap.cc:654] T 62a522d34ad04fcca8d715aca5204840 P c43560ed3cd44ebe921da6db8553b7d4: Neither blocks nor log segments found. Creating new log.
I20260710 13:26:48.303344   991 tablet_service.cc:1511] Processing CreateTablet for tablet 4786cb08420148e084abdc48fb6db735 (DEFAULT_TABLE table=test-workload [id=5bd488af316a4cf7a161758a5cf79816]), partition=RANGE (key) PARTITION 1163220305 <= VALUES < 1252698790
I20260710 13:26:48.306542   990 tablet_service.cc:1511] Processing CreateTablet for tablet 2f6ae3cdfa45479a9e632e472f68a579 (DEFAULT_TABLE table=test-workload [id=5bd488af316a4cf7a161758a5cf79816]), partition=RANGE (key) PARTITION 1252698790 <= VALUES < 1342177275
I20260710 13:26:48.308470   987 tablet_service.cc:1511] Processing CreateTablet for tablet a7708f86bbc84554bc2e8acf42b1224e (DEFAULT_TABLE table=test-workload [id=5bd488af316a4cf7a161758a5cf79816]), partition=RANGE (key) PARTITION 1342177275 <= VALUES < 1431655760
I20260710 13:26:48.310068   993 tablet_service.cc:1511] Processing CreateTablet for tablet 6729dbd4e7dd4577bd1136164558529d (DEFAULT_TABLE table=test-workload [id=5bd488af316a4cf7a161758a5cf79816]), partition=RANGE (key) PARTITION 1431655760 <= VALUES < 1521134245
I20260710 13:26:48.313772  1134 tablet_service.cc:1511] Processing CreateTablet for tablet a7708f86bbc84554bc2e8acf42b1224e (DEFAULT_TABLE table=test-workload [id=5bd488af316a4cf7a161758a5cf79816]), partition=RANGE (key) PARTITION 1342177275 <= VALUES < 1431655760
I20260710 13:26:48.320734   990 data_dirs.cc:400] Could only allocate 1 dirs of requested 3 for tablet 2f6ae3cdfa45479a9e632e472f68a579. 1 dirs total, 0 dirs full, 0 dirs failed
I20260710 13:26:48.320935   992 tablet_service.cc:1511] Processing CreateTablet for tablet 5bb33492a76e4aa3908ce130c368633d (DEFAULT_TABLE table=test-workload [id=5bd488af316a4cf7a161758a5cf79816]), partition=RANGE (key) PARTITION 1521134245 <= VALUES < 1610612730
I20260710 13:26:48.332315   993 data_dirs.cc:400] Could only allocate 1 dirs of requested 3 for tablet 6729dbd4e7dd4577bd1136164558529d. 1 dirs total, 0 dirs full, 0 dirs failed
I20260710 13:26:48.334154   987 data_dirs.cc:400] Could only allocate 1 dirs of requested 3 for tablet a7708f86bbc84554bc2e8acf42b1224e. 1 dirs total, 0 dirs full, 0 dirs failed
I20260710 13:26:48.335422  1134 data_dirs.cc:400] Could only allocate 1 dirs of requested 3 for tablet a7708f86bbc84554bc2e8acf42b1224e. 1 dirs total, 0 dirs full, 0 dirs failed
I20260710 13:26:48.336403   992 data_dirs.cc:400] Could only allocate 1 dirs of requested 3 for tablet 5bb33492a76e4aa3908ce130c368633d. 1 dirs total, 0 dirs full, 0 dirs failed
I20260710 13:26:48.337945   991 data_dirs.cc:400] Could only allocate 1 dirs of requested 3 for tablet 4786cb08420148e084abdc48fb6db735. 1 dirs total, 0 dirs full, 0 dirs failed
I20260710 13:26:48.340728   989 tablet_service.cc:1511] Processing CreateTablet for tablet 114e2315e94148ab85377c0bdbe2c85c (DEFAULT_TABLE table=test-workload [id=5bd488af316a4cf7a161758a5cf79816]), partition=RANGE (key) PARTITION 1610612730 <= VALUES < 1700091215
I20260710 13:26:48.342060   989 data_dirs.cc:400] Could only allocate 1 dirs of requested 3 for tablet 114e2315e94148ab85377c0bdbe2c85c. 1 dirs total, 0 dirs full, 0 dirs failed
I20260710 13:26:48.345111  1192 tablet_bootstrap.cc:654] T 62a522d34ad04fcca8d715aca5204840 P dbca7f0606ff409b8d6d9d9d11985174: Neither blocks nor log segments found. Creating new log.
I20260710 13:26:48.351635   987 tablet_service.cc:1511] Processing CreateTablet for tablet 72741d7da9fe4d32b7aa4782a2ede5c6 (DEFAULT_TABLE table=test-workload [id=5bd488af316a4cf7a161758a5cf79816]), partition=RANGE (key) PARTITION 1700091215 <= VALUES < 1789569700
I20260710 13:26:48.352931   987 data_dirs.cc:400] Could only allocate 1 dirs of requested 3 for tablet 72741d7da9fe4d32b7aa4782a2ede5c6. 1 dirs total, 0 dirs full, 0 dirs failed
I20260710 13:26:48.357959   989 tablet_service.cc:1511] Processing CreateTablet for tablet e113504b06dd441c8a6b40eb59defd55 (DEFAULT_TABLE table=test-workload [id=5bd488af316a4cf7a161758a5cf79816]), partition=RANGE (key) PARTITION 1789569700 <= VALUES < 1879048185
I20260710 13:26:48.359272   989 data_dirs.cc:400] Could only allocate 1 dirs of requested 3 for tablet e113504b06dd441c8a6b40eb59defd55. 1 dirs total, 0 dirs full, 0 dirs failed
I20260710 13:26:48.364342  1069 tablet_service.cc:1511] Processing CreateTablet for tablet b0cdd3a708f14516bebee65737010e5d (DEFAULT_TABLE table=test-workload [id=5bd488af316a4cf7a161758a5cf79816]), partition=RANGE (key) PARTITION VALUES < 89478485
I20260710 13:26:48.365607  1069 data_dirs.cc:400] Could only allocate 1 dirs of requested 3 for tablet b0cdd3a708f14516bebee65737010e5d. 1 dirs total, 0 dirs full, 0 dirs failed
I20260710 13:26:48.368702   987 tablet_service.cc:1511] Processing CreateTablet for tablet 4a33f36ff82b4d648521a00ceec151c4 (DEFAULT_TABLE table=test-workload [id=5bd488af316a4cf7a161758a5cf79816]), partition=RANGE (key) PARTITION 1879048185 <= VALUES < 1968526670
I20260710 13:26:48.369946   987 data_dirs.cc:400] Could only allocate 1 dirs of requested 3 for tablet 4a33f36ff82b4d648521a00ceec151c4. 1 dirs total, 0 dirs full, 0 dirs failed
I20260710 13:26:48.375721  1140 tablet_service.cc:1511] Processing CreateTablet for tablet 5bb33492a76e4aa3908ce130c368633d (DEFAULT_TABLE table=test-workload [id=5bd488af316a4cf7a161758a5cf79816]), partition=RANGE (key) PARTITION 1521134245 <= VALUES < 1610612730
I20260710 13:26:48.376929  1140 data_dirs.cc:400] Could only allocate 1 dirs of requested 3 for tablet 5bb33492a76e4aa3908ce130c368633d. 1 dirs total, 0 dirs full, 0 dirs failed
I20260710 13:26:48.377506   985 tablet_service.cc:1511] Processing CreateTablet for tablet 51c25b7c58ef462b8f64e7c3816bb4b3 (DEFAULT_TABLE table=test-workload [id=5bd488af316a4cf7a161758a5cf79816]), partition=RANGE (key) PARTITION 1968526670 <= VALUES < 2058005155
I20260710 13:26:48.378784   985 data_dirs.cc:400] Could only allocate 1 dirs of requested 3 for tablet 51c25b7c58ef462b8f64e7c3816bb4b3. 1 dirs total, 0 dirs full, 0 dirs failed
I20260710 13:26:48.382525   988 tablet_service.cc:1511] Processing CreateTablet for tablet 99e952d814834296814a769e42eea8d4 (DEFAULT_TABLE table=test-workload [id=5bd488af316a4cf7a161758a5cf79816]), partition=RANGE (key) PARTITION 2058005155 <= VALUES
I20260710 13:26:48.383774   988 data_dirs.cc:400] Could only allocate 1 dirs of requested 3 for tablet 99e952d814834296814a769e42eea8d4. 1 dirs total, 0 dirs full, 0 dirs failed
I20260710 13:26:48.387042  1143 tablet_service.cc:1511] Processing CreateTablet for tablet 114e2315e94148ab85377c0bdbe2c85c (DEFAULT_TABLE table=test-workload [id=5bd488af316a4cf7a161758a5cf79816]), partition=RANGE (key) PARTITION 1610612730 <= VALUES < 1700091215
I20260710 13:26:48.388258  1143 data_dirs.cc:400] Could only allocate 1 dirs of requested 3 for tablet 114e2315e94148ab85377c0bdbe2c85c. 1 dirs total, 0 dirs full, 0 dirs failed
I20260710 13:26:48.394421  1068 tablet_service.cc:1511] Processing CreateTablet for tablet 62a522d34ad04fcca8d715aca5204840 (DEFAULT_TABLE table=test-workload [id=5bd488af316a4cf7a161758a5cf79816]), partition=RANGE (key) PARTITION 89478485 <= VALUES < 178956970
I20260710 13:26:48.394922  1067 tablet_service.cc:1511] Processing CreateTablet for tablet f7d6d0fac7d845bdab2d5946bbd038e5 (DEFAULT_TABLE table=test-workload [id=5bd488af316a4cf7a161758a5cf79816]), partition=RANGE (key) PARTITION 178956970 <= VALUES < 268435455
I20260710 13:26:48.394915  1142 tablet_service.cc:1511] Processing CreateTablet for tablet 72741d7da9fe4d32b7aa4782a2ede5c6 (DEFAULT_TABLE table=test-workload [id=5bd488af316a4cf7a161758a5cf79816]), partition=RANGE (key) PARTITION 1700091215 <= VALUES < 1789569700
I20260710 13:26:48.395808  1068 data_dirs.cc:400] Could only allocate 1 dirs of requested 3 for tablet 62a522d34ad04fcca8d715aca5204840. 1 dirs total, 0 dirs full, 0 dirs failed
I20260710 13:26:48.361088  1136 tablet_service.cc:1511] Processing CreateTablet for tablet 6729dbd4e7dd4577bd1136164558529d (DEFAULT_TABLE table=test-workload [id=5bd488af316a4cf7a161758a5cf79816]), partition=RANGE (key) PARTITION 1431655760 <= VALUES < 1521134245
I20260710 13:26:48.397186  1142 data_dirs.cc:400] Could only allocate 1 dirs of requested 3 for tablet 72741d7da9fe4d32b7aa4782a2ede5c6. 1 dirs total, 0 dirs full, 0 dirs failed
I20260710 13:26:48.396101  1193 tablet_bootstrap.cc:492] T 62a522d34ad04fcca8d715aca5204840 P c43560ed3cd44ebe921da6db8553b7d4: No bootstrap required, opened a new log
I20260710 13:26:48.399924  1193 ts_tablet_manager.cc:1403] T 62a522d34ad04fcca8d715aca5204840 P c43560ed3cd44ebe921da6db8553b7d4: Time spent bootstrapping tablet: real 0.131s	user 0.015s	sys 0.005s
I20260710 13:26:48.400939  1063 tablet_service.cc:1511] Processing CreateTablet for tablet 35fbd7273c2040c994116a57460e77b8 (DEFAULT_TABLE table=test-workload [id=5bd488af316a4cf7a161758a5cf79816]), partition=RANGE (key) PARTITION 536870910 <= VALUES < 626349395
I20260710 13:26:48.401373  1065 tablet_service.cc:1511] Processing CreateTablet for tablet 94871d1e12e14c0395a091da70df2834 (DEFAULT_TABLE table=test-workload [id=5bd488af316a4cf7a161758a5cf79816]), partition=RANGE (key) PARTITION 357913940 <= VALUES < 447392425
I20260710 13:26:48.405123  1064 tablet_service.cc:1511] Processing CreateTablet for tablet 43eb61bcdb9d4c7683eeba2fcdc05adf (DEFAULT_TABLE table=test-workload [id=5bd488af316a4cf7a161758a5cf79816]), partition=RANGE (key) PARTITION 447392425 <= VALUES < 536870910
I20260710 13:26:48.405797  1193 raft_consensus.cc:359] T 62a522d34ad04fcca8d715aca5204840 P c43560ed3cd44ebe921da6db8553b7d4 [term 0 FOLLOWER]: Replica starting. Triggering 0 pending ops. Active config: opid_index: -1 OBSOLETE_local: false peers { permanent_uuid: "c43560ed3cd44ebe921da6db8553b7d4" member_type: VOTER last_known_addr { host: "127.31.154.1" port: 39513 } } peers { permanent_uuid: "31008f0ea28446f5b0c863890b3dcb07" member_type: VOTER last_known_addr { host: "127.31.154.2" port: 42447 } } peers { permanent_uuid: "dbca7f0606ff409b8d6d9d9d11985174" member_type: VOTER last_known_addr { host: "127.31.154.3" port: 37423 } }
I20260710 13:26:48.407696  1193 raft_consensus.cc:385] T 62a522d34ad04fcca8d715aca5204840 P c43560ed3cd44ebe921da6db8553b7d4 [term 0 FOLLOWER]: Consensus starting up: Expiring failure detector timer to make a prompt election more likely
I20260710 13:26:48.408105  1193 raft_consensus.cc:740] T 62a522d34ad04fcca8d715aca5204840 P c43560ed3cd44ebe921da6db8553b7d4 [term 0 FOLLOWER]: Becoming Follower/Learner. State: Replica: c43560ed3cd44ebe921da6db8553b7d4, State: Initialized, Role: FOLLOWER
I20260710 13:26:48.408473  1062 tablet_service.cc:1511] Processing CreateTablet for tablet 9a6683d31ef54534becb39b07764a519 (DEFAULT_TABLE table=test-workload [id=5bd488af316a4cf7a161758a5cf79816]), partition=RANGE (key) PARTITION 626349395 <= VALUES < 715827880
I20260710 13:26:48.412737  1066 tablet_service.cc:1511] Processing CreateTablet for tablet 7afc6830edeb440cbe266b9e7721e213 (DEFAULT_TABLE table=test-workload [id=5bd488af316a4cf7a161758a5cf79816]), partition=RANGE (key) PARTITION 268435455 <= VALUES < 357913940
I20260710 13:26:48.414381  1067 data_dirs.cc:400] Could only allocate 1 dirs of requested 3 for tablet f7d6d0fac7d845bdab2d5946bbd038e5. 1 dirs total, 0 dirs full, 0 dirs failed
I20260710 13:26:48.419914  1060 tablet_service.cc:1511] Processing CreateTablet for tablet 307c33a544d44573b0e1fc2d7f06f133 (DEFAULT_TABLE table=test-workload [id=5bd488af316a4cf7a161758a5cf79816]), partition=RANGE (key) PARTITION 805306365 <= VALUES < 894784850
I20260710 13:26:48.417414  1061 tablet_service.cc:1511] Processing CreateTablet for tablet 8e37fbe7716a492d9299336333106241 (DEFAULT_TABLE table=test-workload [id=5bd488af316a4cf7a161758a5cf79816]), partition=RANGE (key) PARTITION 715827880 <= VALUES < 805306365
I20260710 13:26:48.425647  1062 data_dirs.cc:400] Could only allocate 1 dirs of requested 3 for tablet 9a6683d31ef54534becb39b07764a519. 1 dirs total, 0 dirs full, 0 dirs failed
I20260710 13:26:48.427965  1064 data_dirs.cc:400] Could only allocate 1 dirs of requested 3 for tablet 43eb61bcdb9d4c7683eeba2fcdc05adf. 1 dirs total, 0 dirs full, 0 dirs failed
I20260710 13:26:48.429894  1065 data_dirs.cc:400] Could only allocate 1 dirs of requested 3 for tablet 94871d1e12e14c0395a091da70df2834. 1 dirs total, 0 dirs full, 0 dirs failed
I20260710 13:26:48.415369  1193 consensus_queue.cc:260] T 62a522d34ad04fcca8d715aca5204840 P c43560ed3cd44ebe921da6db8553b7d4 [NON_LEADER]: Queue going to NON_LEADER mode. State: All replicated index: 0, Majority replicated index: 0, Committed index: 0, Last appended: 0.0, Last appended by leader: 0, Current term: 0, Majority size: -1, State: 0, Mode: NON_LEADER, active raft config: opid_index: -1 OBSOLETE_local: false peers { permanent_uuid: "c43560ed3cd44ebe921da6db8553b7d4" member_type: VOTER last_known_addr { host: "127.31.154.1" port: 39513 } } peers { permanent_uuid: "31008f0ea28446f5b0c863890b3dcb07" member_type: VOTER last_known_addr { host: "127.31.154.2" port: 42447 } } peers { permanent_uuid: "dbca7f0606ff409b8d6d9d9d11985174" member_type: VOTER last_known_addr { host: "127.31.154.3" port: 37423 } }
I20260710 13:26:48.438566  1137 tablet_service.cc:1511] Processing CreateTablet for tablet e113504b06dd441c8a6b40eb59defd55 (DEFAULT_TABLE table=test-workload [id=5bd488af316a4cf7a161758a5cf79816]), partition=RANGE (key) PARTITION 1789569700 <= VALUES < 1879048185
I20260710 13:26:48.440093  1063 data_dirs.cc:400] Could only allocate 1 dirs of requested 3 for tablet 35fbd7273c2040c994116a57460e77b8. 1 dirs total, 0 dirs full, 0 dirs failed
I20260710 13:26:48.440804  1060 data_dirs.cc:400] Could only allocate 1 dirs of requested 3 for tablet 307c33a544d44573b0e1fc2d7f06f133. 1 dirs total, 0 dirs full, 0 dirs failed
I20260710 13:26:48.440726  1069 tablet_service.cc:1511] Processing CreateTablet for tablet 1ef51fd59c5d45979c24121c9f81c26a (DEFAULT_TABLE table=test-workload [id=5bd488af316a4cf7a161758a5cf79816]), partition=RANGE (key) PARTITION 894784850 <= VALUES < 984263335
I20260710 13:26:48.441603  1061 data_dirs.cc:400] Could only allocate 1 dirs of requested 3 for tablet 8e37fbe7716a492d9299336333106241. 1 dirs total, 0 dirs full, 0 dirs failed
I20260710 13:26:48.443326  1069 data_dirs.cc:400] Could only allocate 1 dirs of requested 3 for tablet 1ef51fd59c5d45979c24121c9f81c26a. 1 dirs total, 0 dirs full, 0 dirs failed
I20260710 13:26:48.433316  1136 data_dirs.cc:400] Could only allocate 1 dirs of requested 3 for tablet 6729dbd4e7dd4577bd1136164558529d. 1 dirs total, 0 dirs full, 0 dirs failed
I20260710 13:26:48.453258  1134 tablet_service.cc:1511] Processing CreateTablet for tablet 51c25b7c58ef462b8f64e7c3816bb4b3 (DEFAULT_TABLE table=test-workload [id=5bd488af316a4cf7a161758a5cf79816]), partition=RANGE (key) PARTITION 1968526670 <= VALUES < 2058005155
I20260710 13:26:48.455724  1141 tablet_service.cc:1511] Processing CreateTablet for tablet 99e952d814834296814a769e42eea8d4 (DEFAULT_TABLE table=test-workload [id=5bd488af316a4cf7a161758a5cf79816]), partition=RANGE (key) PARTITION 2058005155 <= VALUES
I20260710 13:26:48.458945  1134 data_dirs.cc:400] Could only allocate 1 dirs of requested 3 for tablet 51c25b7c58ef462b8f64e7c3816bb4b3. 1 dirs total, 0 dirs full, 0 dirs failed
I20260710 13:26:48.460718  1137 data_dirs.cc:400] Could only allocate 1 dirs of requested 3 for tablet e113504b06dd441c8a6b40eb59defd55. 1 dirs total, 0 dirs full, 0 dirs failed
I20260710 13:26:48.470610  1193 ts_tablet_manager.cc:1434] T 62a522d34ad04fcca8d715aca5204840 P c43560ed3cd44ebe921da6db8553b7d4: Time spent starting tablet: real 0.070s	user 0.012s	sys 0.007s
I20260710 13:26:48.471344  1029 heartbeater.cc:499] Master 127.31.154.62:38423 was elected leader, sending a full tablet report...
I20260710 13:26:48.478907  1066 data_dirs.cc:400] Could only allocate 1 dirs of requested 3 for tablet 7afc6830edeb440cbe266b9e7721e213. 1 dirs total, 0 dirs full, 0 dirs failed
I20260710 13:26:48.481129  1193 tablet_bootstrap.cc:492] T b0cdd3a708f14516bebee65737010e5d P c43560ed3cd44ebe921da6db8553b7d4: Bootstrap starting.
I20260710 13:26:48.494462  1195 tablet_bootstrap.cc:492] T b0cdd3a708f14516bebee65737010e5d P 31008f0ea28446f5b0c863890b3dcb07: Bootstrap starting.
I20260710 13:26:48.500298  1141 data_dirs.cc:400] Could only allocate 1 dirs of requested 3 for tablet 99e952d814834296814a769e42eea8d4. 1 dirs total, 0 dirs full, 0 dirs failed
I20260710 13:26:48.505131  1138 tablet_service.cc:1511] Processing CreateTablet for tablet 4a33f36ff82b4d648521a00ceec151c4 (DEFAULT_TABLE table=test-workload [id=5bd488af316a4cf7a161758a5cf79816]), partition=RANGE (key) PARTITION 1879048185 <= VALUES < 1968526670
I20260710 13:26:48.507050  1138 data_dirs.cc:400] Could only allocate 1 dirs of requested 3 for tablet 4a33f36ff82b4d648521a00ceec151c4. 1 dirs total, 0 dirs full, 0 dirs failed
I20260710 13:26:48.517380  1068 tablet_service.cc:1511] Processing CreateTablet for tablet 736ee00f28de40b18327dc2f86697ac6 (DEFAULT_TABLE table=test-workload [id=5bd488af316a4cf7a161758a5cf79816]), partition=RANGE (key) PARTITION 984263335 <= VALUES < 1073741820
I20260710 13:26:48.518921  1068 data_dirs.cc:400] Could only allocate 1 dirs of requested 3 for tablet 736ee00f28de40b18327dc2f86697ac6. 1 dirs total, 0 dirs full, 0 dirs failed
I20260710 13:26:48.537253  1193 tablet_bootstrap.cc:654] T b0cdd3a708f14516bebee65737010e5d P c43560ed3cd44ebe921da6db8553b7d4: Neither blocks nor log segments found. Creating new log.
I20260710 13:26:48.537878  1192 tablet_bootstrap.cc:492] T 62a522d34ad04fcca8d715aca5204840 P dbca7f0606ff409b8d6d9d9d11985174: No bootstrap required, opened a new log
I20260710 13:26:48.538357  1192 ts_tablet_manager.cc:1403] T 62a522d34ad04fcca8d715aca5204840 P dbca7f0606ff409b8d6d9d9d11985174: Time spent bootstrapping tablet: real 0.316s	user 0.029s	sys 0.029s
I20260710 13:26:48.541098  1192 raft_consensus.cc:359] T 62a522d34ad04fcca8d715aca5204840 P dbca7f0606ff409b8d6d9d9d11985174 [term 0 FOLLOWER]: Replica starting. Triggering 0 pending ops. Active config: opid_index: -1 OBSOLETE_local: false peers { permanent_uuid: "c43560ed3cd44ebe921da6db8553b7d4" member_type: VOTER last_known_addr { host: "127.31.154.1" port: 39513 } } peers { permanent_uuid: "31008f0ea28446f5b0c863890b3dcb07" member_type: VOTER last_known_addr { host: "127.31.154.2" port: 42447 } } peers { permanent_uuid: "dbca7f0606ff409b8d6d9d9d11985174" member_type: VOTER last_known_addr { host: "127.31.154.3" port: 37423 } }
I20260710 13:26:48.541793  1192 raft_consensus.cc:385] T 62a522d34ad04fcca8d715aca5204840 P dbca7f0606ff409b8d6d9d9d11985174 [term 0 FOLLOWER]: Consensus starting up: Expiring failure detector timer to make a prompt election more likely
I20260710 13:26:48.542091  1192 raft_consensus.cc:740] T 62a522d34ad04fcca8d715aca5204840 P dbca7f0606ff409b8d6d9d9d11985174 [term 0 FOLLOWER]: Becoming Follower/Learner. State: Replica: dbca7f0606ff409b8d6d9d9d11985174, State: Initialized, Role: FOLLOWER
