I20260710 13:26:40.684298 28355 raft_consensus.cc:697] T ef5c05ae88af455f9ecaeaca1ee12917 P 6cbff00789c04de4a2eb3614cfd8377a [term 3 LEADER]: Becoming Leader. State: Replica: 6cbff00789c04de4a2eb3614cfd8377a, State: Running, Role: LEADER
I20260710 13:26:40.685199 28355 consensus_queue.cc:237] T ef5c05ae88af455f9ecaeaca1ee12917 P 6cbff00789c04de4a2eb3614cfd8377a [LEADER]: Queue going to LEADER mode. State: All replicated index: 0, Majority replicated index: 2, Committed index: 2, Last appended: 2.2, Last appended by leader: 2, Current term: 3, Majority size: 2, State: 0, Mode: LEADER, active raft config: opid_index: -1 OBSOLETE_local: false peers { permanent_uuid: "28c77c7eb77649acb5400ef93efb2ecb" member_type: VOTER last_known_addr { host: "127.26.201.65" port: 46161 } } peers { permanent_uuid: "d4778c3e6d254ee2abe05b2f67fe56b8" member_type: VOTER last_known_addr { host: "127.26.201.66" port: 42459 } } peers { permanent_uuid: "6cbff00789c04de4a2eb3614cfd8377a" member_type: VOTER last_known_addr { host: "127.26.201.67" port: 39419 } }
I20260710 13:26:40.693912 28356 raft_consensus.cc:993] T a189c3463f3e486d804fea384703305c P 28c77c7eb77649acb5400ef93efb2ecb: : Instructing follower 6cbff00789c04de4a2eb3614cfd8377a to start an election
I20260710 13:26:40.694418 28277 raft_consensus.cc:1081] T a189c3463f3e486d804fea384703305c P 28c77c7eb77649acb5400ef93efb2ecb [term 2 LEADER]: Signalling peer 6cbff00789c04de4a2eb3614cfd8377a to start an election
I20260710 13:26:40.695925 28208 tablet_service.cc:2044] Received Run Leader Election RPC: tablet_id: "a189c3463f3e486d804fea384703305c"
dest_uuid: "6cbff00789c04de4a2eb3614cfd8377a"
 from {username='slave'} at 127.0.0.1:49142
I20260710 13:26:40.696616 28208 raft_consensus.cc:493] T a189c3463f3e486d804fea384703305c P 6cbff00789c04de4a2eb3614cfd8377a [term 2 FOLLOWER]: Starting forced leader election (received explicit request)
I20260710 13:26:40.697084 28208 raft_consensus.cc:3060] T a189c3463f3e486d804fea384703305c P 6cbff00789c04de4a2eb3614cfd8377a [term 2 FOLLOWER]: Advancing to term 3
I20260710 13:26:40.700119 27954 catalog_manager.cc:5697] T ef5c05ae88af455f9ecaeaca1ee12917 P 6cbff00789c04de4a2eb3614cfd8377a reported cstate change: term changed from 2 to 3, leader changed from 28c77c7eb77649acb5400ef93efb2ecb (127.26.201.65) to 6cbff00789c04de4a2eb3614cfd8377a (127.26.201.67). New cstate: current_term: 3 leader_uuid: "6cbff00789c04de4a2eb3614cfd8377a" committed_config { opid_index: -1 OBSOLETE_local: false peers { permanent_uuid: "28c77c7eb77649acb5400ef93efb2ecb" member_type: VOTER last_known_addr { host: "127.26.201.65" port: 46161 } health_report { overall_health: UNKNOWN } } peers { permanent_uuid: "d4778c3e6d254ee2abe05b2f67fe56b8" member_type: VOTER last_known_addr { host: "127.26.201.66" port: 42459 } health_report { overall_health: UNKNOWN } } peers { permanent_uuid: "6cbff00789c04de4a2eb3614cfd8377a" member_type: VOTER last_known_addr { host: "127.26.201.67" port: 39419 } health_report { overall_health: HEALTHY } } }
I20260710 13:26:40.704813 28208 raft_consensus.cc:515] T a189c3463f3e486d804fea384703305c P 6cbff00789c04de4a2eb3614cfd8377a [term 3 FOLLOWER]: Starting forced leader election with config: opid_index: -1 OBSOLETE_local: false peers { permanent_uuid: "28c77c7eb77649acb5400ef93efb2ecb" member_type: VOTER last_known_addr { host: "127.26.201.65" port: 46161 } } peers { permanent_uuid: "d4778c3e6d254ee2abe05b2f67fe56b8" member_type: VOTER last_known_addr { host: "127.26.201.66" port: 42459 } } peers { permanent_uuid: "6cbff00789c04de4a2eb3614cfd8377a" member_type: VOTER last_known_addr { host: "127.26.201.67" port: 39419 } }
I20260710 13:26:40.706694 28208 leader_election.cc:290] T a189c3463f3e486d804fea384703305c P 6cbff00789c04de4a2eb3614cfd8377a [CANDIDATE]: Term 3 election: Requested vote from peers 28c77c7eb77649acb5400ef93efb2ecb (127.26.201.65:46161), d4778c3e6d254ee2abe05b2f67fe56b8 (127.26.201.66:42459)
I20260710 13:26:40.708174 28059 tablet_service.cc:1917] Received RequestConsensusVote() RPC: tablet_id: "a189c3463f3e486d804fea384703305c" candidate_uuid: "6cbff00789c04de4a2eb3614cfd8377a" candidate_term: 3 candidate_status { last_received { term: 2 index: 2 } } ignore_live_leader: true dest_uuid: "28c77c7eb77649acb5400ef93efb2ecb"
I20260710 13:26:40.708174 28134 tablet_service.cc:1917] Received RequestConsensusVote() RPC: tablet_id: "a189c3463f3e486d804fea384703305c" candidate_uuid: "6cbff00789c04de4a2eb3614cfd8377a" candidate_term: 3 candidate_status { last_received { term: 2 index: 2 } } ignore_live_leader: true dest_uuid: "d4778c3e6d254ee2abe05b2f67fe56b8"
I20260710 13:26:40.708966 28059 raft_consensus.cc:3055] T a189c3463f3e486d804fea384703305c P 28c77c7eb77649acb5400ef93efb2ecb [term 2 LEADER]: Stepping down as leader of term 2
I20260710 13:26:40.709019 28134 raft_consensus.cc:3060] T a189c3463f3e486d804fea384703305c P d4778c3e6d254ee2abe05b2f67fe56b8 [term 2 FOLLOWER]: Advancing to term 3
I20260710 13:26:40.709434 28059 raft_consensus.cc:740] T a189c3463f3e486d804fea384703305c P 28c77c7eb77649acb5400ef93efb2ecb [term 2 LEADER]: Becoming Follower/Learner. State: Replica: 28c77c7eb77649acb5400ef93efb2ecb, State: Running, Role: LEADER
I20260710 13:26:40.710234 28059 consensus_queue.cc:260] T a189c3463f3e486d804fea384703305c P 28c77c7eb77649acb5400ef93efb2ecb [NON_LEADER]: Queue going to NON_LEADER mode. State: All replicated index: 0, Majority replicated index: 2, Committed index: 2, Last appended: 2.2, Last appended by leader: 2, Current term: 2, Majority size: -1, State: 0, Mode: NON_LEADER, active raft config: opid_index: -1 OBSOLETE_local: false peers { permanent_uuid: "28c77c7eb77649acb5400ef93efb2ecb" member_type: VOTER last_known_addr { host: "127.26.201.65" port: 46161 } } peers { permanent_uuid: "d4778c3e6d254ee2abe05b2f67fe56b8" member_type: VOTER last_known_addr { host: "127.26.201.66" port: 42459 } } peers { permanent_uuid: "6cbff00789c04de4a2eb3614cfd8377a" member_type: VOTER last_known_addr { host: "127.26.201.67" port: 39419 } }
I20260710 13:26:40.711414 28059 raft_consensus.cc:3060] T a189c3463f3e486d804fea384703305c P 28c77c7eb77649acb5400ef93efb2ecb [term 2 FOLLOWER]: Advancing to term 3
I20260710 13:26:40.717041 28134 raft_consensus.cc:2468] T a189c3463f3e486d804fea384703305c P d4778c3e6d254ee2abe05b2f67fe56b8 [term 3 FOLLOWER]: Leader election vote request: Granting yes vote for candidate 6cbff00789c04de4a2eb3614cfd8377a in term 3.
I20260710 13:26:40.718415 28059 raft_consensus.cc:2468] T a189c3463f3e486d804fea384703305c P 28c77c7eb77649acb5400ef93efb2ecb [term 3 FOLLOWER]: Leader election vote request: Granting yes vote for candidate 6cbff00789c04de4a2eb3614cfd8377a in term 3.
I20260710 13:26:40.718317 28173 leader_election.cc:304] T a189c3463f3e486d804fea384703305c P 6cbff00789c04de4a2eb3614cfd8377a [CANDIDATE]: Term 3 election: Election decided. Result: candidate won. Election summary: received 2 responses out of 3 voters: 2 yes votes; 0 no votes. yes voters: 6cbff00789c04de4a2eb3614cfd8377a, d4778c3e6d254ee2abe05b2f67fe56b8; no voters: 
I20260710 13:26:40.719233 28355 raft_consensus.cc:2804] T a189c3463f3e486d804fea384703305c P 6cbff00789c04de4a2eb3614cfd8377a [term 3 FOLLOWER]: Leader election won for term 3
I20260710 13:26:40.719790 28355 raft_consensus.cc:697] T a189c3463f3e486d804fea384703305c P 6cbff00789c04de4a2eb3614cfd8377a [term 3 LEADER]: Becoming Leader. State: Replica: 6cbff00789c04de4a2eb3614cfd8377a, State: Running, Role: LEADER
I20260710 13:26:40.720597 28355 consensus_queue.cc:237] T a189c3463f3e486d804fea384703305c P 6cbff00789c04de4a2eb3614cfd8377a [LEADER]: Queue going to LEADER mode. State: All replicated index: 0, Majority replicated index: 2, Committed index: 2, Last appended: 2.2, Last appended by leader: 2, Current term: 3, Majority size: 2, State: 0, Mode: LEADER, active raft config: opid_index: -1 OBSOLETE_local: false peers { permanent_uuid: "28c77c7eb77649acb5400ef93efb2ecb" member_type: VOTER last_known_addr { host: "127.26.201.65" port: 46161 } } peers { permanent_uuid: "d4778c3e6d254ee2abe05b2f67fe56b8" member_type: VOTER last_known_addr { host: "127.26.201.66" port: 42459 } } peers { permanent_uuid: "6cbff00789c04de4a2eb3614cfd8377a" member_type: VOTER last_known_addr { host: "127.26.201.67" port: 39419 } }
I20260710 13:26:40.728142 27954 catalog_manager.cc:5697] T a189c3463f3e486d804fea384703305c P 6cbff00789c04de4a2eb3614cfd8377a reported cstate change: term changed from 2 to 3, leader changed from 28c77c7eb77649acb5400ef93efb2ecb (127.26.201.65) to 6cbff00789c04de4a2eb3614cfd8377a (127.26.201.67). New cstate: current_term: 3 leader_uuid: "6cbff00789c04de4a2eb3614cfd8377a" committed_config { opid_index: -1 OBSOLETE_local: false peers { permanent_uuid: "28c77c7eb77649acb5400ef93efb2ecb" member_type: VOTER last_known_addr { host: "127.26.201.65" port: 46161 } health_report { overall_health: UNKNOWN } } peers { permanent_uuid: "d4778c3e6d254ee2abe05b2f67fe56b8" member_type: VOTER last_known_addr { host: "127.26.201.66" port: 42459 } health_report { overall_health: UNKNOWN } } peers { permanent_uuid: "6cbff00789c04de4a2eb3614cfd8377a" member_type: VOTER last_known_addr { host: "127.26.201.67" port: 39419 } health_report { overall_health: HEALTHY } } }
I20260710 13:26:41.145480 28134 raft_consensus.cc:1275] T ef5c05ae88af455f9ecaeaca1ee12917 P d4778c3e6d254ee2abe05b2f67fe56b8 [term 3 FOLLOWER]: Refusing update from remote peer 6cbff00789c04de4a2eb3614cfd8377a: Log matching property violated. Preceding OpId in replica: term: 2 index: 2. Preceding OpId from leader: term: 3 index: 3. (index mismatch)
I20260710 13:26:41.146752 28355 consensus_queue.cc:1048] T ef5c05ae88af455f9ecaeaca1ee12917 P 6cbff00789c04de4a2eb3614cfd8377a [LEADER]: Connected to new peer: Peer: permanent_uuid: "d4778c3e6d254ee2abe05b2f67fe56b8" member_type: VOTER last_known_addr { host: "127.26.201.66" port: 42459 }, Status: LMP_MISMATCH, Last received: 0.0, Next index: 3, Last known committed idx: 2, Time since last communication: 0.000s
I20260710 13:26:41.157012 28059 raft_consensus.cc:1275] T ef5c05ae88af455f9ecaeaca1ee12917 P 28c77c7eb77649acb5400ef93efb2ecb [term 3 FOLLOWER]: Refusing update from remote peer 6cbff00789c04de4a2eb3614cfd8377a: Log matching property violated. Preceding OpId in replica: term: 2 index: 2. Preceding OpId from leader: term: 3 index: 3. (index mismatch)
I20260710 13:26:41.158806 28360 consensus_queue.cc:1048] T ef5c05ae88af455f9ecaeaca1ee12917 P 6cbff00789c04de4a2eb3614cfd8377a [LEADER]: Connected to new peer: Peer: permanent_uuid: "28c77c7eb77649acb5400ef93efb2ecb" member_type: VOTER last_known_addr { host: "127.26.201.65" port: 46161 }, Status: LMP_MISMATCH, Last received: 0.0, Next index: 3, Last known committed idx: 2, Time since last communication: 0.000s
I20260710 13:26:41.242031 28058 raft_consensus.cc:1275] T a189c3463f3e486d804fea384703305c P 28c77c7eb77649acb5400ef93efb2ecb [term 3 FOLLOWER]: Refusing update from remote peer 6cbff00789c04de4a2eb3614cfd8377a: Log matching property violated. Preceding OpId in replica: term: 2 index: 2. Preceding OpId from leader: term: 3 index: 3. (index mismatch)
I20260710 13:26:41.243191 28355 consensus_queue.cc:1048] T a189c3463f3e486d804fea384703305c P 6cbff00789c04de4a2eb3614cfd8377a [LEADER]: Connected to new peer: Peer: permanent_uuid: "28c77c7eb77649acb5400ef93efb2ecb" member_type: VOTER last_known_addr { host: "127.26.201.65" port: 46161 }, Status: LMP_MISMATCH, Last received: 0.0, Next index: 3, Last known committed idx: 2, Time since last communication: 0.000s
I20260710 13:26:41.252208 28134 raft_consensus.cc:1275] T a189c3463f3e486d804fea384703305c P d4778c3e6d254ee2abe05b2f67fe56b8 [term 3 FOLLOWER]: Refusing update from remote peer 6cbff00789c04de4a2eb3614cfd8377a: Log matching property violated. Preceding OpId in replica: term: 2 index: 2. Preceding OpId from leader: term: 3 index: 3. (index mismatch)
I20260710 13:26:41.255947 28360 consensus_queue.cc:1048] T a189c3463f3e486d804fea384703305c P 6cbff00789c04de4a2eb3614cfd8377a [LEADER]: Connected to new peer: Peer: permanent_uuid: "d4778c3e6d254ee2abe05b2f67fe56b8" member_type: VOTER last_known_addr { host: "127.26.201.66" port: 42459 }, Status: LMP_MISMATCH, Last received: 0.0, Next index: 3, Last known committed idx: 2, Time since last communication: 0.000s
I20260710 13:26:41.368002 27429 auto_leader_rebalancer.cc:141] leader rebalance for table test-workload
I20260710 13:26:41.383679 28208 tablet_service.cc:2072] Received LeaderStepDown RPC: tablet_id: "a189c3463f3e486d804fea384703305c"
dest_uuid: "6cbff00789c04de4a2eb3614cfd8377a"
mode: GRACEFUL
new_leader_uuid: "28c77c7eb77649acb5400ef93efb2ecb"
 from {username='slave'} at 127.0.0.1:49162
I20260710 13:26:41.384681 28208 raft_consensus.cc:606] T a189c3463f3e486d804fea384703305c P 6cbff00789c04de4a2eb3614cfd8377a [term 3 LEADER]: Received request to transfer leadership to TS 28c77c7eb77649acb5400ef93efb2ecb
I20260710 13:26:41.392989 28208 tablet_service.cc:2072] Received LeaderStepDown RPC: tablet_id: "ef5c05ae88af455f9ecaeaca1ee12917"
dest_uuid: "6cbff00789c04de4a2eb3614cfd8377a"
mode: GRACEFUL
new_leader_uuid: "28c77c7eb77649acb5400ef93efb2ecb"
 from {username='slave'} at 127.0.0.1:49162
I20260710 13:26:41.393576 28208 raft_consensus.cc:606] T ef5c05ae88af455f9ecaeaca1ee12917 P 6cbff00789c04de4a2eb3614cfd8377a [term 3 LEADER]: Received request to transfer leadership to TS 28c77c7eb77649acb5400ef93efb2ecb
I20260710 13:26:41.402190 28134 tablet_service.cc:2072] Received LeaderStepDown RPC: tablet_id: "0402cea7179743b889cba601efb1a2f1"
dest_uuid: "d4778c3e6d254ee2abe05b2f67fe56b8"
mode: GRACEFUL
new_leader_uuid: "28c77c7eb77649acb5400ef93efb2ecb"
 from {username='slave'} at 127.0.0.1:56484
I20260710 13:26:41.402766 28134 raft_consensus.cc:606] T 0402cea7179743b889cba601efb1a2f1 P d4778c3e6d254ee2abe05b2f67fe56b8 [term 2 LEADER]: Received request to transfer leadership to TS 28c77c7eb77649acb5400ef93efb2ecb
I20260710 13:26:41.408419 28134 tablet_service.cc:2072] Received LeaderStepDown RPC: tablet_id: "efc96d69fbb44800bc7fa8d2d9d98853"
dest_uuid: "d4778c3e6d254ee2abe05b2f67fe56b8"
mode: GRACEFUL
new_leader_uuid: "28c77c7eb77649acb5400ef93efb2ecb"
 from {username='slave'} at 127.0.0.1:56484
I20260710 13:26:41.409006 28134 raft_consensus.cc:606] T efc96d69fbb44800bc7fa8d2d9d98853 P d4778c3e6d254ee2abe05b2f67fe56b8 [term 1 LEADER]: Received request to transfer leadership to TS 28c77c7eb77649acb5400ef93efb2ecb
I20260710 13:26:41.414148 28134 tablet_service.cc:2072] Received LeaderStepDown RPC: tablet_id: "f61f6740b3724fcd91d10f011af97648"
dest_uuid: "d4778c3e6d254ee2abe05b2f67fe56b8"
mode: GRACEFUL
new_leader_uuid: "28c77c7eb77649acb5400ef93efb2ecb"
 from {username='slave'} at 127.0.0.1:56484
I20260710 13:26:41.414721 28134 raft_consensus.cc:606] T f61f6740b3724fcd91d10f011af97648 P d4778c3e6d254ee2abe05b2f67fe56b8 [term 1 LEADER]: Received request to transfer leadership to TS 28c77c7eb77649acb5400ef93efb2ecb
I20260710 13:26:41.494953 28307 raft_consensus.cc:993] T efc96d69fbb44800bc7fa8d2d9d98853 P d4778c3e6d254ee2abe05b2f67fe56b8: : Instructing follower 28c77c7eb77649acb5400ef93efb2ecb to start an election
I20260710 13:26:41.495371 28307 raft_consensus.cc:1081] T efc96d69fbb44800bc7fa8d2d9d98853 P d4778c3e6d254ee2abe05b2f67fe56b8 [term 1 LEADER]: Signalling peer 28c77c7eb77649acb5400ef93efb2ecb to start an election
I20260710 13:26:41.497056 28058 tablet_service.cc:2044] Received Run Leader Election RPC: tablet_id: "efc96d69fbb44800bc7fa8d2d9d98853"
dest_uuid: "28c77c7eb77649acb5400ef93efb2ecb"
 from {username='slave'} at 127.0.0.1:59404
I20260710 13:26:41.497584 28058 raft_consensus.cc:493] T efc96d69fbb44800bc7fa8d2d9d98853 P 28c77c7eb77649acb5400ef93efb2ecb [term 1 FOLLOWER]: Starting forced leader election (received explicit request)
I20260710 13:26:41.497887 28058 raft_consensus.cc:3060] T efc96d69fbb44800bc7fa8d2d9d98853 P 28c77c7eb77649acb5400ef93efb2ecb [term 1 FOLLOWER]: Advancing to term 2
I20260710 13:26:41.503803 28058 raft_consensus.cc:515] T efc96d69fbb44800bc7fa8d2d9d98853 P 28c77c7eb77649acb5400ef93efb2ecb [term 2 FOLLOWER]: Starting forced leader election with config: opid_index: -1 OBSOLETE_local: false peers { permanent_uuid: "28c77c7eb77649acb5400ef93efb2ecb" member_type: VOTER last_known_addr { host: "127.26.201.65" port: 46161 } } peers { permanent_uuid: "d4778c3e6d254ee2abe05b2f67fe56b8" member_type: VOTER last_known_addr { host: "127.26.201.66" port: 42459 } } peers { permanent_uuid: "6cbff00789c04de4a2eb3614cfd8377a" member_type: VOTER last_known_addr { host: "127.26.201.67" port: 39419 } }
I20260710 13:26:41.505575 28058 leader_election.cc:290] T efc96d69fbb44800bc7fa8d2d9d98853 P 28c77c7eb77649acb5400ef93efb2ecb [CANDIDATE]: Term 2 election: Requested vote from peers d4778c3e6d254ee2abe05b2f67fe56b8 (127.26.201.66:42459), 6cbff00789c04de4a2eb3614cfd8377a (127.26.201.67:39419)
I20260710 13:26:41.506529 28134 tablet_service.cc:1917] Received RequestConsensusVote() RPC: tablet_id: "efc96d69fbb44800bc7fa8d2d9d98853" candidate_uuid: "28c77c7eb77649acb5400ef93efb2ecb" candidate_term: 2 candidate_status { last_received { term: 1 index: 1 } } ignore_live_leader: true dest_uuid: "d4778c3e6d254ee2abe05b2f67fe56b8"
I20260710 13:26:41.506763 28208 tablet_service.cc:1917] Received RequestConsensusVote() RPC: tablet_id: "efc96d69fbb44800bc7fa8d2d9d98853" candidate_uuid: "28c77c7eb77649acb5400ef93efb2ecb" candidate_term: 2 candidate_status { last_received { term: 1 index: 1 } } ignore_live_leader: true dest_uuid: "6cbff00789c04de4a2eb3614cfd8377a"
I20260710 13:26:41.507210 28134 raft_consensus.cc:3055] T efc96d69fbb44800bc7fa8d2d9d98853 P d4778c3e6d254ee2abe05b2f67fe56b8 [term 1 LEADER]: Stepping down as leader of term 1
I20260710 13:26:41.507397 28208 raft_consensus.cc:3060] T efc96d69fbb44800bc7fa8d2d9d98853 P 6cbff00789c04de4a2eb3614cfd8377a [term 1 FOLLOWER]: Advancing to term 2
I20260710 13:26:41.507645 28134 raft_consensus.cc:740] T efc96d69fbb44800bc7fa8d2d9d98853 P d4778c3e6d254ee2abe05b2f67fe56b8 [term 1 LEADER]: Becoming Follower/Learner. State: Replica: d4778c3e6d254ee2abe05b2f67fe56b8, State: Running, Role: LEADER
I20260710 13:26:41.508719 28134 consensus_queue.cc:260] T efc96d69fbb44800bc7fa8d2d9d98853 P d4778c3e6d254ee2abe05b2f67fe56b8 [NON_LEADER]: Queue going to NON_LEADER mode. State: All replicated index: 0, Majority replicated index: 1, Committed index: 1, Last appended: 1.1, Last appended by leader: 1, Current term: 1, Majority size: -1, State: 0, Mode: NON_LEADER, active raft config: opid_index: -1 OBSOLETE_local: false peers { permanent_uuid: "28c77c7eb77649acb5400ef93efb2ecb" member_type: VOTER last_known_addr { host: "127.26.201.65" port: 46161 } } peers { permanent_uuid: "d4778c3e6d254ee2abe05b2f67fe56b8" member_type: VOTER last_known_addr { host: "127.26.201.66" port: 42459 } } peers { permanent_uuid: "6cbff00789c04de4a2eb3614cfd8377a" member_type: VOTER last_known_addr { host: "127.26.201.67" port: 39419 } }
I20260710 13:26:41.509727 28134 raft_consensus.cc:3060] T efc96d69fbb44800bc7fa8d2d9d98853 P d4778c3e6d254ee2abe05b2f67fe56b8 [term 1 FOLLOWER]: Advancing to term 2
I20260710 13:26:41.513010 28208 raft_consensus.cc:2468] T efc96d69fbb44800bc7fa8d2d9d98853 P 6cbff00789c04de4a2eb3614cfd8377a [term 2 FOLLOWER]: Leader election vote request: Granting yes vote for candidate 28c77c7eb77649acb5400ef93efb2ecb in term 2.
I20260710 13:26:41.514338 28024 leader_election.cc:304] T efc96d69fbb44800bc7fa8d2d9d98853 P 28c77c7eb77649acb5400ef93efb2ecb [CANDIDATE]: Term 2 election: Election decided. Result: candidate won. Election summary: received 2 responses out of 3 voters: 2 yes votes; 0 no votes. yes voters: 28c77c7eb77649acb5400ef93efb2ecb, 6cbff00789c04de4a2eb3614cfd8377a; no voters: 
I20260710 13:26:41.515236 28374 raft_consensus.cc:2804] T efc96d69fbb44800bc7fa8d2d9d98853 P 28c77c7eb77649acb5400ef93efb2ecb [term 2 FOLLOWER]: Leader election won for term 2
I20260710 13:26:41.515350 28134 raft_consensus.cc:2468] T efc96d69fbb44800bc7fa8d2d9d98853 P d4778c3e6d254ee2abe05b2f67fe56b8 [term 2 FOLLOWER]: Leader election vote request: Granting yes vote for candidate 28c77c7eb77649acb5400ef93efb2ecb in term 2.
I20260710 13:26:41.515739 28374 raft_consensus.cc:697] T efc96d69fbb44800bc7fa8d2d9d98853 P 28c77c7eb77649acb5400ef93efb2ecb [term 2 LEADER]: Becoming Leader. State: Replica: 28c77c7eb77649acb5400ef93efb2ecb, State: Running, Role: LEADER
I20260710 13:26:41.516791 28374 consensus_queue.cc:237] T efc96d69fbb44800bc7fa8d2d9d98853 P 28c77c7eb77649acb5400ef93efb2ecb [LEADER]: Queue going to LEADER mode. State: All replicated index: 0, Majority replicated index: 1, Committed index: 1, Last appended: 1.1, Last appended by leader: 1, Current term: 2, Majority size: 2, State: 0, Mode: LEADER, active raft config: opid_index: -1 OBSOLETE_local: false peers { permanent_uuid: "28c77c7eb77649acb5400ef93efb2ecb" member_type: VOTER last_known_addr { host: "127.26.201.65" port: 46161 } } peers { permanent_uuid: "d4778c3e6d254ee2abe05b2f67fe56b8" member_type: VOTER last_known_addr { host: "127.26.201.66" port: 42459 } } peers { permanent_uuid: "6cbff00789c04de4a2eb3614cfd8377a" member_type: VOTER last_known_addr { host: "127.26.201.67" port: 39419 } }
I20260710 13:26:41.524238 27957 catalog_manager.cc:5697] T efc96d69fbb44800bc7fa8d2d9d98853 P 28c77c7eb77649acb5400ef93efb2ecb reported cstate change: term changed from 1 to 2, leader changed from d4778c3e6d254ee2abe05b2f67fe56b8 (127.26.201.66) to 28c77c7eb77649acb5400ef93efb2ecb (127.26.201.65). New cstate: current_term: 2 leader_uuid: "28c77c7eb77649acb5400ef93efb2ecb" committed_config { opid_index: -1 OBSOLETE_local: false peers { permanent_uuid: "28c77c7eb77649acb5400ef93efb2ecb" member_type: VOTER last_known_addr { host: "127.26.201.65" port: 46161 } health_report { overall_health: HEALTHY } } peers { permanent_uuid: "d4778c3e6d254ee2abe05b2f67fe56b8" member_type: VOTER last_known_addr { host: "127.26.201.66" port: 42459 } health_report { overall_health: UNKNOWN } } peers { permanent_uuid: "6cbff00789c04de4a2eb3614cfd8377a" member_type: VOTER last_known_addr { host: "127.26.201.67" port: 39419 } health_report { overall_health: UNKNOWN } } }
I20260710 13:26:41.602751 28369 raft_consensus.cc:993] T ef5c05ae88af455f9ecaeaca1ee12917 P 6cbff00789c04de4a2eb3614cfd8377a: : Instructing follower 28c77c7eb77649acb5400ef93efb2ecb to start an election
I20260710 13:26:41.603271 28360 raft_consensus.cc:1081] T ef5c05ae88af455f9ecaeaca1ee12917 P 6cbff00789c04de4a2eb3614cfd8377a [term 3 LEADER]: Signalling peer 28c77c7eb77649acb5400ef93efb2ecb to start an election
I20260710 13:26:41.604665 28058 tablet_service.cc:2044] Received Run Leader Election RPC: tablet_id: "ef5c05ae88af455f9ecaeaca1ee12917"
dest_uuid: "28c77c7eb77649acb5400ef93efb2ecb"
 from {username='slave'} at 127.0.0.1:59402
I20260710 13:26:41.605127 28058 raft_consensus.cc:493] T ef5c05ae88af455f9ecaeaca1ee12917 P 28c77c7eb77649acb5400ef93efb2ecb [term 3 FOLLOWER]: Starting forced leader election (received explicit request)
I20260710 13:26:41.605432 28058 raft_consensus.cc:3060] T ef5c05ae88af455f9ecaeaca1ee12917 P 28c77c7eb77649acb5400ef93efb2ecb [term 3 FOLLOWER]: Advancing to term 4
I20260710 13:26:41.610219 28058 raft_consensus.cc:515] T ef5c05ae88af455f9ecaeaca1ee12917 P 28c77c7eb77649acb5400ef93efb2ecb [term 4 FOLLOWER]: Starting forced leader election with config: opid_index: -1 OBSOLETE_local: false peers { permanent_uuid: "28c77c7eb77649acb5400ef93efb2ecb" member_type: VOTER last_known_addr { host: "127.26.201.65" port: 46161 } } peers { permanent_uuid: "d4778c3e6d254ee2abe05b2f67fe56b8" member_type: VOTER last_known_addr { host: "127.26.201.66" port: 42459 } } peers { permanent_uuid: "6cbff00789c04de4a2eb3614cfd8377a" member_type: VOTER last_known_addr { host: "127.26.201.67" port: 39419 } }
I20260710 13:26:41.611771 28058 leader_election.cc:290] T ef5c05ae88af455f9ecaeaca1ee12917 P 28c77c7eb77649acb5400ef93efb2ecb [CANDIDATE]: Term 4 election: Requested vote from peers d4778c3e6d254ee2abe05b2f67fe56b8 (127.26.201.66:42459), 6cbff00789c04de4a2eb3614cfd8377a (127.26.201.67:39419)
I20260710 13:26:41.612656 28134 tablet_service.cc:1917] Received RequestConsensusVote() RPC: tablet_id: "ef5c05ae88af455f9ecaeaca1ee12917" candidate_uuid: "28c77c7eb77649acb5400ef93efb2ecb" candidate_term: 4 candidate_status { last_received { term: 3 index: 3 } } ignore_live_leader: true dest_uuid: "d4778c3e6d254ee2abe05b2f67fe56b8"
I20260710 13:26:41.613068 28208 tablet_service.cc:1917] Received RequestConsensusVote() RPC: tablet_id: "ef5c05ae88af455f9ecaeaca1ee12917" candidate_uuid: "28c77c7eb77649acb5400ef93efb2ecb" candidate_term: 4 candidate_status { last_received { term: 3 index: 3 } } ignore_live_leader: true dest_uuid: "6cbff00789c04de4a2eb3614cfd8377a"
I20260710 13:26:41.613256 28134 raft_consensus.cc:3060] T ef5c05ae88af455f9ecaeaca1ee12917 P d4778c3e6d254ee2abe05b2f67fe56b8 [term 3 FOLLOWER]: Advancing to term 4
I20260710 13:26:41.613638 28208 raft_consensus.cc:3055] T ef5c05ae88af455f9ecaeaca1ee12917 P 6cbff00789c04de4a2eb3614cfd8377a [term 3 LEADER]: Stepping down as leader of term 3
I20260710 13:26:41.613952 28208 raft_consensus.cc:740] T ef5c05ae88af455f9ecaeaca1ee12917 P 6cbff00789c04de4a2eb3614cfd8377a [term 3 LEADER]: Becoming Follower/Learner. State: Replica: 6cbff00789c04de4a2eb3614cfd8377a, State: Running, Role: LEADER
I20260710 13:26:41.614832 28208 consensus_queue.cc:260] T ef5c05ae88af455f9ecaeaca1ee12917 P 6cbff00789c04de4a2eb3614cfd8377a [NON_LEADER]: Queue going to NON_LEADER mode. State: All replicated index: 0, Majority replicated index: 3, Committed index: 3, Last appended: 3.3, Last appended by leader: 3, Current term: 3, Majority size: -1, State: 0, Mode: NON_LEADER, active raft config: opid_index: -1 OBSOLETE_local: false peers { permanent_uuid: "28c77c7eb77649acb5400ef93efb2ecb" member_type: VOTER last_known_addr { host: "127.26.201.65" port: 46161 } } peers { permanent_uuid: "d4778c3e6d254ee2abe05b2f67fe56b8" member_type: VOTER last_known_addr { host: "127.26.201.66" port: 42459 } } peers { permanent_uuid: "6cbff00789c04de4a2eb3614cfd8377a" member_type: VOTER last_known_addr { host: "127.26.201.67" port: 39419 } }
I20260710 13:26:41.616189 28208 raft_consensus.cc:3060] T ef5c05ae88af455f9ecaeaca1ee12917 P 6cbff00789c04de4a2eb3614cfd8377a [term 3 FOLLOWER]: Advancing to term 4
I20260710 13:26:41.620404 28134 raft_consensus.cc:2468] T ef5c05ae88af455f9ecaeaca1ee12917 P d4778c3e6d254ee2abe05b2f67fe56b8 [term 4 FOLLOWER]: Leader election vote request: Granting yes vote for candidate 28c77c7eb77649acb5400ef93efb2ecb in term 4.
I20260710 13:26:41.621563 28024 leader_election.cc:304] T ef5c05ae88af455f9ecaeaca1ee12917 P 28c77c7eb77649acb5400ef93efb2ecb [CANDIDATE]: Term 4 election: Election decided. Result: candidate won. Election summary: received 2 responses out of 3 voters: 2 yes votes; 0 no votes. yes voters: 28c77c7eb77649acb5400ef93efb2ecb, d4778c3e6d254ee2abe05b2f67fe56b8; no voters: 
I20260710 13:26:41.622260 28374 raft_consensus.cc:2804] T ef5c05ae88af455f9ecaeaca1ee12917 P 28c77c7eb77649acb5400ef93efb2ecb [term 4 FOLLOWER]: Leader election won for term 4
I20260710 13:26:41.622718 28374 raft_consensus.cc:697] T ef5c05ae88af455f9ecaeaca1ee12917 P 28c77c7eb77649acb5400ef93efb2ecb [term 4 LEADER]: Becoming Leader. State: Replica: 28c77c7eb77649acb5400ef93efb2ecb, State: Running, Role: LEADER
I20260710 13:26:41.622961 28208 raft_consensus.cc:2468] T ef5c05ae88af455f9ecaeaca1ee12917 P 6cbff00789c04de4a2eb3614cfd8377a [term 4 FOLLOWER]: Leader election vote request: Granting yes vote for candidate 28c77c7eb77649acb5400ef93efb2ecb in term 4.
I20260710 13:26:41.623654 28374 consensus_queue.cc:237] T ef5c05ae88af455f9ecaeaca1ee12917 P 28c77c7eb77649acb5400ef93efb2ecb [LEADER]: Queue going to LEADER mode. State: All replicated index: 0, Majority replicated index: 3, Committed index: 3, Last appended: 3.3, Last appended by leader: 3, Current term: 4, Majority size: 2, State: 0, Mode: LEADER, active raft config: opid_index: -1 OBSOLETE_local: false peers { permanent_uuid: "28c77c7eb77649acb5400ef93efb2ecb" member_type: VOTER last_known_addr { host: "127.26.201.65" port: 46161 } } peers { permanent_uuid: "d4778c3e6d254ee2abe05b2f67fe56b8" member_type: VOTER last_known_addr { host: "127.26.201.66" port: 42459 } } peers { permanent_uuid: "6cbff00789c04de4a2eb3614cfd8377a" member_type: VOTER last_known_addr { host: "127.26.201.67" port: 39419 } }
I20260710 13:26:41.630652 28378 raft_consensus.cc:993] T f61f6740b3724fcd91d10f011af97648 P d4778c3e6d254ee2abe05b2f67fe56b8: : Instructing follower 28c77c7eb77649acb5400ef93efb2ecb to start an election
I20260710 13:26:41.630249 27957 catalog_manager.cc:5697] T ef5c05ae88af455f9ecaeaca1ee12917 P 28c77c7eb77649acb5400ef93efb2ecb reported cstate change: term changed from 3 to 4, leader changed from 6cbff00789c04de4a2eb3614cfd8377a (127.26.201.67) to 28c77c7eb77649acb5400ef93efb2ecb (127.26.201.65). New cstate: current_term: 4 leader_uuid: "28c77c7eb77649acb5400ef93efb2ecb" committed_config { opid_index: -1 OBSOLETE_local: false peers { permanent_uuid: "28c77c7eb77649acb5400ef93efb2ecb" member_type: VOTER last_known_addr { host: "127.26.201.65" port: 46161 } health_report { overall_health: HEALTHY } } peers { permanent_uuid: "d4778c3e6d254ee2abe05b2f67fe56b8" member_type: VOTER last_known_addr { host: "127.26.201.66" port: 42459 } health_report { overall_health: UNKNOWN } } peers { permanent_uuid: "6cbff00789c04de4a2eb3614cfd8377a" member_type: VOTER last_known_addr { host: "127.26.201.67" port: 39419 } health_report { overall_health: UNKNOWN } } }
I20260710 13:26:41.631215 28307 raft_consensus.cc:1081] T f61f6740b3724fcd91d10f011af97648 P d4778c3e6d254ee2abe05b2f67fe56b8 [term 1 LEADER]: Signalling peer 28c77c7eb77649acb5400ef93efb2ecb to start an election
I20260710 13:26:41.632748 28058 tablet_service.cc:2044] Received Run Leader Election RPC: tablet_id: "f61f6740b3724fcd91d10f011af97648"
dest_uuid: "28c77c7eb77649acb5400ef93efb2ecb"
 from {username='slave'} at 127.0.0.1:59404
I20260710 13:26:41.633288 28058 raft_consensus.cc:493] T f61f6740b3724fcd91d10f011af97648 P 28c77c7eb77649acb5400ef93efb2ecb [term 1 FOLLOWER]: Starting forced leader election (received explicit request)
I20260710 13:26:41.633667 28058 raft_consensus.cc:3060] T f61f6740b3724fcd91d10f011af97648 P 28c77c7eb77649acb5400ef93efb2ecb [term 1 FOLLOWER]: Advancing to term 2
I20260710 13:26:41.639542 28058 raft_consensus.cc:515] T f61f6740b3724fcd91d10f011af97648 P 28c77c7eb77649acb5400ef93efb2ecb [term 2 FOLLOWER]: Starting forced leader election with config: opid_index: -1 OBSOLETE_local: false peers { permanent_uuid: "28c77c7eb77649acb5400ef93efb2ecb" member_type: VOTER last_known_addr { host: "127.26.201.65" port: 46161 } } peers { permanent_uuid: "d4778c3e6d254ee2abe05b2f67fe56b8" member_type: VOTER last_known_addr { host: "127.26.201.66" port: 42459 } } peers { permanent_uuid: "6cbff00789c04de4a2eb3614cfd8377a" member_type: VOTER last_known_addr { host: "127.26.201.67" port: 39419 } }
I20260710 13:26:41.641088 28058 leader_election.cc:290] T f61f6740b3724fcd91d10f011af97648 P 28c77c7eb77649acb5400ef93efb2ecb [CANDIDATE]: Term 2 election: Requested vote from peers d4778c3e6d254ee2abe05b2f67fe56b8 (127.26.201.66:42459), 6cbff00789c04de4a2eb3614cfd8377a (127.26.201.67:39419)
I20260710 13:26:41.641885 28134 tablet_service.cc:1917] Received RequestConsensusVote() RPC: tablet_id: "f61f6740b3724fcd91d10f011af97648" candidate_uuid: "28c77c7eb77649acb5400ef93efb2ecb" candidate_term: 2 candidate_status { last_received { term: 1 index: 1 } } ignore_live_leader: true dest_uuid: "d4778c3e6d254ee2abe05b2f67fe56b8"
I20260710 13:26:41.642204 28208 tablet_service.cc:1917] Received RequestConsensusVote() RPC: tablet_id: "f61f6740b3724fcd91d10f011af97648" candidate_uuid: "28c77c7eb77649acb5400ef93efb2ecb" candidate_term: 2 candidate_status { last_received { term: 1 index: 1 } } ignore_live_leader: true dest_uuid: "6cbff00789c04de4a2eb3614cfd8377a"
I20260710 13:26:41.642490 28134 raft_consensus.cc:3055] T f61f6740b3724fcd91d10f011af97648 P d4778c3e6d254ee2abe05b2f67fe56b8 [term 1 LEADER]: Stepping down as leader of term 1
I20260710 13:26:41.642704 28208 raft_consensus.cc:3060] T f61f6740b3724fcd91d10f011af97648 P 6cbff00789c04de4a2eb3614cfd8377a [term 1 FOLLOWER]: Advancing to term 2
I20260710 13:26:41.642853 28134 raft_consensus.cc:740] T f61f6740b3724fcd91d10f011af97648 P d4778c3e6d254ee2abe05b2f67fe56b8 [term 1 LEADER]: Becoming Follower/Learner. State: Replica: d4778c3e6d254ee2abe05b2f67fe56b8, State: Running, Role: LEADER
I20260710 13:26:41.643724 28134 consensus_queue.cc:260] T f61f6740b3724fcd91d10f011af97648 P d4778c3e6d254ee2abe05b2f67fe56b8 [NON_LEADER]: Queue going to NON_LEADER mode. State: All replicated index: 0, Majority replicated index: 1, Committed index: 1, Last appended: 1.1, Last appended by leader: 1, Current term: 1, Majority size: -1, State: 0, Mode: NON_LEADER, active raft config: opid_index: -1 OBSOLETE_local: false peers { permanent_uuid: "28c77c7eb77649acb5400ef93efb2ecb" member_type: VOTER last_known_addr { host: "127.26.201.65" port: 46161 } } peers { permanent_uuid: "d4778c3e6d254ee2abe05b2f67fe56b8" member_type: VOTER last_known_addr { host: "127.26.201.66" port: 42459 } } peers { permanent_uuid: "6cbff00789c04de4a2eb3614cfd8377a" member_type: VOTER last_known_addr { host: "127.26.201.67" port: 39419 } }
I20260710 13:26:41.645002 28134 raft_consensus.cc:3060] T f61f6740b3724fcd91d10f011af97648 P d4778c3e6d254ee2abe05b2f67fe56b8 [term 1 FOLLOWER]: Advancing to term 2
I20260710 13:26:41.649471 28208 raft_consensus.cc:2468] T f61f6740b3724fcd91d10f011af97648 P 6cbff00789c04de4a2eb3614cfd8377a [term 2 FOLLOWER]: Leader election vote request: Granting yes vote for candidate 28c77c7eb77649acb5400ef93efb2ecb in term 2.
I20260710 13:26:41.650736 28024 leader_election.cc:304] T f61f6740b3724fcd91d10f011af97648 P 28c77c7eb77649acb5400ef93efb2ecb [CANDIDATE]: Term 2 election: Election decided. Result: candidate won. Election summary: received 2 responses out of 3 voters: 2 yes votes; 0 no votes. yes voters: 28c77c7eb77649acb5400ef93efb2ecb, 6cbff00789c04de4a2eb3614cfd8377a; no voters: 
I20260710 13:26:41.651352 28134 raft_consensus.cc:2468] T f61f6740b3724fcd91d10f011af97648 P d4778c3e6d254ee2abe05b2f67fe56b8 [term 2 FOLLOWER]: Leader election vote request: Granting yes vote for candidate 28c77c7eb77649acb5400ef93efb2ecb in term 2.
I20260710 13:26:41.651453 28374 raft_consensus.cc:2804] T f61f6740b3724fcd91d10f011af97648 P 28c77c7eb77649acb5400ef93efb2ecb [term 2 FOLLOWER]: Leader election won for term 2
I20260710 13:26:41.652029 28374 raft_consensus.cc:697] T f61f6740b3724fcd91d10f011af97648 P 28c77c7eb77649acb5400ef93efb2ecb [term 2 LEADER]: Becoming Leader. State: Replica: 28c77c7eb77649acb5400ef93efb2ecb, State: Running, Role: LEADER
I20260710 13:26:41.652989 28374 consensus_queue.cc:237] T f61f6740b3724fcd91d10f011af97648 P 28c77c7eb77649acb5400ef93efb2ecb [LEADER]: Queue going to LEADER mode. State: All replicated index: 0, Majority replicated index: 1, Committed index: 1, Last appended: 1.1, Last appended by leader: 1, Current term: 2, Majority size: 2, State: 0, Mode: LEADER, active raft config: opid_index: -1 OBSOLETE_local: false peers { permanent_uuid: "28c77c7eb77649acb5400ef93efb2ecb" member_type: VOTER last_known_addr { host: "127.26.201.65" port: 46161 } } peers { permanent_uuid: "d4778c3e6d254ee2abe05b2f67fe56b8" member_type: VOTER last_known_addr { host: "127.26.201.66" port: 42459 } } peers { permanent_uuid: "6cbff00789c04de4a2eb3614cfd8377a" member_type: VOTER last_known_addr { host: "127.26.201.67" port: 39419 } }
I20260710 13:26:41.659324 27957 catalog_manager.cc:5697] T f61f6740b3724fcd91d10f011af97648 P 28c77c7eb77649acb5400ef93efb2ecb reported cstate change: term changed from 1 to 2, leader changed from d4778c3e6d254ee2abe05b2f67fe56b8 (127.26.201.66) to 28c77c7eb77649acb5400ef93efb2ecb (127.26.201.65). New cstate: current_term: 2 leader_uuid: "28c77c7eb77649acb5400ef93efb2ecb" committed_config { opid_index: -1 OBSOLETE_local: false peers { permanent_uuid: "28c77c7eb77649acb5400ef93efb2ecb" member_type: VOTER last_known_addr { host: "127.26.201.65" port: 46161 } health_report { overall_health: HEALTHY } } peers { permanent_uuid: "d4778c3e6d254ee2abe05b2f67fe56b8" member_type: VOTER last_known_addr { host: "127.26.201.66" port: 42459 } health_report { overall_health: UNKNOWN } } peers { permanent_uuid: "6cbff00789c04de4a2eb3614cfd8377a" member_type: VOTER last_known_addr { host: "127.26.201.67" port: 39419 } health_report { overall_health: UNKNOWN } } }
I20260710 13:26:41.764780 28378 raft_consensus.cc:993] T 0402cea7179743b889cba601efb1a2f1 P d4778c3e6d254ee2abe05b2f67fe56b8: : Instructing follower 28c77c7eb77649acb5400ef93efb2ecb to start an election
I20260710 13:26:41.765360 28307 raft_consensus.cc:1081] T 0402cea7179743b889cba601efb1a2f1 P d4778c3e6d254ee2abe05b2f67fe56b8 [term 2 LEADER]: Signalling peer 28c77c7eb77649acb5400ef93efb2ecb to start an election
I20260710 13:26:41.767112 28058 tablet_service.cc:2044] Received Run Leader Election RPC: tablet_id: "0402cea7179743b889cba601efb1a2f1"
dest_uuid: "28c77c7eb77649acb5400ef93efb2ecb"
 from {username='slave'} at 127.0.0.1:59404
I20260710 13:26:41.767602 28058 raft_consensus.cc:493] T 0402cea7179743b889cba601efb1a2f1 P 28c77c7eb77649acb5400ef93efb2ecb [term 2 FOLLOWER]: Starting forced leader election (received explicit request)
I20260710 13:26:41.767936 28058 raft_consensus.cc:3060] T 0402cea7179743b889cba601efb1a2f1 P 28c77c7eb77649acb5400ef93efb2ecb [term 2 FOLLOWER]: Advancing to term 3
I20260710 13:26:41.772837 28058 raft_consensus.cc:515] T 0402cea7179743b889cba601efb1a2f1 P 28c77c7eb77649acb5400ef93efb2ecb [term 3 FOLLOWER]: Starting forced leader election with config: opid_index: -1 OBSOLETE_local: false peers { permanent_uuid: "28c77c7eb77649acb5400ef93efb2ecb" member_type: VOTER last_known_addr { host: "127.26.201.65" port: 46161 } } peers { permanent_uuid: "d4778c3e6d254ee2abe05b2f67fe56b8" member_type: VOTER last_known_addr { host: "127.26.201.66" port: 42459 } } peers { permanent_uuid: "6cbff00789c04de4a2eb3614cfd8377a" member_type: VOTER last_known_addr { host: "127.26.201.67" port: 39419 } }
I20260710 13:26:41.774741 28058 leader_election.cc:290] T 0402cea7179743b889cba601efb1a2f1 P 28c77c7eb77649acb5400ef93efb2ecb [CANDIDATE]: Term 3 election: Requested vote from peers d4778c3e6d254ee2abe05b2f67fe56b8 (127.26.201.66:42459), 6cbff00789c04de4a2eb3614cfd8377a (127.26.201.67:39419)
I20260710 13:26:41.775677 28134 tablet_service.cc:1917] Received RequestConsensusVote() RPC: tablet_id: "0402cea7179743b889cba601efb1a2f1" candidate_uuid: "28c77c7eb77649acb5400ef93efb2ecb" candidate_term: 3 candidate_status { last_received { term: 2 index: 2 } } ignore_live_leader: true dest_uuid: "d4778c3e6d254ee2abe05b2f67fe56b8"
I20260710 13:26:41.776055 28208 tablet_service.cc:1917] Received RequestConsensusVote() RPC: tablet_id: "0402cea7179743b889cba601efb1a2f1" candidate_uuid: "28c77c7eb77649acb5400ef93efb2ecb" candidate_term: 3 candidate_status { last_received { term: 2 index: 2 } } ignore_live_leader: true dest_uuid: "6cbff00789c04de4a2eb3614cfd8377a"
I20260710 13:26:41.776315 28134 raft_consensus.cc:3055] T 0402cea7179743b889cba601efb1a2f1 P d4778c3e6d254ee2abe05b2f67fe56b8 [term 2 LEADER]: Stepping down as leader of term 2
I20260710 13:26:41.776721 28208 raft_consensus.cc:3060] T 0402cea7179743b889cba601efb1a2f1 P 6cbff00789c04de4a2eb3614cfd8377a [term 2 FOLLOWER]: Advancing to term 3
I20260710 13:26:41.776724 28134 raft_consensus.cc:740] T 0402cea7179743b889cba601efb1a2f1 P d4778c3e6d254ee2abe05b2f67fe56b8 [term 2 LEADER]: Becoming Follower/Learner. State: Replica: d4778c3e6d254ee2abe05b2f67fe56b8, State: Running, Role: LEADER
I20260710 13:26:41.777804 28134 consensus_queue.cc:260] T 0402cea7179743b889cba601efb1a2f1 P d4778c3e6d254ee2abe05b2f67fe56b8 [NON_LEADER]: Queue going to NON_LEADER mode. State: All replicated index: 0, Majority replicated index: 2, Committed index: 2, Last appended: 2.2, Last appended by leader: 2, Current term: 2, Majority size: -1, State: 0, Mode: NON_LEADER, active raft config: opid_index: -1 OBSOLETE_local: false peers { permanent_uuid: "28c77c7eb77649acb5400ef93efb2ecb" member_type: VOTER last_known_addr { host: "127.26.201.65" port: 46161 } } peers { permanent_uuid: "d4778c3e6d254ee2abe05b2f67fe56b8" member_type: VOTER last_known_addr { host: "127.26.201.66" port: 42459 } } peers { permanent_uuid: "6cbff00789c04de4a2eb3614cfd8377a" member_type: VOTER last_known_addr { host: "127.26.201.67" port: 39419 } }
I20260710 13:26:41.778822 28134 raft_consensus.cc:3060] T 0402cea7179743b889cba601efb1a2f1 P d4778c3e6d254ee2abe05b2f67fe56b8 [term 2 FOLLOWER]: Advancing to term 3
I20260710 13:26:41.781500 28208 raft_consensus.cc:2468] T 0402cea7179743b889cba601efb1a2f1 P 6cbff00789c04de4a2eb3614cfd8377a [term 3 FOLLOWER]: Leader election vote request: Granting yes vote for candidate 28c77c7eb77649acb5400ef93efb2ecb in term 3.
I20260710 13:26:41.782541 28024 leader_election.cc:304] T 0402cea7179743b889cba601efb1a2f1 P 28c77c7eb77649acb5400ef93efb2ecb [CANDIDATE]: Term 3 election: Election decided. Result: candidate won. Election summary: received 2 responses out of 3 voters: 2 yes votes; 0 no votes. yes voters: 28c77c7eb77649acb5400ef93efb2ecb, 6cbff00789c04de4a2eb3614cfd8377a; no voters: 
I20260710 13:26:41.783389 28374 raft_consensus.cc:2804] T 0402cea7179743b889cba601efb1a2f1 P 28c77c7eb77649acb5400ef93efb2ecb [term 3 FOLLOWER]: Leader election won for term 3
I20260710 13:26:41.783862 28374 raft_consensus.cc:697] T 0402cea7179743b889cba601efb1a2f1 P 28c77c7eb77649acb5400ef93efb2ecb [term 3 LEADER]: Becoming Leader. State: Replica: 28c77c7eb77649acb5400ef93efb2ecb, State: Running, Role: LEADER
I20260710 13:26:41.783953 28134 raft_consensus.cc:2468] T 0402cea7179743b889cba601efb1a2f1 P d4778c3e6d254ee2abe05b2f67fe56b8 [term 3 FOLLOWER]: Leader election vote request: Granting yes vote for candidate 28c77c7eb77649acb5400ef93efb2ecb in term 3.
I20260710 13:26:41.784685 28374 consensus_queue.cc:237] T 0402cea7179743b889cba601efb1a2f1 P 28c77c7eb77649acb5400ef93efb2ecb [LEADER]: Queue going to LEADER mode. State: All replicated index: 0, Majority replicated index: 2, Committed index: 2, Last appended: 2.2, Last appended by leader: 2, Current term: 3, Majority size: 2, State: 0, Mode: LEADER, active raft config: opid_index: -1 OBSOLETE_local: false peers { permanent_uuid: "28c77c7eb77649acb5400ef93efb2ecb" member_type: VOTER last_known_addr { host: "127.26.201.65" port: 46161 } } peers { permanent_uuid: "d4778c3e6d254ee2abe05b2f67fe56b8" member_type: VOTER last_known_addr { host: "127.26.201.66" port: 42459 } } peers { permanent_uuid: "6cbff00789c04de4a2eb3614cfd8377a" member_type: VOTER last_known_addr { host: "127.26.201.67" port: 39419 } }
I20260710 13:26:41.791466 27957 catalog_manager.cc:5697] T 0402cea7179743b889cba601efb1a2f1 P 28c77c7eb77649acb5400ef93efb2ecb reported cstate change: term changed from 2 to 3, leader changed from d4778c3e6d254ee2abe05b2f67fe56b8 (127.26.201.66) to 28c77c7eb77649acb5400ef93efb2ecb (127.26.201.65). New cstate: current_term: 3 leader_uuid: "28c77c7eb77649acb5400ef93efb2ecb" committed_config { opid_index: -1 OBSOLETE_local: false peers { permanent_uuid: "28c77c7eb77649acb5400ef93efb2ecb" member_type: VOTER last_known_addr { host: "127.26.201.65" port: 46161 } health_report { overall_health: HEALTHY } } peers { permanent_uuid: "d4778c3e6d254ee2abe05b2f67fe56b8" member_type: VOTER last_known_addr { host: "127.26.201.66" port: 42459 } health_report { overall_health: UNKNOWN } } peers { permanent_uuid: "6cbff00789c04de4a2eb3614cfd8377a" member_type: VOTER last_known_addr { host: "127.26.201.67" port: 39419 } health_report { overall_health: UNKNOWN } } }
I20260710 13:26:41.800380 28355 raft_consensus.cc:993] T a189c3463f3e486d804fea384703305c P 6cbff00789c04de4a2eb3614cfd8377a: : Instructing follower 28c77c7eb77649acb5400ef93efb2ecb to start an election
I20260710 13:26:41.800849 28360 raft_consensus.cc:1081] T a189c3463f3e486d804fea384703305c P 6cbff00789c04de4a2eb3614cfd8377a [term 3 LEADER]: Signalling peer 28c77c7eb77649acb5400ef93efb2ecb to start an election
I20260710 13:26:41.802259 28058 tablet_service.cc:2044] Received Run Leader Election RPC: tablet_id: "a189c3463f3e486d804fea384703305c"
dest_uuid: "28c77c7eb77649acb5400ef93efb2ecb"
 from {username='slave'} at 127.0.0.1:59402
I20260710 13:26:41.802702 28058 raft_consensus.cc:493] T a189c3463f3e486d804fea384703305c P 28c77c7eb77649acb5400ef93efb2ecb [term 3 FOLLOWER]: Starting forced leader election (received explicit request)
I20260710 13:26:41.802964 28058 raft_consensus.cc:3060] T a189c3463f3e486d804fea384703305c P 28c77c7eb77649acb5400ef93efb2ecb [term 3 FOLLOWER]: Advancing to term 4
I20260710 13:26:41.807471 28058 raft_consensus.cc:515] T a189c3463f3e486d804fea384703305c P 28c77c7eb77649acb5400ef93efb2ecb [term 4 FOLLOWER]: Starting forced leader election with config: opid_index: -1 OBSOLETE_local: false peers { permanent_uuid: "28c77c7eb77649acb5400ef93efb2ecb" member_type: VOTER last_known_addr { host: "127.26.201.65" port: 46161 } } peers { permanent_uuid: "d4778c3e6d254ee2abe05b2f67fe56b8" member_type: VOTER last_known_addr { host: "127.26.201.66" port: 42459 } } peers { permanent_uuid: "6cbff00789c04de4a2eb3614cfd8377a" member_type: VOTER last_known_addr { host: "127.26.201.67" port: 39419 } }
I20260710 13:26:41.809124 28058 leader_election.cc:290] T a189c3463f3e486d804fea384703305c P 28c77c7eb77649acb5400ef93efb2ecb [CANDIDATE]: Term 4 election: Requested vote from peers d4778c3e6d254ee2abe05b2f67fe56b8 (127.26.201.66:42459), 6cbff00789c04de4a2eb3614cfd8377a (127.26.201.67:39419)
I20260710 13:26:41.809896 28134 tablet_service.cc:1917] Received RequestConsensusVote() RPC: tablet_id: "a189c3463f3e486d804fea384703305c" candidate_uuid: "28c77c7eb77649acb5400ef93efb2ecb" candidate_term: 4 candidate_status { last_received { term: 3 index: 3 } } ignore_live_leader: true dest_uuid: "d4778c3e6d254ee2abe05b2f67fe56b8"
I20260710 13:26:41.810246 28208 tablet_service.cc:1917] Received RequestConsensusVote() RPC: tablet_id: "a189c3463f3e486d804fea384703305c" candidate_uuid: "28c77c7eb77649acb5400ef93efb2ecb" candidate_term: 4 candidate_status { last_received { term: 3 index: 3 } } ignore_live_leader: true dest_uuid: "6cbff00789c04de4a2eb3614cfd8377a"
I20260710 13:26:41.810887 28208 raft_consensus.cc:3055] T a189c3463f3e486d804fea384703305c P 6cbff00789c04de4a2eb3614cfd8377a [term 3 LEADER]: Stepping down as leader of term 3
I20260710 13:26:41.810386 28134 raft_consensus.cc:3060] T a189c3463f3e486d804fea384703305c P d4778c3e6d254ee2abe05b2f67fe56b8 [term 3 FOLLOWER]: Advancing to term 4
I20260710 13:26:41.811167 28208 raft_consensus.cc:740] T a189c3463f3e486d804fea384703305c P 6cbff00789c04de4a2eb3614cfd8377a [term 3 LEADER]: Becoming Follower/Learner. State: Replica: 6cbff00789c04de4a2eb3614cfd8377a, State: Running, Role: LEADER
I20260710 13:26:41.812007 28208 consensus_queue.cc:260] T a189c3463f3e486d804fea384703305c P 6cbff00789c04de4a2eb3614cfd8377a [NON_LEADER]: Queue going to NON_LEADER mode. State: All replicated index: 0, Majority replicated index: 3, Committed index: 3, Last appended: 3.3, Last appended by leader: 3, Current term: 3, Majority size: -1, State: 0, Mode: NON_LEADER, active raft config: opid_index: -1 OBSOLETE_local: false peers { permanent_uuid: "28c77c7eb77649acb5400ef93efb2ecb" member_type: VOTER last_known_addr { host: "127.26.201.65" port: 46161 } } peers { permanent_uuid: "d4778c3e6d254ee2abe05b2f67fe56b8" member_type: VOTER last_known_addr { host: "127.26.201.66" port: 42459 } } peers { permanent_uuid: "6cbff00789c04de4a2eb3614cfd8377a" member_type: VOTER last_known_addr { host: "127.26.201.67" port: 39419 } }
I20260710 13:26:41.813084 28208 raft_consensus.cc:3060] T a189c3463f3e486d804fea384703305c P 6cbff00789c04de4a2eb3614cfd8377a [term 3 FOLLOWER]: Advancing to term 4
I20260710 13:26:41.816939 28134 raft_consensus.cc:2468] T a189c3463f3e486d804fea384703305c P d4778c3e6d254ee2abe05b2f67fe56b8 [term 4 FOLLOWER]: Leader election vote request: Granting yes vote for candidate 28c77c7eb77649acb5400ef93efb2ecb in term 4.
I20260710 13:26:41.817919 28208 raft_consensus.cc:2468] T a189c3463f3e486d804fea384703305c P 6cbff00789c04de4a2eb3614cfd8377a [term 4 FOLLOWER]: Leader election vote request: Granting yes vote for candidate 28c77c7eb77649acb5400ef93efb2ecb in term 4.
I20260710 13:26:41.817925 28024 leader_election.cc:304] T a189c3463f3e486d804fea384703305c P 28c77c7eb77649acb5400ef93efb2ecb [CANDIDATE]: Term 4 election: Election decided. Result: candidate won. Election summary: received 2 responses out of 3 voters: 2 yes votes; 0 no votes. yes voters: 28c77c7eb77649acb5400ef93efb2ecb, d4778c3e6d254ee2abe05b2f67fe56b8; no voters: 
I20260710 13:26:41.818924 28374 raft_consensus.cc:2804] T a189c3463f3e486d804fea384703305c P 28c77c7eb77649acb5400ef93efb2ecb [term 4 FOLLOWER]: Leader election won for term 4
I20260710 13:26:41.819399 28374 raft_consensus.cc:697] T a189c3463f3e486d804fea384703305c P 28c77c7eb77649acb5400ef93efb2ecb [term 4 LEADER]: Becoming Leader. State: Replica: 28c77c7eb77649acb5400ef93efb2ecb, State: Running, Role: LEADER
