I20260710 13:26:34.699472  1181 tablet_bootstrap.cc:654] T a6bc24ac0d5e46a682903d5f43c992d7 P e6fc621979dc47489cdea7933476300c: Neither blocks nor log segments found. Creating new log.
I20260710 13:26:34.701867  1183 tablet_bootstrap.cc:492] T 2cf2b937bf7d4662bc47cc966335e713 P 13d50f1be52543a0aabc8dbb11afcf07: No bootstrap required, opened a new log
I20260710 13:26:34.702364  1183 ts_tablet_manager.cc:1403] T 2cf2b937bf7d4662bc47cc966335e713 P 13d50f1be52543a0aabc8dbb11afcf07: Time spent bootstrapping tablet: real 0.025s	user 0.007s	sys 0.011s
I20260710 13:26:34.702466  1182 tablet_bootstrap.cc:492] T 19920cb3b5c940a6b86012c2452c694e P 77aabb7889454507b92f3307e233370e: No bootstrap required, opened a new log
I20260710 13:26:34.702987  1182 ts_tablet_manager.cc:1403] T 19920cb3b5c940a6b86012c2452c694e P 77aabb7889454507b92f3307e233370e: Time spent bootstrapping tablet: real 0.029s	user 0.006s	sys 0.020s
I20260710 13:26:34.705349  1183 raft_consensus.cc:359] T 2cf2b937bf7d4662bc47cc966335e713 P 13d50f1be52543a0aabc8dbb11afcf07 [term 0 FOLLOWER]: Replica starting. Triggering 0 pending ops. Active config: opid_index: -1 OBSOLETE_local: false peers { permanent_uuid: "13d50f1be52543a0aabc8dbb11afcf07" member_type: VOTER last_known_addr { host: "127.0.86.193" port: 36725 } } peers { permanent_uuid: "77aabb7889454507b92f3307e233370e" member_type: VOTER last_known_addr { host: "127.0.86.194" port: 41637 } } peers { permanent_uuid: "e6fc621979dc47489cdea7933476300c" member_type: VOTER last_known_addr { host: "127.0.86.195" port: 33849 } }
I20260710 13:26:34.706133  1183 raft_consensus.cc:385] T 2cf2b937bf7d4662bc47cc966335e713 P 13d50f1be52543a0aabc8dbb11afcf07 [term 0 FOLLOWER]: Consensus starting up: Expiring failure detector timer to make a prompt election more likely
I20260710 13:26:34.706451  1183 raft_consensus.cc:740] T 2cf2b937bf7d4662bc47cc966335e713 P 13d50f1be52543a0aabc8dbb11afcf07 [term 0 FOLLOWER]: Becoming Follower/Learner. State: Replica: 13d50f1be52543a0aabc8dbb11afcf07, State: Initialized, Role: FOLLOWER
I20260710 13:26:34.707280  1183 consensus_queue.cc:260] T 2cf2b937bf7d4662bc47cc966335e713 P 13d50f1be52543a0aabc8dbb11afcf07 [NON_LEADER]: Queue going to NON_LEADER mode. State: All replicated index: 0, Majority replicated index: 0, Committed index: 0, Last appended: 0.0, Last appended by leader: 0, Current term: 0, Majority size: -1, State: 0, Mode: NON_LEADER, active raft config: opid_index: -1 OBSOLETE_local: false peers { permanent_uuid: "13d50f1be52543a0aabc8dbb11afcf07" member_type: VOTER last_known_addr { host: "127.0.86.193" port: 36725 } } peers { permanent_uuid: "77aabb7889454507b92f3307e233370e" member_type: VOTER last_known_addr { host: "127.0.86.194" port: 41637 } } peers { permanent_uuid: "e6fc621979dc47489cdea7933476300c" member_type: VOTER last_known_addr { host: "127.0.86.195" port: 33849 } }
I20260710 13:26:34.708498  1182 raft_consensus.cc:359] T 19920cb3b5c940a6b86012c2452c694e P 77aabb7889454507b92f3307e233370e [term 0 FOLLOWER]: Replica starting. Triggering 0 pending ops. Active config: opid_index: -1 OBSOLETE_local: false peers { permanent_uuid: "13d50f1be52543a0aabc8dbb11afcf07" member_type: VOTER last_known_addr { host: "127.0.86.193" port: 36725 } } peers { permanent_uuid: "77aabb7889454507b92f3307e233370e" member_type: VOTER last_known_addr { host: "127.0.86.194" port: 41637 } } peers { permanent_uuid: "e6fc621979dc47489cdea7933476300c" member_type: VOTER last_known_addr { host: "127.0.86.195" port: 33849 } }
I20260710 13:26:34.709038  1182 raft_consensus.cc:385] T 19920cb3b5c940a6b86012c2452c694e P 77aabb7889454507b92f3307e233370e [term 0 FOLLOWER]: Consensus starting up: Expiring failure detector timer to make a prompt election more likely
I20260710 13:26:34.709285  1182 raft_consensus.cc:740] T 19920cb3b5c940a6b86012c2452c694e P 77aabb7889454507b92f3307e233370e [term 0 FOLLOWER]: Becoming Follower/Learner. State: Replica: 77aabb7889454507b92f3307e233370e, State: Initialized, Role: FOLLOWER
I20260710 13:26:34.709410  1183 ts_tablet_manager.cc:1434] T 2cf2b937bf7d4662bc47cc966335e713 P 13d50f1be52543a0aabc8dbb11afcf07: Time spent starting tablet: real 0.007s	user 0.003s	sys 0.001s
I20260710 13:26:34.710336  1183 tablet_bootstrap.cc:492] T 8d98a49835294081b888dab948c5b698 P 13d50f1be52543a0aabc8dbb11afcf07: Bootstrap starting.
I20260710 13:26:34.710007  1182 consensus_queue.cc:260] T 19920cb3b5c940a6b86012c2452c694e P 77aabb7889454507b92f3307e233370e [NON_LEADER]: Queue going to NON_LEADER mode. State: All replicated index: 0, Majority replicated index: 0, Committed index: 0, Last appended: 0.0, Last appended by leader: 0, Current term: 0, Majority size: -1, State: 0, Mode: NON_LEADER, active raft config: opid_index: -1 OBSOLETE_local: false peers { permanent_uuid: "13d50f1be52543a0aabc8dbb11afcf07" member_type: VOTER last_known_addr { host: "127.0.86.193" port: 36725 } } peers { permanent_uuid: "77aabb7889454507b92f3307e233370e" member_type: VOTER last_known_addr { host: "127.0.86.194" port: 41637 } } peers { permanent_uuid: "e6fc621979dc47489cdea7933476300c" member_type: VOTER last_known_addr { host: "127.0.86.195" port: 33849 } }
I20260710 13:26:34.712177  1182 ts_tablet_manager.cc:1434] T 19920cb3b5c940a6b86012c2452c694e P 77aabb7889454507b92f3307e233370e: Time spent starting tablet: real 0.006s	user 0.002s	sys 0.002s
I20260710 13:26:34.713048  1182 tablet_bootstrap.cc:492] T 8d98a49835294081b888dab948c5b698 P 77aabb7889454507b92f3307e233370e: Bootstrap starting.
I20260710 13:26:34.717509  1183 tablet_bootstrap.cc:654] T 8d98a49835294081b888dab948c5b698 P 13d50f1be52543a0aabc8dbb11afcf07: Neither blocks nor log segments found. Creating new log.
I20260710 13:26:34.719717  1182 tablet_bootstrap.cc:654] T 8d98a49835294081b888dab948c5b698 P 77aabb7889454507b92f3307e233370e: Neither blocks nor log segments found. Creating new log.
I20260710 13:26:34.723960  1181 tablet_bootstrap.cc:492] T a6bc24ac0d5e46a682903d5f43c992d7 P e6fc621979dc47489cdea7933476300c: No bootstrap required, opened a new log
I20260710 13:26:34.724677  1181 ts_tablet_manager.cc:1403] T a6bc24ac0d5e46a682903d5f43c992d7 P e6fc621979dc47489cdea7933476300c: Time spent bootstrapping tablet: real 0.032s	user 0.012s	sys 0.000s
I20260710 13:26:34.729415  1182 tablet_bootstrap.cc:492] T 8d98a49835294081b888dab948c5b698 P 77aabb7889454507b92f3307e233370e: No bootstrap required, opened a new log
I20260710 13:26:34.729308  1189 raft_consensus.cc:493] T ca7243fcbe794236b006fdbef06b5761 P e6fc621979dc47489cdea7933476300c [term 0 FOLLOWER]: Starting pre-election (no leader contacted us within the election timeout)
I20260710 13:26:34.729832  1189 raft_consensus.cc:515] T ca7243fcbe794236b006fdbef06b5761 P e6fc621979dc47489cdea7933476300c [term 0 FOLLOWER]: Starting pre-election with config: opid_index: -1 OBSOLETE_local: false peers { permanent_uuid: "13d50f1be52543a0aabc8dbb11afcf07" member_type: VOTER last_known_addr { host: "127.0.86.193" port: 36725 } } peers { permanent_uuid: "77aabb7889454507b92f3307e233370e" member_type: VOTER last_known_addr { host: "127.0.86.194" port: 41637 } } peers { permanent_uuid: "e6fc621979dc47489cdea7933476300c" member_type: VOTER last_known_addr { host: "127.0.86.195" port: 33849 } }
I20260710 13:26:34.729693  1181 raft_consensus.cc:359] T a6bc24ac0d5e46a682903d5f43c992d7 P e6fc621979dc47489cdea7933476300c [term 0 FOLLOWER]: Replica starting. Triggering 0 pending ops. Active config: opid_index: -1 OBSOLETE_local: false peers { permanent_uuid: "13d50f1be52543a0aabc8dbb11afcf07" member_type: VOTER last_known_addr { host: "127.0.86.193" port: 36725 } } peers { permanent_uuid: "77aabb7889454507b92f3307e233370e" member_type: VOTER last_known_addr { host: "127.0.86.194" port: 41637 } } peers { permanent_uuid: "e6fc621979dc47489cdea7933476300c" member_type: VOTER last_known_addr { host: "127.0.86.195" port: 33849 } }
I20260710 13:26:34.730806  1181 raft_consensus.cc:385] T a6bc24ac0d5e46a682903d5f43c992d7 P e6fc621979dc47489cdea7933476300c [term 0 FOLLOWER]: Consensus starting up: Expiring failure detector timer to make a prompt election more likely
I20260710 13:26:34.731208  1181 raft_consensus.cc:740] T a6bc24ac0d5e46a682903d5f43c992d7 P e6fc621979dc47489cdea7933476300c [term 0 FOLLOWER]: Becoming Follower/Learner. State: Replica: e6fc621979dc47489cdea7933476300c, State: Initialized, Role: FOLLOWER
I20260710 13:26:34.732329  1181 consensus_queue.cc:260] T a6bc24ac0d5e46a682903d5f43c992d7 P e6fc621979dc47489cdea7933476300c [NON_LEADER]: Queue going to NON_LEADER mode. State: All replicated index: 0, Majority replicated index: 0, Committed index: 0, Last appended: 0.0, Last appended by leader: 0, Current term: 0, Majority size: -1, State: 0, Mode: NON_LEADER, active raft config: opid_index: -1 OBSOLETE_local: false peers { permanent_uuid: "13d50f1be52543a0aabc8dbb11afcf07" member_type: VOTER last_known_addr { host: "127.0.86.193" port: 36725 } } peers { permanent_uuid: "77aabb7889454507b92f3307e233370e" member_type: VOTER last_known_addr { host: "127.0.86.194" port: 41637 } } peers { permanent_uuid: "e6fc621979dc47489cdea7933476300c" member_type: VOTER last_known_addr { host: "127.0.86.195" port: 33849 } }
I20260710 13:26:34.732220  1189 leader_election.cc:290] T ca7243fcbe794236b006fdbef06b5761 P e6fc621979dc47489cdea7933476300c [CANDIDATE]: Term 1 pre-election: Requested pre-vote from peers 13d50f1be52543a0aabc8dbb11afcf07 (127.0.86.193:36725), 77aabb7889454507b92f3307e233370e (127.0.86.194:41637)
I20260710 13:26:34.741232  1183 tablet_bootstrap.cc:492] T 8d98a49835294081b888dab948c5b698 P 13d50f1be52543a0aabc8dbb11afcf07: No bootstrap required, opened a new log
I20260710 13:26:34.741914  1183 ts_tablet_manager.cc:1403] T 8d98a49835294081b888dab948c5b698 P 13d50f1be52543a0aabc8dbb11afcf07: Time spent bootstrapping tablet: real 0.032s	user 0.015s	sys 0.011s
I20260710 13:26:34.745736  1183 raft_consensus.cc:359] T 8d98a49835294081b888dab948c5b698 P 13d50f1be52543a0aabc8dbb11afcf07 [term 0 FOLLOWER]: Replica starting. Triggering 0 pending ops. Active config: opid_index: -1 OBSOLETE_local: false peers { permanent_uuid: "13d50f1be52543a0aabc8dbb11afcf07" member_type: VOTER last_known_addr { host: "127.0.86.193" port: 36725 } } peers { permanent_uuid: "77aabb7889454507b92f3307e233370e" member_type: VOTER last_known_addr { host: "127.0.86.194" port: 41637 } } peers { permanent_uuid: "e6fc621979dc47489cdea7933476300c" member_type: VOTER last_known_addr { host: "127.0.86.195" port: 33849 } }
I20260710 13:26:34.746699  1183 raft_consensus.cc:385] T 8d98a49835294081b888dab948c5b698 P 13d50f1be52543a0aabc8dbb11afcf07 [term 0 FOLLOWER]: Consensus starting up: Expiring failure detector timer to make a prompt election more likely
I20260710 13:26:34.747087  1183 raft_consensus.cc:740] T 8d98a49835294081b888dab948c5b698 P 13d50f1be52543a0aabc8dbb11afcf07 [term 0 FOLLOWER]: Becoming Follower/Learner. State: Replica: 13d50f1be52543a0aabc8dbb11afcf07, State: Initialized, Role: FOLLOWER
I20260710 13:26:34.748189  1183 consensus_queue.cc:260] T 8d98a49835294081b888dab948c5b698 P 13d50f1be52543a0aabc8dbb11afcf07 [NON_LEADER]: Queue going to NON_LEADER mode. State: All replicated index: 0, Majority replicated index: 0, Committed index: 0, Last appended: 0.0, Last appended by leader: 0, Current term: 0, Majority size: -1, State: 0, Mode: NON_LEADER, active raft config: opid_index: -1 OBSOLETE_local: false peers { permanent_uuid: "13d50f1be52543a0aabc8dbb11afcf07" member_type: VOTER last_known_addr { host: "127.0.86.193" port: 36725 } } peers { permanent_uuid: "77aabb7889454507b92f3307e233370e" member_type: VOTER last_known_addr { host: "127.0.86.194" port: 41637 } } peers { permanent_uuid: "e6fc621979dc47489cdea7933476300c" member_type: VOTER last_known_addr { host: "127.0.86.195" port: 33849 } }
I20260710 13:26:34.754204  1183 ts_tablet_manager.cc:1434] T 8d98a49835294081b888dab948c5b698 P 13d50f1be52543a0aabc8dbb11afcf07: Time spent starting tablet: real 0.012s	user 0.005s	sys 0.005s
I20260710 13:26:34.755527  1183 tablet_bootstrap.cc:492] T 78a1a1e7cfd04ef19f16f699c087e702 P 13d50f1be52543a0aabc8dbb11afcf07: Bootstrap starting.
I20260710 13:26:34.758351  1182 ts_tablet_manager.cc:1403] T 8d98a49835294081b888dab948c5b698 P 77aabb7889454507b92f3307e233370e: Time spent bootstrapping tablet: real 0.045s	user 0.004s	sys 0.012s
I20260710 13:26:34.761250  1182 raft_consensus.cc:359] T 8d98a49835294081b888dab948c5b698 P 77aabb7889454507b92f3307e233370e [term 0 FOLLOWER]: Replica starting. Triggering 0 pending ops. Active config: opid_index: -1 OBSOLETE_local: false peers { permanent_uuid: "13d50f1be52543a0aabc8dbb11afcf07" member_type: VOTER last_known_addr { host: "127.0.86.193" port: 36725 } } peers { permanent_uuid: "77aabb7889454507b92f3307e233370e" member_type: VOTER last_known_addr { host: "127.0.86.194" port: 41637 } } peers { permanent_uuid: "e6fc621979dc47489cdea7933476300c" member_type: VOTER last_known_addr { host: "127.0.86.195" port: 33849 } }
I20260710 13:26:34.761982  1182 raft_consensus.cc:385] T 8d98a49835294081b888dab948c5b698 P 77aabb7889454507b92f3307e233370e [term 0 FOLLOWER]: Consensus starting up: Expiring failure detector timer to make a prompt election more likely
I20260710 13:26:34.762275  1182 raft_consensus.cc:740] T 8d98a49835294081b888dab948c5b698 P 77aabb7889454507b92f3307e233370e [term 0 FOLLOWER]: Becoming Follower/Learner. State: Replica: 77aabb7889454507b92f3307e233370e, State: Initialized, Role: FOLLOWER
I20260710 13:26:34.764014  1183 tablet_bootstrap.cc:654] T 78a1a1e7cfd04ef19f16f699c087e702 P 13d50f1be52543a0aabc8dbb11afcf07: Neither blocks nor log segments found. Creating new log.
I20260710 13:26:34.769137  1182 consensus_queue.cc:260] T 8d98a49835294081b888dab948c5b698 P 77aabb7889454507b92f3307e233370e [NON_LEADER]: Queue going to NON_LEADER mode. State: All replicated index: 0, Majority replicated index: 0, Committed index: 0, Last appended: 0.0, Last appended by leader: 0, Current term: 0, Majority size: -1, State: 0, Mode: NON_LEADER, active raft config: opid_index: -1 OBSOLETE_local: false peers { permanent_uuid: "13d50f1be52543a0aabc8dbb11afcf07" member_type: VOTER last_known_addr { host: "127.0.86.193" port: 36725 } } peers { permanent_uuid: "77aabb7889454507b92f3307e233370e" member_type: VOTER last_known_addr { host: "127.0.86.194" port: 41637 } } peers { permanent_uuid: "e6fc621979dc47489cdea7933476300c" member_type: VOTER last_known_addr { host: "127.0.86.195" port: 33849 } }
I20260710 13:26:34.769521  1067 tablet_service.cc:1917] Received RequestConsensusVote() RPC: tablet_id: "ca7243fcbe794236b006fdbef06b5761" candidate_uuid: "e6fc621979dc47489cdea7933476300c" candidate_term: 1 candidate_status { last_received { term: 0 index: 0 } } ignore_live_leader: false dest_uuid: "77aabb7889454507b92f3307e233370e" is_pre_election: true
I20260710 13:26:34.770031  1181 ts_tablet_manager.cc:1434] T a6bc24ac0d5e46a682903d5f43c992d7 P e6fc621979dc47489cdea7933476300c: Time spent starting tablet: real 0.044s	user 0.011s	sys 0.031s
I20260710 13:26:34.771442  1181 tablet_bootstrap.cc:492] T 519257fa6d474d90817cc277a9ea99cb P e6fc621979dc47489cdea7933476300c: Bootstrap starting.
W20260710 13:26:34.771534  1105 leader_election.cc:343] T ca7243fcbe794236b006fdbef06b5761 P e6fc621979dc47489cdea7933476300c [CANDIDATE]: Term 1 pre-election: Tablet error from VoteRequest() call to peer 77aabb7889454507b92f3307e233370e (127.0.86.194:41637): Illegal state: must be running to vote when last-logged opid is not known
I20260710 13:26:34.772828   992 tablet_service.cc:1917] Received RequestConsensusVote() RPC: tablet_id: "ca7243fcbe794236b006fdbef06b5761" candidate_uuid: "e6fc621979dc47489cdea7933476300c" candidate_term: 1 candidate_status { last_received { term: 0 index: 0 } } ignore_live_leader: false dest_uuid: "13d50f1be52543a0aabc8dbb11afcf07" is_pre_election: true
I20260710 13:26:34.773507   992 raft_consensus.cc:2468] T ca7243fcbe794236b006fdbef06b5761 P 13d50f1be52543a0aabc8dbb11afcf07 [term 0 FOLLOWER]: Leader pre-election vote request: Granting yes vote for candidate e6fc621979dc47489cdea7933476300c in term 0.
I20260710 13:26:34.776201  1105 leader_election.cc:304] T ca7243fcbe794236b006fdbef06b5761 P e6fc621979dc47489cdea7933476300c [CANDIDATE]: Term 1 pre-election: Election decided. Result: candidate won. Election summary: received 3 responses out of 3 voters: 2 yes votes; 1 no votes. yes voters: 13d50f1be52543a0aabc8dbb11afcf07, e6fc621979dc47489cdea7933476300c; no voters: 77aabb7889454507b92f3307e233370e
I20260710 13:26:34.777165  1182 ts_tablet_manager.cc:1434] T 8d98a49835294081b888dab948c5b698 P 77aabb7889454507b92f3307e233370e: Time spent starting tablet: real 0.018s	user 0.007s	sys 0.000s
I20260710 13:26:34.777462  1181 tablet_bootstrap.cc:654] T 519257fa6d474d90817cc277a9ea99cb P e6fc621979dc47489cdea7933476300c: Neither blocks nor log segments found. Creating new log.
I20260710 13:26:34.778306  1182 tablet_bootstrap.cc:492] T 2a8885bc960f4d8997b2bbe04ba2ce6d P 77aabb7889454507b92f3307e233370e: Bootstrap starting.
I20260710 13:26:34.781718  1183 tablet_bootstrap.cc:492] T 78a1a1e7cfd04ef19f16f699c087e702 P 13d50f1be52543a0aabc8dbb11afcf07: No bootstrap required, opened a new log
I20260710 13:26:34.782202  1183 ts_tablet_manager.cc:1403] T 78a1a1e7cfd04ef19f16f699c087e702 P 13d50f1be52543a0aabc8dbb11afcf07: Time spent bootstrapping tablet: real 0.027s	user 0.014s	sys 0.000s
I20260710 13:26:34.777554  1199 raft_consensus.cc:2804] T ca7243fcbe794236b006fdbef06b5761 P e6fc621979dc47489cdea7933476300c [term 0 FOLLOWER]: Leader pre-election won for term 1
I20260710 13:26:34.784235  1199 raft_consensus.cc:493] T ca7243fcbe794236b006fdbef06b5761 P e6fc621979dc47489cdea7933476300c [term 0 FOLLOWER]: Starting leader election (no leader contacted us within the election timeout)
I20260710 13:26:34.784574  1199 raft_consensus.cc:3060] T ca7243fcbe794236b006fdbef06b5761 P e6fc621979dc47489cdea7933476300c [term 0 FOLLOWER]: Advancing to term 1
I20260710 13:26:34.785184  1183 raft_consensus.cc:359] T 78a1a1e7cfd04ef19f16f699c087e702 P 13d50f1be52543a0aabc8dbb11afcf07 [term 0 FOLLOWER]: Replica starting. Triggering 0 pending ops. Active config: opid_index: -1 OBSOLETE_local: false peers { permanent_uuid: "e6fc621979dc47489cdea7933476300c" member_type: VOTER last_known_addr { host: "127.0.86.195" port: 33849 } } peers { permanent_uuid: "13d50f1be52543a0aabc8dbb11afcf07" member_type: VOTER last_known_addr { host: "127.0.86.193" port: 36725 } } peers { permanent_uuid: "77aabb7889454507b92f3307e233370e" member_type: VOTER last_known_addr { host: "127.0.86.194" port: 41637 } }
I20260710 13:26:34.785912  1183 raft_consensus.cc:385] T 78a1a1e7cfd04ef19f16f699c087e702 P 13d50f1be52543a0aabc8dbb11afcf07 [term 0 FOLLOWER]: Consensus starting up: Expiring failure detector timer to make a prompt election more likely
I20260710 13:26:34.786216  1183 raft_consensus.cc:740] T 78a1a1e7cfd04ef19f16f699c087e702 P 13d50f1be52543a0aabc8dbb11afcf07 [term 0 FOLLOWER]: Becoming Follower/Learner. State: Replica: 13d50f1be52543a0aabc8dbb11afcf07, State: Initialized, Role: FOLLOWER
I20260710 13:26:34.787019  1182 tablet_bootstrap.cc:654] T 2a8885bc960f4d8997b2bbe04ba2ce6d P 77aabb7889454507b92f3307e233370e: Neither blocks nor log segments found. Creating new log.
I20260710 13:26:34.787170  1183 consensus_queue.cc:260] T 78a1a1e7cfd04ef19f16f699c087e702 P 13d50f1be52543a0aabc8dbb11afcf07 [NON_LEADER]: Queue going to NON_LEADER mode. State: All replicated index: 0, Majority replicated index: 0, Committed index: 0, Last appended: 0.0, Last appended by leader: 0, Current term: 0, Majority size: -1, State: 0, Mode: NON_LEADER, active raft config: opid_index: -1 OBSOLETE_local: false peers { permanent_uuid: "e6fc621979dc47489cdea7933476300c" member_type: VOTER last_known_addr { host: "127.0.86.195" port: 33849 } } peers { permanent_uuid: "13d50f1be52543a0aabc8dbb11afcf07" member_type: VOTER last_known_addr { host: "127.0.86.193" port: 36725 } } peers { permanent_uuid: "77aabb7889454507b92f3307e233370e" member_type: VOTER last_known_addr { host: "127.0.86.194" port: 41637 } }
I20260710 13:26:34.789480  1183 ts_tablet_manager.cc:1434] T 78a1a1e7cfd04ef19f16f699c087e702 P 13d50f1be52543a0aabc8dbb11afcf07: Time spent starting tablet: real 0.007s	user 0.007s	sys 0.000s
I20260710 13:26:34.790524  1183 tablet_bootstrap.cc:492] T 2a8885bc960f4d8997b2bbe04ba2ce6d P 13d50f1be52543a0aabc8dbb11afcf07: Bootstrap starting.
I20260710 13:26:34.791690  1199 raft_consensus.cc:515] T ca7243fcbe794236b006fdbef06b5761 P e6fc621979dc47489cdea7933476300c [term 1 FOLLOWER]: Starting leader election with config: opid_index: -1 OBSOLETE_local: false peers { permanent_uuid: "13d50f1be52543a0aabc8dbb11afcf07" member_type: VOTER last_known_addr { host: "127.0.86.193" port: 36725 } } peers { permanent_uuid: "77aabb7889454507b92f3307e233370e" member_type: VOTER last_known_addr { host: "127.0.86.194" port: 41637 } } peers { permanent_uuid: "e6fc621979dc47489cdea7933476300c" member_type: VOTER last_known_addr { host: "127.0.86.195" port: 33849 } }
I20260710 13:26:34.794617   992 tablet_service.cc:1917] Received RequestConsensusVote() RPC: tablet_id: "ca7243fcbe794236b006fdbef06b5761" candidate_uuid: "e6fc621979dc47489cdea7933476300c" candidate_term: 1 candidate_status { last_received { term: 0 index: 0 } } ignore_live_leader: false dest_uuid: "13d50f1be52543a0aabc8dbb11afcf07"
I20260710 13:26:34.795208   992 raft_consensus.cc:3060] T ca7243fcbe794236b006fdbef06b5761 P 13d50f1be52543a0aabc8dbb11afcf07 [term 0 FOLLOWER]: Advancing to term 1
I20260710 13:26:34.797022  1183 tablet_bootstrap.cc:654] T 2a8885bc960f4d8997b2bbe04ba2ce6d P 13d50f1be52543a0aabc8dbb11afcf07: Neither blocks nor log segments found. Creating new log.
I20260710 13:26:34.807569  1199 leader_election.cc:290] T ca7243fcbe794236b006fdbef06b5761 P e6fc621979dc47489cdea7933476300c [CANDIDATE]: Term 1 election: Requested vote from peers 13d50f1be52543a0aabc8dbb11afcf07 (127.0.86.193:36725), 77aabb7889454507b92f3307e233370e (127.0.86.194:41637)
I20260710 13:26:34.808542   992 raft_consensus.cc:2468] T ca7243fcbe794236b006fdbef06b5761 P 13d50f1be52543a0aabc8dbb11afcf07 [term 1 FOLLOWER]: Leader election vote request: Granting yes vote for candidate e6fc621979dc47489cdea7933476300c in term 1.
I20260710 13:26:34.808840  1067 tablet_service.cc:1917] Received RequestConsensusVote() RPC: tablet_id: "ca7243fcbe794236b006fdbef06b5761" candidate_uuid: "e6fc621979dc47489cdea7933476300c" candidate_term: 1 candidate_status { last_received { term: 0 index: 0 } } ignore_live_leader: false dest_uuid: "77aabb7889454507b92f3307e233370e"
I20260710 13:26:34.809804  1105 leader_election.cc:304] T ca7243fcbe794236b006fdbef06b5761 P e6fc621979dc47489cdea7933476300c [CANDIDATE]: Term 1 election: Election decided. Result: candidate won. Election summary: received 2 responses out of 3 voters: 2 yes votes; 0 no votes. yes voters: 13d50f1be52543a0aabc8dbb11afcf07, e6fc621979dc47489cdea7933476300c; no voters: 
I20260710 13:26:34.811000  1181 tablet_bootstrap.cc:492] T 519257fa6d474d90817cc277a9ea99cb P e6fc621979dc47489cdea7933476300c: No bootstrap required, opened a new log
W20260710 13:26:34.811062  1105 leader_election.cc:343] T ca7243fcbe794236b006fdbef06b5761 P e6fc621979dc47489cdea7933476300c [CANDIDATE]: Term 1 election: Tablet error from VoteRequest() call to peer 77aabb7889454507b92f3307e233370e (127.0.86.194:41637): Illegal state: must be running to vote when last-logged opid is not known
I20260710 13:26:34.811492  1181 ts_tablet_manager.cc:1403] T 519257fa6d474d90817cc277a9ea99cb P e6fc621979dc47489cdea7933476300c: Time spent bootstrapping tablet: real 0.040s	user 0.021s	sys 0.016s
I20260710 13:26:34.812067  1199 raft_consensus.cc:2804] T ca7243fcbe794236b006fdbef06b5761 P e6fc621979dc47489cdea7933476300c [term 1 FOLLOWER]: Leader election won for term 1
I20260710 13:26:34.812777  1188 raft_consensus.cc:493] T 19920cb3b5c940a6b86012c2452c694e P 77aabb7889454507b92f3307e233370e [term 0 FOLLOWER]: Starting pre-election (no leader contacted us within the election timeout)
I20260710 13:26:34.812861  1182 tablet_bootstrap.cc:492] T 2a8885bc960f4d8997b2bbe04ba2ce6d P 77aabb7889454507b92f3307e233370e: No bootstrap required, opened a new log
I20260710 13:26:34.813462  1182 ts_tablet_manager.cc:1403] T 2a8885bc960f4d8997b2bbe04ba2ce6d P 77aabb7889454507b92f3307e233370e: Time spent bootstrapping tablet: real 0.035s	user 0.006s	sys 0.008s
I20260710 13:26:34.813324  1188 raft_consensus.cc:515] T 19920cb3b5c940a6b86012c2452c694e P 77aabb7889454507b92f3307e233370e [term 0 FOLLOWER]: Starting pre-election with config: opid_index: -1 OBSOLETE_local: false peers { permanent_uuid: "13d50f1be52543a0aabc8dbb11afcf07" member_type: VOTER last_known_addr { host: "127.0.86.193" port: 36725 } } peers { permanent_uuid: "77aabb7889454507b92f3307e233370e" member_type: VOTER last_known_addr { host: "127.0.86.194" port: 41637 } } peers { permanent_uuid: "e6fc621979dc47489cdea7933476300c" member_type: VOTER last_known_addr { host: "127.0.86.195" port: 33849 } }
I20260710 13:26:34.814582  1181 raft_consensus.cc:359] T 519257fa6d474d90817cc277a9ea99cb P e6fc621979dc47489cdea7933476300c [term 0 FOLLOWER]: Replica starting. Triggering 0 pending ops. Active config: opid_index: -1 OBSOLETE_local: false peers { permanent_uuid: "13d50f1be52543a0aabc8dbb11afcf07" member_type: VOTER last_known_addr { host: "127.0.86.193" port: 36725 } } peers { permanent_uuid: "77aabb7889454507b92f3307e233370e" member_type: VOTER last_known_addr { host: "127.0.86.194" port: 41637 } } peers { permanent_uuid: "e6fc621979dc47489cdea7933476300c" member_type: VOTER last_known_addr { host: "127.0.86.195" port: 33849 } }
I20260710 13:26:34.815322  1181 raft_consensus.cc:385] T 519257fa6d474d90817cc277a9ea99cb P e6fc621979dc47489cdea7933476300c [term 0 FOLLOWER]: Consensus starting up: Expiring failure detector timer to make a prompt election more likely
I20260710 13:26:34.815493  1188 leader_election.cc:290] T 19920cb3b5c940a6b86012c2452c694e P 77aabb7889454507b92f3307e233370e [CANDIDATE]: Term 1 pre-election: Requested pre-vote from peers 13d50f1be52543a0aabc8dbb11afcf07 (127.0.86.193:36725), e6fc621979dc47489cdea7933476300c (127.0.86.195:33849)
I20260710 13:26:34.815634  1181 raft_consensus.cc:740] T 519257fa6d474d90817cc277a9ea99cb P e6fc621979dc47489cdea7933476300c [term 0 FOLLOWER]: Becoming Follower/Learner. State: Replica: e6fc621979dc47489cdea7933476300c, State: Initialized, Role: FOLLOWER
I20260710 13:26:34.816475  1182 raft_consensus.cc:359] T 2a8885bc960f4d8997b2bbe04ba2ce6d P 77aabb7889454507b92f3307e233370e [term 0 FOLLOWER]: Replica starting. Triggering 0 pending ops. Active config: opid_index: -1 OBSOLETE_local: false peers { permanent_uuid: "13d50f1be52543a0aabc8dbb11afcf07" member_type: VOTER last_known_addr { host: "127.0.86.193" port: 36725 } } peers { permanent_uuid: "77aabb7889454507b92f3307e233370e" member_type: VOTER last_known_addr { host: "127.0.86.194" port: 41637 } } peers { permanent_uuid: "e6fc621979dc47489cdea7933476300c" member_type: VOTER last_known_addr { host: "127.0.86.195" port: 33849 } }
I20260710 13:26:34.816462  1181 consensus_queue.cc:260] T 519257fa6d474d90817cc277a9ea99cb P e6fc621979dc47489cdea7933476300c [NON_LEADER]: Queue going to NON_LEADER mode. State: All replicated index: 0, Majority replicated index: 0, Committed index: 0, Last appended: 0.0, Last appended by leader: 0, Current term: 0, Majority size: -1, State: 0, Mode: NON_LEADER, active raft config: opid_index: -1 OBSOLETE_local: false peers { permanent_uuid: "13d50f1be52543a0aabc8dbb11afcf07" member_type: VOTER last_known_addr { host: "127.0.86.193" port: 36725 } } peers { permanent_uuid: "77aabb7889454507b92f3307e233370e" member_type: VOTER last_known_addr { host: "127.0.86.194" port: 41637 } } peers { permanent_uuid: "e6fc621979dc47489cdea7933476300c" member_type: VOTER last_known_addr { host: "127.0.86.195" port: 33849 } }
I20260710 13:26:34.817255  1182 raft_consensus.cc:385] T 2a8885bc960f4d8997b2bbe04ba2ce6d P 77aabb7889454507b92f3307e233370e [term 0 FOLLOWER]: Consensus starting up: Expiring failure detector timer to make a prompt election more likely
I20260710 13:26:34.817570  1182 raft_consensus.cc:740] T 2a8885bc960f4d8997b2bbe04ba2ce6d P 77aabb7889454507b92f3307e233370e [term 0 FOLLOWER]: Becoming Follower/Learner. State: Replica: 77aabb7889454507b92f3307e233370e, State: Initialized, Role: FOLLOWER
I20260710 13:26:34.818307  1182 consensus_queue.cc:260] T 2a8885bc960f4d8997b2bbe04ba2ce6d P 77aabb7889454507b92f3307e233370e [NON_LEADER]: Queue going to NON_LEADER mode. State: All replicated index: 0, Majority replicated index: 0, Committed index: 0, Last appended: 0.0, Last appended by leader: 0, Current term: 0, Majority size: -1, State: 0, Mode: NON_LEADER, active raft config: opid_index: -1 OBSOLETE_local: false peers { permanent_uuid: "13d50f1be52543a0aabc8dbb11afcf07" member_type: VOTER last_known_addr { host: "127.0.86.193" port: 36725 } } peers { permanent_uuid: "77aabb7889454507b92f3307e233370e" member_type: VOTER last_known_addr { host: "127.0.86.194" port: 41637 } } peers { permanent_uuid: "e6fc621979dc47489cdea7933476300c" member_type: VOTER last_known_addr { host: "127.0.86.195" port: 33849 } }
I20260710 13:26:34.820871  1182 ts_tablet_manager.cc:1434] T 2a8885bc960f4d8997b2bbe04ba2ce6d P 77aabb7889454507b92f3307e233370e: Time spent starting tablet: real 0.007s	user 0.006s	sys 0.000s
I20260710 13:26:34.819002  1181 ts_tablet_manager.cc:1434] T 519257fa6d474d90817cc277a9ea99cb P e6fc621979dc47489cdea7933476300c: Time spent starting tablet: real 0.007s	user 0.005s	sys 0.003s
I20260710 13:26:34.822069  1181 tablet_bootstrap.cc:492] T 613e62c2830446f78134d0c535383faf P e6fc621979dc47489cdea7933476300c: Bootstrap starting.
I20260710 13:26:34.822089  1182 tablet_bootstrap.cc:492] T 28737f77ae764b4197d7e8844de993a1 P 77aabb7889454507b92f3307e233370e: Bootstrap starting.
I20260710 13:26:34.829375  1181 tablet_bootstrap.cc:654] T 613e62c2830446f78134d0c535383faf P e6fc621979dc47489cdea7933476300c: Neither blocks nor log segments found. Creating new log.
I20260710 13:26:34.829857  1182 tablet_bootstrap.cc:654] T 28737f77ae764b4197d7e8844de993a1 P 77aabb7889454507b92f3307e233370e: Neither blocks nor log segments found. Creating new log.
I20260710 13:26:34.833528  1199 raft_consensus.cc:697] T ca7243fcbe794236b006fdbef06b5761 P e6fc621979dc47489cdea7933476300c [term 1 LEADER]: Becoming Leader. State: Replica: e6fc621979dc47489cdea7933476300c, State: Running, Role: LEADER
I20260710 13:26:34.833861  1141 tablet_service.cc:1917] Received RequestConsensusVote() RPC: tablet_id: "19920cb3b5c940a6b86012c2452c694e" candidate_uuid: "77aabb7889454507b92f3307e233370e" candidate_term: 1 candidate_status { last_received { term: 0 index: 0 } } ignore_live_leader: false dest_uuid: "e6fc621979dc47489cdea7933476300c" is_pre_election: true
I20260710 13:26:34.834791  1199 consensus_queue.cc:237] T ca7243fcbe794236b006fdbef06b5761 P e6fc621979dc47489cdea7933476300c [LEADER]: Queue going to LEADER mode. State: All replicated index: 0, Majority replicated index: 0, Committed index: 0, Last appended: 0.0, Last appended by leader: 0, Current term: 1, Majority size: 2, State: 0, Mode: LEADER, active raft config: opid_index: -1 OBSOLETE_local: false peers { permanent_uuid: "13d50f1be52543a0aabc8dbb11afcf07" member_type: VOTER last_known_addr { host: "127.0.86.193" port: 36725 } } peers { permanent_uuid: "77aabb7889454507b92f3307e233370e" member_type: VOTER last_known_addr { host: "127.0.86.194" port: 41637 } } peers { permanent_uuid: "e6fc621979dc47489cdea7933476300c" member_type: VOTER last_known_addr { host: "127.0.86.195" port: 33849 } }
W20260710 13:26:34.837361  1030 leader_election.cc:343] T 19920cb3b5c940a6b86012c2452c694e P 77aabb7889454507b92f3307e233370e [CANDIDATE]: Term 1 pre-election: Tablet error from VoteRequest() call to peer e6fc621979dc47489cdea7933476300c (127.0.86.195:33849): Illegal state: must be running to vote when last-logged opid is not known
I20260710 13:26:34.847573  1181 tablet_bootstrap.cc:492] T 613e62c2830446f78134d0c535383faf P e6fc621979dc47489cdea7933476300c: No bootstrap required, opened a new log
I20260710 13:26:34.848119  1181 ts_tablet_manager.cc:1403] T 613e62c2830446f78134d0c535383faf P e6fc621979dc47489cdea7933476300c: Time spent bootstrapping tablet: real 0.026s	user 0.016s	sys 0.009s
I20260710 13:26:34.848420  1183 tablet_bootstrap.cc:492] T 2a8885bc960f4d8997b2bbe04ba2ce6d P 13d50f1be52543a0aabc8dbb11afcf07: No bootstrap required, opened a new log
I20260710 13:26:34.848482  1182 tablet_bootstrap.cc:492] T 28737f77ae764b4197d7e8844de993a1 P 77aabb7889454507b92f3307e233370e: No bootstrap required, opened a new log
I20260710 13:26:34.849020  1183 ts_tablet_manager.cc:1403] T 2a8885bc960f4d8997b2bbe04ba2ce6d P 13d50f1be52543a0aabc8dbb11afcf07: Time spent bootstrapping tablet: real 0.059s	user 0.014s	sys 0.003s
I20260710 13:26:34.849102  1182 ts_tablet_manager.cc:1403] T 28737f77ae764b4197d7e8844de993a1 P 77aabb7889454507b92f3307e233370e: Time spent bootstrapping tablet: real 0.027s	user 0.013s	sys 0.011s
I20260710 13:26:34.851224  1181 raft_consensus.cc:359] T 613e62c2830446f78134d0c535383faf P e6fc621979dc47489cdea7933476300c [term 0 FOLLOWER]: Replica starting. Triggering 0 pending ops. Active config: opid_index: -1 OBSOLETE_local: false peers { permanent_uuid: "13d50f1be52543a0aabc8dbb11afcf07" member_type: VOTER last_known_addr { host: "127.0.86.193" port: 36725 } } peers { permanent_uuid: "77aabb7889454507b92f3307e233370e" member_type: VOTER last_known_addr { host: "127.0.86.194" port: 41637 } } peers { permanent_uuid: "e6fc621979dc47489cdea7933476300c" member_type: VOTER last_known_addr { host: "127.0.86.195" port: 33849 } }
I20260710 13:26:34.852061  1181 raft_consensus.cc:385] T 613e62c2830446f78134d0c535383faf P e6fc621979dc47489cdea7933476300c [term 0 FOLLOWER]: Consensus starting up: Expiring failure detector timer to make a prompt election more likely
I20260710 13:26:34.852138   992 tablet_service.cc:1917] Received RequestConsensusVote() RPC: tablet_id: "19920cb3b5c940a6b86012c2452c694e" candidate_uuid: "77aabb7889454507b92f3307e233370e" candidate_term: 1 candidate_status { last_received { term: 0 index: 0 } } ignore_live_leader: false dest_uuid: "13d50f1be52543a0aabc8dbb11afcf07" is_pre_election: true
I20260710 13:26:34.852619  1181 raft_consensus.cc:740] T 613e62c2830446f78134d0c535383faf P e6fc621979dc47489cdea7933476300c [term 0 FOLLOWER]: Becoming Follower/Learner. State: Replica: e6fc621979dc47489cdea7933476300c, State: Initialized, Role: FOLLOWER
I20260710 13:26:34.852165  1183 raft_consensus.cc:359] T 2a8885bc960f4d8997b2bbe04ba2ce6d P 13d50f1be52543a0aabc8dbb11afcf07 [term 0 FOLLOWER]: Replica starting. Triggering 0 pending ops. Active config: opid_index: -1 OBSOLETE_local: false peers { permanent_uuid: "13d50f1be52543a0aabc8dbb11afcf07" member_type: VOTER last_known_addr { host: "127.0.86.193" port: 36725 } } peers { permanent_uuid: "77aabb7889454507b92f3307e233370e" member_type: VOTER last_known_addr { host: "127.0.86.194" port: 41637 } } peers { permanent_uuid: "e6fc621979dc47489cdea7933476300c" member_type: VOTER last_known_addr { host: "127.0.86.195" port: 33849 } }
W20260710 13:26:34.854712  1031 leader_election.cc:343] T 19920cb3b5c940a6b86012c2452c694e P 77aabb7889454507b92f3307e233370e [CANDIDATE]: Term 1 pre-election: Tablet error from VoteRequest() call to peer 13d50f1be52543a0aabc8dbb11afcf07 (127.0.86.193:36725): Illegal state: must be running to vote when last-logged opid is not known
I20260710 13:26:34.853935  1181 consensus_queue.cc:260] T 613e62c2830446f78134d0c535383faf P e6fc621979dc47489cdea7933476300c [NON_LEADER]: Queue going to NON_LEADER mode. State: All replicated index: 0, Majority replicated index: 0, Committed index: 0, Last appended: 0.0, Last appended by leader: 0, Current term: 0, Majority size: -1, State: 0, Mode: NON_LEADER, active raft config: opid_index: -1 OBSOLETE_local: false peers { permanent_uuid: "13d50f1be52543a0aabc8dbb11afcf07" member_type: VOTER last_known_addr { host: "127.0.86.193" port: 36725 } } peers { permanent_uuid: "77aabb7889454507b92f3307e233370e" member_type: VOTER last_known_addr { host: "127.0.86.194" port: 41637 } } peers { permanent_uuid: "e6fc621979dc47489cdea7933476300c" member_type: VOTER last_known_addr { host: "127.0.86.195" port: 33849 } }
I20260710 13:26:34.855365  1031 leader_election.cc:304] T 19920cb3b5c940a6b86012c2452c694e P 77aabb7889454507b92f3307e233370e [CANDIDATE]: Term 1 pre-election: Election decided. Result: candidate lost. Election summary: received 3 responses out of 3 voters: 1 yes votes; 2 no votes. yes voters: 77aabb7889454507b92f3307e233370e; no voters: 13d50f1be52543a0aabc8dbb11afcf07, e6fc621979dc47489cdea7933476300c
I20260710 13:26:34.856489  1188 raft_consensus.cc:2749] T 19920cb3b5c940a6b86012c2452c694e P 77aabb7889454507b92f3307e233370e [term 0 FOLLOWER]: Leader pre-election lost for term 1. Reason: could not achieve majority
I20260710 13:26:34.856616  1183 raft_consensus.cc:385] T 2a8885bc960f4d8997b2bbe04ba2ce6d P 13d50f1be52543a0aabc8dbb11afcf07 [term 0 FOLLOWER]: Consensus starting up: Expiring failure detector timer to make a prompt election more likely
I20260710 13:26:34.857043  1183 raft_consensus.cc:740] T 2a8885bc960f4d8997b2bbe04ba2ce6d P 13d50f1be52543a0aabc8dbb11afcf07 [term 0 FOLLOWER]: Becoming Follower/Learner. State: Replica: 13d50f1be52543a0aabc8dbb11afcf07, State: Initialized, Role: FOLLOWER
I20260710 13:26:34.853128  1182 raft_consensus.cc:359] T 28737f77ae764b4197d7e8844de993a1 P 77aabb7889454507b92f3307e233370e [term 0 FOLLOWER]: Replica starting. Triggering 0 pending ops. Active config: opid_index: -1 OBSOLETE_local: false peers { permanent_uuid: "13d50f1be52543a0aabc8dbb11afcf07" member_type: VOTER last_known_addr { host: "127.0.86.193" port: 36725 } } peers { permanent_uuid: "77aabb7889454507b92f3307e233370e" member_type: VOTER last_known_addr { host: "127.0.86.194" port: 41637 } } peers { permanent_uuid: "e6fc621979dc47489cdea7933476300c" member_type: VOTER last_known_addr { host: "127.0.86.195" port: 33849 } }
I20260710 13:26:34.857924  1182 raft_consensus.cc:385] T 28737f77ae764b4197d7e8844de993a1 P 77aabb7889454507b92f3307e233370e [term 0 FOLLOWER]: Consensus starting up: Expiring failure detector timer to make a prompt election more likely
I20260710 13:26:34.858520  1182 raft_consensus.cc:740] T 28737f77ae764b4197d7e8844de993a1 P 77aabb7889454507b92f3307e233370e [term 0 FOLLOWER]: Becoming Follower/Learner. State: Replica: 77aabb7889454507b92f3307e233370e, State: Initialized, Role: FOLLOWER
I20260710 13:26:34.857950  1181 ts_tablet_manager.cc:1434] T 613e62c2830446f78134d0c535383faf P e6fc621979dc47489cdea7933476300c: Time spent starting tablet: real 0.010s	user 0.007s	sys 0.002s
I20260710 13:26:34.858024  1183 consensus_queue.cc:260] T 2a8885bc960f4d8997b2bbe04ba2ce6d P 13d50f1be52543a0aabc8dbb11afcf07 [NON_LEADER]: Queue going to NON_LEADER mode. State: All replicated index: 0, Majority replicated index: 0, Committed index: 0, Last appended: 0.0, Last appended by leader: 0, Current term: 0, Majority size: -1, State: 0, Mode: NON_LEADER, active raft config: opid_index: -1 OBSOLETE_local: false peers { permanent_uuid: "13d50f1be52543a0aabc8dbb11afcf07" member_type: VOTER last_known_addr { host: "127.0.86.193" port: 36725 } } peers { permanent_uuid: "77aabb7889454507b92f3307e233370e" member_type: VOTER last_known_addr { host: "127.0.86.194" port: 41637 } } peers { permanent_uuid: "e6fc621979dc47489cdea7933476300c" member_type: VOTER last_known_addr { host: "127.0.86.195" port: 33849 } }
I20260710 13:26:34.859812  1181 tablet_bootstrap.cc:492] T 2a8885bc960f4d8997b2bbe04ba2ce6d P e6fc621979dc47489cdea7933476300c: Bootstrap starting.
I20260710 13:26:34.859572  1182 consensus_queue.cc:260] T 28737f77ae764b4197d7e8844de993a1 P 77aabb7889454507b92f3307e233370e [NON_LEADER]: Queue going to NON_LEADER mode. State: All replicated index: 0, Majority replicated index: 0, Committed index: 0, Last appended: 0.0, Last appended by leader: 0, Current term: 0, Majority size: -1, State: 0, Mode: NON_LEADER, active raft config: opid_index: -1 OBSOLETE_local: false peers { permanent_uuid: "13d50f1be52543a0aabc8dbb11afcf07" member_type: VOTER last_known_addr { host: "127.0.86.193" port: 36725 } } peers { permanent_uuid: "77aabb7889454507b92f3307e233370e" member_type: VOTER last_known_addr { host: "127.0.86.194" port: 41637 } } peers { permanent_uuid: "e6fc621979dc47489cdea7933476300c" member_type: VOTER last_known_addr { host: "127.0.86.195" port: 33849 } }
I20260710 13:26:34.863888  1183 ts_tablet_manager.cc:1434] T 2a8885bc960f4d8997b2bbe04ba2ce6d P 13d50f1be52543a0aabc8dbb11afcf07: Time spent starting tablet: real 0.014s	user 0.010s	sys 0.000s
I20260710 13:26:34.865898  1183 tablet_bootstrap.cc:492] T 19920cb3b5c940a6b86012c2452c694e P 13d50f1be52543a0aabc8dbb11afcf07: Bootstrap starting.
I20260710 13:26:34.868289  1199 raft_consensus.cc:493] T a6bc24ac0d5e46a682903d5f43c992d7 P e6fc621979dc47489cdea7933476300c [term 0 FOLLOWER]: Starting pre-election (no leader contacted us within the election timeout)
I20260710 13:26:34.868872  1199 raft_consensus.cc:515] T a6bc24ac0d5e46a682903d5f43c992d7 P e6fc621979dc47489cdea7933476300c [term 0 FOLLOWER]: Starting pre-election with config: opid_index: -1 OBSOLETE_local: false peers { permanent_uuid: "13d50f1be52543a0aabc8dbb11afcf07" member_type: VOTER last_known_addr { host: "127.0.86.193" port: 36725 } } peers { permanent_uuid: "77aabb7889454507b92f3307e233370e" member_type: VOTER last_known_addr { host: "127.0.86.194" port: 41637 } } peers { permanent_uuid: "e6fc621979dc47489cdea7933476300c" member_type: VOTER last_known_addr { host: "127.0.86.195" port: 33849 } }
I20260710 13:26:34.870276  1181 tablet_bootstrap.cc:654] T 2a8885bc960f4d8997b2bbe04ba2ce6d P e6fc621979dc47489cdea7933476300c: Neither blocks nor log segments found. Creating new log.
I20260710 13:26:34.870803  1182 ts_tablet_manager.cc:1434] T 28737f77ae764b4197d7e8844de993a1 P 77aabb7889454507b92f3307e233370e: Time spent starting tablet: real 0.021s	user 0.009s	sys 0.001s
I20260710 13:26:34.871912  1182 tablet_bootstrap.cc:492] T 519257fa6d474d90817cc277a9ea99cb P 77aabb7889454507b92f3307e233370e: Bootstrap starting.
I20260710 13:26:34.874405   992 tablet_service.cc:1917] Received RequestConsensusVote() RPC: tablet_id: "a6bc24ac0d5e46a682903d5f43c992d7" candidate_uuid: "e6fc621979dc47489cdea7933476300c" candidate_term: 1 candidate_status { last_received { term: 0 index: 0 } } ignore_live_leader: false dest_uuid: "13d50f1be52543a0aabc8dbb11afcf07" is_pre_election: true
I20260710 13:26:34.872723  1199 leader_election.cc:290] T a6bc24ac0d5e46a682903d5f43c992d7 P e6fc621979dc47489cdea7933476300c [CANDIDATE]: Term 1 pre-election: Requested pre-vote from peers 13d50f1be52543a0aabc8dbb11afcf07 (127.0.86.193:36725), 77aabb7889454507b92f3307e233370e (127.0.86.194:41637)
I20260710 13:26:34.875855  1067 tablet_service.cc:1917] Received RequestConsensusVote() RPC: tablet_id: "a6bc24ac0d5e46a682903d5f43c992d7" candidate_uuid: "e6fc621979dc47489cdea7933476300c" candidate_term: 1 candidate_status { last_received { term: 0 index: 0 } } ignore_live_leader: false dest_uuid: "77aabb7889454507b92f3307e233370e" is_pre_election: true
W20260710 13:26:34.878014  1105 leader_election.cc:343] T a6bc24ac0d5e46a682903d5f43c992d7 P e6fc621979dc47489cdea7933476300c [CANDIDATE]: Term 1 pre-election: Tablet error from VoteRequest() call to peer 13d50f1be52543a0aabc8dbb11afcf07 (127.0.86.193:36725): Illegal state: must be running to vote when last-logged opid is not known
W20260710 13:26:34.878921  1105 leader_election.cc:343] T a6bc24ac0d5e46a682903d5f43c992d7 P e6fc621979dc47489cdea7933476300c [CANDIDATE]: Term 1 pre-election: Tablet error from VoteRequest() call to peer 77aabb7889454507b92f3307e233370e (127.0.86.194:41637): Illegal state: must be running to vote when last-logged opid is not known
I20260710 13:26:34.879441  1105 leader_election.cc:304] T a6bc24ac0d5e46a682903d5f43c992d7 P e6fc621979dc47489cdea7933476300c [CANDIDATE]: Term 1 pre-election: Election decided. Result: candidate lost. Election summary: received 3 responses out of 3 voters: 1 yes votes; 2 no votes. yes voters: e6fc621979dc47489cdea7933476300c; no voters: 13d50f1be52543a0aabc8dbb11afcf07, 77aabb7889454507b92f3307e233370e
I20260710 13:26:34.880393  1182 tablet_bootstrap.cc:654] T 519257fa6d474d90817cc277a9ea99cb P 77aabb7889454507b92f3307e233370e: Neither blocks nor log segments found. Creating new log.
I20260710 13:26:34.880825  1199 raft_consensus.cc:2749] T a6bc24ac0d5e46a682903d5f43c992d7 P e6fc621979dc47489cdea7933476300c [term 0 FOLLOWER]: Leader pre-election lost for term 1. Reason: could not achieve majority
I20260710 13:26:34.867547   887 catalog_manager.cc:5697] T ca7243fcbe794236b006fdbef06b5761 P e6fc621979dc47489cdea7933476300c reported cstate change: term changed from 0 to 1, leader changed from <none> to e6fc621979dc47489cdea7933476300c (127.0.86.195). New cstate: current_term: 1 leader_uuid: "e6fc621979dc47489cdea7933476300c" committed_config { opid_index: -1 OBSOLETE_local: false peers { permanent_uuid: "13d50f1be52543a0aabc8dbb11afcf07" member_type: VOTER last_known_addr { host: "127.0.86.193" port: 36725 } health_report { overall_health: UNKNOWN } } peers { permanent_uuid: "77aabb7889454507b92f3307e233370e" member_type: VOTER last_known_addr { host: "127.0.86.194" port: 41637 } health_report { overall_health: UNKNOWN } } peers { permanent_uuid: "e6fc621979dc47489cdea7933476300c" member_type: VOTER last_known_addr { host: "127.0.86.195" port: 33849 } health_report { overall_health: HEALTHY } } }
I20260710 13:26:34.883391  1183 tablet_bootstrap.cc:654] T 19920cb3b5c940a6b86012c2452c694e P 13d50f1be52543a0aabc8dbb11afcf07: Neither blocks nor log segments found. Creating new log.
I20260710 13:26:34.889876  1188 raft_consensus.cc:493] T 613e62c2830446f78134d0c535383faf P 77aabb7889454507b92f3307e233370e [term 0 FOLLOWER]: Starting pre-election (no leader contacted us within the election timeout)
I20260710 13:26:34.890259  1181 tablet_bootstrap.cc:492] T 2a8885bc960f4d8997b2bbe04ba2ce6d P e6fc621979dc47489cdea7933476300c: No bootstrap required, opened a new log
I20260710 13:26:34.890964  1181 ts_tablet_manager.cc:1403] T 2a8885bc960f4d8997b2bbe04ba2ce6d P e6fc621979dc47489cdea7933476300c: Time spent bootstrapping tablet: real 0.031s	user 0.013s	sys 0.014s
I20260710 13:26:34.890542  1188 raft_consensus.cc:515] T 613e62c2830446f78134d0c535383faf P 77aabb7889454507b92f3307e233370e [term 0 FOLLOWER]: Starting pre-election with config: opid_index: -1 OBSOLETE_local: false peers { permanent_uuid: "13d50f1be52543a0aabc8dbb11afcf07" member_type: VOTER last_known_addr { host: "127.0.86.193" port: 36725 } } peers { permanent_uuid: "77aabb7889454507b92f3307e233370e" member_type: VOTER last_known_addr { host: "127.0.86.194" port: 41637 } } peers { permanent_uuid: "e6fc621979dc47489cdea7933476300c" member_type: VOTER last_known_addr { host: "127.0.86.195" port: 33849 } }
I20260710 13:26:34.894198  1183 tablet_bootstrap.cc:492] T 19920cb3b5c940a6b86012c2452c694e P 13d50f1be52543a0aabc8dbb11afcf07: No bootstrap required, opened a new log
I20260710 13:26:34.894220  1181 raft_consensus.cc:359] T 2a8885bc960f4d8997b2bbe04ba2ce6d P e6fc621979dc47489cdea7933476300c [term 0 FOLLOWER]: Replica starting. Triggering 0 pending ops. Active config: opid_index: -1 OBSOLETE_local: false peers { permanent_uuid: "13d50f1be52543a0aabc8dbb11afcf07" member_type: VOTER last_known_addr { host: "127.0.86.193" port: 36725 } } peers { permanent_uuid: "77aabb7889454507b92f3307e233370e" member_type: VOTER last_known_addr { host: "127.0.86.194" port: 41637 } } peers { permanent_uuid: "e6fc621979dc47489cdea7933476300c" member_type: VOTER last_known_addr { host: "127.0.86.195" port: 33849 } }
I20260710 13:26:34.894856  1183 ts_tablet_manager.cc:1403] T 19920cb3b5c940a6b86012c2452c694e P 13d50f1be52543a0aabc8dbb11afcf07: Time spent bootstrapping tablet: real 0.030s	user 0.011s	sys 0.005s
I20260710 13:26:34.895151  1181 raft_consensus.cc:385] T 2a8885bc960f4d8997b2bbe04ba2ce6d P e6fc621979dc47489cdea7933476300c [term 0 FOLLOWER]: Consensus starting up: Expiring failure detector timer to make a prompt election more likely
I20260710 13:26:34.895504  1181 raft_consensus.cc:740] T 2a8885bc960f4d8997b2bbe04ba2ce6d P e6fc621979dc47489cdea7933476300c [term 0 FOLLOWER]: Becoming Follower/Learner. State: Replica: e6fc621979dc47489cdea7933476300c, State: Initialized, Role: FOLLOWER
I20260710 13:26:34.894380   992 tablet_service.cc:1917] Received RequestConsensusVote() RPC: tablet_id: "613e62c2830446f78134d0c535383faf" candidate_uuid: "77aabb7889454507b92f3307e233370e" candidate_term: 1 candidate_status { last_received { term: 0 index: 0 } } ignore_live_leader: false dest_uuid: "13d50f1be52543a0aabc8dbb11afcf07" is_pre_election: true
I20260710 13:26:34.896505  1181 consensus_queue.cc:260] T 2a8885bc960f4d8997b2bbe04ba2ce6d P e6fc621979dc47489cdea7933476300c [NON_LEADER]: Queue going to NON_LEADER mode. State: All replicated index: 0, Majority replicated index: 0, Committed index: 0, Last appended: 0.0, Last appended by leader: 0, Current term: 0, Majority size: -1, State: 0, Mode: NON_LEADER, active raft config: opid_index: -1 OBSOLETE_local: false peers { permanent_uuid: "13d50f1be52543a0aabc8dbb11afcf07" member_type: VOTER last_known_addr { host: "127.0.86.193" port: 36725 } } peers { permanent_uuid: "77aabb7889454507b92f3307e233370e" member_type: VOTER last_known_addr { host: "127.0.86.194" port: 41637 } } peers { permanent_uuid: "e6fc621979dc47489cdea7933476300c" member_type: VOTER last_known_addr { host: "127.0.86.195" port: 33849 } }
