I20260710 13:26:46.544044 28535 tablet_service.cc:1917] Received RequestConsensusVote() RPC: tablet_id: "e6dd795c69e448cab60d31f1b2cd5272" candidate_uuid: "66425f12ae2c4b61af8a42542bc90b96" candidate_term: 1 candidate_status { last_received { term: 0 index: 0 } } ignore_live_leader: false dest_uuid: "77e31d4bfab84947919783ca9bd34cc3" is_pre_election: true
I20260710 13:26:46.544219 28460 raft_consensus.cc:2468] T e6dd795c69e448cab60d31f1b2cd5272 P 43472aeea9784dbaba9ec10df38d2219 [term 0 FOLLOWER]: Leader pre-election vote request: Granting yes vote for candidate 66425f12ae2c4b61af8a42542bc90b96 in term 0.
I20260710 13:26:46.544667 28535 raft_consensus.cc:2468] T e6dd795c69e448cab60d31f1b2cd5272 P 77e31d4bfab84947919783ca9bd34cc3 [term 0 FOLLOWER]: Leader pre-election vote request: Granting yes vote for candidate 66425f12ae2c4b61af8a42542bc90b96 in term 0.
I20260710 13:26:46.545632 28353 leader_election.cc:304] T e6dd795c69e448cab60d31f1b2cd5272 P 66425f12ae2c4b61af8a42542bc90b96 [CANDIDATE]: Term 1 pre-election: Election decided. Result: candidate won. Election summary: received 2 responses out of 3 voters: 2 yes votes; 0 no votes. yes voters: 43472aeea9784dbaba9ec10df38d2219, 66425f12ae2c4b61af8a42542bc90b96; no voters: 
I20260710 13:26:46.545969 28584 leader_election.cc:290] T e6dd795c69e448cab60d31f1b2cd5272 P 66425f12ae2c4b61af8a42542bc90b96 [CANDIDATE]: Term 1 pre-election: Requested pre-vote from peers 43472aeea9784dbaba9ec10df38d2219 (127.26.159.194:45003), 77e31d4bfab84947919783ca9bd34cc3 (127.26.159.195:45007)
I20260710 13:26:46.546444 28584 raft_consensus.cc:2804] T e6dd795c69e448cab60d31f1b2cd5272 P 66425f12ae2c4b61af8a42542bc90b96 [term 0 FOLLOWER]: Leader pre-election won for term 1
I20260710 13:26:46.546783 28584 raft_consensus.cc:493] T e6dd795c69e448cab60d31f1b2cd5272 P 66425f12ae2c4b61af8a42542bc90b96 [term 0 FOLLOWER]: Starting leader election (no leader contacted us within the election timeout)
I20260710 13:26:46.547129 28584 raft_consensus.cc:3060] T e6dd795c69e448cab60d31f1b2cd5272 P 66425f12ae2c4b61af8a42542bc90b96 [term 0 FOLLOWER]: Advancing to term 1
I20260710 13:26:46.552003 28584 raft_consensus.cc:515] T e6dd795c69e448cab60d31f1b2cd5272 P 66425f12ae2c4b61af8a42542bc90b96 [term 1 FOLLOWER]: Starting leader election with config: opid_index: -1 OBSOLETE_local: false peers { permanent_uuid: "66425f12ae2c4b61af8a42542bc90b96" member_type: VOTER last_known_addr { host: "127.26.159.193" port: 37187 } } peers { permanent_uuid: "43472aeea9784dbaba9ec10df38d2219" member_type: VOTER last_known_addr { host: "127.26.159.194" port: 45003 } } peers { permanent_uuid: "77e31d4bfab84947919783ca9bd34cc3" member_type: VOTER last_known_addr { host: "127.26.159.195" port: 45007 } }
I20260710 13:26:46.553537 28584 leader_election.cc:290] T e6dd795c69e448cab60d31f1b2cd5272 P 66425f12ae2c4b61af8a42542bc90b96 [CANDIDATE]: Term 1 election: Requested vote from peers 43472aeea9784dbaba9ec10df38d2219 (127.26.159.194:45003), 77e31d4bfab84947919783ca9bd34cc3 (127.26.159.195:45007)
I20260710 13:26:46.554407 28460 tablet_service.cc:1917] Received RequestConsensusVote() RPC: tablet_id: "e6dd795c69e448cab60d31f1b2cd5272" candidate_uuid: "66425f12ae2c4b61af8a42542bc90b96" candidate_term: 1 candidate_status { last_received { term: 0 index: 0 } } ignore_live_leader: false dest_uuid: "43472aeea9784dbaba9ec10df38d2219"
I20260710 13:26:46.554598 28535 tablet_service.cc:1917] Received RequestConsensusVote() RPC: tablet_id: "e6dd795c69e448cab60d31f1b2cd5272" candidate_uuid: "66425f12ae2c4b61af8a42542bc90b96" candidate_term: 1 candidate_status { last_received { term: 0 index: 0 } } ignore_live_leader: false dest_uuid: "77e31d4bfab84947919783ca9bd34cc3"
I20260710 13:26:46.554968 28460 raft_consensus.cc:3060] T e6dd795c69e448cab60d31f1b2cd5272 P 43472aeea9784dbaba9ec10df38d2219 [term 0 FOLLOWER]: Advancing to term 1
I20260710 13:26:46.555212 28535 raft_consensus.cc:3060] T e6dd795c69e448cab60d31f1b2cd5272 P 77e31d4bfab84947919783ca9bd34cc3 [term 0 FOLLOWER]: Advancing to term 1
I20260710 13:26:46.556236 28577 tablet_bootstrap.cc:492] T cd4345bfd6ea437f9a861e0bea110299 P 66425f12ae2c4b61af8a42542bc90b96: No bootstrap required, opened a new log
I20260710 13:26:46.556671 28577 ts_tablet_manager.cc:1403] T cd4345bfd6ea437f9a861e0bea110299 P 66425f12ae2c4b61af8a42542bc90b96: Time spent bootstrapping tablet: real 0.018s	user 0.012s	sys 0.004s
I20260710 13:26:46.559430 28535 raft_consensus.cc:2468] T e6dd795c69e448cab60d31f1b2cd5272 P 77e31d4bfab84947919783ca9bd34cc3 [term 1 FOLLOWER]: Leader election vote request: Granting yes vote for candidate 66425f12ae2c4b61af8a42542bc90b96 in term 1.
I20260710 13:26:46.559154 28577 raft_consensus.cc:359] T cd4345bfd6ea437f9a861e0bea110299 P 66425f12ae2c4b61af8a42542bc90b96 [term 0 FOLLOWER]: Replica starting. Triggering 0 pending ops. Active config: opid_index: -1 OBSOLETE_local: false peers { permanent_uuid: "66425f12ae2c4b61af8a42542bc90b96" member_type: VOTER last_known_addr { host: "127.26.159.193" port: 37187 } } peers { permanent_uuid: "43472aeea9784dbaba9ec10df38d2219" member_type: VOTER last_known_addr { host: "127.26.159.194" port: 45003 } } peers { permanent_uuid: "77e31d4bfab84947919783ca9bd34cc3" member_type: VOTER last_known_addr { host: "127.26.159.195" port: 45007 } }
I20260710 13:26:46.559882 28577 raft_consensus.cc:385] T cd4345bfd6ea437f9a861e0bea110299 P 66425f12ae2c4b61af8a42542bc90b96 [term 0 FOLLOWER]: Consensus starting up: Expiring failure detector timer to make a prompt election more likely
I20260710 13:26:46.560181 28577 raft_consensus.cc:740] T cd4345bfd6ea437f9a861e0bea110299 P 66425f12ae2c4b61af8a42542bc90b96 [term 0 FOLLOWER]: Becoming Follower/Learner. State: Replica: 66425f12ae2c4b61af8a42542bc90b96, State: Initialized, Role: FOLLOWER
I20260710 13:26:46.560617 28350 leader_election.cc:304] T e6dd795c69e448cab60d31f1b2cd5272 P 66425f12ae2c4b61af8a42542bc90b96 [CANDIDATE]: Term 1 election: Election decided. Result: candidate won. Election summary: received 2 responses out of 3 voters: 2 yes votes; 0 no votes. yes voters: 66425f12ae2c4b61af8a42542bc90b96, 77e31d4bfab84947919783ca9bd34cc3; no voters: 
I20260710 13:26:46.560750 28577 consensus_queue.cc:260] T cd4345bfd6ea437f9a861e0bea110299 P 66425f12ae2c4b61af8a42542bc90b96 [NON_LEADER]: Queue going to NON_LEADER mode. State: All replicated index: 0, Majority replicated index: 0, Committed index: 0, Last appended: 0.0, Last appended by leader: 0, Current term: 0, Majority size: -1, State: 0, Mode: NON_LEADER, active raft config: opid_index: -1 OBSOLETE_local: false peers { permanent_uuid: "66425f12ae2c4b61af8a42542bc90b96" member_type: VOTER last_known_addr { host: "127.26.159.193" port: 37187 } } peers { permanent_uuid: "43472aeea9784dbaba9ec10df38d2219" member_type: VOTER last_known_addr { host: "127.26.159.194" port: 45003 } } peers { permanent_uuid: "77e31d4bfab84947919783ca9bd34cc3" member_type: VOTER last_known_addr { host: "127.26.159.195" port: 45007 } }
I20260710 13:26:46.561154 28460 raft_consensus.cc:2468] T e6dd795c69e448cab60d31f1b2cd5272 P 43472aeea9784dbaba9ec10df38d2219 [term 1 FOLLOWER]: Leader election vote request: Granting yes vote for candidate 66425f12ae2c4b61af8a42542bc90b96 in term 1.
I20260710 13:26:46.561493 28584 raft_consensus.cc:2804] T e6dd795c69e448cab60d31f1b2cd5272 P 66425f12ae2c4b61af8a42542bc90b96 [term 1 FOLLOWER]: Leader election won for term 1
I20260710 13:26:46.561933 28584 raft_consensus.cc:697] T e6dd795c69e448cab60d31f1b2cd5272 P 66425f12ae2c4b61af8a42542bc90b96 [term 1 LEADER]: Becoming Leader. State: Replica: 66425f12ae2c4b61af8a42542bc90b96, State: Running, Role: LEADER
I20260710 13:26:46.562613 28577 ts_tablet_manager.cc:1434] T cd4345bfd6ea437f9a861e0bea110299 P 66425f12ae2c4b61af8a42542bc90b96: Time spent starting tablet: real 0.006s	user 0.006s	sys 0.001s
I20260710 13:26:46.562712 28584 consensus_queue.cc:237] T e6dd795c69e448cab60d31f1b2cd5272 P 66425f12ae2c4b61af8a42542bc90b96 [LEADER]: Queue going to LEADER mode. State: All replicated index: 0, Majority replicated index: 0, Committed index: 0, Last appended: 0.0, Last appended by leader: 0, Current term: 1, Majority size: 2, State: 0, Mode: LEADER, active raft config: opid_index: -1 OBSOLETE_local: false peers { permanent_uuid: "66425f12ae2c4b61af8a42542bc90b96" member_type: VOTER last_known_addr { host: "127.26.159.193" port: 37187 } } peers { permanent_uuid: "43472aeea9784dbaba9ec10df38d2219" member_type: VOTER last_known_addr { host: "127.26.159.194" port: 45003 } } peers { permanent_uuid: "77e31d4bfab84947919783ca9bd34cc3" member_type: VOTER last_known_addr { host: "127.26.159.195" port: 45007 } }
I20260710 13:26:46.563792 28577 tablet_bootstrap.cc:492] T 917a4d936d104a9a8f22a7397331eb74 P 66425f12ae2c4b61af8a42542bc90b96: Bootstrap starting.
I20260710 13:26:46.569572 28577 tablet_bootstrap.cc:654] T 917a4d936d104a9a8f22a7397331eb74 P 66425f12ae2c4b61af8a42542bc90b96: Neither blocks nor log segments found. Creating new log.
I20260710 13:26:46.569979 28653 raft_consensus.cc:493] T cd4345bfd6ea437f9a861e0bea110299 P 66425f12ae2c4b61af8a42542bc90b96 [term 0 FOLLOWER]: Starting pre-election (no leader contacted us within the election timeout)
I20260710 13:26:46.570451 28653 raft_consensus.cc:515] T cd4345bfd6ea437f9a861e0bea110299 P 66425f12ae2c4b61af8a42542bc90b96 [term 0 FOLLOWER]: Starting pre-election with config: opid_index: -1 OBSOLETE_local: false peers { permanent_uuid: "66425f12ae2c4b61af8a42542bc90b96" member_type: VOTER last_known_addr { host: "127.26.159.193" port: 37187 } } peers { permanent_uuid: "43472aeea9784dbaba9ec10df38d2219" member_type: VOTER last_known_addr { host: "127.26.159.194" port: 45003 } } peers { permanent_uuid: "77e31d4bfab84947919783ca9bd34cc3" member_type: VOTER last_known_addr { host: "127.26.159.195" port: 45007 } }
I20260710 13:26:46.572633 28653 leader_election.cc:290] T cd4345bfd6ea437f9a861e0bea110299 P 66425f12ae2c4b61af8a42542bc90b96 [CANDIDATE]: Term 1 pre-election: Requested pre-vote from peers 43472aeea9784dbaba9ec10df38d2219 (127.26.159.194:45003), 77e31d4bfab84947919783ca9bd34cc3 (127.26.159.195:45007)
I20260710 13:26:46.573768 28535 tablet_service.cc:1917] Received RequestConsensusVote() RPC: tablet_id: "cd4345bfd6ea437f9a861e0bea110299" candidate_uuid: "66425f12ae2c4b61af8a42542bc90b96" candidate_term: 1 candidate_status { last_received { term: 0 index: 0 } } ignore_live_leader: false dest_uuid: "77e31d4bfab84947919783ca9bd34cc3" is_pre_election: true
I20260710 13:26:46.574617 28460 tablet_service.cc:1917] Received RequestConsensusVote() RPC: tablet_id: "cd4345bfd6ea437f9a861e0bea110299" candidate_uuid: "66425f12ae2c4b61af8a42542bc90b96" candidate_term: 1 candidate_status { last_received { term: 0 index: 0 } } ignore_live_leader: false dest_uuid: "43472aeea9784dbaba9ec10df38d2219" is_pre_election: true
I20260710 13:26:46.574447 28535 raft_consensus.cc:2468] T cd4345bfd6ea437f9a861e0bea110299 P 77e31d4bfab84947919783ca9bd34cc3 [term 0 FOLLOWER]: Leader pre-election vote request: Granting yes vote for candidate 66425f12ae2c4b61af8a42542bc90b96 in term 0.
I20260710 13:26:46.575412 28460 raft_consensus.cc:2468] T cd4345bfd6ea437f9a861e0bea110299 P 43472aeea9784dbaba9ec10df38d2219 [term 0 FOLLOWER]: Leader pre-election vote request: Granting yes vote for candidate 66425f12ae2c4b61af8a42542bc90b96 in term 0.
I20260710 13:26:46.577351 28350 leader_election.cc:304] T cd4345bfd6ea437f9a861e0bea110299 P 66425f12ae2c4b61af8a42542bc90b96 [CANDIDATE]: Term 1 pre-election: Election decided. Result: candidate won. Election summary: received 2 responses out of 3 voters: 2 yes votes; 0 no votes. yes voters: 66425f12ae2c4b61af8a42542bc90b96, 77e31d4bfab84947919783ca9bd34cc3; no voters: 
I20260710 13:26:46.578105 28584 raft_consensus.cc:2804] T cd4345bfd6ea437f9a861e0bea110299 P 66425f12ae2c4b61af8a42542bc90b96 [term 0 FOLLOWER]: Leader pre-election won for term 1
I20260710 13:26:46.578434 28584 raft_consensus.cc:493] T cd4345bfd6ea437f9a861e0bea110299 P 66425f12ae2c4b61af8a42542bc90b96 [term 0 FOLLOWER]: Starting leader election (no leader contacted us within the election timeout)
I20260710 13:26:46.578747 28584 raft_consensus.cc:3060] T cd4345bfd6ea437f9a861e0bea110299 P 66425f12ae2c4b61af8a42542bc90b96 [term 0 FOLLOWER]: Advancing to term 1
I20260710 13:26:46.579699 28577 tablet_bootstrap.cc:492] T 917a4d936d104a9a8f22a7397331eb74 P 66425f12ae2c4b61af8a42542bc90b96: No bootstrap required, opened a new log
I20260710 13:26:46.580077 28577 ts_tablet_manager.cc:1403] T 917a4d936d104a9a8f22a7397331eb74 P 66425f12ae2c4b61af8a42542bc90b96: Time spent bootstrapping tablet: real 0.016s	user 0.010s	sys 0.003s
I20260710 13:26:46.581830 28577 raft_consensus.cc:359] T 917a4d936d104a9a8f22a7397331eb74 P 66425f12ae2c4b61af8a42542bc90b96 [term 0 FOLLOWER]: Replica starting. Triggering 0 pending ops. Active config: opid_index: -1 OBSOLETE_local: false peers { permanent_uuid: "66425f12ae2c4b61af8a42542bc90b96" member_type: VOTER last_known_addr { host: "127.26.159.193" port: 37187 } } peers { permanent_uuid: "43472aeea9784dbaba9ec10df38d2219" member_type: VOTER last_known_addr { host: "127.26.159.194" port: 45003 } } peers { permanent_uuid: "77e31d4bfab84947919783ca9bd34cc3" member_type: VOTER last_known_addr { host: "127.26.159.195" port: 45007 } }
I20260710 13:26:46.582304 28577 raft_consensus.cc:385] T 917a4d936d104a9a8f22a7397331eb74 P 66425f12ae2c4b61af8a42542bc90b96 [term 0 FOLLOWER]: Consensus starting up: Expiring failure detector timer to make a prompt election more likely
I20260710 13:26:46.582520 28577 raft_consensus.cc:740] T 917a4d936d104a9a8f22a7397331eb74 P 66425f12ae2c4b61af8a42542bc90b96 [term 0 FOLLOWER]: Becoming Follower/Learner. State: Replica: 66425f12ae2c4b61af8a42542bc90b96, State: Initialized, Role: FOLLOWER
I20260710 13:26:46.583055 28577 consensus_queue.cc:260] T 917a4d936d104a9a8f22a7397331eb74 P 66425f12ae2c4b61af8a42542bc90b96 [NON_LEADER]: Queue going to NON_LEADER mode. State: All replicated index: 0, Majority replicated index: 0, Committed index: 0, Last appended: 0.0, Last appended by leader: 0, Current term: 0, Majority size: -1, State: 0, Mode: NON_LEADER, active raft config: opid_index: -1 OBSOLETE_local: false peers { permanent_uuid: "66425f12ae2c4b61af8a42542bc90b96" member_type: VOTER last_known_addr { host: "127.26.159.193" port: 37187 } } peers { permanent_uuid: "43472aeea9784dbaba9ec10df38d2219" member_type: VOTER last_known_addr { host: "127.26.159.194" port: 45003 } } peers { permanent_uuid: "77e31d4bfab84947919783ca9bd34cc3" member_type: VOTER last_known_addr { host: "127.26.159.195" port: 45007 } }
I20260710 13:26:46.584410 28577 ts_tablet_manager.cc:1434] T 917a4d936d104a9a8f22a7397331eb74 P 66425f12ae2c4b61af8a42542bc90b96: Time spent starting tablet: real 0.004s	user 0.004s	sys 0.000s
I20260710 13:26:46.583436 28283 catalog_manager.cc:5697] T e6dd795c69e448cab60d31f1b2cd5272 P 66425f12ae2c4b61af8a42542bc90b96 reported cstate change: term changed from 0 to 1, leader changed from <none> to 66425f12ae2c4b61af8a42542bc90b96 (127.26.159.193). New cstate: current_term: 1 leader_uuid: "66425f12ae2c4b61af8a42542bc90b96" committed_config { opid_index: -1 OBSOLETE_local: false peers { permanent_uuid: "66425f12ae2c4b61af8a42542bc90b96" member_type: VOTER last_known_addr { host: "127.26.159.193" port: 37187 } health_report { overall_health: HEALTHY } } peers { permanent_uuid: "43472aeea9784dbaba9ec10df38d2219" member_type: VOTER last_known_addr { host: "127.26.159.194" port: 45003 } health_report { overall_health: UNKNOWN } } peers { permanent_uuid: "77e31d4bfab84947919783ca9bd34cc3" member_type: VOTER last_known_addr { host: "127.26.159.195" port: 45007 } health_report { overall_health: UNKNOWN } } }
I20260710 13:26:46.585050 28584 raft_consensus.cc:515] T cd4345bfd6ea437f9a861e0bea110299 P 66425f12ae2c4b61af8a42542bc90b96 [term 1 FOLLOWER]: Starting leader election with config: opid_index: -1 OBSOLETE_local: false peers { permanent_uuid: "66425f12ae2c4b61af8a42542bc90b96" member_type: VOTER last_known_addr { host: "127.26.159.193" port: 37187 } } peers { permanent_uuid: "43472aeea9784dbaba9ec10df38d2219" member_type: VOTER last_known_addr { host: "127.26.159.194" port: 45003 } } peers { permanent_uuid: "77e31d4bfab84947919783ca9bd34cc3" member_type: VOTER last_known_addr { host: "127.26.159.195" port: 45007 } }
I20260710 13:26:46.586855 28584 leader_election.cc:290] T cd4345bfd6ea437f9a861e0bea110299 P 66425f12ae2c4b61af8a42542bc90b96 [CANDIDATE]: Term 1 election: Requested vote from peers 43472aeea9784dbaba9ec10df38d2219 (127.26.159.194:45003), 77e31d4bfab84947919783ca9bd34cc3 (127.26.159.195:45007)
I20260710 13:26:46.587791 28460 tablet_service.cc:1917] Received RequestConsensusVote() RPC: tablet_id: "cd4345bfd6ea437f9a861e0bea110299" candidate_uuid: "66425f12ae2c4b61af8a42542bc90b96" candidate_term: 1 candidate_status { last_received { term: 0 index: 0 } } ignore_live_leader: false dest_uuid: "43472aeea9784dbaba9ec10df38d2219"
I20260710 13:26:46.587865 28535 tablet_service.cc:1917] Received RequestConsensusVote() RPC: tablet_id: "cd4345bfd6ea437f9a861e0bea110299" candidate_uuid: "66425f12ae2c4b61af8a42542bc90b96" candidate_term: 1 candidate_status { last_received { term: 0 index: 0 } } ignore_live_leader: false dest_uuid: "77e31d4bfab84947919783ca9bd34cc3"
I20260710 13:26:46.588176 28460 raft_consensus.cc:3060] T cd4345bfd6ea437f9a861e0bea110299 P 43472aeea9784dbaba9ec10df38d2219 [term 0 FOLLOWER]: Advancing to term 1
I20260710 13:26:46.588395 28535 raft_consensus.cc:3060] T cd4345bfd6ea437f9a861e0bea110299 P 77e31d4bfab84947919783ca9bd34cc3 [term 0 FOLLOWER]: Advancing to term 1
I20260710 13:26:46.593632 28535 raft_consensus.cc:2468] T cd4345bfd6ea437f9a861e0bea110299 P 77e31d4bfab84947919783ca9bd34cc3 [term 1 FOLLOWER]: Leader election vote request: Granting yes vote for candidate 66425f12ae2c4b61af8a42542bc90b96 in term 1.
I20260710 13:26:46.594063 28460 raft_consensus.cc:2468] T cd4345bfd6ea437f9a861e0bea110299 P 43472aeea9784dbaba9ec10df38d2219 [term 1 FOLLOWER]: Leader election vote request: Granting yes vote for candidate 66425f12ae2c4b61af8a42542bc90b96 in term 1.
I20260710 13:26:46.594609 28350 leader_election.cc:304] T cd4345bfd6ea437f9a861e0bea110299 P 66425f12ae2c4b61af8a42542bc90b96 [CANDIDATE]: Term 1 election: Election decided. Result: candidate won. Election summary: received 2 responses out of 3 voters: 2 yes votes; 0 no votes. yes voters: 66425f12ae2c4b61af8a42542bc90b96, 77e31d4bfab84947919783ca9bd34cc3; no voters: 
I20260710 13:26:46.595453 28584 raft_consensus.cc:2804] T cd4345bfd6ea437f9a861e0bea110299 P 66425f12ae2c4b61af8a42542bc90b96 [term 1 FOLLOWER]: Leader election won for term 1
I20260710 13:26:46.595923 28584 raft_consensus.cc:697] T cd4345bfd6ea437f9a861e0bea110299 P 66425f12ae2c4b61af8a42542bc90b96 [term 1 LEADER]: Becoming Leader. State: Replica: 66425f12ae2c4b61af8a42542bc90b96, State: Running, Role: LEADER
I20260710 13:26:46.596611 28584 consensus_queue.cc:237] T cd4345bfd6ea437f9a861e0bea110299 P 66425f12ae2c4b61af8a42542bc90b96 [LEADER]: Queue going to LEADER mode. State: All replicated index: 0, Majority replicated index: 0, Committed index: 0, Last appended: 0.0, Last appended by leader: 0, Current term: 1, Majority size: 2, State: 0, Mode: LEADER, active raft config: opid_index: -1 OBSOLETE_local: false peers { permanent_uuid: "66425f12ae2c4b61af8a42542bc90b96" member_type: VOTER last_known_addr { host: "127.26.159.193" port: 37187 } } peers { permanent_uuid: "43472aeea9784dbaba9ec10df38d2219" member_type: VOTER last_known_addr { host: "127.26.159.194" port: 45003 } } peers { permanent_uuid: "77e31d4bfab84947919783ca9bd34cc3" member_type: VOTER last_known_addr { host: "127.26.159.195" port: 45007 } }
I20260710 13:26:46.604561 28283 catalog_manager.cc:5697] T cd4345bfd6ea437f9a861e0bea110299 P 66425f12ae2c4b61af8a42542bc90b96 reported cstate change: term changed from 0 to 1, leader changed from <none> to 66425f12ae2c4b61af8a42542bc90b96 (127.26.159.193). New cstate: current_term: 1 leader_uuid: "66425f12ae2c4b61af8a42542bc90b96" committed_config { opid_index: -1 OBSOLETE_local: false peers { permanent_uuid: "66425f12ae2c4b61af8a42542bc90b96" member_type: VOTER last_known_addr { host: "127.26.159.193" port: 37187 } health_report { overall_health: HEALTHY } } peers { permanent_uuid: "43472aeea9784dbaba9ec10df38d2219" member_type: VOTER last_known_addr { host: "127.26.159.194" port: 45003 } health_report { overall_health: UNKNOWN } } peers { permanent_uuid: "77e31d4bfab84947919783ca9bd34cc3" member_type: VOTER last_known_addr { host: "127.26.159.195" port: 45007 } health_report { overall_health: UNKNOWN } } }
I20260710 13:26:46.670506 28610 raft_consensus.cc:493] T 917a4d936d104a9a8f22a7397331eb74 P 77e31d4bfab84947919783ca9bd34cc3 [term 0 FOLLOWER]: Starting pre-election (no leader contacted us within the election timeout)
I20260710 13:26:46.671087 28610 raft_consensus.cc:515] T 917a4d936d104a9a8f22a7397331eb74 P 77e31d4bfab84947919783ca9bd34cc3 [term 0 FOLLOWER]: Starting pre-election with config: opid_index: -1 OBSOLETE_local: false peers { permanent_uuid: "66425f12ae2c4b61af8a42542bc90b96" member_type: VOTER last_known_addr { host: "127.26.159.193" port: 37187 } } peers { permanent_uuid: "43472aeea9784dbaba9ec10df38d2219" member_type: VOTER last_known_addr { host: "127.26.159.194" port: 45003 } } peers { permanent_uuid: "77e31d4bfab84947919783ca9bd34cc3" member_type: VOTER last_known_addr { host: "127.26.159.195" port: 45007 } }
I20260710 13:26:46.673122 28610 leader_election.cc:290] T 917a4d936d104a9a8f22a7397331eb74 P 77e31d4bfab84947919783ca9bd34cc3 [CANDIDATE]: Term 1 pre-election: Requested pre-vote from peers 66425f12ae2c4b61af8a42542bc90b96 (127.26.159.193:37187), 43472aeea9784dbaba9ec10df38d2219 (127.26.159.194:45003)
I20260710 13:26:46.674220 28384 tablet_service.cc:1917] Received RequestConsensusVote() RPC: tablet_id: "917a4d936d104a9a8f22a7397331eb74" candidate_uuid: "77e31d4bfab84947919783ca9bd34cc3" candidate_term: 1 candidate_status { last_received { term: 0 index: 0 } } ignore_live_leader: false dest_uuid: "66425f12ae2c4b61af8a42542bc90b96" is_pre_election: true
I20260710 13:26:46.674600 28460 tablet_service.cc:1917] Received RequestConsensusVote() RPC: tablet_id: "917a4d936d104a9a8f22a7397331eb74" candidate_uuid: "77e31d4bfab84947919783ca9bd34cc3" candidate_term: 1 candidate_status { last_received { term: 0 index: 0 } } ignore_live_leader: false dest_uuid: "43472aeea9784dbaba9ec10df38d2219" is_pre_election: true
I20260710 13:26:46.674906 28384 raft_consensus.cc:2468] T 917a4d936d104a9a8f22a7397331eb74 P 66425f12ae2c4b61af8a42542bc90b96 [term 0 FOLLOWER]: Leader pre-election vote request: Granting yes vote for candidate 77e31d4bfab84947919783ca9bd34cc3 in term 0.
I20260710 13:26:46.675246 28460 raft_consensus.cc:2468] T 917a4d936d104a9a8f22a7397331eb74 P 43472aeea9784dbaba9ec10df38d2219 [term 0 FOLLOWER]: Leader pre-election vote request: Granting yes vote for candidate 77e31d4bfab84947919783ca9bd34cc3 in term 0.
I20260710 13:26:46.675973 28499 leader_election.cc:304] T 917a4d936d104a9a8f22a7397331eb74 P 77e31d4bfab84947919783ca9bd34cc3 [CANDIDATE]: Term 1 pre-election: Election decided. Result: candidate won. Election summary: received 2 responses out of 3 voters: 2 yes votes; 0 no votes. yes voters: 66425f12ae2c4b61af8a42542bc90b96, 77e31d4bfab84947919783ca9bd34cc3; no voters: 
I20260710 13:26:46.676774 28726 raft_consensus.cc:2804] T 917a4d936d104a9a8f22a7397331eb74 P 77e31d4bfab84947919783ca9bd34cc3 [term 0 FOLLOWER]: Leader pre-election won for term 1
I20260710 13:26:46.677093 28726 raft_consensus.cc:493] T 917a4d936d104a9a8f22a7397331eb74 P 77e31d4bfab84947919783ca9bd34cc3 [term 0 FOLLOWER]: Starting leader election (no leader contacted us within the election timeout)
I20260710 13:26:46.677361 28726 raft_consensus.cc:3060] T 917a4d936d104a9a8f22a7397331eb74 P 77e31d4bfab84947919783ca9bd34cc3 [term 0 FOLLOWER]: Advancing to term 1
I20260710 13:26:46.682024 28726 raft_consensus.cc:515] T 917a4d936d104a9a8f22a7397331eb74 P 77e31d4bfab84947919783ca9bd34cc3 [term 1 FOLLOWER]: Starting leader election with config: opid_index: -1 OBSOLETE_local: false peers { permanent_uuid: "66425f12ae2c4b61af8a42542bc90b96" member_type: VOTER last_known_addr { host: "127.26.159.193" port: 37187 } } peers { permanent_uuid: "43472aeea9784dbaba9ec10df38d2219" member_type: VOTER last_known_addr { host: "127.26.159.194" port: 45003 } } peers { permanent_uuid: "77e31d4bfab84947919783ca9bd34cc3" member_type: VOTER last_known_addr { host: "127.26.159.195" port: 45007 } }
I20260710 13:26:46.683637 28726 leader_election.cc:290] T 917a4d936d104a9a8f22a7397331eb74 P 77e31d4bfab84947919783ca9bd34cc3 [CANDIDATE]: Term 1 election: Requested vote from peers 66425f12ae2c4b61af8a42542bc90b96 (127.26.159.193:37187), 43472aeea9784dbaba9ec10df38d2219 (127.26.159.194:45003)
I20260710 13:26:46.684419 28584 raft_consensus.cc:493] T 280eaef1687647b8a405366f32515bf0 P 66425f12ae2c4b61af8a42542bc90b96 [term 0 FOLLOWER]: Starting pre-election (no leader contacted us within the election timeout)
I20260710 13:26:46.684504 28384 tablet_service.cc:1917] Received RequestConsensusVote() RPC: tablet_id: "917a4d936d104a9a8f22a7397331eb74" candidate_uuid: "77e31d4bfab84947919783ca9bd34cc3" candidate_term: 1 candidate_status { last_received { term: 0 index: 0 } } ignore_live_leader: false dest_uuid: "66425f12ae2c4b61af8a42542bc90b96"
I20260710 13:26:46.684681 28460 tablet_service.cc:1917] Received RequestConsensusVote() RPC: tablet_id: "917a4d936d104a9a8f22a7397331eb74" candidate_uuid: "77e31d4bfab84947919783ca9bd34cc3" candidate_term: 1 candidate_status { last_received { term: 0 index: 0 } } ignore_live_leader: false dest_uuid: "43472aeea9784dbaba9ec10df38d2219"
I20260710 13:26:46.685113 28384 raft_consensus.cc:3060] T 917a4d936d104a9a8f22a7397331eb74 P 66425f12ae2c4b61af8a42542bc90b96 [term 0 FOLLOWER]: Advancing to term 1
I20260710 13:26:46.684962 28584 raft_consensus.cc:515] T 280eaef1687647b8a405366f32515bf0 P 66425f12ae2c4b61af8a42542bc90b96 [term 0 FOLLOWER]: Starting pre-election with config: opid_index: -1 OBSOLETE_local: false peers { permanent_uuid: "66425f12ae2c4b61af8a42542bc90b96" member_type: VOTER last_known_addr { host: "127.26.159.193" port: 37187 } } peers { permanent_uuid: "43472aeea9784dbaba9ec10df38d2219" member_type: VOTER last_known_addr { host: "127.26.159.194" port: 45003 } } peers { permanent_uuid: "77e31d4bfab84947919783ca9bd34cc3" member_type: VOTER last_known_addr { host: "127.26.159.195" port: 45007 } }
I20260710 13:26:46.685252 28460 raft_consensus.cc:3060] T 917a4d936d104a9a8f22a7397331eb74 P 43472aeea9784dbaba9ec10df38d2219 [term 0 FOLLOWER]: Advancing to term 1
I20260710 13:26:46.687243 28584 leader_election.cc:290] T 280eaef1687647b8a405366f32515bf0 P 66425f12ae2c4b61af8a42542bc90b96 [CANDIDATE]: Term 1 pre-election: Requested pre-vote from peers 43472aeea9784dbaba9ec10df38d2219 (127.26.159.194:45003), 77e31d4bfab84947919783ca9bd34cc3 (127.26.159.195:45007)
I20260710 13:26:46.687527 28458 tablet_service.cc:1917] Received RequestConsensusVote() RPC: tablet_id: "280eaef1687647b8a405366f32515bf0" candidate_uuid: "66425f12ae2c4b61af8a42542bc90b96" candidate_term: 1 candidate_status { last_received { term: 0 index: 0 } } ignore_live_leader: false dest_uuid: "43472aeea9784dbaba9ec10df38d2219" is_pre_election: true
I20260710 13:26:46.687793 28535 tablet_service.cc:1917] Received RequestConsensusVote() RPC: tablet_id: "280eaef1687647b8a405366f32515bf0" candidate_uuid: "66425f12ae2c4b61af8a42542bc90b96" candidate_term: 1 candidate_status { last_received { term: 0 index: 0 } } ignore_live_leader: false dest_uuid: "77e31d4bfab84947919783ca9bd34cc3" is_pre_election: true
I20260710 13:26:46.688103 28458 raft_consensus.cc:2468] T 280eaef1687647b8a405366f32515bf0 P 43472aeea9784dbaba9ec10df38d2219 [term 0 FOLLOWER]: Leader pre-election vote request: Granting yes vote for candidate 66425f12ae2c4b61af8a42542bc90b96 in term 0.
I20260710 13:26:46.688417 28535 raft_consensus.cc:2468] T 280eaef1687647b8a405366f32515bf0 P 77e31d4bfab84947919783ca9bd34cc3 [term 0 FOLLOWER]: Leader pre-election vote request: Granting yes vote for candidate 66425f12ae2c4b61af8a42542bc90b96 in term 0.
I20260710 13:26:46.689414 28353 leader_election.cc:304] T 280eaef1687647b8a405366f32515bf0 P 66425f12ae2c4b61af8a42542bc90b96 [CANDIDATE]: Term 1 pre-election: Election decided. Result: candidate won. Election summary: received 2 responses out of 3 voters: 2 yes votes; 0 no votes. yes voters: 43472aeea9784dbaba9ec10df38d2219, 66425f12ae2c4b61af8a42542bc90b96; no voters: 
I20260710 13:26:46.690212 28584 raft_consensus.cc:2804] T 280eaef1687647b8a405366f32515bf0 P 66425f12ae2c4b61af8a42542bc90b96 [term 0 FOLLOWER]: Leader pre-election won for term 1
I20260710 13:26:46.690534 28584 raft_consensus.cc:493] T 280eaef1687647b8a405366f32515bf0 P 66425f12ae2c4b61af8a42542bc90b96 [term 0 FOLLOWER]: Starting leader election (no leader contacted us within the election timeout)
I20260710 13:26:46.690934 28584 raft_consensus.cc:3060] T 280eaef1687647b8a405366f32515bf0 P 66425f12ae2c4b61af8a42542bc90b96 [term 0 FOLLOWER]: Advancing to term 1
I20260710 13:26:46.691874 28460 raft_consensus.cc:2468] T 917a4d936d104a9a8f22a7397331eb74 P 43472aeea9784dbaba9ec10df38d2219 [term 1 FOLLOWER]: Leader election vote request: Granting yes vote for candidate 77e31d4bfab84947919783ca9bd34cc3 in term 1.
I20260710 13:26:46.693823 28502 leader_election.cc:304] T 917a4d936d104a9a8f22a7397331eb74 P 77e31d4bfab84947919783ca9bd34cc3 [CANDIDATE]: Term 1 election: Election decided. Result: candidate won. Election summary: received 2 responses out of 3 voters: 2 yes votes; 0 no votes. yes voters: 43472aeea9784dbaba9ec10df38d2219, 77e31d4bfab84947919783ca9bd34cc3; no voters: 
I20260710 13:26:46.694553 28726 raft_consensus.cc:2804] T 917a4d936d104a9a8f22a7397331eb74 P 77e31d4bfab84947919783ca9bd34cc3 [term 1 FOLLOWER]: Leader election won for term 1
I20260710 13:26:46.695076 28726 raft_consensus.cc:697] T 917a4d936d104a9a8f22a7397331eb74 P 77e31d4bfab84947919783ca9bd34cc3 [term 1 LEADER]: Becoming Leader. State: Replica: 77e31d4bfab84947919783ca9bd34cc3, State: Running, Role: LEADER
I20260710 13:26:46.695866 28726 consensus_queue.cc:237] T 917a4d936d104a9a8f22a7397331eb74 P 77e31d4bfab84947919783ca9bd34cc3 [LEADER]: Queue going to LEADER mode. State: All replicated index: 0, Majority replicated index: 0, Committed index: 0, Last appended: 0.0, Last appended by leader: 0, Current term: 1, Majority size: 2, State: 0, Mode: LEADER, active raft config: opid_index: -1 OBSOLETE_local: false peers { permanent_uuid: "66425f12ae2c4b61af8a42542bc90b96" member_type: VOTER last_known_addr { host: "127.26.159.193" port: 37187 } } peers { permanent_uuid: "43472aeea9784dbaba9ec10df38d2219" member_type: VOTER last_known_addr { host: "127.26.159.194" port: 45003 } } peers { permanent_uuid: "77e31d4bfab84947919783ca9bd34cc3" member_type: VOTER last_known_addr { host: "127.26.159.195" port: 45007 } }
I20260710 13:26:46.696967 28384 raft_consensus.cc:2468] T 917a4d936d104a9a8f22a7397331eb74 P 66425f12ae2c4b61af8a42542bc90b96 [term 1 FOLLOWER]: Leader election vote request: Granting yes vote for candidate 77e31d4bfab84947919783ca9bd34cc3 in term 1.
I20260710 13:26:46.697582 28584 raft_consensus.cc:515] T 280eaef1687647b8a405366f32515bf0 P 66425f12ae2c4b61af8a42542bc90b96 [term 1 FOLLOWER]: Starting leader election with config: opid_index: -1 OBSOLETE_local: false peers { permanent_uuid: "66425f12ae2c4b61af8a42542bc90b96" member_type: VOTER last_known_addr { host: "127.26.159.193" port: 37187 } } peers { permanent_uuid: "43472aeea9784dbaba9ec10df38d2219" member_type: VOTER last_known_addr { host: "127.26.159.194" port: 45003 } } peers { permanent_uuid: "77e31d4bfab84947919783ca9bd34cc3" member_type: VOTER last_known_addr { host: "127.26.159.195" port: 45007 } }
I20260710 13:26:46.700340 28584 leader_election.cc:290] T 280eaef1687647b8a405366f32515bf0 P 66425f12ae2c4b61af8a42542bc90b96 [CANDIDATE]: Term 1 election: Requested vote from peers 43472aeea9784dbaba9ec10df38d2219 (127.26.159.194:45003), 77e31d4bfab84947919783ca9bd34cc3 (127.26.159.195:45007)
I20260710 13:26:46.700488 28460 tablet_service.cc:1917] Received RequestConsensusVote() RPC: tablet_id: "280eaef1687647b8a405366f32515bf0" candidate_uuid: "66425f12ae2c4b61af8a42542bc90b96" candidate_term: 1 candidate_status { last_received { term: 0 index: 0 } } ignore_live_leader: false dest_uuid: "43472aeea9784dbaba9ec10df38d2219"
I20260710 13:26:46.700766 28535 tablet_service.cc:1917] Received RequestConsensusVote() RPC: tablet_id: "280eaef1687647b8a405366f32515bf0" candidate_uuid: "66425f12ae2c4b61af8a42542bc90b96" candidate_term: 1 candidate_status { last_received { term: 0 index: 0 } } ignore_live_leader: false dest_uuid: "77e31d4bfab84947919783ca9bd34cc3"
I20260710 13:26:46.701124 28460 raft_consensus.cc:3060] T 280eaef1687647b8a405366f32515bf0 P 43472aeea9784dbaba9ec10df38d2219 [term 0 FOLLOWER]: Advancing to term 1
I20260710 13:26:46.701388 28535 raft_consensus.cc:3060] T 280eaef1687647b8a405366f32515bf0 P 77e31d4bfab84947919783ca9bd34cc3 [term 0 FOLLOWER]: Advancing to term 1
I20260710 13:26:46.705608 28283 catalog_manager.cc:5697] T 917a4d936d104a9a8f22a7397331eb74 P 77e31d4bfab84947919783ca9bd34cc3 reported cstate change: term changed from 0 to 1, leader changed from <none> to 77e31d4bfab84947919783ca9bd34cc3 (127.26.159.195). New cstate: current_term: 1 leader_uuid: "77e31d4bfab84947919783ca9bd34cc3" committed_config { opid_index: -1 OBSOLETE_local: false peers { permanent_uuid: "66425f12ae2c4b61af8a42542bc90b96" member_type: VOTER last_known_addr { host: "127.26.159.193" port: 37187 } health_report { overall_health: UNKNOWN } } peers { permanent_uuid: "43472aeea9784dbaba9ec10df38d2219" member_type: VOTER last_known_addr { host: "127.26.159.194" port: 45003 } health_report { overall_health: UNKNOWN } } peers { permanent_uuid: "77e31d4bfab84947919783ca9bd34cc3" member_type: VOTER last_known_addr { host: "127.26.159.195" port: 45007 } health_report { overall_health: HEALTHY } } }
I20260710 13:26:46.708316 28460 raft_consensus.cc:2468] T 280eaef1687647b8a405366f32515bf0 P 43472aeea9784dbaba9ec10df38d2219 [term 1 FOLLOWER]: Leader election vote request: Granting yes vote for candidate 66425f12ae2c4b61af8a42542bc90b96 in term 1.
I20260710 13:26:46.709538 28353 leader_election.cc:304] T 280eaef1687647b8a405366f32515bf0 P 66425f12ae2c4b61af8a42542bc90b96 [CANDIDATE]: Term 1 election: Election decided. Result: candidate won. Election summary: received 2 responses out of 3 voters: 2 yes votes; 0 no votes. yes voters: 43472aeea9784dbaba9ec10df38d2219, 66425f12ae2c4b61af8a42542bc90b96; no voters: 
I20260710 13:26:46.710389 28584 raft_consensus.cc:2804] T 280eaef1687647b8a405366f32515bf0 P 66425f12ae2c4b61af8a42542bc90b96 [term 1 FOLLOWER]: Leader election won for term 1
I20260710 13:26:46.710570 28535 raft_consensus.cc:2468] T 280eaef1687647b8a405366f32515bf0 P 77e31d4bfab84947919783ca9bd34cc3 [term 1 FOLLOWER]: Leader election vote request: Granting yes vote for candidate 66425f12ae2c4b61af8a42542bc90b96 in term 1.
I20260710 13:26:46.711719 28584 raft_consensus.cc:697] T 280eaef1687647b8a405366f32515bf0 P 66425f12ae2c4b61af8a42542bc90b96 [term 1 LEADER]: Becoming Leader. State: Replica: 66425f12ae2c4b61af8a42542bc90b96, State: Running, Role: LEADER
I20260710 13:26:46.712622 28584 consensus_queue.cc:237] T 280eaef1687647b8a405366f32515bf0 P 66425f12ae2c4b61af8a42542bc90b96 [LEADER]: Queue going to LEADER mode. State: All replicated index: 0, Majority replicated index: 0, Committed index: 0, Last appended: 0.0, Last appended by leader: 0, Current term: 1, Majority size: 2, State: 0, Mode: LEADER, active raft config: opid_index: -1 OBSOLETE_local: false peers { permanent_uuid: "66425f12ae2c4b61af8a42542bc90b96" member_type: VOTER last_known_addr { host: "127.26.159.193" port: 37187 } } peers { permanent_uuid: "43472aeea9784dbaba9ec10df38d2219" member_type: VOTER last_known_addr { host: "127.26.159.194" port: 45003 } } peers { permanent_uuid: "77e31d4bfab84947919783ca9bd34cc3" member_type: VOTER last_known_addr { host: "127.26.159.195" port: 45007 } }
I20260710 13:26:46.720994 28283 catalog_manager.cc:5697] T 280eaef1687647b8a405366f32515bf0 P 66425f12ae2c4b61af8a42542bc90b96 reported cstate change: term changed from 0 to 1, leader changed from <none> to 66425f12ae2c4b61af8a42542bc90b96 (127.26.159.193). New cstate: current_term: 1 leader_uuid: "66425f12ae2c4b61af8a42542bc90b96" committed_config { opid_index: -1 OBSOLETE_local: false peers { permanent_uuid: "66425f12ae2c4b61af8a42542bc90b96" member_type: VOTER last_known_addr { host: "127.26.159.193" port: 37187 } health_report { overall_health: HEALTHY } } peers { permanent_uuid: "43472aeea9784dbaba9ec10df38d2219" member_type: VOTER last_known_addr { host: "127.26.159.194" port: 45003 } health_report { overall_health: UNKNOWN } } peers { permanent_uuid: "77e31d4bfab84947919783ca9bd34cc3" member_type: VOTER last_known_addr { host: "127.26.159.195" port: 45007 } health_report { overall_health: UNKNOWN } } }
I20260710 13:26:46.755908 28384 raft_consensus.cc:3060] T 0954fd51dc034110be061eff7674960c P 66425f12ae2c4b61af8a42542bc90b96 [term 0 FOLLOWER]: Advancing to term 1
I20260710 13:26:46.761802 28603 consensus_queue.cc:1048] T 0954fd51dc034110be061eff7674960c P 43472aeea9784dbaba9ec10df38d2219 [LEADER]: Connected to new peer: Peer: permanent_uuid: "66425f12ae2c4b61af8a42542bc90b96" member_type: VOTER last_known_addr { host: "127.26.159.193" port: 37187 }, Status: LMP_MISMATCH, Last received: 0.0, Next index: 1, Last known committed idx: 0, Time since last communication: 0.000s
I20260710 13:26:46.769697 28584 raft_consensus.cc:493] T 0335b26863514f26b0b709edb7508561 P 66425f12ae2c4b61af8a42542bc90b96 [term 0 FOLLOWER]: Starting pre-election (no leader contacted us within the election timeout)
I20260710 13:26:46.770196 28584 raft_consensus.cc:515] T 0335b26863514f26b0b709edb7508561 P 66425f12ae2c4b61af8a42542bc90b96 [term 0 FOLLOWER]: Starting pre-election with config: opid_index: -1 OBSOLETE_local: false peers { permanent_uuid: "66425f12ae2c4b61af8a42542bc90b96" member_type: VOTER last_known_addr { host: "127.26.159.193" port: 37187 } } peers { permanent_uuid: "43472aeea9784dbaba9ec10df38d2219" member_type: VOTER last_known_addr { host: "127.26.159.194" port: 45003 } } peers { permanent_uuid: "77e31d4bfab84947919783ca9bd34cc3" member_type: VOTER last_known_addr { host: "127.26.159.195" port: 45007 } }
I20260710 13:26:46.772624 28690 consensus_queue.cc:1048] T 0954fd51dc034110be061eff7674960c P 43472aeea9784dbaba9ec10df38d2219 [LEADER]: Connected to new peer: Peer: permanent_uuid: "77e31d4bfab84947919783ca9bd34cc3" member_type: VOTER last_known_addr { host: "127.26.159.195" port: 45007 }, Status: LMP_MISMATCH, Last received: 0.0, Next index: 1, Last known committed idx: 0, Time since last communication: 0.000s
I20260710 13:26:46.778059 28460 tablet_service.cc:1917] Received RequestConsensusVote() RPC: tablet_id: "0335b26863514f26b0b709edb7508561" candidate_uuid: "66425f12ae2c4b61af8a42542bc90b96" candidate_term: 1 candidate_status { last_received { term: 0 index: 0 } } ignore_live_leader: false dest_uuid: "43472aeea9784dbaba9ec10df38d2219" is_pre_election: true
I20260710 13:26:46.779517 28584 leader_election.cc:290] T 0335b26863514f26b0b709edb7508561 P 66425f12ae2c4b61af8a42542bc90b96 [CANDIDATE]: Term 1 pre-election: Requested pre-vote from peers 43472aeea9784dbaba9ec10df38d2219 (127.26.159.194:45003), 77e31d4bfab84947919783ca9bd34cc3 (127.26.159.195:45007)
I20260710 13:26:46.780547 28534 tablet_service.cc:1917] Received RequestConsensusVote() RPC: tablet_id: "0335b26863514f26b0b709edb7508561" candidate_uuid: "66425f12ae2c4b61af8a42542bc90b96" candidate_term: 1 candidate_status { last_received { term: 0 index: 0 } } ignore_live_leader: false dest_uuid: "77e31d4bfab84947919783ca9bd34cc3" is_pre_election: true
I20260710 13:26:46.782109 28350 leader_election.cc:304] T 0335b26863514f26b0b709edb7508561 P 66425f12ae2c4b61af8a42542bc90b96 [CANDIDATE]: Term 1 pre-election: Election decided. Result: candidate lost. Election summary: received 3 responses out of 3 voters: 1 yes votes; 2 no votes. yes voters: 66425f12ae2c4b61af8a42542bc90b96; no voters: 43472aeea9784dbaba9ec10df38d2219, 77e31d4bfab84947919783ca9bd34cc3
I20260710 13:26:46.783193 28584 raft_consensus.cc:2749] T 0335b26863514f26b0b709edb7508561 P 66425f12ae2c4b61af8a42542bc90b96 [term 0 FOLLOWER]: Leader pre-election lost for term 1. Reason: could not achieve majority
I20260710 13:26:46.800626 28384 raft_consensus.cc:3060] T 0335b26863514f26b0b709edb7508561 P 66425f12ae2c4b61af8a42542bc90b96 [term 0 FOLLOWER]: Advancing to term 1
I20260710 13:26:46.825712 28690 consensus_queue.cc:1048] T 03a776fd19bc44dc813d210dba6fa858 P 43472aeea9784dbaba9ec10df38d2219 [LEADER]: Connected to new peer: Peer: permanent_uuid: "77e31d4bfab84947919783ca9bd34cc3" member_type: VOTER last_known_addr { host: "127.26.159.195" port: 45007 }, Status: LMP_MISMATCH, Last received: 0.0, Next index: 1, Last known committed idx: 0, Time since last communication: 0.000s
I20260710 13:26:46.836629 28690 consensus_queue.cc:1048] T 03a776fd19bc44dc813d210dba6fa858 P 43472aeea9784dbaba9ec10df38d2219 [LEADER]: Connected to new peer: Peer: permanent_uuid: "66425f12ae2c4b61af8a42542bc90b96" member_type: VOTER last_known_addr { host: "127.26.159.193" port: 37187 }, Status: LMP_MISMATCH, Last received: 0.0, Next index: 1, Last known committed idx: 0, Time since last communication: 0.000s
I20260710 13:26:46.894507 28690 consensus_queue.cc:1048] T b3d226396fd5436cb84f3db58382e4bf P 43472aeea9784dbaba9ec10df38d2219 [LEADER]: Connected to new peer: Peer: permanent_uuid: "66425f12ae2c4b61af8a42542bc90b96" member_type: VOTER last_known_addr { host: "127.26.159.193" port: 37187 }, Status: LMP_MISMATCH, Last received: 0.0, Next index: 1, Last known committed idx: 0, Time since last communication: 0.000s
I20260710 13:26:46.904855 28672 consensus_queue.cc:1048] T b3d226396fd5436cb84f3db58382e4bf P 43472aeea9784dbaba9ec10df38d2219 [LEADER]: Connected to new peer: Peer: permanent_uuid: "77e31d4bfab84947919783ca9bd34cc3" member_type: VOTER last_known_addr { host: "127.26.159.195" port: 45007 }, Status: LMP_MISMATCH, Last received: 0.0, Next index: 1, Last known committed idx: 0, Time since last communication: 0.000s
I20260710 13:26:47.080793 28584 consensus_queue.cc:1048] T cd4345bfd6ea437f9a861e0bea110299 P 66425f12ae2c4b61af8a42542bc90b96 [LEADER]: Connected to new peer: Peer: permanent_uuid: "77e31d4bfab84947919783ca9bd34cc3" member_type: VOTER last_known_addr { host: "127.26.159.195" port: 45007 }, Status: LMP_MISMATCH, Last received: 0.0, Next index: 1, Last known committed idx: 0, Time since last communication: 0.000s
I20260710 13:26:47.092293 28584 consensus_queue.cc:1048] T cd4345bfd6ea437f9a861e0bea110299 P 66425f12ae2c4b61af8a42542bc90b96 [LEADER]: Connected to new peer: Peer: permanent_uuid: "43472aeea9784dbaba9ec10df38d2219" member_type: VOTER last_known_addr { host: "127.26.159.194" port: 45003 }, Status: LMP_MISMATCH, Last received: 0.0, Next index: 1, Last known committed idx: 0, Time since last communication: 0.000s
I20260710 13:26:47.100775 28584 consensus_queue.cc:1048] T e6dd795c69e448cab60d31f1b2cd5272 P 66425f12ae2c4b61af8a42542bc90b96 [LEADER]: Connected to new peer: Peer: permanent_uuid: "77e31d4bfab84947919783ca9bd34cc3" member_type: VOTER last_known_addr { host: "127.26.159.195" port: 45007 }, Status: LMP_MISMATCH, Last received: 0.0, Next index: 1, Last known committed idx: 0, Time since last communication: 0.000s
I20260710 13:26:47.103413 27263 file_cache.cc:504] Constructed file cache file cache with capacity 419430
W20260710 13:26:47.112057 28759 instance_detector.cc:116] could not retrieve AWS instance metadata: Network error: curl error: HTTP response code said error: The requested URL returned error: 404
I20260710 13:26:47.114120 28688 consensus_queue.cc:1048] T e6dd795c69e448cab60d31f1b2cd5272 P 66425f12ae2c4b61af8a42542bc90b96 [LEADER]: Connected to new peer: Peer: permanent_uuid: "43472aeea9784dbaba9ec10df38d2219" member_type: VOTER last_known_addr { host: "127.26.159.194" port: 45003 }, Status: LMP_MISMATCH, Last received: 0.0, Next index: 1, Last known committed idx: 0, Time since last communication: 0.001s
W20260710 13:26:47.130607 28760 instance_detector.cc:116] could not retrieve Azure instance metadata: Network error: curl error: HTTP response code said error: The requested URL returned error: 404
I20260710 13:26:47.133328 28688 consensus_queue.cc:1048] T 280eaef1687647b8a405366f32515bf0 P 66425f12ae2c4b61af8a42542bc90b96 [LEADER]: Connected to new peer: Peer: permanent_uuid: "77e31d4bfab84947919783ca9bd34cc3" member_type: VOTER last_known_addr { host: "127.26.159.195" port: 45007 }, Status: LMP_MISMATCH, Last received: 0.0, Next index: 1, Last known committed idx: 0, Time since last communication: 0.000s
I20260710 13:26:47.152851 28584 consensus_queue.cc:1048] T 280eaef1687647b8a405366f32515bf0 P 66425f12ae2c4b61af8a42542bc90b96 [LEADER]: Connected to new peer: Peer: permanent_uuid: "43472aeea9784dbaba9ec10df38d2219" member_type: VOTER last_known_addr { host: "127.26.159.194" port: 45003 }, Status: LMP_MISMATCH, Last received: 0.0, Next index: 1, Last known committed idx: 0, Time since last communication: 0.001s
I20260710 13:26:47.154618 28610 consensus_queue.cc:1048] T 917a4d936d104a9a8f22a7397331eb74 P 77e31d4bfab84947919783ca9bd34cc3 [LEADER]: Connected to new peer: Peer: permanent_uuid: "43472aeea9784dbaba9ec10df38d2219" member_type: VOTER last_known_addr { host: "127.26.159.194" port: 45003 }, Status: LMP_MISMATCH, Last received: 0.0, Next index: 1, Last known committed idx: 0, Time since last communication: 0.001s
I20260710 13:26:47.158008 27263 server_base.cc:1061] running on GCE node
I20260710 13:26:47.167047 28623 consensus_queue.cc:1048] T 917a4d936d104a9a8f22a7397331eb74 P 77e31d4bfab84947919783ca9bd34cc3 [LEADER]: Connected to new peer: Peer: permanent_uuid: "66425f12ae2c4b61af8a42542bc90b96" member_type: VOTER last_known_addr { host: "127.26.159.193" port: 37187 }, Status: LMP_MISMATCH, Last received: 0.0, Next index: 1, Last known committed idx: 0, Time since last communication: 0.000s
W20260710 13:26:47.178202 28763 instance_detector.cc:116] could not retrieve OpenStack instance metadata: Network error: curl error: HTTP response code said error: The requested URL returned error: 404
I20260710 13:26:47.179440 27263 hybrid_clock.cc:584] initializing the hybrid clock with 'system_unsync' time source
W20260710 13:26:47.179713 27263 system_unsync_time.cc:38] NTP support is disabled. Clock error bounds will not be accurate. This configuration is not suitable for distributed clusters.
I20260710 13:26:47.179910 27263 hybrid_clock.cc:648] HybridClock initialized: now 1783690007179894 us; error 0 us; skew 500 ppm
I20260710 13:26:47.180578 27263 server_base.cc:861] Flag tcmalloc_max_total_thread_cache_bytes is not working since tcmalloc is not enabled.
I20260710 13:26:47.190716 27263 webserver.cc:533] Webserver started at http://127.26.159.196:39703/ using document root <none> and password file <none>
I20260710 13:26:47.191248 27263 fs_manager.cc:362] Metadata directory not provided
I20260710 13:26:47.191414 27263 fs_manager.cc:368] Using write-ahead log directory (fs_wal_dir) as metadata directory
I20260710 13:26:47.191640 27263 server_base.cc:909] This appears to be a new deployment of Kudu; creating new FS layout
I20260710 13:26:47.192709 27263 fs_manager.cc:1068] Generated new instance metadata in path /tmp/dist-test-task2Yxfbl/test-tmp/auto_leader_rebalancer-test.0.LeaderRebalancerTest.AddTserver.1783689977563983-27263-0/minicluster-data/ts-3-root/instance:
uuid: "df1db720cc904b7fa2c89f8b1a1cc927"
format_stamp: "Formatted at 2026-07-10 13:26:47 on dist-test-slave-xcfv"
I20260710 13:26:47.197106 27263 fs_manager.cc:696] Time spent creating directory manager: real 0.004s	user 0.002s	sys 0.003s
I20260710 13:26:47.200569 28772 log_block_manager.cc:4127] Time spent loading block containers with low live blocks: real 0.000s	user 0.000s	sys 0.000s
I20260710 13:26:47.201305 27263 fs_manager.cc:730] Time spent opening block manager: real 0.002s	user 0.001s	sys 0.000s
I20260710 13:26:47.201610 27263 fs_manager.cc:647] Opened local filesystem: /tmp/dist-test-task2Yxfbl/test-tmp/auto_leader_rebalancer-test.0.LeaderRebalancerTest.AddTserver.1783689977563983-27263-0/minicluster-data/ts-3-root
uuid: "df1db720cc904b7fa2c89f8b1a1cc927"
format_stamp: "Formatted at 2026-07-10 13:26:47 on dist-test-slave-xcfv"
I20260710 13:26:47.201905 27263 fs_report.cc:389] FS layout report
--------------------
wal directory: /tmp/dist-test-task2Yxfbl/test-tmp/auto_leader_rebalancer-test.0.LeaderRebalancerTest.AddTserver.1783689977563983-27263-0/minicluster-data/ts-3-root
metadata directory: /tmp/dist-test-task2Yxfbl/test-tmp/auto_leader_rebalancer-test.0.LeaderRebalancerTest.AddTserver.1783689977563983-27263-0/minicluster-data/ts-3-root
1 data directories: /tmp/dist-test-task2Yxfbl/test-tmp/auto_leader_rebalancer-test.0.LeaderRebalancerTest.AddTserver.1783689977563983-27263-0/minicluster-data/ts-3-root/data
Total live blocks: 0
Total live bytes: 0
Total live bytes (after alignment): 0
Total number of LBM containers: 0 (0 full)
Did not check for missing blocks
Did not check for orphaned blocks
Total full LBM containers with extra space: 0 (0 repaired)
Total full LBM container extra space in bytes: 0 (0 repaired)
Total incomplete LBM containers: 0 (0 repaired)
Total LBM partial records: 0 (0 repaired)
Total corrupted LBM metadata records in RocksDB: 0 (0 repaired)
I20260710 13:26:47.224799 27263 rpc_server.cc:225] running with OpenSSL 1.1.1  11 Sep 2018
I20260710 13:26:47.227138 27263 kserver.cc:163] Server-wide thread pool size limit: 3276
