I20260710 13:26:50.370460  1690 tablet_copy_service.cc:140] P 37078b2b853d45b0872f481e25ab8b59: Received BeginTabletCopySession request for tablet 104ab32f4dd2494683ff435eba7625f8 from peer b3eab0a4c30e4070ab6b2b4f9df9e054 ({username='slave'} at 127.0.0.1:57432)
I20260710 13:26:50.371032  1690 tablet_copy_service.cc:161] P 37078b2b853d45b0872f481e25ab8b59: Beginning new tablet copy session on tablet 104ab32f4dd2494683ff435eba7625f8 from peer b3eab0a4c30e4070ab6b2b4f9df9e054 at {username='slave'} at 127.0.0.1:57432: session id = b3eab0a4c30e4070ab6b2b4f9df9e054-104ab32f4dd2494683ff435eba7625f8
I20260710 13:26:50.376978  1690 tablet_copy_source_session.cc:215] T 104ab32f4dd2494683ff435eba7625f8 P 37078b2b853d45b0872f481e25ab8b59: Tablet Copy: opened 0 blocks and 1 log segments
I20260710 13:26:50.380467  2201 data_dirs.cc:400] Could only allocate 1 dirs of requested 3 for tablet 104ab32f4dd2494683ff435eba7625f8. 1 dirs total, 0 dirs full, 0 dirs failed
I20260710 13:26:50.383270  2203 ts_tablet_manager.cc:933] T 2d13f7c539174d90b758c3f416f00a5f P b3eab0a4c30e4070ab6b2b4f9df9e054: Initiating tablet copy from peer c5d8eafeb6714a779d32cd96a5121e24 (127.0.107.66:44941)
I20260710 13:26:50.388911  2203 tablet_copy_client.cc:323] T 2d13f7c539174d90b758c3f416f00a5f P b3eab0a4c30e4070ab6b2b4f9df9e054: tablet copy: Beginning tablet copy session from remote peer at address 127.0.107.66:44941
I20260710 13:26:50.390552  1617 tablet_copy_service.cc:140] P c5d8eafeb6714a779d32cd96a5121e24: Received BeginTabletCopySession request for tablet 2d13f7c539174d90b758c3f416f00a5f from peer b3eab0a4c30e4070ab6b2b4f9df9e054 ({username='slave'} at 127.0.0.1:45038)
I20260710 13:26:50.391134  1617 tablet_copy_service.cc:161] P c5d8eafeb6714a779d32cd96a5121e24: Beginning new tablet copy session on tablet 2d13f7c539174d90b758c3f416f00a5f from peer b3eab0a4c30e4070ab6b2b4f9df9e054 at {username='slave'} at 127.0.0.1:45038: session id = b3eab0a4c30e4070ab6b2b4f9df9e054-2d13f7c539174d90b758c3f416f00a5f
I20260710 13:26:50.397918  2201 tablet_copy_client.cc:806] T 104ab32f4dd2494683ff435eba7625f8 P b3eab0a4c30e4070ab6b2b4f9df9e054: tablet copy: Starting download of 0 data blocks...
I20260710 13:26:50.398576  2201 tablet_copy_client.cc:670] T 104ab32f4dd2494683ff435eba7625f8 P b3eab0a4c30e4070ab6b2b4f9df9e054: tablet copy: Starting download of 1 WAL segments...
I20260710 13:26:50.399117  1617 tablet_copy_source_session.cc:215] T 2d13f7c539174d90b758c3f416f00a5f P c5d8eafeb6714a779d32cd96a5121e24: Tablet Copy: opened 0 blocks and 1 log segments
I20260710 13:26:50.402559  2201 tablet_copy_client.cc:538] T 104ab32f4dd2494683ff435eba7625f8 P b3eab0a4c30e4070ab6b2b4f9df9e054: tablet copy: Tablet Copy complete. Replacing tablet superblock.
I20260710 13:26:50.405871  2203 data_dirs.cc:400] Could only allocate 1 dirs of requested 3 for tablet 2d13f7c539174d90b758c3f416f00a5f. 1 dirs total, 0 dirs full, 0 dirs failed
I20260710 13:26:50.415127  2201 tablet_bootstrap.cc:492] T 104ab32f4dd2494683ff435eba7625f8 P b3eab0a4c30e4070ab6b2b4f9df9e054: Bootstrap starting.
I20260710 13:26:50.425915  2205 ts_tablet_manager.cc:933] T f5a0c6af98c644ebbedc9a62a8982186 P b3eab0a4c30e4070ab6b2b4f9df9e054: Initiating tablet copy from peer c5d8eafeb6714a779d32cd96a5121e24 (127.0.107.66:44941)
I20260710 13:26:50.430580  2205 tablet_copy_client.cc:323] T f5a0c6af98c644ebbedc9a62a8982186 P b3eab0a4c30e4070ab6b2b4f9df9e054: tablet copy: Beginning tablet copy session from remote peer at address 127.0.107.66:44941
I20260710 13:26:50.431720  2203 tablet_copy_client.cc:806] T 2d13f7c539174d90b758c3f416f00a5f P b3eab0a4c30e4070ab6b2b4f9df9e054: tablet copy: Starting download of 0 data blocks...
I20260710 13:26:50.432279  2203 tablet_copy_client.cc:670] T 2d13f7c539174d90b758c3f416f00a5f P b3eab0a4c30e4070ab6b2b4f9df9e054: tablet copy: Starting download of 1 WAL segments...
I20260710 13:26:50.434104  1617 tablet_copy_service.cc:140] P c5d8eafeb6714a779d32cd96a5121e24: Received BeginTabletCopySession request for tablet f5a0c6af98c644ebbedc9a62a8982186 from peer b3eab0a4c30e4070ab6b2b4f9df9e054 ({username='slave'} at 127.0.0.1:45038)
I20260710 13:26:50.434625  1617 tablet_copy_service.cc:161] P c5d8eafeb6714a779d32cd96a5121e24: Beginning new tablet copy session on tablet f5a0c6af98c644ebbedc9a62a8982186 from peer b3eab0a4c30e4070ab6b2b4f9df9e054 at {username='slave'} at 127.0.0.1:45038: session id = b3eab0a4c30e4070ab6b2b4f9df9e054-f5a0c6af98c644ebbedc9a62a8982186
I20260710 13:26:50.443817  1617 tablet_copy_source_session.cc:215] T f5a0c6af98c644ebbedc9a62a8982186 P c5d8eafeb6714a779d32cd96a5121e24: Tablet Copy: opened 0 blocks and 1 log segments
I20260710 13:26:50.446297  2208 ts_tablet_manager.cc:933] T 4913021dd1754ffebd0576267fcd484f P b3eab0a4c30e4070ab6b2b4f9df9e054: Initiating tablet copy from peer 37078b2b853d45b0872f481e25ab8b59 (127.0.107.67:34299)
I20260710 13:26:50.448827  2205 data_dirs.cc:400] Could only allocate 1 dirs of requested 3 for tablet f5a0c6af98c644ebbedc9a62a8982186. 1 dirs total, 0 dirs full, 0 dirs failed
I20260710 13:26:50.452379  2201 tablet_bootstrap.cc:492] T 104ab32f4dd2494683ff435eba7625f8 P b3eab0a4c30e4070ab6b2b4f9df9e054: Bootstrap replayed 1/1 log segments. Stats: ops{read=2 overwritten=0 applied=2 ignored=0} inserts{seen=0 ignored=0} mutations{seen=0 ignored=0} orphaned_commits=0. Pending: 0 replicates
I20260710 13:26:50.453325  2201 tablet_bootstrap.cc:492] T 104ab32f4dd2494683ff435eba7625f8 P b3eab0a4c30e4070ab6b2b4f9df9e054: Bootstrap complete.
I20260710 13:26:50.454013  2201 ts_tablet_manager.cc:1403] T 104ab32f4dd2494683ff435eba7625f8 P b3eab0a4c30e4070ab6b2b4f9df9e054: Time spent bootstrapping tablet: real 0.039s	user 0.023s	sys 0.005s
I20260710 13:26:50.456029  2203 tablet_copy_client.cc:538] T 2d13f7c539174d90b758c3f416f00a5f P b3eab0a4c30e4070ab6b2b4f9df9e054: tablet copy: Tablet Copy complete. Replacing tablet superblock.
I20260710 13:26:50.466951  2203 tablet_bootstrap.cc:492] T 2d13f7c539174d90b758c3f416f00a5f P b3eab0a4c30e4070ab6b2b4f9df9e054: Bootstrap starting.
I20260710 13:26:50.467950  2201 raft_consensus.cc:359] T 104ab32f4dd2494683ff435eba7625f8 P b3eab0a4c30e4070ab6b2b4f9df9e054 [term 1 LEARNER]: Replica starting. Triggering 0 pending ops. Active config: opid_index: 2 OBSOLETE_local: false peers { permanent_uuid: "22507693d5bb47f1a01bb3537317a1e1" member_type: VOTER last_known_addr { host: "127.0.107.65" port: 40949 } } peers { permanent_uuid: "c5d8eafeb6714a779d32cd96a5121e24" member_type: VOTER last_known_addr { host: "127.0.107.66" port: 44941 } attrs { replace: true } } peers { permanent_uuid: "37078b2b853d45b0872f481e25ab8b59" member_type: VOTER last_known_addr { host: "127.0.107.67" port: 34299 } } peers { permanent_uuid: "b3eab0a4c30e4070ab6b2b4f9df9e054" member_type: NON_VOTER last_known_addr { host: "127.0.107.68" port: 37611 } attrs { promote: true } }
I20260710 13:26:50.468801  2201 raft_consensus.cc:740] T 104ab32f4dd2494683ff435eba7625f8 P b3eab0a4c30e4070ab6b2b4f9df9e054 [term 1 LEARNER]: Becoming Follower/Learner. State: Replica: b3eab0a4c30e4070ab6b2b4f9df9e054, State: Initialized, Role: LEARNER
I20260710 13:26:50.470496  2208 tablet_copy_client.cc:323] T 4913021dd1754ffebd0576267fcd484f P b3eab0a4c30e4070ab6b2b4f9df9e054: tablet copy: Beginning tablet copy session from remote peer at address 127.0.107.67:34299
I20260710 13:26:50.469449  2201 consensus_queue.cc:260] T 104ab32f4dd2494683ff435eba7625f8 P b3eab0a4c30e4070ab6b2b4f9df9e054 [NON_LEADER]: Queue going to NON_LEADER mode. State: All replicated index: 0, Majority replicated index: 0, Committed index: 2, Last appended: 1.2, Last appended by leader: 2, Current term: 0, Majority size: -1, State: 0, Mode: NON_LEADER, active raft config: opid_index: 2 OBSOLETE_local: false peers { permanent_uuid: "22507693d5bb47f1a01bb3537317a1e1" member_type: VOTER last_known_addr { host: "127.0.107.65" port: 40949 } } peers { permanent_uuid: "c5d8eafeb6714a779d32cd96a5121e24" member_type: VOTER last_known_addr { host: "127.0.107.66" port: 44941 } attrs { replace: true } } peers { permanent_uuid: "37078b2b853d45b0872f481e25ab8b59" member_type: VOTER last_known_addr { host: "127.0.107.67" port: 34299 } } peers { permanent_uuid: "b3eab0a4c30e4070ab6b2b4f9df9e054" member_type: NON_VOTER last_known_addr { host: "127.0.107.68" port: 37611 } attrs { promote: true } }
I20260710 13:26:50.472086  2205 tablet_copy_client.cc:806] T f5a0c6af98c644ebbedc9a62a8982186 P b3eab0a4c30e4070ab6b2b4f9df9e054: tablet copy: Starting download of 0 data blocks...
I20260710 13:26:50.472314  1690 tablet_copy_service.cc:140] P 37078b2b853d45b0872f481e25ab8b59: Received BeginTabletCopySession request for tablet 4913021dd1754ffebd0576267fcd484f from peer b3eab0a4c30e4070ab6b2b4f9df9e054 ({username='slave'} at 127.0.0.1:57432)
I20260710 13:26:50.472653  2205 tablet_copy_client.cc:670] T f5a0c6af98c644ebbedc9a62a8982186 P b3eab0a4c30e4070ab6b2b4f9df9e054: tablet copy: Starting download of 1 WAL segments...
I20260710 13:26:50.472898  1690 tablet_copy_service.cc:161] P 37078b2b853d45b0872f481e25ab8b59: Beginning new tablet copy session on tablet 4913021dd1754ffebd0576267fcd484f from peer b3eab0a4c30e4070ab6b2b4f9df9e054 at {username='slave'} at 127.0.0.1:57432: session id = b3eab0a4c30e4070ab6b2b4f9df9e054-4913021dd1754ffebd0576267fcd484f
I20260710 13:26:50.477515  2205 tablet_copy_client.cc:538] T f5a0c6af98c644ebbedc9a62a8982186 P b3eab0a4c30e4070ab6b2b4f9df9e054: tablet copy: Tablet Copy complete. Replacing tablet superblock.
I20260710 13:26:50.485894  1690 tablet_copy_source_session.cc:215] T 4913021dd1754ffebd0576267fcd484f P 37078b2b853d45b0872f481e25ab8b59: Tablet Copy: opened 0 blocks and 1 log segments
I20260710 13:26:50.489475  2208 data_dirs.cc:400] Could only allocate 1 dirs of requested 3 for tablet 4913021dd1754ffebd0576267fcd484f. 1 dirs total, 0 dirs full, 0 dirs failed
I20260710 13:26:50.491433  2205 tablet_bootstrap.cc:492] T f5a0c6af98c644ebbedc9a62a8982186 P b3eab0a4c30e4070ab6b2b4f9df9e054: Bootstrap starting.
I20260710 13:26:50.497720  2201 ts_tablet_manager.cc:1434] T 104ab32f4dd2494683ff435eba7625f8 P b3eab0a4c30e4070ab6b2b4f9df9e054: Time spent starting tablet: real 0.043s	user 0.006s	sys 0.014s
I20260710 13:26:50.506278  1690 tablet_copy_service.cc:342] P 37078b2b853d45b0872f481e25ab8b59: Request end of tablet copy session b3eab0a4c30e4070ab6b2b4f9df9e054-104ab32f4dd2494683ff435eba7625f8 received from {username='slave'} at 127.0.0.1:57432
I20260710 13:26:50.506748  1690 tablet_copy_service.cc:434] P 37078b2b853d45b0872f481e25ab8b59: ending tablet copy session b3eab0a4c30e4070ab6b2b4f9df9e054-104ab32f4dd2494683ff435eba7625f8 on tablet 104ab32f4dd2494683ff435eba7625f8 with peer b3eab0a4c30e4070ab6b2b4f9df9e054
I20260710 13:26:50.514808  2208 tablet_copy_client.cc:806] T 4913021dd1754ffebd0576267fcd484f P b3eab0a4c30e4070ab6b2b4f9df9e054: tablet copy: Starting download of 0 data blocks...
I20260710 13:26:50.515903  2208 tablet_copy_client.cc:670] T 4913021dd1754ffebd0576267fcd484f P b3eab0a4c30e4070ab6b2b4f9df9e054: tablet copy: Starting download of 1 WAL segments...
I20260710 13:26:50.521438  2208 tablet_copy_client.cc:538] T 4913021dd1754ffebd0576267fcd484f P b3eab0a4c30e4070ab6b2b4f9df9e054: tablet copy: Tablet Copy complete. Replacing tablet superblock.
I20260710 13:26:50.529966  2208 tablet_bootstrap.cc:492] T 4913021dd1754ffebd0576267fcd484f P b3eab0a4c30e4070ab6b2b4f9df9e054: Bootstrap starting.
I20260710 13:26:50.542936  2203 tablet_bootstrap.cc:492] T 2d13f7c539174d90b758c3f416f00a5f P b3eab0a4c30e4070ab6b2b4f9df9e054: Bootstrap replayed 1/1 log segments. Stats: ops{read=2 overwritten=0 applied=2 ignored=0} inserts{seen=0 ignored=0} mutations{seen=0 ignored=0} orphaned_commits=0. Pending: 0 replicates
I20260710 13:26:50.544392  2203 tablet_bootstrap.cc:492] T 2d13f7c539174d90b758c3f416f00a5f P b3eab0a4c30e4070ab6b2b4f9df9e054: Bootstrap complete.
I20260710 13:26:50.544989  2203 ts_tablet_manager.cc:1403] T 2d13f7c539174d90b758c3f416f00a5f P b3eab0a4c30e4070ab6b2b4f9df9e054: Time spent bootstrapping tablet: real 0.078s	user 0.022s	sys 0.007s
I20260710 13:26:50.548043  2203 raft_consensus.cc:359] T 2d13f7c539174d90b758c3f416f00a5f P b3eab0a4c30e4070ab6b2b4f9df9e054 [term 1 LEARNER]: Replica starting. Triggering 0 pending ops. Active config: opid_index: 2 OBSOLETE_local: false peers { permanent_uuid: "22507693d5bb47f1a01bb3537317a1e1" member_type: VOTER last_known_addr { host: "127.0.107.65" port: 40949 } } peers { permanent_uuid: "c5d8eafeb6714a779d32cd96a5121e24" member_type: VOTER last_known_addr { host: "127.0.107.66" port: 44941 } } peers { permanent_uuid: "37078b2b853d45b0872f481e25ab8b59" member_type: VOTER last_known_addr { host: "127.0.107.67" port: 34299 } attrs { replace: true } } peers { permanent_uuid: "b3eab0a4c30e4070ab6b2b4f9df9e054" member_type: NON_VOTER last_known_addr { host: "127.0.107.68" port: 37611 } attrs { promote: true } }
I20260710 13:26:50.549002  2203 raft_consensus.cc:740] T 2d13f7c539174d90b758c3f416f00a5f P b3eab0a4c30e4070ab6b2b4f9df9e054 [term 1 LEARNER]: Becoming Follower/Learner. State: Replica: b3eab0a4c30e4070ab6b2b4f9df9e054, State: Initialized, Role: LEARNER
I20260710 13:26:50.549674  2203 consensus_queue.cc:260] T 2d13f7c539174d90b758c3f416f00a5f P b3eab0a4c30e4070ab6b2b4f9df9e054 [NON_LEADER]: Queue going to NON_LEADER mode. State: All replicated index: 0, Majority replicated index: 0, Committed index: 2, Last appended: 1.2, Last appended by leader: 2, Current term: 0, Majority size: -1, State: 0, Mode: NON_LEADER, active raft config: opid_index: 2 OBSOLETE_local: false peers { permanent_uuid: "22507693d5bb47f1a01bb3537317a1e1" member_type: VOTER last_known_addr { host: "127.0.107.65" port: 40949 } } peers { permanent_uuid: "c5d8eafeb6714a779d32cd96a5121e24" member_type: VOTER last_known_addr { host: "127.0.107.66" port: 44941 } } peers { permanent_uuid: "37078b2b853d45b0872f481e25ab8b59" member_type: VOTER last_known_addr { host: "127.0.107.67" port: 34299 } attrs { replace: true } } peers { permanent_uuid: "b3eab0a4c30e4070ab6b2b4f9df9e054" member_type: NON_VOTER last_known_addr { host: "127.0.107.68" port: 37611 } attrs { promote: true } }
I20260710 13:26:50.556066  2205 tablet_bootstrap.cc:492] T f5a0c6af98c644ebbedc9a62a8982186 P b3eab0a4c30e4070ab6b2b4f9df9e054: Bootstrap replayed 1/1 log segments. Stats: ops{read=2 overwritten=0 applied=2 ignored=0} inserts{seen=0 ignored=0} mutations{seen=0 ignored=0} orphaned_commits=0. Pending: 0 replicates
I20260710 13:26:50.556988  2205 tablet_bootstrap.cc:492] T f5a0c6af98c644ebbedc9a62a8982186 P b3eab0a4c30e4070ab6b2b4f9df9e054: Bootstrap complete.
I20260710 13:26:50.557713  2205 ts_tablet_manager.cc:1403] T f5a0c6af98c644ebbedc9a62a8982186 P b3eab0a4c30e4070ab6b2b4f9df9e054: Time spent bootstrapping tablet: real 0.066s	user 0.019s	sys 0.010s
I20260710 13:26:50.559535  2203 ts_tablet_manager.cc:1434] T 2d13f7c539174d90b758c3f416f00a5f P b3eab0a4c30e4070ab6b2b4f9df9e054: Time spent starting tablet: real 0.014s	user 0.001s	sys 0.006s
I20260710 13:26:50.560662  2205 raft_consensus.cc:359] T f5a0c6af98c644ebbedc9a62a8982186 P b3eab0a4c30e4070ab6b2b4f9df9e054 [term 1 LEARNER]: Replica starting. Triggering 0 pending ops. Active config: opid_index: 2 OBSOLETE_local: false peers { permanent_uuid: "22507693d5bb47f1a01bb3537317a1e1" member_type: VOTER last_known_addr { host: "127.0.107.65" port: 40949 } attrs { replace: true } } peers { permanent_uuid: "c5d8eafeb6714a779d32cd96a5121e24" member_type: VOTER last_known_addr { host: "127.0.107.66" port: 44941 } } peers { permanent_uuid: "37078b2b853d45b0872f481e25ab8b59" member_type: VOTER last_known_addr { host: "127.0.107.67" port: 34299 } } peers { permanent_uuid: "b3eab0a4c30e4070ab6b2b4f9df9e054" member_type: NON_VOTER last_known_addr { host: "127.0.107.68" port: 37611 } attrs { promote: true } }
I20260710 13:26:50.561550  2205 raft_consensus.cc:740] T f5a0c6af98c644ebbedc9a62a8982186 P b3eab0a4c30e4070ab6b2b4f9df9e054 [term 1 LEARNER]: Becoming Follower/Learner. State: Replica: b3eab0a4c30e4070ab6b2b4f9df9e054, State: Initialized, Role: LEARNER
I20260710 13:26:50.562289  2205 consensus_queue.cc:260] T f5a0c6af98c644ebbedc9a62a8982186 P b3eab0a4c30e4070ab6b2b4f9df9e054 [NON_LEADER]: Queue going to NON_LEADER mode. State: All replicated index: 0, Majority replicated index: 0, Committed index: 2, Last appended: 1.2, Last appended by leader: 2, Current term: 0, Majority size: -1, State: 0, Mode: NON_LEADER, active raft config: opid_index: 2 OBSOLETE_local: false peers { permanent_uuid: "22507693d5bb47f1a01bb3537317a1e1" member_type: VOTER last_known_addr { host: "127.0.107.65" port: 40949 } attrs { replace: true } } peers { permanent_uuid: "c5d8eafeb6714a779d32cd96a5121e24" member_type: VOTER last_known_addr { host: "127.0.107.66" port: 44941 } } peers { permanent_uuid: "37078b2b853d45b0872f481e25ab8b59" member_type: VOTER last_known_addr { host: "127.0.107.67" port: 34299 } } peers { permanent_uuid: "b3eab0a4c30e4070ab6b2b4f9df9e054" member_type: NON_VOTER last_known_addr { host: "127.0.107.68" port: 37611 } attrs { promote: true } }
I20260710 13:26:50.564814  2205 ts_tablet_manager.cc:1434] T f5a0c6af98c644ebbedc9a62a8982186 P b3eab0a4c30e4070ab6b2b4f9df9e054: Time spent starting tablet: real 0.007s	user 0.005s	sys 0.000s
I20260710 13:26:50.566394  1616 tablet_copy_service.cc:342] P c5d8eafeb6714a779d32cd96a5121e24: Request end of tablet copy session b3eab0a4c30e4070ab6b2b4f9df9e054-f5a0c6af98c644ebbedc9a62a8982186 received from {username='slave'} at 127.0.0.1:45038
I20260710 13:26:50.566814  1616 tablet_copy_service.cc:434] P c5d8eafeb6714a779d32cd96a5121e24: ending tablet copy session b3eab0a4c30e4070ab6b2b4f9df9e054-f5a0c6af98c644ebbedc9a62a8982186 on tablet f5a0c6af98c644ebbedc9a62a8982186 with peer b3eab0a4c30e4070ab6b2b4f9df9e054
I20260710 13:26:50.567461  1617 tablet_copy_service.cc:342] P c5d8eafeb6714a779d32cd96a5121e24: Request end of tablet copy session b3eab0a4c30e4070ab6b2b4f9df9e054-2d13f7c539174d90b758c3f416f00a5f received from {username='slave'} at 127.0.0.1:45038
I20260710 13:26:50.567847  1617 tablet_copy_service.cc:434] P c5d8eafeb6714a779d32cd96a5121e24: ending tablet copy session b3eab0a4c30e4070ab6b2b4f9df9e054-2d13f7c539174d90b758c3f416f00a5f on tablet 2d13f7c539174d90b758c3f416f00a5f with peer b3eab0a4c30e4070ab6b2b4f9df9e054
I20260710 13:26:50.575467  2208 tablet_bootstrap.cc:492] T 4913021dd1754ffebd0576267fcd484f P b3eab0a4c30e4070ab6b2b4f9df9e054: Bootstrap replayed 1/1 log segments. Stats: ops{read=2 overwritten=0 applied=2 ignored=0} inserts{seen=0 ignored=0} mutations{seen=0 ignored=0} orphaned_commits=0. Pending: 0 replicates
I20260710 13:26:50.576354  2208 tablet_bootstrap.cc:492] T 4913021dd1754ffebd0576267fcd484f P b3eab0a4c30e4070ab6b2b4f9df9e054: Bootstrap complete.
I20260710 13:26:50.576987  2208 ts_tablet_manager.cc:1403] T 4913021dd1754ffebd0576267fcd484f P b3eab0a4c30e4070ab6b2b4f9df9e054: Time spent bootstrapping tablet: real 0.047s	user 0.023s	sys 0.011s
I20260710 13:26:50.579900  2208 raft_consensus.cc:359] T 4913021dd1754ffebd0576267fcd484f P b3eab0a4c30e4070ab6b2b4f9df9e054 [term 1 LEARNER]: Replica starting. Triggering 0 pending ops. Active config: opid_index: 2 OBSOLETE_local: false peers { permanent_uuid: "22507693d5bb47f1a01bb3537317a1e1" member_type: VOTER last_known_addr { host: "127.0.107.65" port: 40949 } attrs { replace: true } } peers { permanent_uuid: "c5d8eafeb6714a779d32cd96a5121e24" member_type: VOTER last_known_addr { host: "127.0.107.66" port: 44941 } } peers { permanent_uuid: "37078b2b853d45b0872f481e25ab8b59" member_type: VOTER last_known_addr { host: "127.0.107.67" port: 34299 } } peers { permanent_uuid: "b3eab0a4c30e4070ab6b2b4f9df9e054" member_type: NON_VOTER last_known_addr { host: "127.0.107.68" port: 37611 } attrs { promote: true } }
I20260710 13:26:50.580721  2208 raft_consensus.cc:740] T 4913021dd1754ffebd0576267fcd484f P b3eab0a4c30e4070ab6b2b4f9df9e054 [term 1 LEARNER]: Becoming Follower/Learner. State: Replica: b3eab0a4c30e4070ab6b2b4f9df9e054, State: Initialized, Role: LEARNER
I20260710 13:26:50.581343  2208 consensus_queue.cc:260] T 4913021dd1754ffebd0576267fcd484f P b3eab0a4c30e4070ab6b2b4f9df9e054 [NON_LEADER]: Queue going to NON_LEADER mode. State: All replicated index: 0, Majority replicated index: 0, Committed index: 2, Last appended: 1.2, Last appended by leader: 2, Current term: 0, Majority size: -1, State: 0, Mode: NON_LEADER, active raft config: opid_index: 2 OBSOLETE_local: false peers { permanent_uuid: "22507693d5bb47f1a01bb3537317a1e1" member_type: VOTER last_known_addr { host: "127.0.107.65" port: 40949 } attrs { replace: true } } peers { permanent_uuid: "c5d8eafeb6714a779d32cd96a5121e24" member_type: VOTER last_known_addr { host: "127.0.107.66" port: 44941 } } peers { permanent_uuid: "37078b2b853d45b0872f481e25ab8b59" member_type: VOTER last_known_addr { host: "127.0.107.67" port: 34299 } } peers { permanent_uuid: "b3eab0a4c30e4070ab6b2b4f9df9e054" member_type: NON_VOTER last_known_addr { host: "127.0.107.68" port: 37611 } attrs { promote: true } }
I20260710 13:26:50.583659  2208 ts_tablet_manager.cc:1434] T 4913021dd1754ffebd0576267fcd484f P b3eab0a4c30e4070ab6b2b4f9df9e054: Time spent starting tablet: real 0.006s	user 0.007s	sys 0.001s
I20260710 13:26:50.585248  1690 tablet_copy_service.cc:342] P 37078b2b853d45b0872f481e25ab8b59: Request end of tablet copy session b3eab0a4c30e4070ab6b2b4f9df9e054-4913021dd1754ffebd0576267fcd484f received from {username='slave'} at 127.0.0.1:57432
I20260710 13:26:50.585661  1690 tablet_copy_service.cc:434] P 37078b2b853d45b0872f481e25ab8b59: ending tablet copy session b3eab0a4c30e4070ab6b2b4f9df9e054-4913021dd1754ffebd0576267fcd484f on tablet 4913021dd1754ffebd0576267fcd484f with peer b3eab0a4c30e4070ab6b2b4f9df9e054
I20260710 13:26:50.810184  1930 raft_consensus.cc:1217] T f5a0c6af98c644ebbedc9a62a8982186 P b3eab0a4c30e4070ab6b2b4f9df9e054 [term 1 LEARNER]: Deduplicated request from leader. Original: 1.1->[1.2-1.2]   Dedup: 1.2->[]
I20260710 13:26:50.819171  1930 raft_consensus.cc:1217] T 4913021dd1754ffebd0576267fcd484f P b3eab0a4c30e4070ab6b2b4f9df9e054 [term 1 LEARNER]: Deduplicated request from leader. Original: 1.1->[1.2-1.2]   Dedup: 1.2->[]
I20260710 13:26:50.882982  1930 raft_consensus.cc:1217] T 104ab32f4dd2494683ff435eba7625f8 P b3eab0a4c30e4070ab6b2b4f9df9e054 [term 1 LEARNER]: Deduplicated request from leader. Original: 1.1->[1.2-1.2]   Dedup: 1.2->[]
I20260710 13:26:50.978339  1930 raft_consensus.cc:1217] T 2d13f7c539174d90b758c3f416f00a5f P b3eab0a4c30e4070ab6b2b4f9df9e054 [term 1 LEARNER]: Deduplicated request from leader. Original: 1.1->[1.2-1.2]   Dedup: 1.2->[]
I20260710 13:26:51.247210  2213 raft_consensus.cc:1064] T f5a0c6af98c644ebbedc9a62a8982186 P c5d8eafeb6714a779d32cd96a5121e24: attempting to promote NON_VOTER b3eab0a4c30e4070ab6b2b4f9df9e054 to VOTER
I20260710 13:26:51.249050  2213 consensus_queue.cc:237] T f5a0c6af98c644ebbedc9a62a8982186 P c5d8eafeb6714a779d32cd96a5121e24 [LEADER]: Queue going to LEADER mode. State: All replicated index: 0, Majority replicated index: 2, Committed index: 2, Last appended: 1.2, Last appended by leader: 0, Current term: 1, Majority size: 3, State: 0, Mode: LEADER, active raft config: opid_index: 3 OBSOLETE_local: false peers { permanent_uuid: "22507693d5bb47f1a01bb3537317a1e1" member_type: VOTER last_known_addr { host: "127.0.107.65" port: 40949 } attrs { replace: true } } peers { permanent_uuid: "c5d8eafeb6714a779d32cd96a5121e24" member_type: VOTER last_known_addr { host: "127.0.107.66" port: 44941 } } peers { permanent_uuid: "37078b2b853d45b0872f481e25ab8b59" member_type: VOTER last_known_addr { host: "127.0.107.67" port: 34299 } } peers { permanent_uuid: "b3eab0a4c30e4070ab6b2b4f9df9e054" member_type: VOTER last_known_addr { host: "127.0.107.68" port: 37611 } attrs { promote: false } }
I20260710 13:26:51.256987  1528 raft_consensus.cc:1275] T f5a0c6af98c644ebbedc9a62a8982186 P 22507693d5bb47f1a01bb3537317a1e1 [term 1 FOLLOWER]: Refusing update from remote peer c5d8eafeb6714a779d32cd96a5121e24: Log matching property violated. Preceding OpId in replica: term: 1 index: 2. Preceding OpId from leader: term: 1 index: 3. (index mismatch)
I20260710 13:26:51.257241  1930 raft_consensus.cc:1275] T f5a0c6af98c644ebbedc9a62a8982186 P b3eab0a4c30e4070ab6b2b4f9df9e054 [term 1 LEARNER]: Refusing update from remote peer c5d8eafeb6714a779d32cd96a5121e24: Log matching property violated. Preceding OpId in replica: term: 1 index: 2. Preceding OpId from leader: term: 1 index: 3. (index mismatch)
I20260710 13:26:51.258453  2221 consensus_queue.cc:1048] T f5a0c6af98c644ebbedc9a62a8982186 P c5d8eafeb6714a779d32cd96a5121e24 [LEADER]: Connected to new peer: Peer: permanent_uuid: "22507693d5bb47f1a01bb3537317a1e1" member_type: VOTER last_known_addr { host: "127.0.107.65" port: 40949 } attrs { replace: true }, Status: LMP_MISMATCH, Last received: 0.0, Next index: 3, Last known committed idx: 2, Time since last communication: 0.000s
I20260710 13:26:51.258915  1679 raft_consensus.cc:1275] T f5a0c6af98c644ebbedc9a62a8982186 P 37078b2b853d45b0872f481e25ab8b59 [term 1 FOLLOWER]: Refusing update from remote peer c5d8eafeb6714a779d32cd96a5121e24: Log matching property violated. Preceding OpId in replica: term: 1 index: 2. Preceding OpId from leader: term: 1 index: 3. (index mismatch)
I20260710 13:26:51.259383  2212 consensus_queue.cc:1048] T f5a0c6af98c644ebbedc9a62a8982186 P c5d8eafeb6714a779d32cd96a5121e24 [LEADER]: Connected to new peer: Peer: permanent_uuid: "b3eab0a4c30e4070ab6b2b4f9df9e054" member_type: VOTER last_known_addr { host: "127.0.107.68" port: 37611 } attrs { promote: false }, Status: LMP_MISMATCH, Last received: 0.0, Next index: 3, Last known committed idx: 2, Time since last communication: 0.000s
I20260710 13:26:51.260265  2213 consensus_queue.cc:1048] T f5a0c6af98c644ebbedc9a62a8982186 P c5d8eafeb6714a779d32cd96a5121e24 [LEADER]: Connected to new peer: Peer: permanent_uuid: "37078b2b853d45b0872f481e25ab8b59" member_type: VOTER last_known_addr { host: "127.0.107.67" port: 34299 }, Status: LMP_MISMATCH, Last received: 0.0, Next index: 3, Last known committed idx: 2, Time since last communication: 0.000s
I20260710 13:26:51.276960  2212 raft_consensus.cc:2955] T f5a0c6af98c644ebbedc9a62a8982186 P c5d8eafeb6714a779d32cd96a5121e24 [term 1 LEADER]: Committing config change with OpId 1.3: config changed from index 2 to 3, b3eab0a4c30e4070ab6b2b4f9df9e054 (127.0.107.68) changed from NON_VOTER to VOTER. New config: { opid_index: 3 OBSOLETE_local: false peers { permanent_uuid: "22507693d5bb47f1a01bb3537317a1e1" member_type: VOTER last_known_addr { host: "127.0.107.65" port: 40949 } attrs { replace: true } } peers { permanent_uuid: "c5d8eafeb6714a779d32cd96a5121e24" member_type: VOTER last_known_addr { host: "127.0.107.66" port: 44941 } } peers { permanent_uuid: "37078b2b853d45b0872f481e25ab8b59" member_type: VOTER last_known_addr { host: "127.0.107.67" port: 34299 } } peers { permanent_uuid: "b3eab0a4c30e4070ab6b2b4f9df9e054" member_type: VOTER last_known_addr { host: "127.0.107.68" port: 37611 } attrs { promote: false } } }
I20260710 13:26:51.282265  1930 raft_consensus.cc:2955] T f5a0c6af98c644ebbedc9a62a8982186 P b3eab0a4c30e4070ab6b2b4f9df9e054 [term 1 FOLLOWER]: Committing config change with OpId 1.3: config changed from index 2 to 3, b3eab0a4c30e4070ab6b2b4f9df9e054 (127.0.107.68) changed from NON_VOTER to VOTER. New config: { opid_index: 3 OBSOLETE_local: false peers { permanent_uuid: "22507693d5bb47f1a01bb3537317a1e1" member_type: VOTER last_known_addr { host: "127.0.107.65" port: 40949 } attrs { replace: true } } peers { permanent_uuid: "c5d8eafeb6714a779d32cd96a5121e24" member_type: VOTER last_known_addr { host: "127.0.107.66" port: 44941 } } peers { permanent_uuid: "37078b2b853d45b0872f481e25ab8b59" member_type: VOTER last_known_addr { host: "127.0.107.67" port: 34299 } } peers { permanent_uuid: "b3eab0a4c30e4070ab6b2b4f9df9e054" member_type: VOTER last_known_addr { host: "127.0.107.68" port: 37611 } attrs { promote: false } } }
I20260710 13:26:51.288772  1679 raft_consensus.cc:2955] T f5a0c6af98c644ebbedc9a62a8982186 P 37078b2b853d45b0872f481e25ab8b59 [term 1 FOLLOWER]: Committing config change with OpId 1.3: config changed from index 2 to 3, b3eab0a4c30e4070ab6b2b4f9df9e054 (127.0.107.68) changed from NON_VOTER to VOTER. New config: { opid_index: 3 OBSOLETE_local: false peers { permanent_uuid: "22507693d5bb47f1a01bb3537317a1e1" member_type: VOTER last_known_addr { host: "127.0.107.65" port: 40949 } attrs { replace: true } } peers { permanent_uuid: "c5d8eafeb6714a779d32cd96a5121e24" member_type: VOTER last_known_addr { host: "127.0.107.66" port: 44941 } } peers { permanent_uuid: "37078b2b853d45b0872f481e25ab8b59" member_type: VOTER last_known_addr { host: "127.0.107.67" port: 34299 } } peers { permanent_uuid: "b3eab0a4c30e4070ab6b2b4f9df9e054" member_type: VOTER last_known_addr { host: "127.0.107.68" port: 37611 } attrs { promote: false } } }
I20260710 13:26:51.290931  1428 catalog_manager.cc:5697] T f5a0c6af98c644ebbedc9a62a8982186 P c5d8eafeb6714a779d32cd96a5121e24 reported cstate change: config changed from index 2 to 3, b3eab0a4c30e4070ab6b2b4f9df9e054 (127.0.107.68) changed from NON_VOTER to VOTER. New cstate: current_term: 1 leader_uuid: "c5d8eafeb6714a779d32cd96a5121e24" committed_config { opid_index: 3 OBSOLETE_local: false peers { permanent_uuid: "22507693d5bb47f1a01bb3537317a1e1" member_type: VOTER last_known_addr { host: "127.0.107.65" port: 40949 } attrs { replace: true } health_report { overall_health: HEALTHY } } peers { permanent_uuid: "c5d8eafeb6714a779d32cd96a5121e24" member_type: VOTER last_known_addr { host: "127.0.107.66" port: 44941 } health_report { overall_health: HEALTHY } } peers { permanent_uuid: "37078b2b853d45b0872f481e25ab8b59" member_type: VOTER last_known_addr { host: "127.0.107.67" port: 34299 } health_report { overall_health: HEALTHY } } peers { permanent_uuid: "b3eab0a4c30e4070ab6b2b4f9df9e054" member_type: VOTER last_known_addr { host: "127.0.107.68" port: 37611 } attrs { promote: false } health_report { overall_health: HEALTHY } } }
I20260710 13:26:51.295450  1528 raft_consensus.cc:2955] T f5a0c6af98c644ebbedc9a62a8982186 P 22507693d5bb47f1a01bb3537317a1e1 [term 1 FOLLOWER]: Committing config change with OpId 1.3: config changed from index 2 to 3, b3eab0a4c30e4070ab6b2b4f9df9e054 (127.0.107.68) changed from NON_VOTER to VOTER. New config: { opid_index: 3 OBSOLETE_local: false peers { permanent_uuid: "22507693d5bb47f1a01bb3537317a1e1" member_type: VOTER last_known_addr { host: "127.0.107.65" port: 40949 } attrs { replace: true } } peers { permanent_uuid: "c5d8eafeb6714a779d32cd96a5121e24" member_type: VOTER last_known_addr { host: "127.0.107.66" port: 44941 } } peers { permanent_uuid: "37078b2b853d45b0872f481e25ab8b59" member_type: VOTER last_known_addr { host: "127.0.107.67" port: 34299 } } peers { permanent_uuid: "b3eab0a4c30e4070ab6b2b4f9df9e054" member_type: VOTER last_known_addr { host: "127.0.107.68" port: 37611 } attrs { promote: false } } }
I20260710 13:26:51.317559  1607 consensus_queue.cc:237] T f5a0c6af98c644ebbedc9a62a8982186 P c5d8eafeb6714a779d32cd96a5121e24 [LEADER]: Queue going to LEADER mode. State: All replicated index: 0, Majority replicated index: 3, Committed index: 3, Last appended: 1.3, Last appended by leader: 0, Current term: 1, Majority size: 2, State: 0, Mode: LEADER, active raft config: opid_index: 4 OBSOLETE_local: false peers { permanent_uuid: "c5d8eafeb6714a779d32cd96a5121e24" member_type: VOTER last_known_addr { host: "127.0.107.66" port: 44941 } } peers { permanent_uuid: "37078b2b853d45b0872f481e25ab8b59" member_type: VOTER last_known_addr { host: "127.0.107.67" port: 34299 } } peers { permanent_uuid: "b3eab0a4c30e4070ab6b2b4f9df9e054" member_type: VOTER last_known_addr { host: "127.0.107.68" port: 37611 } attrs { promote: false } }
I20260710 13:26:51.323565  1930 raft_consensus.cc:1275] T f5a0c6af98c644ebbedc9a62a8982186 P b3eab0a4c30e4070ab6b2b4f9df9e054 [term 1 FOLLOWER]: Refusing update from remote peer c5d8eafeb6714a779d32cd96a5121e24: Log matching property violated. Preceding OpId in replica: term: 1 index: 3. Preceding OpId from leader: term: 1 index: 4. (index mismatch)
I20260710 13:26:51.324630  1679 raft_consensus.cc:1275] T f5a0c6af98c644ebbedc9a62a8982186 P 37078b2b853d45b0872f481e25ab8b59 [term 1 FOLLOWER]: Refusing update from remote peer c5d8eafeb6714a779d32cd96a5121e24: Log matching property violated. Preceding OpId in replica: term: 1 index: 3. Preceding OpId from leader: term: 1 index: 4. (index mismatch)
I20260710 13:26:51.325877  2213 consensus_queue.cc:1048] T f5a0c6af98c644ebbedc9a62a8982186 P c5d8eafeb6714a779d32cd96a5121e24 [LEADER]: Connected to new peer: Peer: permanent_uuid: "b3eab0a4c30e4070ab6b2b4f9df9e054" member_type: VOTER last_known_addr { host: "127.0.107.68" port: 37611 } attrs { promote: false }, Status: LMP_MISMATCH, Last received: 0.0, Next index: 4, Last known committed idx: 3, Time since last communication: 0.000s
I20260710 13:26:51.326843  2212 consensus_queue.cc:1048] T f5a0c6af98c644ebbedc9a62a8982186 P c5d8eafeb6714a779d32cd96a5121e24 [LEADER]: Connected to new peer: Peer: permanent_uuid: "37078b2b853d45b0872f481e25ab8b59" member_type: VOTER last_known_addr { host: "127.0.107.67" port: 34299 }, Status: LMP_MISMATCH, Last received: 0.0, Next index: 4, Last known committed idx: 3, Time since last communication: 0.000s
I20260710 13:26:51.335726  2183 raft_consensus.cc:2955] T f5a0c6af98c644ebbedc9a62a8982186 P c5d8eafeb6714a779d32cd96a5121e24 [term 1 LEADER]: Committing config change with OpId 1.4: config changed from index 3 to 4, VOTER 22507693d5bb47f1a01bb3537317a1e1 (127.0.107.65) evicted. New config: { opid_index: 4 OBSOLETE_local: false peers { permanent_uuid: "c5d8eafeb6714a779d32cd96a5121e24" member_type: VOTER last_known_addr { host: "127.0.107.66" port: 44941 } } peers { permanent_uuid: "37078b2b853d45b0872f481e25ab8b59" member_type: VOTER last_known_addr { host: "127.0.107.67" port: 34299 } } peers { permanent_uuid: "b3eab0a4c30e4070ab6b2b4f9df9e054" member_type: VOTER last_known_addr { host: "127.0.107.68" port: 37611 } attrs { promote: false } } }
I20260710 13:26:51.338689  1930 raft_consensus.cc:2955] T f5a0c6af98c644ebbedc9a62a8982186 P b3eab0a4c30e4070ab6b2b4f9df9e054 [term 1 FOLLOWER]: Committing config change with OpId 1.4: config changed from index 3 to 4, VOTER 22507693d5bb47f1a01bb3537317a1e1 (127.0.107.65) evicted. New config: { opid_index: 4 OBSOLETE_local: false peers { permanent_uuid: "c5d8eafeb6714a779d32cd96a5121e24" member_type: VOTER last_known_addr { host: "127.0.107.66" port: 44941 } } peers { permanent_uuid: "37078b2b853d45b0872f481e25ab8b59" member_type: VOTER last_known_addr { host: "127.0.107.67" port: 34299 } } peers { permanent_uuid: "b3eab0a4c30e4070ab6b2b4f9df9e054" member_type: VOTER last_known_addr { host: "127.0.107.68" port: 37611 } attrs { promote: false } } }
I20260710 13:26:51.341456  1679 raft_consensus.cc:2955] T f5a0c6af98c644ebbedc9a62a8982186 P 37078b2b853d45b0872f481e25ab8b59 [term 1 FOLLOWER]: Committing config change with OpId 1.4: config changed from index 3 to 4, VOTER 22507693d5bb47f1a01bb3537317a1e1 (127.0.107.65) evicted. New config: { opid_index: 4 OBSOLETE_local: false peers { permanent_uuid: "c5d8eafeb6714a779d32cd96a5121e24" member_type: VOTER last_known_addr { host: "127.0.107.66" port: 44941 } } peers { permanent_uuid: "37078b2b853d45b0872f481e25ab8b59" member_type: VOTER last_known_addr { host: "127.0.107.67" port: 34299 } } peers { permanent_uuid: "b3eab0a4c30e4070ab6b2b4f9df9e054" member_type: VOTER last_known_addr { host: "127.0.107.68" port: 37611 } attrs { promote: false } } }
I20260710 13:26:51.350234  1416 catalog_manager.cc:5210] ChangeConfig:REMOVE_PEER RPC for tablet f5a0c6af98c644ebbedc9a62a8982186 with cas_config_opid_index 3: ChangeConfig:REMOVE_PEER succeeded (attempt 1)
I20260710 13:26:51.357446  1429 catalog_manager.cc:5697] T f5a0c6af98c644ebbedc9a62a8982186 P 37078b2b853d45b0872f481e25ab8b59 reported cstate change: config changed from index 3 to 4, VOTER 22507693d5bb47f1a01bb3537317a1e1 (127.0.107.65) evicted. New cstate: current_term: 1 leader_uuid: "c5d8eafeb6714a779d32cd96a5121e24" committed_config { opid_index: 4 OBSOLETE_local: false peers { permanent_uuid: "c5d8eafeb6714a779d32cd96a5121e24" member_type: VOTER last_known_addr { host: "127.0.107.66" port: 44941 } } peers { permanent_uuid: "37078b2b853d45b0872f481e25ab8b59" member_type: VOTER last_known_addr { host: "127.0.107.67" port: 34299 } } peers { permanent_uuid: "b3eab0a4c30e4070ab6b2b4f9df9e054" member_type: VOTER last_known_addr { host: "127.0.107.68" port: 37611 } attrs { promote: false } } }
I20260710 13:26:51.368472  1519 tablet_service.cc:1558] Processing DeleteTablet for tablet f5a0c6af98c644ebbedc9a62a8982186 with delete_type TABLET_DATA_TOMBSTONED (TS 22507693d5bb47f1a01bb3537317a1e1 not found in new config with opid_index 4) from {username='slave'} at 127.0.0.1:51636
I20260710 13:26:51.370602  2229 tablet_replica.cc:333] T f5a0c6af98c644ebbedc9a62a8982186 P 22507693d5bb47f1a01bb3537317a1e1: stopping tablet replica
I20260710 13:26:51.371815  2229 raft_consensus.cc:2243] T f5a0c6af98c644ebbedc9a62a8982186 P 22507693d5bb47f1a01bb3537317a1e1 [term 1 FOLLOWER]: Raft consensus shutting down.
I20260710 13:26:51.372546  2229 raft_consensus.cc:2272] T f5a0c6af98c644ebbedc9a62a8982186 P 22507693d5bb47f1a01bb3537317a1e1 [term 1 FOLLOWER]: Raft consensus is shut down!
I20260710 13:26:51.375880  2229 ts_tablet_manager.cc:1916] T f5a0c6af98c644ebbedc9a62a8982186 P 22507693d5bb47f1a01bb3537317a1e1: Deleting tablet data with delete state TABLET_DATA_TOMBSTONED
I20260710 13:26:51.391263  2229 ts_tablet_manager.cc:1929] T f5a0c6af98c644ebbedc9a62a8982186 P 22507693d5bb47f1a01bb3537317a1e1: tablet deleted with delete type TABLET_DATA_TOMBSTONED: last-logged OpId 1.3
I20260710 13:26:51.391631  2229 log.cc:1199] T f5a0c6af98c644ebbedc9a62a8982186 P 22507693d5bb47f1a01bb3537317a1e1: Deleting WAL directory at /tmp/dist-test-tasktIz4TL/test-tmp/auto_leader_rebalancer-test.0.LeaderRebalancerTest.AddTserver.1783689973755781-429-0/minicluster-data/ts-0-root/wals/f5a0c6af98c644ebbedc9a62a8982186
I20260710 13:26:51.393103  1416 catalog_manager.cc:5028] TS 22507693d5bb47f1a01bb3537317a1e1 (127.0.107.65:40949): tablet f5a0c6af98c644ebbedc9a62a8982186 (table test-workload [id=54e7b120fcea455787f64efb70fd4ede]) successfully deleted
I20260710 13:26:51.429529  2218 raft_consensus.cc:1064] T 4913021dd1754ffebd0576267fcd484f P 37078b2b853d45b0872f481e25ab8b59: attempting to promote NON_VOTER b3eab0a4c30e4070ab6b2b4f9df9e054 to VOTER
I20260710 13:26:51.431799  2218 consensus_queue.cc:237] T 4913021dd1754ffebd0576267fcd484f P 37078b2b853d45b0872f481e25ab8b59 [LEADER]: Queue going to LEADER mode. State: All replicated index: 0, Majority replicated index: 2, Committed index: 2, Last appended: 1.2, Last appended by leader: 0, Current term: 1, Majority size: 3, State: 0, Mode: LEADER, active raft config: opid_index: 3 OBSOLETE_local: false peers { permanent_uuid: "22507693d5bb47f1a01bb3537317a1e1" member_type: VOTER last_known_addr { host: "127.0.107.65" port: 40949 } attrs { replace: true } } peers { permanent_uuid: "c5d8eafeb6714a779d32cd96a5121e24" member_type: VOTER last_known_addr { host: "127.0.107.66" port: 44941 } } peers { permanent_uuid: "37078b2b853d45b0872f481e25ab8b59" member_type: VOTER last_known_addr { host: "127.0.107.67" port: 34299 } } peers { permanent_uuid: "b3eab0a4c30e4070ab6b2b4f9df9e054" member_type: VOTER last_known_addr { host: "127.0.107.68" port: 37611 } attrs { promote: false } }
I20260710 13:26:51.436971  2183 raft_consensus.cc:1064] T 2d13f7c539174d90b758c3f416f00a5f P c5d8eafeb6714a779d32cd96a5121e24: attempting to promote NON_VOTER b3eab0a4c30e4070ab6b2b4f9df9e054 to VOTER
I20260710 13:26:51.440188  1930 raft_consensus.cc:1275] T 4913021dd1754ffebd0576267fcd484f P b3eab0a4c30e4070ab6b2b4f9df9e054 [term 1 LEARNER]: Refusing update from remote peer 37078b2b853d45b0872f481e25ab8b59: Log matching property violated. Preceding OpId in replica: term: 1 index: 2. Preceding OpId from leader: term: 1 index: 3. (index mismatch)
I20260710 13:26:51.441661  1607 raft_consensus.cc:1275] T 4913021dd1754ffebd0576267fcd484f P c5d8eafeb6714a779d32cd96a5121e24 [term 1 FOLLOWER]: Refusing update from remote peer 37078b2b853d45b0872f481e25ab8b59: Log matching property violated. Preceding OpId in replica: term: 1 index: 2. Preceding OpId from leader: term: 1 index: 3. (index mismatch)
I20260710 13:26:51.439970  2183 consensus_queue.cc:237] T 2d13f7c539174d90b758c3f416f00a5f P c5d8eafeb6714a779d32cd96a5121e24 [LEADER]: Queue going to LEADER mode. State: All replicated index: 0, Majority replicated index: 2, Committed index: 2, Last appended: 1.2, Last appended by leader: 0, Current term: 1, Majority size: 3, State: 0, Mode: LEADER, active raft config: opid_index: 3 OBSOLETE_local: false peers { permanent_uuid: "22507693d5bb47f1a01bb3537317a1e1" member_type: VOTER last_known_addr { host: "127.0.107.65" port: 40949 } } peers { permanent_uuid: "c5d8eafeb6714a779d32cd96a5121e24" member_type: VOTER last_known_addr { host: "127.0.107.66" port: 44941 } } peers { permanent_uuid: "37078b2b853d45b0872f481e25ab8b59" member_type: VOTER last_known_addr { host: "127.0.107.67" port: 34299 } attrs { replace: true } } peers { permanent_uuid: "b3eab0a4c30e4070ab6b2b4f9df9e054" member_type: VOTER last_known_addr { host: "127.0.107.68" port: 37611 } attrs { promote: false } }
I20260710 13:26:51.442909  1528 raft_consensus.cc:1275] T 4913021dd1754ffebd0576267fcd484f P 22507693d5bb47f1a01bb3537317a1e1 [term 1 FOLLOWER]: Refusing update from remote peer 37078b2b853d45b0872f481e25ab8b59: Log matching property violated. Preceding OpId in replica: term: 1 index: 2. Preceding OpId from leader: term: 1 index: 3. (index mismatch)
I20260710 13:26:51.445233  2166 consensus_queue.cc:1048] T 4913021dd1754ffebd0576267fcd484f P 37078b2b853d45b0872f481e25ab8b59 [LEADER]: Connected to new peer: Peer: permanent_uuid: "c5d8eafeb6714a779d32cd96a5121e24" member_type: VOTER last_known_addr { host: "127.0.107.66" port: 44941 }, Status: LMP_MISMATCH, Last received: 0.0, Next index: 3, Last known committed idx: 2, Time since last communication: 0.000s
I20260710 13:26:51.446942  2231 consensus_queue.cc:1048] T 4913021dd1754ffebd0576267fcd484f P 37078b2b853d45b0872f481e25ab8b59 [LEADER]: Connected to new peer: Peer: permanent_uuid: "b3eab0a4c30e4070ab6b2b4f9df9e054" member_type: VOTER last_known_addr { host: "127.0.107.68" port: 37611 } attrs { promote: false }, Status: LMP_MISMATCH, Last received: 0.0, Next index: 3, Last known committed idx: 2, Time since last communication: 0.000s
I20260710 13:26:51.447789  2166 consensus_queue.cc:1048] T 4913021dd1754ffebd0576267fcd484f P 37078b2b853d45b0872f481e25ab8b59 [LEADER]: Connected to new peer: Peer: permanent_uuid: "22507693d5bb47f1a01bb3537317a1e1" member_type: VOTER last_known_addr { host: "127.0.107.65" port: 40949 } attrs { replace: true }, Status: LMP_MISMATCH, Last received: 0.0, Next index: 3, Last known committed idx: 2, Time since last communication: 0.000s
I20260710 13:26:51.451038  1930 raft_consensus.cc:1275] T 2d13f7c539174d90b758c3f416f00a5f P b3eab0a4c30e4070ab6b2b4f9df9e054 [term 1 LEARNER]: Refusing update from remote peer c5d8eafeb6714a779d32cd96a5121e24: Log matching property violated. Preceding OpId in replica: term: 1 index: 2. Preceding OpId from leader: term: 1 index: 3. (index mismatch)
I20260710 13:26:51.458319  1680 raft_consensus.cc:1275] T 2d13f7c539174d90b758c3f416f00a5f P 37078b2b853d45b0872f481e25ab8b59 [term 1 FOLLOWER]: Refusing update from remote peer c5d8eafeb6714a779d32cd96a5121e24: Log matching property violated. Preceding OpId in replica: term: 1 index: 2. Preceding OpId from leader: term: 1 index: 3. (index mismatch)
I20260710 13:26:51.452651  1528 raft_consensus.cc:1275] T 2d13f7c539174d90b758c3f416f00a5f P 22507693d5bb47f1a01bb3537317a1e1 [term 1 FOLLOWER]: Refusing update from remote peer c5d8eafeb6714a779d32cd96a5121e24: Log matching property violated. Preceding OpId in replica: term: 1 index: 2. Preceding OpId from leader: term: 1 index: 3. (index mismatch)
I20260710 13:26:51.459437  2183 consensus_queue.cc:1048] T 2d13f7c539174d90b758c3f416f00a5f P c5d8eafeb6714a779d32cd96a5121e24 [LEADER]: Connected to new peer: Peer: permanent_uuid: "b3eab0a4c30e4070ab6b2b4f9df9e054" member_type: VOTER last_known_addr { host: "127.0.107.68" port: 37611 } attrs { promote: false }, Status: LMP_MISMATCH, Last received: 0.0, Next index: 3, Last known committed idx: 2, Time since last communication: 0.000s
I20260710 13:26:51.460479  2213 consensus_queue.cc:1048] T 2d13f7c539174d90b758c3f416f00a5f P c5d8eafeb6714a779d32cd96a5121e24 [LEADER]: Connected to new peer: Peer: permanent_uuid: "22507693d5bb47f1a01bb3537317a1e1" member_type: VOTER last_known_addr { host: "127.0.107.65" port: 40949 }, Status: LMP_MISMATCH, Last received: 0.0, Next index: 3, Last known committed idx: 2, Time since last communication: 0.000s
I20260710 13:26:51.462471  2212 consensus_queue.cc:1048] T 2d13f7c539174d90b758c3f416f00a5f P c5d8eafeb6714a779d32cd96a5121e24 [LEADER]: Connected to new peer: Peer: permanent_uuid: "37078b2b853d45b0872f481e25ab8b59" member_type: VOTER last_known_addr { host: "127.0.107.67" port: 34299 } attrs { replace: true }, Status: LMP_MISMATCH, Last received: 0.0, Next index: 3, Last known committed idx: 2, Time since last communication: 0.000s
I20260710 13:26:51.465798  2166 raft_consensus.cc:2955] T 4913021dd1754ffebd0576267fcd484f P 37078b2b853d45b0872f481e25ab8b59 [term 1 LEADER]: Committing config change with OpId 1.3: config changed from index 2 to 3, b3eab0a4c30e4070ab6b2b4f9df9e054 (127.0.107.68) changed from NON_VOTER to VOTER. New config: { opid_index: 3 OBSOLETE_local: false peers { permanent_uuid: "22507693d5bb47f1a01bb3537317a1e1" member_type: VOTER last_known_addr { host: "127.0.107.65" port: 40949 } attrs { replace: true } } peers { permanent_uuid: "c5d8eafeb6714a779d32cd96a5121e24" member_type: VOTER last_known_addr { host: "127.0.107.66" port: 44941 } } peers { permanent_uuid: "37078b2b853d45b0872f481e25ab8b59" member_type: VOTER last_known_addr { host: "127.0.107.67" port: 34299 } } peers { permanent_uuid: "b3eab0a4c30e4070ab6b2b4f9df9e054" member_type: VOTER last_known_addr { host: "127.0.107.68" port: 37611 } attrs { promote: false } } }
I20260710 13:26:51.486068  1607 raft_consensus.cc:2955] T 4913021dd1754ffebd0576267fcd484f P c5d8eafeb6714a779d32cd96a5121e24 [term 1 FOLLOWER]: Committing config change with OpId 1.3: config changed from index 2 to 3, b3eab0a4c30e4070ab6b2b4f9df9e054 (127.0.107.68) changed from NON_VOTER to VOTER. New config: { opid_index: 3 OBSOLETE_local: false peers { permanent_uuid: "22507693d5bb47f1a01bb3537317a1e1" member_type: VOTER last_known_addr { host: "127.0.107.65" port: 40949 } attrs { replace: true } } peers { permanent_uuid: "c5d8eafeb6714a779d32cd96a5121e24" member_type: VOTER last_known_addr { host: "127.0.107.66" port: 44941 } } peers { permanent_uuid: "37078b2b853d45b0872f481e25ab8b59" member_type: VOTER last_known_addr { host: "127.0.107.67" port: 34299 } } peers { permanent_uuid: "b3eab0a4c30e4070ab6b2b4f9df9e054" member_type: VOTER last_known_addr { host: "127.0.107.68" port: 37611 } attrs { promote: false } } }
I20260710 13:26:51.489355  1930 raft_consensus.cc:2955] T 4913021dd1754ffebd0576267fcd484f P b3eab0a4c30e4070ab6b2b4f9df9e054 [term 1 FOLLOWER]: Committing config change with OpId 1.3: config changed from index 2 to 3, b3eab0a4c30e4070ab6b2b4f9df9e054 (127.0.107.68) changed from NON_VOTER to VOTER. New config: { opid_index: 3 OBSOLETE_local: false peers { permanent_uuid: "22507693d5bb47f1a01bb3537317a1e1" member_type: VOTER last_known_addr { host: "127.0.107.65" port: 40949 } attrs { replace: true } } peers { permanent_uuid: "c5d8eafeb6714a779d32cd96a5121e24" member_type: VOTER last_known_addr { host: "127.0.107.66" port: 44941 } } peers { permanent_uuid: "37078b2b853d45b0872f481e25ab8b59" member_type: VOTER last_known_addr { host: "127.0.107.67" port: 34299 } } peers { permanent_uuid: "b3eab0a4c30e4070ab6b2b4f9df9e054" member_type: VOTER last_known_addr { host: "127.0.107.68" port: 37611 } attrs { promote: false } } }
I20260710 13:26:51.497514  2231 raft_consensus.cc:1064] T 104ab32f4dd2494683ff435eba7625f8 P 37078b2b853d45b0872f481e25ab8b59: attempting to promote NON_VOTER b3eab0a4c30e4070ab6b2b4f9df9e054 to VOTER
I20260710 13:26:51.500018  2231 consensus_queue.cc:237] T 104ab32f4dd2494683ff435eba7625f8 P 37078b2b853d45b0872f481e25ab8b59 [LEADER]: Queue going to LEADER mode. State: All replicated index: 0, Majority replicated index: 2, Committed index: 2, Last appended: 1.2, Last appended by leader: 0, Current term: 1, Majority size: 3, State: 0, Mode: LEADER, active raft config: opid_index: 3 OBSOLETE_local: false peers { permanent_uuid: "22507693d5bb47f1a01bb3537317a1e1" member_type: VOTER last_known_addr { host: "127.0.107.65" port: 40949 } } peers { permanent_uuid: "c5d8eafeb6714a779d32cd96a5121e24" member_type: VOTER last_known_addr { host: "127.0.107.66" port: 44941 } attrs { replace: true } } peers { permanent_uuid: "37078b2b853d45b0872f481e25ab8b59" member_type: VOTER last_known_addr { host: "127.0.107.67" port: 34299 } } peers { permanent_uuid: "b3eab0a4c30e4070ab6b2b4f9df9e054" member_type: VOTER last_known_addr { host: "127.0.107.68" port: 37611 } attrs { promote: false } }
