I20260710 13:26:26.574067 28007 raft_consensus.cc:515] T 452e287409834f90a708d781dcddf927 P 3c219b2543bf47dfbfb551b5fafbc481 [term 0 FOLLOWER]: Starting pre-election with config: opid_index: -1 OBSOLETE_local: false peers { permanent_uuid: "e43624d57c8d45f3833682281008e9fd" member_type: VOTER last_known_addr { host: "127.26.138.193" port: 41767 } } peers { permanent_uuid: "3c219b2543bf47dfbfb551b5fafbc481" member_type: VOTER last_known_addr { host: "127.26.138.194" port: 41977 } } peers { permanent_uuid: "018fc7bd5d994af8a24229a74d02ba32" member_type: VOTER last_known_addr { host: "127.26.138.195" port: 44699 } }
I20260710 13:26:26.575990 28007 leader_election.cc:290] T 452e287409834f90a708d781dcddf927 P 3c219b2543bf47dfbfb551b5fafbc481 [CANDIDATE]: Term 1 pre-election: Requested pre-vote from peers e43624d57c8d45f3833682281008e9fd (127.26.138.193:41767), 018fc7bd5d994af8a24229a74d02ba32 (127.26.138.195:44699)
I20260710 13:26:26.573217 28001 tablet_bootstrap.cc:492] T acc50a14552740acb5df4b4cabc53e2c P 3c219b2543bf47dfbfb551b5fafbc481: No bootstrap required, opened a new log
I20260710 13:26:26.576376 27888 tablet_service.cc:1917] Received RequestConsensusVote() RPC: tablet_id: "3d82e7157f2d4b56a6af9bbfde522230" candidate_uuid: "018fc7bd5d994af8a24229a74d02ba32" candidate_term: 1 candidate_status { last_received { term: 0 index: 0 } } ignore_live_leader: false dest_uuid: "3c219b2543bf47dfbfb551b5fafbc481" is_pre_election: true
I20260710 13:26:26.570314 28002 ts_tablet_manager.cc:1434] T 09ac7fce82704ace90bb051b1f1acaee P e43624d57c8d45f3833682281008e9fd: Time spent starting tablet: real 0.010s	user 0.003s	sys 0.003s
I20260710 13:26:26.576975 28001 ts_tablet_manager.cc:1403] T acc50a14552740acb5df4b4cabc53e2c P 3c219b2543bf47dfbfb551b5fafbc481: Time spent bootstrapping tablet: real 0.029s	user 0.008s	sys 0.016s
I20260710 13:26:26.577849 28002 tablet_bootstrap.cc:492] T 7cafe72a90b04cc1aae0e242fe5093fe P e43624d57c8d45f3833682281008e9fd: Bootstrap starting.
W20260710 13:26:26.578565 27928 leader_election.cc:343] T 3d82e7157f2d4b56a6af9bbfde522230 P 018fc7bd5d994af8a24229a74d02ba32 [CANDIDATE]: Term 1 pre-election: Tablet error from VoteRequest() call to peer 3c219b2543bf47dfbfb551b5fafbc481 (127.26.138.194:41977): Illegal state: must be running to vote when last-logged opid is not known
I20260710 13:26:26.580466 28001 raft_consensus.cc:359] T acc50a14552740acb5df4b4cabc53e2c P 3c219b2543bf47dfbfb551b5fafbc481 [term 0 FOLLOWER]: Replica starting. Triggering 0 pending ops. Active config: opid_index: -1 OBSOLETE_local: false peers { permanent_uuid: "e43624d57c8d45f3833682281008e9fd" member_type: VOTER last_known_addr { host: "127.26.138.193" port: 41767 } } peers { permanent_uuid: "3c219b2543bf47dfbfb551b5fafbc481" member_type: VOTER last_known_addr { host: "127.26.138.194" port: 41977 } } peers { permanent_uuid: "018fc7bd5d994af8a24229a74d02ba32" member_type: VOTER last_known_addr { host: "127.26.138.195" port: 44699 } }
I20260710 13:26:26.581257 28001 raft_consensus.cc:385] T acc50a14552740acb5df4b4cabc53e2c P 3c219b2543bf47dfbfb551b5fafbc481 [term 0 FOLLOWER]: Consensus starting up: Expiring failure detector timer to make a prompt election more likely
I20260710 13:26:26.581597 28001 raft_consensus.cc:740] T acc50a14552740acb5df4b4cabc53e2c P 3c219b2543bf47dfbfb551b5fafbc481 [term 0 FOLLOWER]: Becoming Follower/Learner. State: Replica: 3c219b2543bf47dfbfb551b5fafbc481, State: Initialized, Role: FOLLOWER
I20260710 13:26:26.582363 28001 consensus_queue.cc:260] T acc50a14552740acb5df4b4cabc53e2c P 3c219b2543bf47dfbfb551b5fafbc481 [NON_LEADER]: Queue going to NON_LEADER mode. State: All replicated index: 0, Majority replicated index: 0, Committed index: 0, Last appended: 0.0, Last appended by leader: 0, Current term: 0, Majority size: -1, State: 0, Mode: NON_LEADER, active raft config: opid_index: -1 OBSOLETE_local: false peers { permanent_uuid: "e43624d57c8d45f3833682281008e9fd" member_type: VOTER last_known_addr { host: "127.26.138.193" port: 41767 } } peers { permanent_uuid: "3c219b2543bf47dfbfb551b5fafbc481" member_type: VOTER last_known_addr { host: "127.26.138.194" port: 41977 } } peers { permanent_uuid: "018fc7bd5d994af8a24229a74d02ba32" member_type: VOTER last_known_addr { host: "127.26.138.195" port: 44699 } }
I20260710 13:26:26.583475 28002 tablet_bootstrap.cc:654] T 7cafe72a90b04cc1aae0e242fe5093fe P e43624d57c8d45f3833682281008e9fd: Neither blocks nor log segments found. Creating new log.
I20260710 13:26:26.584909 28001 ts_tablet_manager.cc:1434] T acc50a14552740acb5df4b4cabc53e2c P 3c219b2543bf47dfbfb551b5fafbc481: Time spent starting tablet: real 0.007s	user 0.005s	sys 0.001s
I20260710 13:26:26.586150 28001 tablet_bootstrap.cc:492] T 7cafe72a90b04cc1aae0e242fe5093fe P 3c219b2543bf47dfbfb551b5fafbc481: Bootstrap starting.
I20260710 13:26:26.587638 28003 tablet_bootstrap.cc:492] T acc50a14552740acb5df4b4cabc53e2c P 018fc7bd5d994af8a24229a74d02ba32: No bootstrap required, opened a new log
I20260710 13:26:26.588018 28003 ts_tablet_manager.cc:1403] T acc50a14552740acb5df4b4cabc53e2c P 018fc7bd5d994af8a24229a74d02ba32: Time spent bootstrapping tablet: real 0.042s	user 0.013s	sys 0.008s
I20260710 13:26:26.590483 28003 raft_consensus.cc:359] T acc50a14552740acb5df4b4cabc53e2c P 018fc7bd5d994af8a24229a74d02ba32 [term 0 FOLLOWER]: Replica starting. Triggering 0 pending ops. Active config: opid_index: -1 OBSOLETE_local: false peers { permanent_uuid: "e43624d57c8d45f3833682281008e9fd" member_type: VOTER last_known_addr { host: "127.26.138.193" port: 41767 } } peers { permanent_uuid: "3c219b2543bf47dfbfb551b5fafbc481" member_type: VOTER last_known_addr { host: "127.26.138.194" port: 41977 } } peers { permanent_uuid: "018fc7bd5d994af8a24229a74d02ba32" member_type: VOTER last_known_addr { host: "127.26.138.195" port: 44699 } }
I20260710 13:26:26.591120 28003 raft_consensus.cc:385] T acc50a14552740acb5df4b4cabc53e2c P 018fc7bd5d994af8a24229a74d02ba32 [term 0 FOLLOWER]: Consensus starting up: Expiring failure detector timer to make a prompt election more likely
I20260710 13:26:26.591377 28003 raft_consensus.cc:740] T acc50a14552740acb5df4b4cabc53e2c P 018fc7bd5d994af8a24229a74d02ba32 [term 0 FOLLOWER]: Becoming Follower/Learner. State: Replica: 018fc7bd5d994af8a24229a74d02ba32, State: Initialized, Role: FOLLOWER
I20260710 13:26:26.592023 28003 consensus_queue.cc:260] T acc50a14552740acb5df4b4cabc53e2c P 018fc7bd5d994af8a24229a74d02ba32 [NON_LEADER]: Queue going to NON_LEADER mode. State: All replicated index: 0, Majority replicated index: 0, Committed index: 0, Last appended: 0.0, Last appended by leader: 0, Current term: 0, Majority size: -1, State: 0, Mode: NON_LEADER, active raft config: opid_index: -1 OBSOLETE_local: false peers { permanent_uuid: "e43624d57c8d45f3833682281008e9fd" member_type: VOTER last_known_addr { host: "127.26.138.193" port: 41767 } } peers { permanent_uuid: "3c219b2543bf47dfbfb551b5fafbc481" member_type: VOTER last_known_addr { host: "127.26.138.194" port: 41977 } } peers { permanent_uuid: "018fc7bd5d994af8a24229a74d02ba32" member_type: VOTER last_known_addr { host: "127.26.138.195" port: 44699 } }
I20260710 13:26:26.593470 28001 tablet_bootstrap.cc:654] T 7cafe72a90b04cc1aae0e242fe5093fe P 3c219b2543bf47dfbfb551b5fafbc481: Neither blocks nor log segments found. Creating new log.
I20260710 13:26:26.594363 28003 ts_tablet_manager.cc:1434] T acc50a14552740acb5df4b4cabc53e2c P 018fc7bd5d994af8a24229a74d02ba32: Time spent starting tablet: real 0.006s	user 0.005s	sys 0.000s
I20260710 13:26:26.595377 28003 tablet_bootstrap.cc:492] T 613c4469e24448459d22115845f2b3c3 P 018fc7bd5d994af8a24229a74d02ba32: Bootstrap starting.
I20260710 13:26:26.600852 28003 tablet_bootstrap.cc:654] T 613c4469e24448459d22115845f2b3c3 P 018fc7bd5d994af8a24229a74d02ba32: Neither blocks nor log segments found. Creating new log.
I20260710 13:26:26.601576 27813 tablet_service.cc:1917] Received RequestConsensusVote() RPC: tablet_id: "3d82e7157f2d4b56a6af9bbfde522230" candidate_uuid: "018fc7bd5d994af8a24229a74d02ba32" candidate_term: 1 candidate_status { last_received { term: 0 index: 0 } } ignore_live_leader: false dest_uuid: "e43624d57c8d45f3833682281008e9fd" is_pre_election: true
I20260710 13:26:26.602303 27813 raft_consensus.cc:2468] T 3d82e7157f2d4b56a6af9bbfde522230 P e43624d57c8d45f3833682281008e9fd [term 0 FOLLOWER]: Leader pre-election vote request: Granting yes vote for candidate 018fc7bd5d994af8a24229a74d02ba32 in term 0.
I20260710 13:26:26.608028 27925 leader_election.cc:304] T 3d82e7157f2d4b56a6af9bbfde522230 P 018fc7bd5d994af8a24229a74d02ba32 [CANDIDATE]: Term 1 pre-election: Election decided. Result: candidate won. Election summary: received 3 responses out of 3 voters: 2 yes votes; 1 no votes. yes voters: 018fc7bd5d994af8a24229a74d02ba32, e43624d57c8d45f3833682281008e9fd; no voters: 3c219b2543bf47dfbfb551b5fafbc481
I20260710 13:26:26.608938 28008 raft_consensus.cc:2804] T 3d82e7157f2d4b56a6af9bbfde522230 P 018fc7bd5d994af8a24229a74d02ba32 [term 0 FOLLOWER]: Leader pre-election won for term 1
I20260710 13:26:26.609300 28008 raft_consensus.cc:493] T 3d82e7157f2d4b56a6af9bbfde522230 P 018fc7bd5d994af8a24229a74d02ba32 [term 0 FOLLOWER]: Starting leader election (no leader contacted us within the election timeout)
I20260710 13:26:26.609616 28008 raft_consensus.cc:3060] T 3d82e7157f2d4b56a6af9bbfde522230 P 018fc7bd5d994af8a24229a74d02ba32 [term 0 FOLLOWER]: Advancing to term 1
I20260710 13:26:26.615975 28002 tablet_bootstrap.cc:492] T 7cafe72a90b04cc1aae0e242fe5093fe P e43624d57c8d45f3833682281008e9fd: No bootstrap required, opened a new log
I20260710 13:26:26.615893 28008 raft_consensus.cc:515] T 3d82e7157f2d4b56a6af9bbfde522230 P 018fc7bd5d994af8a24229a74d02ba32 [term 1 FOLLOWER]: Starting leader election with config: opid_index: -1 OBSOLETE_local: false peers { permanent_uuid: "e43624d57c8d45f3833682281008e9fd" member_type: VOTER last_known_addr { host: "127.26.138.193" port: 41767 } } peers { permanent_uuid: "3c219b2543bf47dfbfb551b5fafbc481" member_type: VOTER last_known_addr { host: "127.26.138.194" port: 41977 } } peers { permanent_uuid: "018fc7bd5d994af8a24229a74d02ba32" member_type: VOTER last_known_addr { host: "127.26.138.195" port: 44699 } }
I20260710 13:26:26.616573 28002 ts_tablet_manager.cc:1403] T 7cafe72a90b04cc1aae0e242fe5093fe P e43624d57c8d45f3833682281008e9fd: Time spent bootstrapping tablet: real 0.039s	user 0.012s	sys 0.001s
I20260710 13:26:26.618268 27813 tablet_service.cc:1917] Received RequestConsensusVote() RPC: tablet_id: "3d82e7157f2d4b56a6af9bbfde522230" candidate_uuid: "018fc7bd5d994af8a24229a74d02ba32" candidate_term: 1 candidate_status { last_received { term: 0 index: 0 } } ignore_live_leader: false dest_uuid: "e43624d57c8d45f3833682281008e9fd"
I20260710 13:26:26.618741 27813 raft_consensus.cc:3060] T 3d82e7157f2d4b56a6af9bbfde522230 P e43624d57c8d45f3833682281008e9fd [term 0 FOLLOWER]: Advancing to term 1
I20260710 13:26:26.619793 28002 raft_consensus.cc:359] T 7cafe72a90b04cc1aae0e242fe5093fe P e43624d57c8d45f3833682281008e9fd [term 0 FOLLOWER]: Replica starting. Triggering 0 pending ops. Active config: opid_index: -1 OBSOLETE_local: false peers { permanent_uuid: "e43624d57c8d45f3833682281008e9fd" member_type: VOTER last_known_addr { host: "127.26.138.193" port: 41767 } } peers { permanent_uuid: "3c219b2543bf47dfbfb551b5fafbc481" member_type: VOTER last_known_addr { host: "127.26.138.194" port: 41977 } } peers { permanent_uuid: "018fc7bd5d994af8a24229a74d02ba32" member_type: VOTER last_known_addr { host: "127.26.138.195" port: 44699 } }
I20260710 13:26:26.620570 28002 raft_consensus.cc:385] T 7cafe72a90b04cc1aae0e242fe5093fe P e43624d57c8d45f3833682281008e9fd [term 0 FOLLOWER]: Consensus starting up: Expiring failure detector timer to make a prompt election more likely
I20260710 13:26:26.620877 28002 raft_consensus.cc:740] T 7cafe72a90b04cc1aae0e242fe5093fe P e43624d57c8d45f3833682281008e9fd [term 0 FOLLOWER]: Becoming Follower/Learner. State: Replica: e43624d57c8d45f3833682281008e9fd, State: Initialized, Role: FOLLOWER
I20260710 13:26:26.621695 28002 consensus_queue.cc:260] T 7cafe72a90b04cc1aae0e242fe5093fe P e43624d57c8d45f3833682281008e9fd [NON_LEADER]: Queue going to NON_LEADER mode. State: All replicated index: 0, Majority replicated index: 0, Committed index: 0, Last appended: 0.0, Last appended by leader: 0, Current term: 0, Majority size: -1, State: 0, Mode: NON_LEADER, active raft config: opid_index: -1 OBSOLETE_local: false peers { permanent_uuid: "e43624d57c8d45f3833682281008e9fd" member_type: VOTER last_known_addr { host: "127.26.138.193" port: 41767 } } peers { permanent_uuid: "3c219b2543bf47dfbfb551b5fafbc481" member_type: VOTER last_known_addr { host: "127.26.138.194" port: 41977 } } peers { permanent_uuid: "018fc7bd5d994af8a24229a74d02ba32" member_type: VOTER last_known_addr { host: "127.26.138.195" port: 44699 } }
I20260710 13:26:26.624269 27813 raft_consensus.cc:2468] T 3d82e7157f2d4b56a6af9bbfde522230 P e43624d57c8d45f3833682281008e9fd [term 1 FOLLOWER]: Leader election vote request: Granting yes vote for candidate 018fc7bd5d994af8a24229a74d02ba32 in term 1.
I20260710 13:26:26.626631 28008 leader_election.cc:290] T 3d82e7157f2d4b56a6af9bbfde522230 P 018fc7bd5d994af8a24229a74d02ba32 [CANDIDATE]: Term 1 election: Requested vote from peers e43624d57c8d45f3833682281008e9fd (127.26.138.193:41767), 3c219b2543bf47dfbfb551b5fafbc481 (127.26.138.194:41977)
I20260710 13:26:26.627280 28002 ts_tablet_manager.cc:1434] T 7cafe72a90b04cc1aae0e242fe5093fe P e43624d57c8d45f3833682281008e9fd: Time spent starting tablet: real 0.010s	user 0.007s	sys 0.000s
I20260710 13:26:26.628280 28002 tablet_bootstrap.cc:492] T 613c4469e24448459d22115845f2b3c3 P e43624d57c8d45f3833682281008e9fd: Bootstrap starting.
I20260710 13:26:26.628940 27888 tablet_service.cc:1917] Received RequestConsensusVote() RPC: tablet_id: "3d82e7157f2d4b56a6af9bbfde522230" candidate_uuid: "018fc7bd5d994af8a24229a74d02ba32" candidate_term: 1 candidate_status { last_received { term: 0 index: 0 } } ignore_live_leader: false dest_uuid: "3c219b2543bf47dfbfb551b5fafbc481"
W20260710 13:26:26.630502 27928 leader_election.cc:343] T 3d82e7157f2d4b56a6af9bbfde522230 P 018fc7bd5d994af8a24229a74d02ba32 [CANDIDATE]: Term 1 election: Tablet error from VoteRequest() call to peer 3c219b2543bf47dfbfb551b5fafbc481 (127.26.138.194:41977): Illegal state: must be running to vote when last-logged opid is not known
I20260710 13:26:26.641333 28001 tablet_bootstrap.cc:492] T 7cafe72a90b04cc1aae0e242fe5093fe P 3c219b2543bf47dfbfb551b5fafbc481: No bootstrap required, opened a new log
I20260710 13:26:26.641737 27962 tablet_service.cc:1917] Received RequestConsensusVote() RPC: tablet_id: "fb2be10c913a4660a1b06c9bc4a2d542" candidate_uuid: "3c219b2543bf47dfbfb551b5fafbc481" candidate_term: 1 candidate_status { last_received { term: 0 index: 0 } } ignore_live_leader: false dest_uuid: "018fc7bd5d994af8a24229a74d02ba32" is_pre_election: true
I20260710 13:26:26.642529 27813 tablet_service.cc:1917] Received RequestConsensusVote() RPC: tablet_id: "fb2be10c913a4660a1b06c9bc4a2d542" candidate_uuid: "3c219b2543bf47dfbfb551b5fafbc481" candidate_term: 1 candidate_status { last_received { term: 0 index: 0 } } ignore_live_leader: false dest_uuid: "e43624d57c8d45f3833682281008e9fd" is_pre_election: true
I20260710 13:26:26.642899 27812 tablet_service.cc:1917] Received RequestConsensusVote() RPC: tablet_id: "452e287409834f90a708d781dcddf927" candidate_uuid: "3c219b2543bf47dfbfb551b5fafbc481" candidate_term: 1 candidate_status { last_received { term: 0 index: 0 } } ignore_live_leader: false dest_uuid: "e43624d57c8d45f3833682281008e9fd" is_pre_election: true
I20260710 13:26:26.643011 27813 raft_consensus.cc:2468] T fb2be10c913a4660a1b06c9bc4a2d542 P e43624d57c8d45f3833682281008e9fd [term 0 FOLLOWER]: Leader pre-election vote request: Granting yes vote for candidate 3c219b2543bf47dfbfb551b5fafbc481 in term 0.
I20260710 13:26:26.643379 27925 leader_election.cc:304] T 3d82e7157f2d4b56a6af9bbfde522230 P 018fc7bd5d994af8a24229a74d02ba32 [CANDIDATE]: Term 1 election: Election decided. Result: candidate won. Election summary: received 3 responses out of 3 voters: 2 yes votes; 1 no votes. yes voters: 018fc7bd5d994af8a24229a74d02ba32, e43624d57c8d45f3833682281008e9fd; no voters: 3c219b2543bf47dfbfb551b5fafbc481
I20260710 13:26:26.643451 27812 raft_consensus.cc:2468] T 452e287409834f90a708d781dcddf927 P e43624d57c8d45f3833682281008e9fd [term 0 FOLLOWER]: Leader pre-election vote request: Granting yes vote for candidate 3c219b2543bf47dfbfb551b5fafbc481 in term 0.
I20260710 13:26:26.644196 28008 raft_consensus.cc:2804] T 3d82e7157f2d4b56a6af9bbfde522230 P 018fc7bd5d994af8a24229a74d02ba32 [term 1 FOLLOWER]: Leader election won for term 1
I20260710 13:26:26.644218 27851 leader_election.cc:304] T fb2be10c913a4660a1b06c9bc4a2d542 P 3c219b2543bf47dfbfb551b5fafbc481 [CANDIDATE]: Term 1 pre-election: Election decided. Result: candidate won. Election summary: received 2 responses out of 3 voters: 2 yes votes; 0 no votes. yes voters: 3c219b2543bf47dfbfb551b5fafbc481, e43624d57c8d45f3833682281008e9fd; no voters: 
I20260710 13:26:26.644841 27962 tablet_service.cc:1917] Received RequestConsensusVote() RPC: tablet_id: "452e287409834f90a708d781dcddf927" candidate_uuid: "3c219b2543bf47dfbfb551b5fafbc481" candidate_term: 1 candidate_status { last_received { term: 0 index: 0 } } ignore_live_leader: false dest_uuid: "018fc7bd5d994af8a24229a74d02ba32" is_pre_election: true
I20260710 13:26:26.645560 28002 tablet_bootstrap.cc:654] T 613c4469e24448459d22115845f2b3c3 P e43624d57c8d45f3833682281008e9fd: Neither blocks nor log segments found. Creating new log.
I20260710 13:26:26.645670 28007 raft_consensus.cc:2804] T fb2be10c913a4660a1b06c9bc4a2d542 P 3c219b2543bf47dfbfb551b5fafbc481 [term 0 FOLLOWER]: Leader pre-election won for term 1
I20260710 13:26:26.646019 28007 raft_consensus.cc:493] T fb2be10c913a4660a1b06c9bc4a2d542 P 3c219b2543bf47dfbfb551b5fafbc481 [term 0 FOLLOWER]: Starting leader election (no leader contacted us within the election timeout)
I20260710 13:26:26.646350 28007 raft_consensus.cc:3060] T fb2be10c913a4660a1b06c9bc4a2d542 P 3c219b2543bf47dfbfb551b5fafbc481 [term 0 FOLLOWER]: Advancing to term 1
I20260710 13:26:26.641774 28001 ts_tablet_manager.cc:1403] T 7cafe72a90b04cc1aae0e242fe5093fe P 3c219b2543bf47dfbfb551b5fafbc481: Time spent bootstrapping tablet: real 0.056s	user 0.030s	sys 0.018s
I20260710 13:26:26.651706 28003 tablet_bootstrap.cc:492] T 613c4469e24448459d22115845f2b3c3 P 018fc7bd5d994af8a24229a74d02ba32: No bootstrap required, opened a new log
I20260710 13:26:26.651546 28001 raft_consensus.cc:359] T 7cafe72a90b04cc1aae0e242fe5093fe P 3c219b2543bf47dfbfb551b5fafbc481 [term 0 FOLLOWER]: Replica starting. Triggering 0 pending ops. Active config: opid_index: -1 OBSOLETE_local: false peers { permanent_uuid: "e43624d57c8d45f3833682281008e9fd" member_type: VOTER last_known_addr { host: "127.26.138.193" port: 41767 } } peers { permanent_uuid: "3c219b2543bf47dfbfb551b5fafbc481" member_type: VOTER last_known_addr { host: "127.26.138.194" port: 41977 } } peers { permanent_uuid: "018fc7bd5d994af8a24229a74d02ba32" member_type: VOTER last_known_addr { host: "127.26.138.195" port: 44699 } }
I20260710 13:26:26.653576 28001 raft_consensus.cc:385] T 7cafe72a90b04cc1aae0e242fe5093fe P 3c219b2543bf47dfbfb551b5fafbc481 [term 0 FOLLOWER]: Consensus starting up: Expiring failure detector timer to make a prompt election more likely
I20260710 13:26:26.653774 28003 ts_tablet_manager.cc:1403] T 613c4469e24448459d22115845f2b3c3 P 018fc7bd5d994af8a24229a74d02ba32: Time spent bootstrapping tablet: real 0.059s	user 0.007s	sys 0.023s
I20260710 13:26:26.653863 28001 raft_consensus.cc:740] T 7cafe72a90b04cc1aae0e242fe5093fe P 3c219b2543bf47dfbfb551b5fafbc481 [term 0 FOLLOWER]: Becoming Follower/Learner. State: Replica: 3c219b2543bf47dfbfb551b5fafbc481, State: Initialized, Role: FOLLOWER
W20260710 13:26:26.652518 27851 leader_election.cc:343] T fb2be10c913a4660a1b06c9bc4a2d542 P 3c219b2543bf47dfbfb551b5fafbc481 [CANDIDATE]: Term 1 pre-election: Tablet error from VoteRequest() call to peer 018fc7bd5d994af8a24229a74d02ba32 (127.26.138.195:44699): Illegal state: must be running to vote when last-logged opid is not known
I20260710 13:26:26.655253 28001 consensus_queue.cc:260] T 7cafe72a90b04cc1aae0e242fe5093fe P 3c219b2543bf47dfbfb551b5fafbc481 [NON_LEADER]: Queue going to NON_LEADER mode. State: All replicated index: 0, Majority replicated index: 0, Committed index: 0, Last appended: 0.0, Last appended by leader: 0, Current term: 0, Majority size: -1, State: 0, Mode: NON_LEADER, active raft config: opid_index: -1 OBSOLETE_local: false peers { permanent_uuid: "e43624d57c8d45f3833682281008e9fd" member_type: VOTER last_known_addr { host: "127.26.138.193" port: 41767 } } peers { permanent_uuid: "3c219b2543bf47dfbfb551b5fafbc481" member_type: VOTER last_known_addr { host: "127.26.138.194" port: 41977 } } peers { permanent_uuid: "018fc7bd5d994af8a24229a74d02ba32" member_type: VOTER last_known_addr { host: "127.26.138.195" port: 44699 } }
W20260710 13:26:26.656364 27851 leader_election.cc:343] T 452e287409834f90a708d781dcddf927 P 3c219b2543bf47dfbfb551b5fafbc481 [CANDIDATE]: Term 1 pre-election: Tablet error from VoteRequest() call to peer 018fc7bd5d994af8a24229a74d02ba32 (127.26.138.195:44699): Illegal state: must be running to vote when last-logged opid is not known
I20260710 13:26:26.657145 27851 leader_election.cc:304] T 452e287409834f90a708d781dcddf927 P 3c219b2543bf47dfbfb551b5fafbc481 [CANDIDATE]: Term 1 pre-election: Election decided. Result: candidate won. Election summary: received 3 responses out of 3 voters: 2 yes votes; 1 no votes. yes voters: 3c219b2543bf47dfbfb551b5fafbc481, e43624d57c8d45f3833682281008e9fd; no voters: 018fc7bd5d994af8a24229a74d02ba32
I20260710 13:26:26.655403 28007 raft_consensus.cc:515] T fb2be10c913a4660a1b06c9bc4a2d542 P 3c219b2543bf47dfbfb551b5fafbc481 [term 1 FOLLOWER]: Starting leader election with config: opid_index: -1 OBSOLETE_local: false peers { permanent_uuid: "3c219b2543bf47dfbfb551b5fafbc481" member_type: VOTER last_known_addr { host: "127.26.138.194" port: 41977 } } peers { permanent_uuid: "e43624d57c8d45f3833682281008e9fd" member_type: VOTER last_known_addr { host: "127.26.138.193" port: 41767 } } peers { permanent_uuid: "018fc7bd5d994af8a24229a74d02ba32" member_type: VOTER last_known_addr { host: "127.26.138.195" port: 44699 } }
I20260710 13:26:26.660051 28003 raft_consensus.cc:359] T 613c4469e24448459d22115845f2b3c3 P 018fc7bd5d994af8a24229a74d02ba32 [term 0 FOLLOWER]: Replica starting. Triggering 0 pending ops. Active config: opid_index: -1 OBSOLETE_local: false peers { permanent_uuid: "e43624d57c8d45f3833682281008e9fd" member_type: VOTER last_known_addr { host: "127.26.138.193" port: 41767 } } peers { permanent_uuid: "3c219b2543bf47dfbfb551b5fafbc481" member_type: VOTER last_known_addr { host: "127.26.138.194" port: 41977 } } peers { permanent_uuid: "018fc7bd5d994af8a24229a74d02ba32" member_type: VOTER last_known_addr { host: "127.26.138.195" port: 44699 } }
I20260710 13:26:26.662962 28003 raft_consensus.cc:385] T 613c4469e24448459d22115845f2b3c3 P 018fc7bd5d994af8a24229a74d02ba32 [term 0 FOLLOWER]: Consensus starting up: Expiring failure detector timer to make a prompt election more likely
I20260710 13:26:26.663435 28003 raft_consensus.cc:740] T 613c4469e24448459d22115845f2b3c3 P 018fc7bd5d994af8a24229a74d02ba32 [term 0 FOLLOWER]: Becoming Follower/Learner. State: Replica: 018fc7bd5d994af8a24229a74d02ba32, State: Initialized, Role: FOLLOWER
I20260710 13:26:26.664496 28003 consensus_queue.cc:260] T 613c4469e24448459d22115845f2b3c3 P 018fc7bd5d994af8a24229a74d02ba32 [NON_LEADER]: Queue going to NON_LEADER mode. State: All replicated index: 0, Majority replicated index: 0, Committed index: 0, Last appended: 0.0, Last appended by leader: 0, Current term: 0, Majority size: -1, State: 0, Mode: NON_LEADER, active raft config: opid_index: -1 OBSOLETE_local: false peers { permanent_uuid: "e43624d57c8d45f3833682281008e9fd" member_type: VOTER last_known_addr { host: "127.26.138.193" port: 41767 } } peers { permanent_uuid: "3c219b2543bf47dfbfb551b5fafbc481" member_type: VOTER last_known_addr { host: "127.26.138.194" port: 41977 } } peers { permanent_uuid: "018fc7bd5d994af8a24229a74d02ba32" member_type: VOTER last_known_addr { host: "127.26.138.195" port: 44699 } }
I20260710 13:26:26.661777 28008 raft_consensus.cc:697] T 3d82e7157f2d4b56a6af9bbfde522230 P 018fc7bd5d994af8a24229a74d02ba32 [term 1 LEADER]: Becoming Leader. State: Replica: 018fc7bd5d994af8a24229a74d02ba32, State: Running, Role: LEADER
I20260710 13:26:26.665094 27812 tablet_service.cc:1917] Received RequestConsensusVote() RPC: tablet_id: "fb2be10c913a4660a1b06c9bc4a2d542" candidate_uuid: "3c219b2543bf47dfbfb551b5fafbc481" candidate_term: 1 candidate_status { last_received { term: 0 index: 0 } } ignore_live_leader: false dest_uuid: "e43624d57c8d45f3833682281008e9fd"
I20260710 13:26:26.665825 27812 raft_consensus.cc:3060] T fb2be10c913a4660a1b06c9bc4a2d542 P e43624d57c8d45f3833682281008e9fd [term 0 FOLLOWER]: Advancing to term 1
I20260710 13:26:26.666217 28008 consensus_queue.cc:237] T 3d82e7157f2d4b56a6af9bbfde522230 P 018fc7bd5d994af8a24229a74d02ba32 [LEADER]: Queue going to LEADER mode. State: All replicated index: 0, Majority replicated index: 0, Committed index: 0, Last appended: 0.0, Last appended by leader: 0, Current term: 1, Majority size: 2, State: 0, Mode: LEADER, active raft config: opid_index: -1 OBSOLETE_local: false peers { permanent_uuid: "e43624d57c8d45f3833682281008e9fd" member_type: VOTER last_known_addr { host: "127.26.138.193" port: 41767 } } peers { permanent_uuid: "3c219b2543bf47dfbfb551b5fafbc481" member_type: VOTER last_known_addr { host: "127.26.138.194" port: 41977 } } peers { permanent_uuid: "018fc7bd5d994af8a24229a74d02ba32" member_type: VOTER last_known_addr { host: "127.26.138.195" port: 44699 } }
I20260710 13:26:26.660772 28007 leader_election.cc:290] T fb2be10c913a4660a1b06c9bc4a2d542 P 3c219b2543bf47dfbfb551b5fafbc481 [CANDIDATE]: Term 1 election: Requested vote from peers e43624d57c8d45f3833682281008e9fd (127.26.138.193:41767), 018fc7bd5d994af8a24229a74d02ba32 (127.26.138.195:44699)
I20260710 13:26:26.670562 28007 raft_consensus.cc:2804] T 452e287409834f90a708d781dcddf927 P 3c219b2543bf47dfbfb551b5fafbc481 [term 0 FOLLOWER]: Leader pre-election won for term 1
I20260710 13:26:26.672297 28031 raft_consensus.cc:493] T 613c4469e24448459d22115845f2b3c3 P 018fc7bd5d994af8a24229a74d02ba32 [term 0 FOLLOWER]: Starting pre-election (no leader contacted us within the election timeout)
I20260710 13:26:26.672770 28031 raft_consensus.cc:515] T 613c4469e24448459d22115845f2b3c3 P 018fc7bd5d994af8a24229a74d02ba32 [term 0 FOLLOWER]: Starting pre-election with config: opid_index: -1 OBSOLETE_local: false peers { permanent_uuid: "e43624d57c8d45f3833682281008e9fd" member_type: VOTER last_known_addr { host: "127.26.138.193" port: 41767 } } peers { permanent_uuid: "3c219b2543bf47dfbfb551b5fafbc481" member_type: VOTER last_known_addr { host: "127.26.138.194" port: 41977 } } peers { permanent_uuid: "018fc7bd5d994af8a24229a74d02ba32" member_type: VOTER last_known_addr { host: "127.26.138.195" port: 44699 } }
I20260710 13:26:26.673650 27812 raft_consensus.cc:2468] T fb2be10c913a4660a1b06c9bc4a2d542 P e43624d57c8d45f3833682281008e9fd [term 1 FOLLOWER]: Leader election vote request: Granting yes vote for candidate 3c219b2543bf47dfbfb551b5fafbc481 in term 1.
I20260710 13:26:26.675884 27962 tablet_service.cc:1917] Received RequestConsensusVote() RPC: tablet_id: "fb2be10c913a4660a1b06c9bc4a2d542" candidate_uuid: "3c219b2543bf47dfbfb551b5fafbc481" candidate_term: 1 candidate_status { last_received { term: 0 index: 0 } } ignore_live_leader: false dest_uuid: "018fc7bd5d994af8a24229a74d02ba32"
I20260710 13:26:26.676126 27888 tablet_service.cc:1917] Received RequestConsensusVote() RPC: tablet_id: "613c4469e24448459d22115845f2b3c3" candidate_uuid: "018fc7bd5d994af8a24229a74d02ba32" candidate_term: 1 candidate_status { last_received { term: 0 index: 0 } } ignore_live_leader: false dest_uuid: "3c219b2543bf47dfbfb551b5fafbc481" is_pre_election: true
W20260710 13:26:26.679373 27928 leader_election.cc:343] T 613c4469e24448459d22115845f2b3c3 P 018fc7bd5d994af8a24229a74d02ba32 [CANDIDATE]: Term 1 pre-election: Tablet error from VoteRequest() call to peer 3c219b2543bf47dfbfb551b5fafbc481 (127.26.138.194:41977): Illegal state: must be running to vote when last-logged opid is not known
I20260710 13:26:26.670929 28007 raft_consensus.cc:493] T 452e287409834f90a708d781dcddf927 P 3c219b2543bf47dfbfb551b5fafbc481 [term 0 FOLLOWER]: Starting leader election (no leader contacted us within the election timeout)
I20260710 13:26:26.677143 27813 tablet_service.cc:1917] Received RequestConsensusVote() RPC: tablet_id: "613c4469e24448459d22115845f2b3c3" candidate_uuid: "018fc7bd5d994af8a24229a74d02ba32" candidate_term: 1 candidate_status { last_received { term: 0 index: 0 } } ignore_live_leader: false dest_uuid: "e43624d57c8d45f3833682281008e9fd" is_pre_election: true
I20260710 13:26:26.680284 28007 raft_consensus.cc:3060] T 452e287409834f90a708d781dcddf927 P 3c219b2543bf47dfbfb551b5fafbc481 [term 0 FOLLOWER]: Advancing to term 1
W20260710 13:26:26.681456 27925 leader_election.cc:343] T 613c4469e24448459d22115845f2b3c3 P 018fc7bd5d994af8a24229a74d02ba32 [CANDIDATE]: Term 1 pre-election: Tablet error from VoteRequest() call to peer e43624d57c8d45f3833682281008e9fd (127.26.138.193:41767): Illegal state: must be running to vote when last-logged opid is not known
I20260710 13:26:26.681943 27925 leader_election.cc:304] T 613c4469e24448459d22115845f2b3c3 P 018fc7bd5d994af8a24229a74d02ba32 [CANDIDATE]: Term 1 pre-election: Election decided. Result: candidate lost. Election summary: received 3 responses out of 3 voters: 1 yes votes; 2 no votes. yes voters: 018fc7bd5d994af8a24229a74d02ba32; no voters: 3c219b2543bf47dfbfb551b5fafbc481, e43624d57c8d45f3833682281008e9fd
I20260710 13:26:26.679854 28001 ts_tablet_manager.cc:1434] T 7cafe72a90b04cc1aae0e242fe5093fe P 3c219b2543bf47dfbfb551b5fafbc481: Time spent starting tablet: real 0.031s	user 0.014s	sys 0.013s
I20260710 13:26:26.683708 28003 ts_tablet_manager.cc:1434] T 613c4469e24448459d22115845f2b3c3 P 018fc7bd5d994af8a24229a74d02ba32: Time spent starting tablet: real 0.029s	user 0.010s	sys 0.000s
W20260710 13:26:26.683782 27851 leader_election.cc:343] T fb2be10c913a4660a1b06c9bc4a2d542 P 3c219b2543bf47dfbfb551b5fafbc481 [CANDIDATE]: Term 1 election: Tablet error from VoteRequest() call to peer 018fc7bd5d994af8a24229a74d02ba32 (127.26.138.195:44699): Illegal state: must be running to vote when last-logged opid is not known
I20260710 13:26:26.688822 27851 leader_election.cc:304] T fb2be10c913a4660a1b06c9bc4a2d542 P 3c219b2543bf47dfbfb551b5fafbc481 [CANDIDATE]: Term 1 election: Election decided. Result: candidate won. Election summary: received 3 responses out of 3 voters: 2 yes votes; 1 no votes. yes voters: 3c219b2543bf47dfbfb551b5fafbc481, e43624d57c8d45f3833682281008e9fd; no voters: 018fc7bd5d994af8a24229a74d02ba32
I20260710 13:26:26.689478 28034 raft_consensus.cc:2804] T fb2be10c913a4660a1b06c9bc4a2d542 P 3c219b2543bf47dfbfb551b5fafbc481 [term 1 FOLLOWER]: Leader election won for term 1
I20260710 13:26:26.689872 28034 raft_consensus.cc:697] T fb2be10c913a4660a1b06c9bc4a2d542 P 3c219b2543bf47dfbfb551b5fafbc481 [term 1 LEADER]: Becoming Leader. State: Replica: 3c219b2543bf47dfbfb551b5fafbc481, State: Running, Role: LEADER
I20260710 13:26:26.690300 28002 tablet_bootstrap.cc:492] T 613c4469e24448459d22115845f2b3c3 P e43624d57c8d45f3833682281008e9fd: No bootstrap required, opened a new log
I20260710 13:26:26.690721 28002 ts_tablet_manager.cc:1403] T 613c4469e24448459d22115845f2b3c3 P e43624d57c8d45f3833682281008e9fd: Time spent bootstrapping tablet: real 0.063s	user 0.016s	sys 0.031s
I20260710 13:26:26.690773 28003 tablet_bootstrap.cc:492] T 09ac7fce82704ace90bb051b1f1acaee P 018fc7bd5d994af8a24229a74d02ba32: Bootstrap starting.
I20260710 13:26:26.690618 28034 consensus_queue.cc:237] T fb2be10c913a4660a1b06c9bc4a2d542 P 3c219b2543bf47dfbfb551b5fafbc481 [LEADER]: Queue going to LEADER mode. State: All replicated index: 0, Majority replicated index: 0, Committed index: 0, Last appended: 0.0, Last appended by leader: 0, Current term: 1, Majority size: 2, State: 0, Mode: LEADER, active raft config: opid_index: -1 OBSOLETE_local: false peers { permanent_uuid: "3c219b2543bf47dfbfb551b5fafbc481" member_type: VOTER last_known_addr { host: "127.26.138.194" port: 41977 } } peers { permanent_uuid: "e43624d57c8d45f3833682281008e9fd" member_type: VOTER last_known_addr { host: "127.26.138.193" port: 41767 } } peers { permanent_uuid: "018fc7bd5d994af8a24229a74d02ba32" member_type: VOTER last_known_addr { host: "127.26.138.195" port: 44699 } }
I20260710 13:26:26.693295 28002 raft_consensus.cc:359] T 613c4469e24448459d22115845f2b3c3 P e43624d57c8d45f3833682281008e9fd [term 0 FOLLOWER]: Replica starting. Triggering 0 pending ops. Active config: opid_index: -1 OBSOLETE_local: false peers { permanent_uuid: "e43624d57c8d45f3833682281008e9fd" member_type: VOTER last_known_addr { host: "127.26.138.193" port: 41767 } } peers { permanent_uuid: "3c219b2543bf47dfbfb551b5fafbc481" member_type: VOTER last_known_addr { host: "127.26.138.194" port: 41977 } } peers { permanent_uuid: "018fc7bd5d994af8a24229a74d02ba32" member_type: VOTER last_known_addr { host: "127.26.138.195" port: 44699 } }
I20260710 13:26:26.694141 28002 raft_consensus.cc:385] T 613c4469e24448459d22115845f2b3c3 P e43624d57c8d45f3833682281008e9fd [term 0 FOLLOWER]: Consensus starting up: Expiring failure detector timer to make a prompt election more likely
I20260710 13:26:26.694576 28002 raft_consensus.cc:740] T 613c4469e24448459d22115845f2b3c3 P e43624d57c8d45f3833682281008e9fd [term 0 FOLLOWER]: Becoming Follower/Learner. State: Replica: e43624d57c8d45f3833682281008e9fd, State: Initialized, Role: FOLLOWER
I20260710 13:26:26.690901 27708 catalog_manager.cc:5697] T 3d82e7157f2d4b56a6af9bbfde522230 P 018fc7bd5d994af8a24229a74d02ba32 reported cstate change: term changed from 0 to 1, leader changed from <none> to 018fc7bd5d994af8a24229a74d02ba32 (127.26.138.195). New cstate: current_term: 1 leader_uuid: "018fc7bd5d994af8a24229a74d02ba32" committed_config { opid_index: -1 OBSOLETE_local: false peers { permanent_uuid: "e43624d57c8d45f3833682281008e9fd" member_type: VOTER last_known_addr { host: "127.26.138.193" port: 41767 } health_report { overall_health: UNKNOWN } } peers { permanent_uuid: "3c219b2543bf47dfbfb551b5fafbc481" member_type: VOTER last_known_addr { host: "127.26.138.194" port: 41977 } health_report { overall_health: UNKNOWN } } peers { permanent_uuid: "018fc7bd5d994af8a24229a74d02ba32" member_type: VOTER last_known_addr { host: "127.26.138.195" port: 44699 } health_report { overall_health: HEALTHY } } }
I20260710 13:26:26.695641 28002 consensus_queue.cc:260] T 613c4469e24448459d22115845f2b3c3 P e43624d57c8d45f3833682281008e9fd [NON_LEADER]: Queue going to NON_LEADER mode. State: All replicated index: 0, Majority replicated index: 0, Committed index: 0, Last appended: 0.0, Last appended by leader: 0, Current term: 0, Majority size: -1, State: 0, Mode: NON_LEADER, active raft config: opid_index: -1 OBSOLETE_local: false peers { permanent_uuid: "e43624d57c8d45f3833682281008e9fd" member_type: VOTER last_known_addr { host: "127.26.138.193" port: 41767 } } peers { permanent_uuid: "3c219b2543bf47dfbfb551b5fafbc481" member_type: VOTER last_known_addr { host: "127.26.138.194" port: 41977 } } peers { permanent_uuid: "018fc7bd5d994af8a24229a74d02ba32" member_type: VOTER last_known_addr { host: "127.26.138.195" port: 44699 } }
I20260710 13:26:26.698266 28003 tablet_bootstrap.cc:654] T 09ac7fce82704ace90bb051b1f1acaee P 018fc7bd5d994af8a24229a74d02ba32: Neither blocks nor log segments found. Creating new log.
I20260710 13:26:26.687155 28007 raft_consensus.cc:515] T 452e287409834f90a708d781dcddf927 P 3c219b2543bf47dfbfb551b5fafbc481 [term 1 FOLLOWER]: Starting leader election with config: opid_index: -1 OBSOLETE_local: false peers { permanent_uuid: "e43624d57c8d45f3833682281008e9fd" member_type: VOTER last_known_addr { host: "127.26.138.193" port: 41767 } } peers { permanent_uuid: "3c219b2543bf47dfbfb551b5fafbc481" member_type: VOTER last_known_addr { host: "127.26.138.194" port: 41977 } } peers { permanent_uuid: "018fc7bd5d994af8a24229a74d02ba32" member_type: VOTER last_known_addr { host: "127.26.138.195" port: 44699 } }
I20260710 13:26:26.687464 28001 tablet_bootstrap.cc:492] T 3d82e7157f2d4b56a6af9bbfde522230 P 3c219b2543bf47dfbfb551b5fafbc481: Bootstrap starting.
I20260710 13:26:26.676577 28031 leader_election.cc:290] T 613c4469e24448459d22115845f2b3c3 P 018fc7bd5d994af8a24229a74d02ba32 [CANDIDATE]: Term 1 pre-election: Requested pre-vote from peers e43624d57c8d45f3833682281008e9fd (127.26.138.193:41767), 3c219b2543bf47dfbfb551b5fafbc481 (127.26.138.194:41977)
I20260710 13:26:26.684172 28036 raft_consensus.cc:2749] T 613c4469e24448459d22115845f2b3c3 P 018fc7bd5d994af8a24229a74d02ba32 [term 0 FOLLOWER]: Leader pre-election lost for term 1. Reason: could not achieve majority
I20260710 13:26:26.700457 28009 raft_consensus.cc:493] T 613c4469e24448459d22115845f2b3c3 P e43624d57c8d45f3833682281008e9fd [term 0 FOLLOWER]: Starting pre-election (no leader contacted us within the election timeout)
I20260710 13:26:26.700970 28009 raft_consensus.cc:515] T 613c4469e24448459d22115845f2b3c3 P e43624d57c8d45f3833682281008e9fd [term 0 FOLLOWER]: Starting pre-election with config: opid_index: -1 OBSOLETE_local: false peers { permanent_uuid: "e43624d57c8d45f3833682281008e9fd" member_type: VOTER last_known_addr { host: "127.26.138.193" port: 41767 } } peers { permanent_uuid: "3c219b2543bf47dfbfb551b5fafbc481" member_type: VOTER last_known_addr { host: "127.26.138.194" port: 41977 } } peers { permanent_uuid: "018fc7bd5d994af8a24229a74d02ba32" member_type: VOTER last_known_addr { host: "127.26.138.195" port: 44699 } }
I20260710 13:26:26.705796 28001 tablet_bootstrap.cc:654] T 3d82e7157f2d4b56a6af9bbfde522230 P 3c219b2543bf47dfbfb551b5fafbc481: Neither blocks nor log segments found. Creating new log.
I20260710 13:26:26.719684 27962 tablet_service.cc:1917] Received RequestConsensusVote() RPC: tablet_id: "452e287409834f90a708d781dcddf927" candidate_uuid: "3c219b2543bf47dfbfb551b5fafbc481" candidate_term: 1 candidate_status { last_received { term: 0 index: 0 } } ignore_live_leader: false dest_uuid: "018fc7bd5d994af8a24229a74d02ba32"
W20260710 13:26:26.720981 27851 leader_election.cc:343] T 452e287409834f90a708d781dcddf927 P 3c219b2543bf47dfbfb551b5fafbc481 [CANDIDATE]: Term 1 election: Tablet error from VoteRequest() call to peer 018fc7bd5d994af8a24229a74d02ba32 (127.26.138.195:44699): Illegal state: must be running to vote when last-logged opid is not known
I20260710 13:26:26.721537 28007 leader_election.cc:290] T 452e287409834f90a708d781dcddf927 P 3c219b2543bf47dfbfb551b5fafbc481 [CANDIDATE]: Term 1 election: Requested vote from peers e43624d57c8d45f3833682281008e9fd (127.26.138.193:41767), 018fc7bd5d994af8a24229a74d02ba32 (127.26.138.195:44699)
I20260710 13:26:26.726613 28002 ts_tablet_manager.cc:1434] T 613c4469e24448459d22115845f2b3c3 P e43624d57c8d45f3833682281008e9fd: Time spent starting tablet: real 0.036s	user 0.006s	sys 0.000s
I20260710 13:26:26.728052 28002 tablet_bootstrap.cc:492] T 792c87a5d8c94334958712ba4219c48d P e43624d57c8d45f3833682281008e9fd: Bootstrap starting.
I20260710 13:26:26.709211 28009 leader_election.cc:290] T 613c4469e24448459d22115845f2b3c3 P e43624d57c8d45f3833682281008e9fd [CANDIDATE]: Term 1 pre-election: Requested pre-vote from peers 3c219b2543bf47dfbfb551b5fafbc481 (127.26.138.194:41977), 018fc7bd5d994af8a24229a74d02ba32 (127.26.138.195:44699)
I20260710 13:26:26.736681 28003 tablet_bootstrap.cc:492] T 09ac7fce82704ace90bb051b1f1acaee P 018fc7bd5d994af8a24229a74d02ba32: No bootstrap required, opened a new log
I20260710 13:26:26.737061 28003 ts_tablet_manager.cc:1403] T 09ac7fce82704ace90bb051b1f1acaee P 018fc7bd5d994af8a24229a74d02ba32: Time spent bootstrapping tablet: real 0.046s	user 0.006s	sys 0.011s
I20260710 13:26:26.736987 27888 tablet_service.cc:1917] Received RequestConsensusVote() RPC: tablet_id: "613c4469e24448459d22115845f2b3c3" candidate_uuid: "e43624d57c8d45f3833682281008e9fd" candidate_term: 1 candidate_status { last_received { term: 0 index: 0 } } ignore_live_leader: false dest_uuid: "3c219b2543bf47dfbfb551b5fafbc481" is_pre_election: true
W20260710 13:26:26.738322 27779 leader_election.cc:343] T 613c4469e24448459d22115845f2b3c3 P e43624d57c8d45f3833682281008e9fd [CANDIDATE]: Term 1 pre-election: Tablet error from VoteRequest() call to peer 3c219b2543bf47dfbfb551b5fafbc481 (127.26.138.194:41977): Illegal state: must be running to vote when last-logged opid is not known
I20260710 13:26:26.739657 28031 raft_consensus.cc:493] T cd5b817fc378404ab507a2d8aa353d24 P 018fc7bd5d994af8a24229a74d02ba32 [term 0 FOLLOWER]: Starting pre-election (no leader contacted us within the election timeout)
I20260710 13:26:26.739705 28003 raft_consensus.cc:359] T 09ac7fce82704ace90bb051b1f1acaee P 018fc7bd5d994af8a24229a74d02ba32 [term 0 FOLLOWER]: Replica starting. Triggering 0 pending ops. Active config: opid_index: -1 OBSOLETE_local: false peers { permanent_uuid: "e43624d57c8d45f3833682281008e9fd" member_type: VOTER last_known_addr { host: "127.26.138.193" port: 41767 } } peers { permanent_uuid: "3c219b2543bf47dfbfb551b5fafbc481" member_type: VOTER last_known_addr { host: "127.26.138.194" port: 41977 } } peers { permanent_uuid: "018fc7bd5d994af8a24229a74d02ba32" member_type: VOTER last_known_addr { host: "127.26.138.195" port: 44699 } }
I20260710 13:26:26.740129 28031 raft_consensus.cc:515] T cd5b817fc378404ab507a2d8aa353d24 P 018fc7bd5d994af8a24229a74d02ba32 [term 0 FOLLOWER]: Starting pre-election with config: opid_index: -1 OBSOLETE_local: false peers { permanent_uuid: "e43624d57c8d45f3833682281008e9fd" member_type: VOTER last_known_addr { host: "127.26.138.193" port: 41767 } } peers { permanent_uuid: "3c219b2543bf47dfbfb551b5fafbc481" member_type: VOTER last_known_addr { host: "127.26.138.194" port: 41977 } } peers { permanent_uuid: "018fc7bd5d994af8a24229a74d02ba32" member_type: VOTER last_known_addr { host: "127.26.138.195" port: 44699 } }
I20260710 13:26:26.740451 28003 raft_consensus.cc:385] T 09ac7fce82704ace90bb051b1f1acaee P 018fc7bd5d994af8a24229a74d02ba32 [term 0 FOLLOWER]: Consensus starting up: Expiring failure detector timer to make a prompt election more likely
I20260710 13:26:26.740790 28003 raft_consensus.cc:740] T 09ac7fce82704ace90bb051b1f1acaee P 018fc7bd5d994af8a24229a74d02ba32 [term 0 FOLLOWER]: Becoming Follower/Learner. State: Replica: 018fc7bd5d994af8a24229a74d02ba32, State: Initialized, Role: FOLLOWER
I20260710 13:26:26.741804 28031 leader_election.cc:290] T cd5b817fc378404ab507a2d8aa353d24 P 018fc7bd5d994af8a24229a74d02ba32 [CANDIDATE]: Term 1 pre-election: Requested pre-vote from peers e43624d57c8d45f3833682281008e9fd (127.26.138.193:41767), 3c219b2543bf47dfbfb551b5fafbc481 (127.26.138.194:41977)
I20260710 13:26:26.741530 28003 consensus_queue.cc:260] T 09ac7fce82704ace90bb051b1f1acaee P 018fc7bd5d994af8a24229a74d02ba32 [NON_LEADER]: Queue going to NON_LEADER mode. State: All replicated index: 0, Majority replicated index: 0, Committed index: 0, Last appended: 0.0, Last appended by leader: 0, Current term: 0, Majority size: -1, State: 0, Mode: NON_LEADER, active raft config: opid_index: -1 OBSOLETE_local: false peers { permanent_uuid: "e43624d57c8d45f3833682281008e9fd" member_type: VOTER last_known_addr { host: "127.26.138.193" port: 41767 } } peers { permanent_uuid: "3c219b2543bf47dfbfb551b5fafbc481" member_type: VOTER last_known_addr { host: "127.26.138.194" port: 41977 } } peers { permanent_uuid: "018fc7bd5d994af8a24229a74d02ba32" member_type: VOTER last_known_addr { host: "127.26.138.195" port: 44699 } }
I20260710 13:26:26.742724 27888 tablet_service.cc:1917] Received RequestConsensusVote() RPC: tablet_id: "cd5b817fc378404ab507a2d8aa353d24" candidate_uuid: "018fc7bd5d994af8a24229a74d02ba32" candidate_term: 1 candidate_status { last_received { term: 0 index: 0 } } ignore_live_leader: false dest_uuid: "3c219b2543bf47dfbfb551b5fafbc481" is_pre_election: true
I20260710 13:26:26.743367 28003 ts_tablet_manager.cc:1434] T 09ac7fce82704ace90bb051b1f1acaee P 018fc7bd5d994af8a24229a74d02ba32: Time spent starting tablet: real 0.006s	user 0.005s	sys 0.001s
I20260710 13:26:26.744051 28003 tablet_bootstrap.cc:492] T fb2be10c913a4660a1b06c9bc4a2d542 P 018fc7bd5d994af8a24229a74d02ba32: Bootstrap starting.
I20260710 13:26:26.743271 27888 raft_consensus.cc:2468] T cd5b817fc378404ab507a2d8aa353d24 P 3c219b2543bf47dfbfb551b5fafbc481 [term 0 FOLLOWER]: Leader pre-election vote request: Granting yes vote for candidate 018fc7bd5d994af8a24229a74d02ba32 in term 0.
I20260710 13:26:26.746384 27812 tablet_service.cc:1917] Received RequestConsensusVote() RPC: tablet_id: "cd5b817fc378404ab507a2d8aa353d24" candidate_uuid: "018fc7bd5d994af8a24229a74d02ba32" candidate_term: 1 candidate_status { last_received { term: 0 index: 0 } } ignore_live_leader: false dest_uuid: "e43624d57c8d45f3833682281008e9fd" is_pre_election: true
I20260710 13:26:26.746625 27928 leader_election.cc:304] T cd5b817fc378404ab507a2d8aa353d24 P 018fc7bd5d994af8a24229a74d02ba32 [CANDIDATE]: Term 1 pre-election: Election decided. Result: candidate won. Election summary: received 2 responses out of 3 voters: 2 yes votes; 0 no votes. yes voters: 018fc7bd5d994af8a24229a74d02ba32, 3c219b2543bf47dfbfb551b5fafbc481; no voters: 
I20260710 13:26:26.746928 27812 raft_consensus.cc:2468] T cd5b817fc378404ab507a2d8aa353d24 P e43624d57c8d45f3833682281008e9fd [term 0 FOLLOWER]: Leader pre-election vote request: Granting yes vote for candidate 018fc7bd5d994af8a24229a74d02ba32 in term 0.
I20260710 13:26:26.748410 27812 tablet_service.cc:1917] Received RequestConsensusVote() RPC: tablet_id: "452e287409834f90a708d781dcddf927" candidate_uuid: "3c219b2543bf47dfbfb551b5fafbc481" candidate_term: 1 candidate_status { last_received { term: 0 index: 0 } } ignore_live_leader: false dest_uuid: "e43624d57c8d45f3833682281008e9fd"
I20260710 13:26:26.748973 28002 tablet_bootstrap.cc:654] T 792c87a5d8c94334958712ba4219c48d P e43624d57c8d45f3833682281008e9fd: Neither blocks nor log segments found. Creating new log.
I20260710 13:26:26.748867 27812 raft_consensus.cc:3060] T 452e287409834f90a708d781dcddf927 P e43624d57c8d45f3833682281008e9fd [term 0 FOLLOWER]: Advancing to term 1
I20260710 13:26:26.750771 27711 catalog_manager.cc:5697] T fb2be10c913a4660a1b06c9bc4a2d542 P 3c219b2543bf47dfbfb551b5fafbc481 reported cstate change: term changed from 0 to 1, leader changed from <none> to 3c219b2543bf47dfbfb551b5fafbc481 (127.26.138.194). New cstate: current_term: 1 leader_uuid: "3c219b2543bf47dfbfb551b5fafbc481" committed_config { opid_index: -1 OBSOLETE_local: false peers { permanent_uuid: "3c219b2543bf47dfbfb551b5fafbc481" member_type: VOTER last_known_addr { host: "127.26.138.194" port: 41977 } health_report { overall_health: HEALTHY } } peers { permanent_uuid: "e43624d57c8d45f3833682281008e9fd" member_type: VOTER last_known_addr { host: "127.26.138.193" port: 41767 } health_report { overall_health: UNKNOWN } } peers { permanent_uuid: "018fc7bd5d994af8a24229a74d02ba32" member_type: VOTER last_known_addr { host: "127.26.138.195" port: 44699 } health_report { overall_health: UNKNOWN } } }
I20260710 13:26:26.749744 28031 raft_consensus.cc:2804] T cd5b817fc378404ab507a2d8aa353d24 P 018fc7bd5d994af8a24229a74d02ba32 [term 0 FOLLOWER]: Leader pre-election won for term 1
I20260710 13:26:26.752871 28031 raft_consensus.cc:493] T cd5b817fc378404ab507a2d8aa353d24 P 018fc7bd5d994af8a24229a74d02ba32 [term 0 FOLLOWER]: Starting leader election (no leader contacted us within the election timeout)
I20260710 13:26:26.753180 28031 raft_consensus.cc:3060] T cd5b817fc378404ab507a2d8aa353d24 P 018fc7bd5d994af8a24229a74d02ba32 [term 0 FOLLOWER]: Advancing to term 1
I20260710 13:26:26.756189 27812 raft_consensus.cc:2468] T 452e287409834f90a708d781dcddf927 P e43624d57c8d45f3833682281008e9fd [term 1 FOLLOWER]: Leader election vote request: Granting yes vote for candidate 3c219b2543bf47dfbfb551b5fafbc481 in term 1.
I20260710 13:26:26.760424 27851 leader_election.cc:304] T 452e287409834f90a708d781dcddf927 P 3c219b2543bf47dfbfb551b5fafbc481 [CANDIDATE]: Term 1 election: Election decided. Result: candidate won. Election summary: received 3 responses out of 3 voters: 2 yes votes; 1 no votes. yes voters: 3c219b2543bf47dfbfb551b5fafbc481, e43624d57c8d45f3833682281008e9fd; no voters: 018fc7bd5d994af8a24229a74d02ba32
I20260710 13:26:26.762571 28001 tablet_bootstrap.cc:492] T 3d82e7157f2d4b56a6af9bbfde522230 P 3c219b2543bf47dfbfb551b5fafbc481: No bootstrap required, opened a new log
I20260710 13:26:26.762655 27962 tablet_service.cc:1917] Received RequestConsensusVote() RPC: tablet_id: "613c4469e24448459d22115845f2b3c3" candidate_uuid: "e43624d57c8d45f3833682281008e9fd" candidate_term: 1 candidate_status { last_received { term: 0 index: 0 } } ignore_live_leader: false dest_uuid: "018fc7bd5d994af8a24229a74d02ba32" is_pre_election: true
I20260710 13:26:26.763089 28001 ts_tablet_manager.cc:1403] T 3d82e7157f2d4b56a6af9bbfde522230 P 3c219b2543bf47dfbfb551b5fafbc481: Time spent bootstrapping tablet: real 0.076s	user 0.011s	sys 0.006s
I20260710 13:26:26.763309 27962 raft_consensus.cc:2468] T 613c4469e24448459d22115845f2b3c3 P 018fc7bd5d994af8a24229a74d02ba32 [term 0 FOLLOWER]: Leader pre-election vote request: Granting yes vote for candidate e43624d57c8d45f3833682281008e9fd in term 0.
