I20260710 13:26:34.389015  1402 consensus_queue.cc:260] T bc29f9d85ed744fa8194fa69152a8d7b P 4d7e3b5c81764dd893d8ea723aef6f52 [NON_LEADER]: Queue going to NON_LEADER mode. State: All replicated index: 0, Majority replicated index: 0, Committed index: 0, Last appended: 0.0, Last appended by leader: 0, Current term: 0, Majority size: -1, State: 0, Mode: NON_LEADER, active raft config: opid_index: -1 OBSOLETE_local: false peers { permanent_uuid: "192c4729e13b464a87af54081f482c8e" member_type: VOTER last_known_addr { host: "127.31.208.193" port: 36873 } } peers { permanent_uuid: "7565975ec8ac44b0a4ba8c4bd1066d58" member_type: VOTER last_known_addr { host: "127.31.208.194" port: 38021 } } peers { permanent_uuid: "4d7e3b5c81764dd893d8ea723aef6f52" member_type: VOTER last_known_addr { host: "127.31.208.195" port: 41481 } }
I20260710 13:26:34.390528  1403 raft_consensus.cc:359] T 6b3a348d3c2544eb810d952c3a05710f P 7565975ec8ac44b0a4ba8c4bd1066d58 [term 0 FOLLOWER]: Replica starting. Triggering 0 pending ops. Active config: opid_index: -1 OBSOLETE_local: false peers { permanent_uuid: "192c4729e13b464a87af54081f482c8e" member_type: VOTER last_known_addr { host: "127.31.208.193" port: 36873 } } peers { permanent_uuid: "7565975ec8ac44b0a4ba8c4bd1066d58" member_type: VOTER last_known_addr { host: "127.31.208.194" port: 38021 } } peers { permanent_uuid: "4d7e3b5c81764dd893d8ea723aef6f52" member_type: VOTER last_known_addr { host: "127.31.208.195" port: 41481 } }
I20260710 13:26:34.391192  1403 raft_consensus.cc:385] T 6b3a348d3c2544eb810d952c3a05710f P 7565975ec8ac44b0a4ba8c4bd1066d58 [term 0 FOLLOWER]: Consensus starting up: Expiring failure detector timer to make a prompt election more likely
I20260710 13:26:34.391569  1402 ts_tablet_manager.cc:1434] T bc29f9d85ed744fa8194fa69152a8d7b P 4d7e3b5c81764dd893d8ea723aef6f52: Time spent starting tablet: real 0.009s	user 0.006s	sys 0.002s
I20260710 13:26:34.392771  1402 tablet_bootstrap.cc:492] T 8156db8ac36d41fcafc61060efc2f85e P 4d7e3b5c81764dd893d8ea723aef6f52: Bootstrap starting.
I20260710 13:26:34.395684  1404 tablet_bootstrap.cc:654] T 3685347cbf054174907e2875aa39a0ce P 192c4729e13b464a87af54081f482c8e: Neither blocks nor log segments found. Creating new log.
I20260710 13:26:34.391469  1403 raft_consensus.cc:740] T 6b3a348d3c2544eb810d952c3a05710f P 7565975ec8ac44b0a4ba8c4bd1066d58 [term 0 FOLLOWER]: Becoming Follower/Learner. State: Replica: 7565975ec8ac44b0a4ba8c4bd1066d58, State: Initialized, Role: FOLLOWER
I20260710 13:26:34.400107  1402 tablet_bootstrap.cc:654] T 8156db8ac36d41fcafc61060efc2f85e P 4d7e3b5c81764dd893d8ea723aef6f52: Neither blocks nor log segments found. Creating new log.
I20260710 13:26:34.412026  1403 consensus_queue.cc:260] T 6b3a348d3c2544eb810d952c3a05710f P 7565975ec8ac44b0a4ba8c4bd1066d58 [NON_LEADER]: Queue going to NON_LEADER mode. State: All replicated index: 0, Majority replicated index: 0, Committed index: 0, Last appended: 0.0, Last appended by leader: 0, Current term: 0, Majority size: -1, State: 0, Mode: NON_LEADER, active raft config: opid_index: -1 OBSOLETE_local: false peers { permanent_uuid: "192c4729e13b464a87af54081f482c8e" member_type: VOTER last_known_addr { host: "127.31.208.193" port: 36873 } } peers { permanent_uuid: "7565975ec8ac44b0a4ba8c4bd1066d58" member_type: VOTER last_known_addr { host: "127.31.208.194" port: 38021 } } peers { permanent_uuid: "4d7e3b5c81764dd893d8ea723aef6f52" member_type: VOTER last_known_addr { host: "127.31.208.195" port: 41481 } }
I20260710 13:26:34.414935  1403 ts_tablet_manager.cc:1434] T 6b3a348d3c2544eb810d952c3a05710f P 7565975ec8ac44b0a4ba8c4bd1066d58: Time spent starting tablet: real 0.027s	user 0.004s	sys 0.000s
I20260710 13:26:34.416081  1403 tablet_bootstrap.cc:492] T 9e0e6042a0174f29909868300fb8557c P 7565975ec8ac44b0a4ba8c4bd1066d58: Bootstrap starting.
I20260710 13:26:34.418840  1111 catalog_manager.cc:5697] T 8156db8ac36d41fcafc61060efc2f85e P 7565975ec8ac44b0a4ba8c4bd1066d58 reported cstate change: term changed from 0 to 1, leader changed from <none> to 7565975ec8ac44b0a4ba8c4bd1066d58 (127.31.208.194). New cstate: current_term: 1 leader_uuid: "7565975ec8ac44b0a4ba8c4bd1066d58" committed_config { opid_index: -1 OBSOLETE_local: false peers { permanent_uuid: "192c4729e13b464a87af54081f482c8e" member_type: VOTER last_known_addr { host: "127.31.208.193" port: 36873 } health_report { overall_health: UNKNOWN } } peers { permanent_uuid: "7565975ec8ac44b0a4ba8c4bd1066d58" member_type: VOTER last_known_addr { host: "127.31.208.194" port: 38021 } health_report { overall_health: HEALTHY } } peers { permanent_uuid: "4d7e3b5c81764dd893d8ea723aef6f52" member_type: VOTER last_known_addr { host: "127.31.208.195" port: 41481 } health_report { overall_health: UNKNOWN } } }
I20260710 13:26:34.424149  1403 tablet_bootstrap.cc:654] T 9e0e6042a0174f29909868300fb8557c P 7565975ec8ac44b0a4ba8c4bd1066d58: Neither blocks nor log segments found. Creating new log.
I20260710 13:26:34.429939  1402 tablet_bootstrap.cc:492] T 8156db8ac36d41fcafc61060efc2f85e P 4d7e3b5c81764dd893d8ea723aef6f52: No bootstrap required, opened a new log
I20260710 13:26:34.430452  1402 ts_tablet_manager.cc:1403] T 8156db8ac36d41fcafc61060efc2f85e P 4d7e3b5c81764dd893d8ea723aef6f52: Time spent bootstrapping tablet: real 0.038s	user 0.017s	sys 0.018s
I20260710 13:26:34.431173  1404 tablet_bootstrap.cc:492] T 3685347cbf054174907e2875aa39a0ce P 192c4729e13b464a87af54081f482c8e: No bootstrap required, opened a new log
I20260710 13:26:34.431749  1404 ts_tablet_manager.cc:1403] T 3685347cbf054174907e2875aa39a0ce P 192c4729e13b464a87af54081f482c8e: Time spent bootstrapping tablet: real 0.043s	user 0.018s	sys 0.024s
I20260710 13:26:34.433902  1402 raft_consensus.cc:359] T 8156db8ac36d41fcafc61060efc2f85e P 4d7e3b5c81764dd893d8ea723aef6f52 [term 0 FOLLOWER]: Replica starting. Triggering 0 pending ops. Active config: opid_index: -1 OBSOLETE_local: false peers { permanent_uuid: "192c4729e13b464a87af54081f482c8e" member_type: VOTER last_known_addr { host: "127.31.208.193" port: 36873 } } peers { permanent_uuid: "7565975ec8ac44b0a4ba8c4bd1066d58" member_type: VOTER last_known_addr { host: "127.31.208.194" port: 38021 } } peers { permanent_uuid: "4d7e3b5c81764dd893d8ea723aef6f52" member_type: VOTER last_known_addr { host: "127.31.208.195" port: 41481 } }
I20260710 13:26:34.434585  1402 raft_consensus.cc:385] T 8156db8ac36d41fcafc61060efc2f85e P 4d7e3b5c81764dd893d8ea723aef6f52 [term 0 FOLLOWER]: Consensus starting up: Expiring failure detector timer to make a prompt election more likely
I20260710 13:26:34.434906  1402 raft_consensus.cc:740] T 8156db8ac36d41fcafc61060efc2f85e P 4d7e3b5c81764dd893d8ea723aef6f52 [term 0 FOLLOWER]: Becoming Follower/Learner. State: Replica: 4d7e3b5c81764dd893d8ea723aef6f52, State: Initialized, Role: FOLLOWER
I20260710 13:26:34.435465  1404 raft_consensus.cc:359] T 3685347cbf054174907e2875aa39a0ce P 192c4729e13b464a87af54081f482c8e [term 0 FOLLOWER]: Replica starting. Triggering 0 pending ops. Active config: opid_index: -1 OBSOLETE_local: false peers { permanent_uuid: "192c4729e13b464a87af54081f482c8e" member_type: VOTER last_known_addr { host: "127.31.208.193" port: 36873 } } peers { permanent_uuid: "7565975ec8ac44b0a4ba8c4bd1066d58" member_type: VOTER last_known_addr { host: "127.31.208.194" port: 38021 } } peers { permanent_uuid: "4d7e3b5c81764dd893d8ea723aef6f52" member_type: VOTER last_known_addr { host: "127.31.208.195" port: 41481 } }
I20260710 13:26:34.435747  1402 consensus_queue.cc:260] T 8156db8ac36d41fcafc61060efc2f85e P 4d7e3b5c81764dd893d8ea723aef6f52 [NON_LEADER]: Queue going to NON_LEADER mode. State: All replicated index: 0, Majority replicated index: 0, Committed index: 0, Last appended: 0.0, Last appended by leader: 0, Current term: 0, Majority size: -1, State: 0, Mode: NON_LEADER, active raft config: opid_index: -1 OBSOLETE_local: false peers { permanent_uuid: "192c4729e13b464a87af54081f482c8e" member_type: VOTER last_known_addr { host: "127.31.208.193" port: 36873 } } peers { permanent_uuid: "7565975ec8ac44b0a4ba8c4bd1066d58" member_type: VOTER last_known_addr { host: "127.31.208.194" port: 38021 } } peers { permanent_uuid: "4d7e3b5c81764dd893d8ea723aef6f52" member_type: VOTER last_known_addr { host: "127.31.208.195" port: 41481 } }
I20260710 13:26:34.436509  1404 raft_consensus.cc:385] T 3685347cbf054174907e2875aa39a0ce P 192c4729e13b464a87af54081f482c8e [term 0 FOLLOWER]: Consensus starting up: Expiring failure detector timer to make a prompt election more likely
I20260710 13:26:34.436940  1404 raft_consensus.cc:740] T 3685347cbf054174907e2875aa39a0ce P 192c4729e13b464a87af54081f482c8e [term 0 FOLLOWER]: Becoming Follower/Learner. State: Replica: 192c4729e13b464a87af54081f482c8e, State: Initialized, Role: FOLLOWER
I20260710 13:26:34.438437  1402 ts_tablet_manager.cc:1434] T 8156db8ac36d41fcafc61060efc2f85e P 4d7e3b5c81764dd893d8ea723aef6f52: Time spent starting tablet: real 0.008s	user 0.009s	sys 0.000s
I20260710 13:26:34.437777  1404 consensus_queue.cc:260] T 3685347cbf054174907e2875aa39a0ce P 192c4729e13b464a87af54081f482c8e [NON_LEADER]: Queue going to NON_LEADER mode. State: All replicated index: 0, Majority replicated index: 0, Committed index: 0, Last appended: 0.0, Last appended by leader: 0, Current term: 0, Majority size: -1, State: 0, Mode: NON_LEADER, active raft config: opid_index: -1 OBSOLETE_local: false peers { permanent_uuid: "192c4729e13b464a87af54081f482c8e" member_type: VOTER last_known_addr { host: "127.31.208.193" port: 36873 } } peers { permanent_uuid: "7565975ec8ac44b0a4ba8c4bd1066d58" member_type: VOTER last_known_addr { host: "127.31.208.194" port: 38021 } } peers { permanent_uuid: "4d7e3b5c81764dd893d8ea723aef6f52" member_type: VOTER last_known_addr { host: "127.31.208.195" port: 41481 } }
I20260710 13:26:34.439353  1402 tablet_bootstrap.cc:492] T 6ca41a3ca2ca4f23b8e59b194d49e833 P 4d7e3b5c81764dd893d8ea723aef6f52: Bootstrap starting.
I20260710 13:26:34.445387  1403 tablet_bootstrap.cc:492] T 9e0e6042a0174f29909868300fb8557c P 7565975ec8ac44b0a4ba8c4bd1066d58: No bootstrap required, opened a new log
I20260710 13:26:34.445868  1402 tablet_bootstrap.cc:654] T 6ca41a3ca2ca4f23b8e59b194d49e833 P 4d7e3b5c81764dd893d8ea723aef6f52: Neither blocks nor log segments found. Creating new log.
I20260710 13:26:34.445892  1403 ts_tablet_manager.cc:1403] T 9e0e6042a0174f29909868300fb8557c P 7565975ec8ac44b0a4ba8c4bd1066d58: Time spent bootstrapping tablet: real 0.030s	user 0.016s	sys 0.013s
I20260710 13:26:34.446583  1404 ts_tablet_manager.cc:1434] T 3685347cbf054174907e2875aa39a0ce P 192c4729e13b464a87af54081f482c8e: Time spent starting tablet: real 0.014s	user 0.007s	sys 0.001s
I20260710 13:26:34.447536  1404 tablet_bootstrap.cc:492] T bc29f9d85ed744fa8194fa69152a8d7b P 192c4729e13b464a87af54081f482c8e: Bootstrap starting.
I20260710 13:26:34.457356  1403 raft_consensus.cc:359] T 9e0e6042a0174f29909868300fb8557c P 7565975ec8ac44b0a4ba8c4bd1066d58 [term 0 FOLLOWER]: Replica starting. Triggering 0 pending ops. Active config: opid_index: -1 OBSOLETE_local: false peers { permanent_uuid: "7565975ec8ac44b0a4ba8c4bd1066d58" member_type: VOTER last_known_addr { host: "127.31.208.194" port: 38021 } } peers { permanent_uuid: "4d7e3b5c81764dd893d8ea723aef6f52" member_type: VOTER last_known_addr { host: "127.31.208.195" port: 41481 } } peers { permanent_uuid: "192c4729e13b464a87af54081f482c8e" member_type: VOTER last_known_addr { host: "127.31.208.193" port: 36873 } }
I20260710 13:26:34.457880  1404 tablet_bootstrap.cc:654] T bc29f9d85ed744fa8194fa69152a8d7b P 192c4729e13b464a87af54081f482c8e: Neither blocks nor log segments found. Creating new log.
I20260710 13:26:34.458062  1403 raft_consensus.cc:385] T 9e0e6042a0174f29909868300fb8557c P 7565975ec8ac44b0a4ba8c4bd1066d58 [term 0 FOLLOWER]: Consensus starting up: Expiring failure detector timer to make a prompt election more likely
I20260710 13:26:34.458360  1403 raft_consensus.cc:740] T 9e0e6042a0174f29909868300fb8557c P 7565975ec8ac44b0a4ba8c4bd1066d58 [term 0 FOLLOWER]: Becoming Follower/Learner. State: Replica: 7565975ec8ac44b0a4ba8c4bd1066d58, State: Initialized, Role: FOLLOWER
I20260710 13:26:34.459167  1403 consensus_queue.cc:260] T 9e0e6042a0174f29909868300fb8557c P 7565975ec8ac44b0a4ba8c4bd1066d58 [NON_LEADER]: Queue going to NON_LEADER mode. State: All replicated index: 0, Majority replicated index: 0, Committed index: 0, Last appended: 0.0, Last appended by leader: 0, Current term: 0, Majority size: -1, State: 0, Mode: NON_LEADER, active raft config: opid_index: -1 OBSOLETE_local: false peers { permanent_uuid: "7565975ec8ac44b0a4ba8c4bd1066d58" member_type: VOTER last_known_addr { host: "127.31.208.194" port: 38021 } } peers { permanent_uuid: "4d7e3b5c81764dd893d8ea723aef6f52" member_type: VOTER last_known_addr { host: "127.31.208.195" port: 41481 } } peers { permanent_uuid: "192c4729e13b464a87af54081f482c8e" member_type: VOTER last_known_addr { host: "127.31.208.193" port: 36873 } }
I20260710 13:26:34.469334  1403 ts_tablet_manager.cc:1434] T 9e0e6042a0174f29909868300fb8557c P 7565975ec8ac44b0a4ba8c4bd1066d58: Time spent starting tablet: real 0.023s	user 0.006s	sys 0.000s
I20260710 13:26:34.470925  1402 tablet_bootstrap.cc:492] T 6ca41a3ca2ca4f23b8e59b194d49e833 P 4d7e3b5c81764dd893d8ea723aef6f52: No bootstrap required, opened a new log
I20260710 13:26:34.471167  1403 tablet_bootstrap.cc:492] T 2cee779ed68644ad9b81bb091d8ed866 P 7565975ec8ac44b0a4ba8c4bd1066d58: Bootstrap starting.
I20260710 13:26:34.471372  1402 ts_tablet_manager.cc:1403] T 6ca41a3ca2ca4f23b8e59b194d49e833 P 4d7e3b5c81764dd893d8ea723aef6f52: Time spent bootstrapping tablet: real 0.032s	user 0.024s	sys 0.006s
I20260710 13:26:34.471952  1404 tablet_bootstrap.cc:492] T bc29f9d85ed744fa8194fa69152a8d7b P 192c4729e13b464a87af54081f482c8e: No bootstrap required, opened a new log
I20260710 13:26:34.472380  1404 ts_tablet_manager.cc:1403] T bc29f9d85ed744fa8194fa69152a8d7b P 192c4729e13b464a87af54081f482c8e: Time spent bootstrapping tablet: real 0.025s	user 0.011s	sys 0.009s
I20260710 13:26:34.474186  1402 raft_consensus.cc:359] T 6ca41a3ca2ca4f23b8e59b194d49e833 P 4d7e3b5c81764dd893d8ea723aef6f52 [term 0 FOLLOWER]: Replica starting. Triggering 0 pending ops. Active config: opid_index: -1 OBSOLETE_local: false peers { permanent_uuid: "192c4729e13b464a87af54081f482c8e" member_type: VOTER last_known_addr { host: "127.31.208.193" port: 36873 } } peers { permanent_uuid: "7565975ec8ac44b0a4ba8c4bd1066d58" member_type: VOTER last_known_addr { host: "127.31.208.194" port: 38021 } } peers { permanent_uuid: "4d7e3b5c81764dd893d8ea723aef6f52" member_type: VOTER last_known_addr { host: "127.31.208.195" port: 41481 } }
I20260710 13:26:34.474921  1402 raft_consensus.cc:385] T 6ca41a3ca2ca4f23b8e59b194d49e833 P 4d7e3b5c81764dd893d8ea723aef6f52 [term 0 FOLLOWER]: Consensus starting up: Expiring failure detector timer to make a prompt election more likely
I20260710 13:26:34.475234  1402 raft_consensus.cc:740] T 6ca41a3ca2ca4f23b8e59b194d49e833 P 4d7e3b5c81764dd893d8ea723aef6f52 [term 0 FOLLOWER]: Becoming Follower/Learner. State: Replica: 4d7e3b5c81764dd893d8ea723aef6f52, State: Initialized, Role: FOLLOWER
I20260710 13:26:34.475158  1404 raft_consensus.cc:359] T bc29f9d85ed744fa8194fa69152a8d7b P 192c4729e13b464a87af54081f482c8e [term 0 FOLLOWER]: Replica starting. Triggering 0 pending ops. Active config: opid_index: -1 OBSOLETE_local: false peers { permanent_uuid: "192c4729e13b464a87af54081f482c8e" member_type: VOTER last_known_addr { host: "127.31.208.193" port: 36873 } } peers { permanent_uuid: "7565975ec8ac44b0a4ba8c4bd1066d58" member_type: VOTER last_known_addr { host: "127.31.208.194" port: 38021 } } peers { permanent_uuid: "4d7e3b5c81764dd893d8ea723aef6f52" member_type: VOTER last_known_addr { host: "127.31.208.195" port: 41481 } }
I20260710 13:26:34.475955  1404 raft_consensus.cc:385] T bc29f9d85ed744fa8194fa69152a8d7b P 192c4729e13b464a87af54081f482c8e [term 0 FOLLOWER]: Consensus starting up: Expiring failure detector timer to make a prompt election more likely
I20260710 13:26:34.476270  1404 raft_consensus.cc:740] T bc29f9d85ed744fa8194fa69152a8d7b P 192c4729e13b464a87af54081f482c8e [term 0 FOLLOWER]: Becoming Follower/Learner. State: Replica: 192c4729e13b464a87af54081f482c8e, State: Initialized, Role: FOLLOWER
I20260710 13:26:34.476081  1402 consensus_queue.cc:260] T 6ca41a3ca2ca4f23b8e59b194d49e833 P 4d7e3b5c81764dd893d8ea723aef6f52 [NON_LEADER]: Queue going to NON_LEADER mode. State: All replicated index: 0, Majority replicated index: 0, Committed index: 0, Last appended: 0.0, Last appended by leader: 0, Current term: 0, Majority size: -1, State: 0, Mode: NON_LEADER, active raft config: opid_index: -1 OBSOLETE_local: false peers { permanent_uuid: "192c4729e13b464a87af54081f482c8e" member_type: VOTER last_known_addr { host: "127.31.208.193" port: 36873 } } peers { permanent_uuid: "7565975ec8ac44b0a4ba8c4bd1066d58" member_type: VOTER last_known_addr { host: "127.31.208.194" port: 38021 } } peers { permanent_uuid: "4d7e3b5c81764dd893d8ea723aef6f52" member_type: VOTER last_known_addr { host: "127.31.208.195" port: 41481 } }
I20260710 13:26:34.476909  1404 consensus_queue.cc:260] T bc29f9d85ed744fa8194fa69152a8d7b P 192c4729e13b464a87af54081f482c8e [NON_LEADER]: Queue going to NON_LEADER mode. State: All replicated index: 0, Majority replicated index: 0, Committed index: 0, Last appended: 0.0, Last appended by leader: 0, Current term: 0, Majority size: -1, State: 0, Mode: NON_LEADER, active raft config: opid_index: -1 OBSOLETE_local: false peers { permanent_uuid: "192c4729e13b464a87af54081f482c8e" member_type: VOTER last_known_addr { host: "127.31.208.193" port: 36873 } } peers { permanent_uuid: "7565975ec8ac44b0a4ba8c4bd1066d58" member_type: VOTER last_known_addr { host: "127.31.208.194" port: 38021 } } peers { permanent_uuid: "4d7e3b5c81764dd893d8ea723aef6f52" member_type: VOTER last_known_addr { host: "127.31.208.195" port: 41481 } }
I20260710 13:26:34.478272  1403 tablet_bootstrap.cc:654] T 2cee779ed68644ad9b81bb091d8ed866 P 7565975ec8ac44b0a4ba8c4bd1066d58: Neither blocks nor log segments found. Creating new log.
I20260710 13:26:34.478339  1402 ts_tablet_manager.cc:1434] T 6ca41a3ca2ca4f23b8e59b194d49e833 P 4d7e3b5c81764dd893d8ea723aef6f52: Time spent starting tablet: real 0.007s	user 0.004s	sys 0.000s
I20260710 13:26:34.479022  1404 ts_tablet_manager.cc:1434] T bc29f9d85ed744fa8194fa69152a8d7b P 192c4729e13b464a87af54081f482c8e: Time spent starting tablet: real 0.006s	user 0.002s	sys 0.002s
I20260710 13:26:34.479382  1402 tablet_bootstrap.cc:492] T 3685347cbf054174907e2875aa39a0ce P 4d7e3b5c81764dd893d8ea723aef6f52: Bootstrap starting.
I20260710 13:26:34.479943  1404 tablet_bootstrap.cc:492] T 6ca41a3ca2ca4f23b8e59b194d49e833 P 192c4729e13b464a87af54081f482c8e: Bootstrap starting.
I20260710 13:26:34.485947  1404 tablet_bootstrap.cc:654] T 6ca41a3ca2ca4f23b8e59b194d49e833 P 192c4729e13b464a87af54081f482c8e: Neither blocks nor log segments found. Creating new log.
I20260710 13:26:34.487497  1402 tablet_bootstrap.cc:654] T 3685347cbf054174907e2875aa39a0ce P 4d7e3b5c81764dd893d8ea723aef6f52: Neither blocks nor log segments found. Creating new log.
I20260710 13:26:34.493902  1425 raft_consensus.cc:493] T 8156db8ac36d41fcafc61060efc2f85e P 4d7e3b5c81764dd893d8ea723aef6f52 [term 0 FOLLOWER]: Starting pre-election (no leader contacted us within the election timeout)
I20260710 13:26:34.494478  1425 raft_consensus.cc:515] T 8156db8ac36d41fcafc61060efc2f85e P 4d7e3b5c81764dd893d8ea723aef6f52 [term 0 FOLLOWER]: Starting pre-election with config: opid_index: -1 OBSOLETE_local: false peers { permanent_uuid: "192c4729e13b464a87af54081f482c8e" member_type: VOTER last_known_addr { host: "127.31.208.193" port: 36873 } } peers { permanent_uuid: "7565975ec8ac44b0a4ba8c4bd1066d58" member_type: VOTER last_known_addr { host: "127.31.208.194" port: 38021 } } peers { permanent_uuid: "4d7e3b5c81764dd893d8ea723aef6f52" member_type: VOTER last_known_addr { host: "127.31.208.195" port: 41481 } }
I20260710 13:26:34.497354  1404 tablet_bootstrap.cc:492] T 6ca41a3ca2ca4f23b8e59b194d49e833 P 192c4729e13b464a87af54081f482c8e: No bootstrap required, opened a new log
I20260710 13:26:34.498122  1288 tablet_service.cc:1917] Received RequestConsensusVote() RPC: tablet_id: "8156db8ac36d41fcafc61060efc2f85e" candidate_uuid: "4d7e3b5c81764dd893d8ea723aef6f52" candidate_term: 1 candidate_status { last_received { term: 0 index: 0 } } ignore_live_leader: false dest_uuid: "7565975ec8ac44b0a4ba8c4bd1066d58" is_pre_election: true
I20260710 13:26:34.498550  1425 leader_election.cc:290] T 8156db8ac36d41fcafc61060efc2f85e P 4d7e3b5c81764dd893d8ea723aef6f52 [CANDIDATE]: Term 1 pre-election: Requested pre-vote from peers 192c4729e13b464a87af54081f482c8e (127.31.208.193:36873), 7565975ec8ac44b0a4ba8c4bd1066d58 (127.31.208.194:38021)
I20260710 13:26:34.499368  1213 tablet_service.cc:1917] Received RequestConsensusVote() RPC: tablet_id: "8156db8ac36d41fcafc61060efc2f85e" candidate_uuid: "4d7e3b5c81764dd893d8ea723aef6f52" candidate_term: 1 candidate_status { last_received { term: 0 index: 0 } } ignore_live_leader: false dest_uuid: "192c4729e13b464a87af54081f482c8e" is_pre_election: true
I20260710 13:26:34.500133  1213 raft_consensus.cc:2393] T 8156db8ac36d41fcafc61060efc2f85e P 192c4729e13b464a87af54081f482c8e [term 1 FOLLOWER]: Leader pre-election vote request: Denying vote to candidate 4d7e3b5c81764dd893d8ea723aef6f52 in current term 1: Already voted for candidate 7565975ec8ac44b0a4ba8c4bd1066d58 in this term.
I20260710 13:26:34.497778  1404 ts_tablet_manager.cc:1403] T 6ca41a3ca2ca4f23b8e59b194d49e833 P 192c4729e13b464a87af54081f482c8e: Time spent bootstrapping tablet: real 0.018s	user 0.007s	sys 0.009s
I20260710 13:26:34.501689  1327 leader_election.cc:304] T 8156db8ac36d41fcafc61060efc2f85e P 4d7e3b5c81764dd893d8ea723aef6f52 [CANDIDATE]: Term 1 pre-election: Election decided. Result: candidate lost. Election summary: received 3 responses out of 3 voters: 1 yes votes; 2 no votes. yes voters: 4d7e3b5c81764dd893d8ea723aef6f52; no voters: 192c4729e13b464a87af54081f482c8e, 7565975ec8ac44b0a4ba8c4bd1066d58
I20260710 13:26:34.502501  1403 tablet_bootstrap.cc:492] T 2cee779ed68644ad9b81bb091d8ed866 P 7565975ec8ac44b0a4ba8c4bd1066d58: No bootstrap required, opened a new log
I20260710 13:26:34.502449  1425 raft_consensus.cc:3060] T 8156db8ac36d41fcafc61060efc2f85e P 4d7e3b5c81764dd893d8ea723aef6f52 [term 0 FOLLOWER]: Advancing to term 1
I20260710 13:26:34.502992  1403 ts_tablet_manager.cc:1403] T 2cee779ed68644ad9b81bb091d8ed866 P 7565975ec8ac44b0a4ba8c4bd1066d58: Time spent bootstrapping tablet: real 0.032s	user 0.008s	sys 0.021s
I20260710 13:26:34.504141  1404 raft_consensus.cc:359] T 6ca41a3ca2ca4f23b8e59b194d49e833 P 192c4729e13b464a87af54081f482c8e [term 0 FOLLOWER]: Replica starting. Triggering 0 pending ops. Active config: opid_index: -1 OBSOLETE_local: false peers { permanent_uuid: "192c4729e13b464a87af54081f482c8e" member_type: VOTER last_known_addr { host: "127.31.208.193" port: 36873 } } peers { permanent_uuid: "7565975ec8ac44b0a4ba8c4bd1066d58" member_type: VOTER last_known_addr { host: "127.31.208.194" port: 38021 } } peers { permanent_uuid: "4d7e3b5c81764dd893d8ea723aef6f52" member_type: VOTER last_known_addr { host: "127.31.208.195" port: 41481 } }
I20260710 13:26:34.504832  1404 raft_consensus.cc:385] T 6ca41a3ca2ca4f23b8e59b194d49e833 P 192c4729e13b464a87af54081f482c8e [term 0 FOLLOWER]: Consensus starting up: Expiring failure detector timer to make a prompt election more likely
I20260710 13:26:34.505115  1404 raft_consensus.cc:740] T 6ca41a3ca2ca4f23b8e59b194d49e833 P 192c4729e13b464a87af54081f482c8e [term 0 FOLLOWER]: Becoming Follower/Learner. State: Replica: 192c4729e13b464a87af54081f482c8e, State: Initialized, Role: FOLLOWER
I20260710 13:26:34.505710  1402 tablet_bootstrap.cc:492] T 3685347cbf054174907e2875aa39a0ce P 4d7e3b5c81764dd893d8ea723aef6f52: No bootstrap required, opened a new log
I20260710 13:26:34.505621  1403 raft_consensus.cc:359] T 2cee779ed68644ad9b81bb091d8ed866 P 7565975ec8ac44b0a4ba8c4bd1066d58 [term 0 FOLLOWER]: Replica starting. Triggering 0 pending ops. Active config: opid_index: -1 OBSOLETE_local: false peers { permanent_uuid: "192c4729e13b464a87af54081f482c8e" member_type: VOTER last_known_addr { host: "127.31.208.193" port: 36873 } } peers { permanent_uuid: "7565975ec8ac44b0a4ba8c4bd1066d58" member_type: VOTER last_known_addr { host: "127.31.208.194" port: 38021 } } peers { permanent_uuid: "4d7e3b5c81764dd893d8ea723aef6f52" member_type: VOTER last_known_addr { host: "127.31.208.195" port: 41481 } }
I20260710 13:26:34.506178  1402 ts_tablet_manager.cc:1403] T 3685347cbf054174907e2875aa39a0ce P 4d7e3b5c81764dd893d8ea723aef6f52: Time spent bootstrapping tablet: real 0.027s	user 0.015s	sys 0.002s
I20260710 13:26:34.506316  1403 raft_consensus.cc:385] T 2cee779ed68644ad9b81bb091d8ed866 P 7565975ec8ac44b0a4ba8c4bd1066d58 [term 0 FOLLOWER]: Consensus starting up: Expiring failure detector timer to make a prompt election more likely
I20260710 13:26:34.505949  1404 consensus_queue.cc:260] T 6ca41a3ca2ca4f23b8e59b194d49e833 P 192c4729e13b464a87af54081f482c8e [NON_LEADER]: Queue going to NON_LEADER mode. State: All replicated index: 0, Majority replicated index: 0, Committed index: 0, Last appended: 0.0, Last appended by leader: 0, Current term: 0, Majority size: -1, State: 0, Mode: NON_LEADER, active raft config: opid_index: -1 OBSOLETE_local: false peers { permanent_uuid: "192c4729e13b464a87af54081f482c8e" member_type: VOTER last_known_addr { host: "127.31.208.193" port: 36873 } } peers { permanent_uuid: "7565975ec8ac44b0a4ba8c4bd1066d58" member_type: VOTER last_known_addr { host: "127.31.208.194" port: 38021 } } peers { permanent_uuid: "4d7e3b5c81764dd893d8ea723aef6f52" member_type: VOTER last_known_addr { host: "127.31.208.195" port: 41481 } }
I20260710 13:26:34.506682  1403 raft_consensus.cc:740] T 2cee779ed68644ad9b81bb091d8ed866 P 7565975ec8ac44b0a4ba8c4bd1066d58 [term 0 FOLLOWER]: Becoming Follower/Learner. State: Replica: 7565975ec8ac44b0a4ba8c4bd1066d58, State: Initialized, Role: FOLLOWER
I20260710 13:26:34.507507  1403 consensus_queue.cc:260] T 2cee779ed68644ad9b81bb091d8ed866 P 7565975ec8ac44b0a4ba8c4bd1066d58 [NON_LEADER]: Queue going to NON_LEADER mode. State: All replicated index: 0, Majority replicated index: 0, Committed index: 0, Last appended: 0.0, Last appended by leader: 0, Current term: 0, Majority size: -1, State: 0, Mode: NON_LEADER, active raft config: opid_index: -1 OBSOLETE_local: false peers { permanent_uuid: "192c4729e13b464a87af54081f482c8e" member_type: VOTER last_known_addr { host: "127.31.208.193" port: 36873 } } peers { permanent_uuid: "7565975ec8ac44b0a4ba8c4bd1066d58" member_type: VOTER last_known_addr { host: "127.31.208.194" port: 38021 } } peers { permanent_uuid: "4d7e3b5c81764dd893d8ea723aef6f52" member_type: VOTER last_known_addr { host: "127.31.208.195" port: 41481 } }
I20260710 13:26:34.509094  1402 raft_consensus.cc:359] T 3685347cbf054174907e2875aa39a0ce P 4d7e3b5c81764dd893d8ea723aef6f52 [term 0 FOLLOWER]: Replica starting. Triggering 0 pending ops. Active config: opid_index: -1 OBSOLETE_local: false peers { permanent_uuid: "192c4729e13b464a87af54081f482c8e" member_type: VOTER last_known_addr { host: "127.31.208.193" port: 36873 } } peers { permanent_uuid: "7565975ec8ac44b0a4ba8c4bd1066d58" member_type: VOTER last_known_addr { host: "127.31.208.194" port: 38021 } } peers { permanent_uuid: "4d7e3b5c81764dd893d8ea723aef6f52" member_type: VOTER last_known_addr { host: "127.31.208.195" port: 41481 } }
I20260710 13:26:34.509779  1402 raft_consensus.cc:385] T 3685347cbf054174907e2875aa39a0ce P 4d7e3b5c81764dd893d8ea723aef6f52 [term 0 FOLLOWER]: Consensus starting up: Expiring failure detector timer to make a prompt election more likely
I20260710 13:26:34.510089  1402 raft_consensus.cc:740] T 3685347cbf054174907e2875aa39a0ce P 4d7e3b5c81764dd893d8ea723aef6f52 [term 0 FOLLOWER]: Becoming Follower/Learner. State: Replica: 4d7e3b5c81764dd893d8ea723aef6f52, State: Initialized, Role: FOLLOWER
I20260710 13:26:34.510315  1404 ts_tablet_manager.cc:1434] T 6ca41a3ca2ca4f23b8e59b194d49e833 P 192c4729e13b464a87af54081f482c8e: Time spent starting tablet: real 0.009s	user 0.005s	sys 0.000s
I20260710 13:26:34.511281  1404 tablet_bootstrap.cc:492] T 38a9c2b502e64ddc955ef21fe1a47fd6 P 192c4729e13b464a87af54081f482c8e: Bootstrap starting.
I20260710 13:26:34.510908  1402 consensus_queue.cc:260] T 3685347cbf054174907e2875aa39a0ce P 4d7e3b5c81764dd893d8ea723aef6f52 [NON_LEADER]: Queue going to NON_LEADER mode. State: All replicated index: 0, Majority replicated index: 0, Committed index: 0, Last appended: 0.0, Last appended by leader: 0, Current term: 0, Majority size: -1, State: 0, Mode: NON_LEADER, active raft config: opid_index: -1 OBSOLETE_local: false peers { permanent_uuid: "192c4729e13b464a87af54081f482c8e" member_type: VOTER last_known_addr { host: "127.31.208.193" port: 36873 } } peers { permanent_uuid: "7565975ec8ac44b0a4ba8c4bd1066d58" member_type: VOTER last_known_addr { host: "127.31.208.194" port: 38021 } } peers { permanent_uuid: "4d7e3b5c81764dd893d8ea723aef6f52" member_type: VOTER last_known_addr { host: "127.31.208.195" port: 41481 } }
I20260710 13:26:34.512389  1403 ts_tablet_manager.cc:1434] T 2cee779ed68644ad9b81bb091d8ed866 P 7565975ec8ac44b0a4ba8c4bd1066d58: Time spent starting tablet: real 0.009s	user 0.007s	sys 0.000s
I20260710 13:26:34.512913  1402 ts_tablet_manager.cc:1434] T 3685347cbf054174907e2875aa39a0ce P 4d7e3b5c81764dd893d8ea723aef6f52: Time spent starting tablet: real 0.006s	user 0.005s	sys 0.000s
I20260710 13:26:34.513294  1403 tablet_bootstrap.cc:492] T b15e8815eca64d56a7525e911e70be01 P 7565975ec8ac44b0a4ba8c4bd1066d58: Bootstrap starting.
I20260710 13:26:34.513815  1402 tablet_bootstrap.cc:492] T 2cee779ed68644ad9b81bb091d8ed866 P 4d7e3b5c81764dd893d8ea723aef6f52: Bootstrap starting.
I20260710 13:26:34.517607  1404 tablet_bootstrap.cc:654] T 38a9c2b502e64ddc955ef21fe1a47fd6 P 192c4729e13b464a87af54081f482c8e: Neither blocks nor log segments found. Creating new log.
I20260710 13:26:34.518949  1411 raft_consensus.cc:493] T 6ca41a3ca2ca4f23b8e59b194d49e833 P 192c4729e13b464a87af54081f482c8e [term 0 FOLLOWER]: Starting pre-election (no leader contacted us within the election timeout)
I20260710 13:26:34.519368  1403 tablet_bootstrap.cc:654] T b15e8815eca64d56a7525e911e70be01 P 7565975ec8ac44b0a4ba8c4bd1066d58: Neither blocks nor log segments found. Creating new log.
I20260710 13:26:34.519395  1402 tablet_bootstrap.cc:654] T 2cee779ed68644ad9b81bb091d8ed866 P 4d7e3b5c81764dd893d8ea723aef6f52: Neither blocks nor log segments found. Creating new log.
I20260710 13:26:34.519385  1411 raft_consensus.cc:515] T 6ca41a3ca2ca4f23b8e59b194d49e833 P 192c4729e13b464a87af54081f482c8e [term 0 FOLLOWER]: Starting pre-election with config: opid_index: -1 OBSOLETE_local: false peers { permanent_uuid: "192c4729e13b464a87af54081f482c8e" member_type: VOTER last_known_addr { host: "127.31.208.193" port: 36873 } } peers { permanent_uuid: "7565975ec8ac44b0a4ba8c4bd1066d58" member_type: VOTER last_known_addr { host: "127.31.208.194" port: 38021 } } peers { permanent_uuid: "4d7e3b5c81764dd893d8ea723aef6f52" member_type: VOTER last_known_addr { host: "127.31.208.195" port: 41481 } }
I20260710 13:26:34.521770  1411 leader_election.cc:290] T 6ca41a3ca2ca4f23b8e59b194d49e833 P 192c4729e13b464a87af54081f482c8e [CANDIDATE]: Term 1 pre-election: Requested pre-vote from peers 7565975ec8ac44b0a4ba8c4bd1066d58 (127.31.208.194:38021), 4d7e3b5c81764dd893d8ea723aef6f52 (127.31.208.195:41481)
I20260710 13:26:34.523497  1362 tablet_service.cc:1917] Received RequestConsensusVote() RPC: tablet_id: "6ca41a3ca2ca4f23b8e59b194d49e833" candidate_uuid: "192c4729e13b464a87af54081f482c8e" candidate_term: 1 candidate_status { last_received { term: 0 index: 0 } } ignore_live_leader: false dest_uuid: "4d7e3b5c81764dd893d8ea723aef6f52" is_pre_election: true
I20260710 13:26:34.524108  1362 raft_consensus.cc:2468] T 6ca41a3ca2ca4f23b8e59b194d49e833 P 4d7e3b5c81764dd893d8ea723aef6f52 [term 0 FOLLOWER]: Leader pre-election vote request: Granting yes vote for candidate 192c4729e13b464a87af54081f482c8e in term 0.
I20260710 13:26:34.527503  1288 tablet_service.cc:1917] Received RequestConsensusVote() RPC: tablet_id: "6ca41a3ca2ca4f23b8e59b194d49e833" candidate_uuid: "192c4729e13b464a87af54081f482c8e" candidate_term: 1 candidate_status { last_received { term: 0 index: 0 } } ignore_live_leader: false dest_uuid: "7565975ec8ac44b0a4ba8c4bd1066d58" is_pre_election: true
I20260710 13:26:34.528350  1426 raft_consensus.cc:493] T 0d3d5e254831433e98b4af390ff47962 P 7565975ec8ac44b0a4ba8c4bd1066d58 [term 0 FOLLOWER]: Starting pre-election (no leader contacted us within the election timeout)
I20260710 13:26:34.528718  1402 tablet_bootstrap.cc:492] T 2cee779ed68644ad9b81bb091d8ed866 P 4d7e3b5c81764dd893d8ea723aef6f52: No bootstrap required, opened a new log
I20260710 13:26:34.528780  1426 raft_consensus.cc:515] T 0d3d5e254831433e98b4af390ff47962 P 7565975ec8ac44b0a4ba8c4bd1066d58 [term 0 FOLLOWER]: Starting pre-election with config: opid_index: -1 OBSOLETE_local: false peers { permanent_uuid: "192c4729e13b464a87af54081f482c8e" member_type: VOTER last_known_addr { host: "127.31.208.193" port: 36873 } } peers { permanent_uuid: "7565975ec8ac44b0a4ba8c4bd1066d58" member_type: VOTER last_known_addr { host: "127.31.208.194" port: 38021 } } peers { permanent_uuid: "4d7e3b5c81764dd893d8ea723aef6f52" member_type: VOTER last_known_addr { host: "127.31.208.195" port: 41481 } }
I20260710 13:26:34.529469  1402 ts_tablet_manager.cc:1403] T 2cee779ed68644ad9b81bb091d8ed866 P 4d7e3b5c81764dd893d8ea723aef6f52: Time spent bootstrapping tablet: real 0.016s	user 0.011s	sys 0.003s
I20260710 13:26:34.528882  1179 leader_election.cc:304] T 6ca41a3ca2ca4f23b8e59b194d49e833 P 192c4729e13b464a87af54081f482c8e [CANDIDATE]: Term 1 pre-election: Election decided. Result: candidate won. Election summary: received 2 responses out of 3 voters: 2 yes votes; 0 no votes. yes voters: 192c4729e13b464a87af54081f482c8e, 4d7e3b5c81764dd893d8ea723aef6f52; no voters: 
W20260710 13:26:34.530537  1178 leader_election.cc:343] T 6ca41a3ca2ca4f23b8e59b194d49e833 P 192c4729e13b464a87af54081f482c8e [CANDIDATE]: Term 1 pre-election: Tablet error from VoteRequest() call to peer 7565975ec8ac44b0a4ba8c4bd1066d58 (127.31.208.194:38021): Illegal state: must be running to vote when last-logged opid is not known
I20260710 13:26:34.530982  1426 leader_election.cc:290] T 0d3d5e254831433e98b4af390ff47962 P 7565975ec8ac44b0a4ba8c4bd1066d58 [CANDIDATE]: Term 1 pre-election: Requested pre-vote from peers 192c4729e13b464a87af54081f482c8e (127.31.208.193:36873), 4d7e3b5c81764dd893d8ea723aef6f52 (127.31.208.195:41481)
I20260710 13:26:34.532027  1213 tablet_service.cc:1917] Received RequestConsensusVote() RPC: tablet_id: "0d3d5e254831433e98b4af390ff47962" candidate_uuid: "7565975ec8ac44b0a4ba8c4bd1066d58" candidate_term: 1 candidate_status { last_received { term: 0 index: 0 } } ignore_live_leader: false dest_uuid: "192c4729e13b464a87af54081f482c8e" is_pre_election: true
I20260710 13:26:34.532581  1213 raft_consensus.cc:2468] T 0d3d5e254831433e98b4af390ff47962 P 192c4729e13b464a87af54081f482c8e [term 0 FOLLOWER]: Leader pre-election vote request: Granting yes vote for candidate 7565975ec8ac44b0a4ba8c4bd1066d58 in term 0.
I20260710 13:26:34.534102  1411 raft_consensus.cc:2804] T 6ca41a3ca2ca4f23b8e59b194d49e833 P 192c4729e13b464a87af54081f482c8e [term 0 FOLLOWER]: Leader pre-election won for term 1
I20260710 13:26:34.534337  1362 tablet_service.cc:1917] Received RequestConsensusVote() RPC: tablet_id: "0d3d5e254831433e98b4af390ff47962" candidate_uuid: "7565975ec8ac44b0a4ba8c4bd1066d58" candidate_term: 1 candidate_status { last_received { term: 0 index: 0 } } ignore_live_leader: false dest_uuid: "4d7e3b5c81764dd893d8ea723aef6f52" is_pre_election: true
I20260710 13:26:34.535113  1362 raft_consensus.cc:2468] T 0d3d5e254831433e98b4af390ff47962 P 4d7e3b5c81764dd893d8ea723aef6f52 [term 0 FOLLOWER]: Leader pre-election vote request: Granting yes vote for candidate 7565975ec8ac44b0a4ba8c4bd1066d58 in term 0.
I20260710 13:26:34.534657  1411 raft_consensus.cc:493] T 6ca41a3ca2ca4f23b8e59b194d49e833 P 192c4729e13b464a87af54081f482c8e [term 0 FOLLOWER]: Starting leader election (no leader contacted us within the election timeout)
I20260710 13:26:34.535844  1411 raft_consensus.cc:3060] T 6ca41a3ca2ca4f23b8e59b194d49e833 P 192c4729e13b464a87af54081f482c8e [term 0 FOLLOWER]: Advancing to term 1
I20260710 13:26:34.536017  1425 raft_consensus.cc:2749] T 8156db8ac36d41fcafc61060efc2f85e P 4d7e3b5c81764dd893d8ea723aef6f52 [term 1 FOLLOWER]: Leader pre-election lost for term 1. Reason: could not achieve majority
I20260710 13:26:34.536391  1254 leader_election.cc:304] T 0d3d5e254831433e98b4af390ff47962 P 7565975ec8ac44b0a4ba8c4bd1066d58 [CANDIDATE]: Term 1 pre-election: Election decided. Result: candidate won. Election summary: received 2 responses out of 3 voters: 2 yes votes; 0 no votes. yes voters: 4d7e3b5c81764dd893d8ea723aef6f52, 7565975ec8ac44b0a4ba8c4bd1066d58; no voters: 
I20260710 13:26:34.538444  1426 raft_consensus.cc:2804] T 0d3d5e254831433e98b4af390ff47962 P 7565975ec8ac44b0a4ba8c4bd1066d58 [term 0 FOLLOWER]: Leader pre-election won for term 1
I20260710 13:26:34.538887  1426 raft_consensus.cc:493] T 0d3d5e254831433e98b4af390ff47962 P 7565975ec8ac44b0a4ba8c4bd1066d58 [term 0 FOLLOWER]: Starting leader election (no leader contacted us within the election timeout)
I20260710 13:26:34.539319  1426 raft_consensus.cc:3060] T 0d3d5e254831433e98b4af390ff47962 P 7565975ec8ac44b0a4ba8c4bd1066d58 [term 0 FOLLOWER]: Advancing to term 1
I20260710 13:26:34.544335  1402 raft_consensus.cc:359] T 2cee779ed68644ad9b81bb091d8ed866 P 4d7e3b5c81764dd893d8ea723aef6f52 [term 0 FOLLOWER]: Replica starting. Triggering 0 pending ops. Active config: opid_index: -1 OBSOLETE_local: false peers { permanent_uuid: "192c4729e13b464a87af54081f482c8e" member_type: VOTER last_known_addr { host: "127.31.208.193" port: 36873 } } peers { permanent_uuid: "7565975ec8ac44b0a4ba8c4bd1066d58" member_type: VOTER last_known_addr { host: "127.31.208.194" port: 38021 } } peers { permanent_uuid: "4d7e3b5c81764dd893d8ea723aef6f52" member_type: VOTER last_known_addr { host: "127.31.208.195" port: 41481 } }
I20260710 13:26:34.545878  1403 tablet_bootstrap.cc:492] T b15e8815eca64d56a7525e911e70be01 P 7565975ec8ac44b0a4ba8c4bd1066d58: No bootstrap required, opened a new log
I20260710 13:26:34.546356  1403 ts_tablet_manager.cc:1403] T b15e8815eca64d56a7525e911e70be01 P 7565975ec8ac44b0a4ba8c4bd1066d58: Time spent bootstrapping tablet: real 0.033s	user 0.009s	sys 0.023s
I20260710 13:26:34.548671  1403 raft_consensus.cc:359] T b15e8815eca64d56a7525e911e70be01 P 7565975ec8ac44b0a4ba8c4bd1066d58 [term 0 FOLLOWER]: Replica starting. Triggering 0 pending ops. Active config: opid_index: -1 OBSOLETE_local: false peers { permanent_uuid: "192c4729e13b464a87af54081f482c8e" member_type: VOTER last_known_addr { host: "127.31.208.193" port: 36873 } } peers { permanent_uuid: "7565975ec8ac44b0a4ba8c4bd1066d58" member_type: VOTER last_known_addr { host: "127.31.208.194" port: 38021 } } peers { permanent_uuid: "4d7e3b5c81764dd893d8ea723aef6f52" member_type: VOTER last_known_addr { host: "127.31.208.195" port: 41481 } }
I20260710 13:26:34.549302  1403 raft_consensus.cc:385] T b15e8815eca64d56a7525e911e70be01 P 7565975ec8ac44b0a4ba8c4bd1066d58 [term 0 FOLLOWER]: Consensus starting up: Expiring failure detector timer to make a prompt election more likely
I20260710 13:26:34.549631  1402 raft_consensus.cc:385] T 2cee779ed68644ad9b81bb091d8ed866 P 4d7e3b5c81764dd893d8ea723aef6f52 [term 0 FOLLOWER]: Consensus starting up: Expiring failure detector timer to make a prompt election more likely
I20260710 13:26:34.549947  1402 raft_consensus.cc:740] T 2cee779ed68644ad9b81bb091d8ed866 P 4d7e3b5c81764dd893d8ea723aef6f52 [term 0 FOLLOWER]: Becoming Follower/Learner. State: Replica: 4d7e3b5c81764dd893d8ea723aef6f52, State: Initialized, Role: FOLLOWER
I20260710 13:26:34.549506  1411 raft_consensus.cc:515] T 6ca41a3ca2ca4f23b8e59b194d49e833 P 192c4729e13b464a87af54081f482c8e [term 1 FOLLOWER]: Starting leader election with config: opid_index: -1 OBSOLETE_local: false peers { permanent_uuid: "192c4729e13b464a87af54081f482c8e" member_type: VOTER last_known_addr { host: "127.31.208.193" port: 36873 } } peers { permanent_uuid: "7565975ec8ac44b0a4ba8c4bd1066d58" member_type: VOTER last_known_addr { host: "127.31.208.194" port: 38021 } } peers { permanent_uuid: "4d7e3b5c81764dd893d8ea723aef6f52" member_type: VOTER last_known_addr { host: "127.31.208.195" port: 41481 } }
I20260710 13:26:34.549566  1403 raft_consensus.cc:740] T b15e8815eca64d56a7525e911e70be01 P 7565975ec8ac44b0a4ba8c4bd1066d58 [term 0 FOLLOWER]: Becoming Follower/Learner. State: Replica: 7565975ec8ac44b0a4ba8c4bd1066d58, State: Initialized, Role: FOLLOWER
I20260710 13:26:34.550558  1402 consensus_queue.cc:260] T 2cee779ed68644ad9b81bb091d8ed866 P 4d7e3b5c81764dd893d8ea723aef6f52 [NON_LEADER]: Queue going to NON_LEADER mode. State: All replicated index: 0, Majority replicated index: 0, Committed index: 0, Last appended: 0.0, Last appended by leader: 0, Current term: 0, Majority size: -1, State: 0, Mode: NON_LEADER, active raft config: opid_index: -1 OBSOLETE_local: false peers { permanent_uuid: "192c4729e13b464a87af54081f482c8e" member_type: VOTER last_known_addr { host: "127.31.208.193" port: 36873 } } peers { permanent_uuid: "7565975ec8ac44b0a4ba8c4bd1066d58" member_type: VOTER last_known_addr { host: "127.31.208.194" port: 38021 } } peers { permanent_uuid: "4d7e3b5c81764dd893d8ea723aef6f52" member_type: VOTER last_known_addr { host: "127.31.208.195" port: 41481 } }
I20260710 13:26:34.551862  1403 consensus_queue.cc:260] T b15e8815eca64d56a7525e911e70be01 P 7565975ec8ac44b0a4ba8c4bd1066d58 [NON_LEADER]: Queue going to NON_LEADER mode. State: All replicated index: 0, Majority replicated index: 0, Committed index: 0, Last appended: 0.0, Last appended by leader: 0, Current term: 0, Majority size: -1, State: 0, Mode: NON_LEADER, active raft config: opid_index: -1 OBSOLETE_local: false peers { permanent_uuid: "192c4729e13b464a87af54081f482c8e" member_type: VOTER last_known_addr { host: "127.31.208.193" port: 36873 } } peers { permanent_uuid: "7565975ec8ac44b0a4ba8c4bd1066d58" member_type: VOTER last_known_addr { host: "127.31.208.194" port: 38021 } } peers { permanent_uuid: "4d7e3b5c81764dd893d8ea723aef6f52" member_type: VOTER last_known_addr { host: "127.31.208.195" port: 41481 } }
I20260710 13:26:34.550429  1425 raft_consensus.cc:493] T bc29f9d85ed744fa8194fa69152a8d7b P 4d7e3b5c81764dd893d8ea723aef6f52 [term 0 FOLLOWER]: Starting pre-election (no leader contacted us within the election timeout)
I20260710 13:26:34.553751  1403 ts_tablet_manager.cc:1434] T b15e8815eca64d56a7525e911e70be01 P 7565975ec8ac44b0a4ba8c4bd1066d58: Time spent starting tablet: real 0.007s	user 0.004s	sys 0.000s
I20260710 13:26:34.554574  1403 tablet_bootstrap.cc:492] T 6ca41a3ca2ca4f23b8e59b194d49e833 P 7565975ec8ac44b0a4ba8c4bd1066d58: Bootstrap starting.
I20260710 13:26:34.556514  1402 ts_tablet_manager.cc:1434] T 2cee779ed68644ad9b81bb091d8ed866 P 4d7e3b5c81764dd893d8ea723aef6f52: Time spent starting tablet: real 0.015s	user 0.006s	sys 0.000s
I20260710 13:26:34.557106  1288 tablet_service.cc:1917] Received RequestConsensusVote() RPC: tablet_id: "6ca41a3ca2ca4f23b8e59b194d49e833" candidate_uuid: "192c4729e13b464a87af54081f482c8e" candidate_term: 1 candidate_status { last_received { term: 0 index: 0 } } ignore_live_leader: false dest_uuid: "7565975ec8ac44b0a4ba8c4bd1066d58"
I20260710 13:26:34.559906  1403 tablet_bootstrap.cc:654] T 6ca41a3ca2ca4f23b8e59b194d49e833 P 7565975ec8ac44b0a4ba8c4bd1066d58: Neither blocks nor log segments found. Creating new log.
W20260710 13:26:34.560406  1178 leader_election.cc:343] T 6ca41a3ca2ca4f23b8e59b194d49e833 P 192c4729e13b464a87af54081f482c8e [CANDIDATE]: Term 1 election: Tablet error from VoteRequest() call to peer 7565975ec8ac44b0a4ba8c4bd1066d58 (127.31.208.194:38021): Illegal state: must be running to vote when last-logged opid is not known
I20260710 13:26:34.553620  1425 raft_consensus.cc:515] T bc29f9d85ed744fa8194fa69152a8d7b P 4d7e3b5c81764dd893d8ea723aef6f52 [term 0 FOLLOWER]: Starting pre-election with config: opid_index: -1 OBSOLETE_local: false peers { permanent_uuid: "192c4729e13b464a87af54081f482c8e" member_type: VOTER last_known_addr { host: "127.31.208.193" port: 36873 } } peers { permanent_uuid: "7565975ec8ac44b0a4ba8c4bd1066d58" member_type: VOTER last_known_addr { host: "127.31.208.194" port: 38021 } } peers { permanent_uuid: "4d7e3b5c81764dd893d8ea723aef6f52" member_type: VOTER last_known_addr { host: "127.31.208.195" port: 41481 } }
I20260710 13:26:34.558431  1362 tablet_service.cc:1917] Received RequestConsensusVote() RPC: tablet_id: "6ca41a3ca2ca4f23b8e59b194d49e833" candidate_uuid: "192c4729e13b464a87af54081f482c8e" candidate_term: 1 candidate_status { last_received { term: 0 index: 0 } } ignore_live_leader: false dest_uuid: "4d7e3b5c81764dd893d8ea723aef6f52"
I20260710 13:26:34.561069  1362 raft_consensus.cc:3060] T 6ca41a3ca2ca4f23b8e59b194d49e833 P 4d7e3b5c81764dd893d8ea723aef6f52 [term 0 FOLLOWER]: Advancing to term 1
I20260710 13:26:34.564733  1408 raft_consensus.cc:493] T 2cee779ed68644ad9b81bb091d8ed866 P 7565975ec8ac44b0a4ba8c4bd1066d58 [term 0 FOLLOWER]: Starting pre-election (no leader contacted us within the election timeout)
I20260710 13:26:34.565322  1408 raft_consensus.cc:515] T 2cee779ed68644ad9b81bb091d8ed866 P 7565975ec8ac44b0a4ba8c4bd1066d58 [term 0 FOLLOWER]: Starting pre-election with config: opid_index: -1 OBSOLETE_local: false peers { permanent_uuid: "192c4729e13b464a87af54081f482c8e" member_type: VOTER last_known_addr { host: "127.31.208.193" port: 36873 } } peers { permanent_uuid: "7565975ec8ac44b0a4ba8c4bd1066d58" member_type: VOTER last_known_addr { host: "127.31.208.194" port: 38021 } } peers { permanent_uuid: "4d7e3b5c81764dd893d8ea723aef6f52" member_type: VOTER last_known_addr { host: "127.31.208.195" port: 41481 } }
I20260710 13:26:34.568993  1213 tablet_service.cc:1917] Received RequestConsensusVote() RPC: tablet_id: "2cee779ed68644ad9b81bb091d8ed866" candidate_uuid: "7565975ec8ac44b0a4ba8c4bd1066d58" candidate_term: 1 candidate_status { last_received { term: 0 index: 0 } } ignore_live_leader: false dest_uuid: "192c4729e13b464a87af54081f482c8e" is_pre_election: true
I20260710 13:26:34.571139  1402 tablet_bootstrap.cc:492] T b15e8815eca64d56a7525e911e70be01 P 4d7e3b5c81764dd893d8ea723aef6f52: Bootstrap starting.
W20260710 13:26:34.570986  1251 leader_election.cc:343] T 2cee779ed68644ad9b81bb091d8ed866 P 7565975ec8ac44b0a4ba8c4bd1066d58 [CANDIDATE]: Term 1 pre-election: Tablet error from VoteRequest() call to peer 192c4729e13b464a87af54081f482c8e (127.31.208.193:36873): Illegal state: must be running to vote when last-logged opid is not known
I20260710 13:26:34.572615  1408 leader_election.cc:290] T 2cee779ed68644ad9b81bb091d8ed866 P 7565975ec8ac44b0a4ba8c4bd1066d58 [CANDIDATE]: Term 1 pre-election: Requested pre-vote from peers 192c4729e13b464a87af54081f482c8e (127.31.208.193:36873), 4d7e3b5c81764dd893d8ea723aef6f52 (127.31.208.195:41481)
I20260710 13:26:34.573338  1409 raft_consensus.cc:493] T dde18d13c6c841429de22af6e43f5735 P 4d7e3b5c81764dd893d8ea723aef6f52 [term 0 FOLLOWER]: Starting pre-election (no leader contacted us within the election timeout)
I20260710 13:26:34.573925  1409 raft_consensus.cc:515] T dde18d13c6c841429de22af6e43f5735 P 4d7e3b5c81764dd893d8ea723aef6f52 [term 0 FOLLOWER]: Starting pre-election with config: opid_index: -1 OBSOLETE_local: false peers { permanent_uuid: "192c4729e13b464a87af54081f482c8e" member_type: VOTER last_known_addr { host: "127.31.208.193" port: 36873 } } peers { permanent_uuid: "7565975ec8ac44b0a4ba8c4bd1066d58" member_type: VOTER last_known_addr { host: "127.31.208.194" port: 38021 } } peers { permanent_uuid: "4d7e3b5c81764dd893d8ea723aef6f52" member_type: VOTER last_known_addr { host: "127.31.208.195" port: 41481 } }
I20260710 13:26:34.577284  1361 tablet_service.cc:1917] Received RequestConsensusVote() RPC: tablet_id: "2cee779ed68644ad9b81bb091d8ed866" candidate_uuid: "7565975ec8ac44b0a4ba8c4bd1066d58" candidate_term: 1 candidate_status { last_received { term: 0 index: 0 } } ignore_live_leader: false dest_uuid: "4d7e3b5c81764dd893d8ea723aef6f52" is_pre_election: true
I20260710 13:26:34.578094  1361 raft_consensus.cc:2468] T 2cee779ed68644ad9b81bb091d8ed866 P 4d7e3b5c81764dd893d8ea723aef6f52 [term 0 FOLLOWER]: Leader pre-election vote request: Granting yes vote for candidate 7565975ec8ac44b0a4ba8c4bd1066d58 in term 0.
I20260710 13:26:34.578984  1409 leader_election.cc:290] T dde18d13c6c841429de22af6e43f5735 P 4d7e3b5c81764dd893d8ea723aef6f52 [CANDIDATE]: Term 1 pre-election: Requested pre-vote from peers 192c4729e13b464a87af54081f482c8e (127.31.208.193:36873), 7565975ec8ac44b0a4ba8c4bd1066d58 (127.31.208.194:38021)
I20260710 13:26:34.585510  1288 tablet_service.cc:1917] Received RequestConsensusVote() RPC: tablet_id: "dde18d13c6c841429de22af6e43f5735" candidate_uuid: "4d7e3b5c81764dd893d8ea723aef6f52" candidate_term: 1 candidate_status { last_received { term: 0 index: 0 } } ignore_live_leader: false dest_uuid: "7565975ec8ac44b0a4ba8c4bd1066d58" is_pre_election: true
