I20260710 13:26:25.445890   868 raft_consensus.cc:1275] T fcad49eb45fd4b409980b5c22b90d9ae P ba549a6feeca40ab94246e019f5cd65e [term 2 FOLLOWER]: Refusing update from remote peer 77b3473ea9204d03939164436b86ecb1: Log matching property violated. Preceding OpId in replica: term: 1 index: 1. Preceding OpId from leader: term: 2 index: 2. (index mismatch)
I20260710 13:26:25.447134   962 consensus_queue.cc:1048] T fcad49eb45fd4b409980b5c22b90d9ae P 77b3473ea9204d03939164436b86ecb1 [LEADER]: Connected to new peer: Peer: permanent_uuid: "ba549a6feeca40ab94246e019f5cd65e" member_type: VOTER last_known_addr { host: "127.31.208.195" port: 38117 }, Status: LMP_MISMATCH, Last received: 0.0, Next index: 2, Last known committed idx: 1, Time since last communication: 0.000s
I20260710 13:26:25.451257   791 raft_consensus.cc:1275] T fcad49eb45fd4b409980b5c22b90d9ae P 8c26a7a80ca94452be7e0dbb438679c2 [term 2 FOLLOWER]: Refusing update from remote peer 77b3473ea9204d03939164436b86ecb1: Log matching property violated. Preceding OpId in replica: term: 1 index: 1. Preceding OpId from leader: term: 2 index: 2. (index mismatch)
I20260710 13:26:25.455312   995 consensus_queue.cc:1048] T fcad49eb45fd4b409980b5c22b90d9ae P 77b3473ea9204d03939164436b86ecb1 [LEADER]: Connected to new peer: Peer: permanent_uuid: "8c26a7a80ca94452be7e0dbb438679c2" member_type: VOTER last_known_addr { host: "127.31.208.194" port: 35933 }, Status: LMP_MISMATCH, Last received: 0.0, Next index: 2, Last known committed idx: 1, Time since last communication: 0.000s
I20260710 13:26:27.548592 32579 auto_leader_rebalancer-test.cc:348] The leader distribution is 
I20260710 13:26:27.549389 32579 auto_leader_rebalancer.cc:141] leader rebalance for table test-workload
I20260710 13:26:27.565498   720 tablet_service.cc:2072] Received LeaderStepDown RPC: tablet_id: "552b442b3d874533afa6832ba4a1cef2"
dest_uuid: "77b3473ea9204d03939164436b86ecb1"
mode: GRACEFUL
new_leader_uuid: "ba549a6feeca40ab94246e019f5cd65e"
 from {username='slave'} at 127.0.0.1:50632
I20260710 13:26:27.566071   720 raft_consensus.cc:606] T 552b442b3d874533afa6832ba4a1cef2 P 77b3473ea9204d03939164436b86ecb1 [term 1 LEADER]: Received request to transfer leadership to TS ba549a6feeca40ab94246e019f5cd65e
I20260710 13:26:27.568415   720 tablet_service.cc:2072] Received LeaderStepDown RPC: tablet_id: "fcad49eb45fd4b409980b5c22b90d9ae"
dest_uuid: "77b3473ea9204d03939164436b86ecb1"
mode: GRACEFUL
new_leader_uuid: "ba549a6feeca40ab94246e019f5cd65e"
 from {username='slave'} at 127.0.0.1:50632
I20260710 13:26:27.568784   720 raft_consensus.cc:606] T fcad49eb45fd4b409980b5c22b90d9ae P 77b3473ea9204d03939164436b86ecb1 [term 2 LEADER]: Received request to transfer leadership to TS ba549a6feeca40ab94246e019f5cd65e
I20260710 13:26:27.569711 32579 auto_leader_rebalancer.cc:479] table: test-workload, leader rebalance finish, leader transfer count: 2
I20260710 13:26:27.570050 32579 auto_leader_rebalancer.cc:554] All tables' leader rebalancing finished this round
I20260710 13:26:27.733609   946 raft_consensus.cc:993] T fcad49eb45fd4b409980b5c22b90d9ae P 77b3473ea9204d03939164436b86ecb1: : Instructing follower ba549a6feeca40ab94246e019f5cd65e to start an election
I20260710 13:26:27.734025  1013 raft_consensus.cc:1081] T fcad49eb45fd4b409980b5c22b90d9ae P 77b3473ea9204d03939164436b86ecb1 [term 2 LEADER]: Signalling peer ba549a6feeca40ab94246e019f5cd65e to start an election
I20260710 13:26:27.735323   869 tablet_service.cc:2044] Received Run Leader Election RPC: tablet_id: "fcad49eb45fd4b409980b5c22b90d9ae"
dest_uuid: "ba549a6feeca40ab94246e019f5cd65e"
 from {username='slave'} at 127.0.0.1:45590
I20260710 13:26:27.735774   869 raft_consensus.cc:493] T fcad49eb45fd4b409980b5c22b90d9ae P ba549a6feeca40ab94246e019f5cd65e [term 2 FOLLOWER]: Starting forced leader election (received explicit request)
I20260710 13:26:27.736063   869 raft_consensus.cc:3060] T fcad49eb45fd4b409980b5c22b90d9ae P ba549a6feeca40ab94246e019f5cd65e [term 2 FOLLOWER]: Advancing to term 3
I20260710 13:26:27.740227   869 raft_consensus.cc:515] T fcad49eb45fd4b409980b5c22b90d9ae P ba549a6feeca40ab94246e019f5cd65e [term 3 FOLLOWER]: Starting forced leader election with config: opid_index: -1 OBSOLETE_local: false peers { permanent_uuid: "77b3473ea9204d03939164436b86ecb1" member_type: VOTER last_known_addr { host: "127.31.208.193" port: 33537 } } peers { permanent_uuid: "8c26a7a80ca94452be7e0dbb438679c2" member_type: VOTER last_known_addr { host: "127.31.208.194" port: 35933 } } peers { permanent_uuid: "ba549a6feeca40ab94246e019f5cd65e" member_type: VOTER last_known_addr { host: "127.31.208.195" port: 38117 } }
I20260710 13:26:27.742311   869 leader_election.cc:290] T fcad49eb45fd4b409980b5c22b90d9ae P ba549a6feeca40ab94246e019f5cd65e [CANDIDATE]: Term 3 election: Requested vote from peers 77b3473ea9204d03939164436b86ecb1 (127.31.208.193:33537), 8c26a7a80ca94452be7e0dbb438679c2 (127.31.208.194:35933)
I20260710 13:26:27.742503   719 tablet_service.cc:1917] Received RequestConsensusVote() RPC: tablet_id: "fcad49eb45fd4b409980b5c22b90d9ae" candidate_uuid: "ba549a6feeca40ab94246e019f5cd65e" candidate_term: 3 candidate_status { last_received { term: 2 index: 2 } } ignore_live_leader: true dest_uuid: "77b3473ea9204d03939164436b86ecb1"
I20260710 13:26:27.742870   791 tablet_service.cc:1917] Received RequestConsensusVote() RPC: tablet_id: "fcad49eb45fd4b409980b5c22b90d9ae" candidate_uuid: "ba549a6feeca40ab94246e019f5cd65e" candidate_term: 3 candidate_status { last_received { term: 2 index: 2 } } ignore_live_leader: true dest_uuid: "8c26a7a80ca94452be7e0dbb438679c2"
I20260710 13:26:27.743073   719 raft_consensus.cc:3055] T fcad49eb45fd4b409980b5c22b90d9ae P 77b3473ea9204d03939164436b86ecb1 [term 2 LEADER]: Stepping down as leader of term 2
I20260710 13:26:27.743403   719 raft_consensus.cc:740] T fcad49eb45fd4b409980b5c22b90d9ae P 77b3473ea9204d03939164436b86ecb1 [term 2 LEADER]: Becoming Follower/Learner. State: Replica: 77b3473ea9204d03939164436b86ecb1, State: Running, Role: LEADER
I20260710 13:26:27.743412   791 raft_consensus.cc:3060] T fcad49eb45fd4b409980b5c22b90d9ae P 8c26a7a80ca94452be7e0dbb438679c2 [term 2 FOLLOWER]: Advancing to term 3
I20260710 13:26:27.744261   719 consensus_queue.cc:260] T fcad49eb45fd4b409980b5c22b90d9ae P 77b3473ea9204d03939164436b86ecb1 [NON_LEADER]: Queue going to NON_LEADER mode. State: All replicated index: 0, Majority replicated index: 2, Committed index: 2, Last appended: 2.2, Last appended by leader: 2, Current term: 2, Majority size: -1, State: 0, Mode: NON_LEADER, active raft config: opid_index: -1 OBSOLETE_local: false peers { permanent_uuid: "77b3473ea9204d03939164436b86ecb1" member_type: VOTER last_known_addr { host: "127.31.208.193" port: 33537 } } peers { permanent_uuid: "8c26a7a80ca94452be7e0dbb438679c2" member_type: VOTER last_known_addr { host: "127.31.208.194" port: 35933 } } peers { permanent_uuid: "ba549a6feeca40ab94246e019f5cd65e" member_type: VOTER last_known_addr { host: "127.31.208.195" port: 38117 } }
I20260710 13:26:27.745113   719 raft_consensus.cc:3060] T fcad49eb45fd4b409980b5c22b90d9ae P 77b3473ea9204d03939164436b86ecb1 [term 2 FOLLOWER]: Advancing to term 3
I20260710 13:26:27.747539   791 raft_consensus.cc:2468] T fcad49eb45fd4b409980b5c22b90d9ae P 8c26a7a80ca94452be7e0dbb438679c2 [term 3 FOLLOWER]: Leader election vote request: Granting yes vote for candidate ba549a6feeca40ab94246e019f5cd65e in term 3.
I20260710 13:26:27.748560   834 leader_election.cc:304] T fcad49eb45fd4b409980b5c22b90d9ae P ba549a6feeca40ab94246e019f5cd65e [CANDIDATE]: Term 3 election: Election decided. Result: candidate won. Election summary: received 2 responses out of 3 voters: 2 yes votes; 0 no votes. yes voters: 8c26a7a80ca94452be7e0dbb438679c2, ba549a6feeca40ab94246e019f5cd65e; no voters: 
I20260710 13:26:27.749192  1010 raft_consensus.cc:2804] T fcad49eb45fd4b409980b5c22b90d9ae P ba549a6feeca40ab94246e019f5cd65e [term 3 FOLLOWER]: Leader election won for term 3
I20260710 13:26:27.749668   719 raft_consensus.cc:2468] T fcad49eb45fd4b409980b5c22b90d9ae P 77b3473ea9204d03939164436b86ecb1 [term 3 FOLLOWER]: Leader election vote request: Granting yes vote for candidate ba549a6feeca40ab94246e019f5cd65e in term 3.
I20260710 13:26:27.750123  1010 raft_consensus.cc:697] T fcad49eb45fd4b409980b5c22b90d9ae P ba549a6feeca40ab94246e019f5cd65e [term 3 LEADER]: Becoming Leader. State: Replica: ba549a6feeca40ab94246e019f5cd65e, State: Running, Role: LEADER
I20260710 13:26:27.750953  1010 consensus_queue.cc:237] T fcad49eb45fd4b409980b5c22b90d9ae P ba549a6feeca40ab94246e019f5cd65e [LEADER]: Queue going to LEADER mode. State: All replicated index: 0, Majority replicated index: 2, Committed index: 2, Last appended: 2.2, Last appended by leader: 2, Current term: 3, Majority size: 2, State: 0, Mode: LEADER, active raft config: opid_index: -1 OBSOLETE_local: false peers { permanent_uuid: "77b3473ea9204d03939164436b86ecb1" member_type: VOTER last_known_addr { host: "127.31.208.193" port: 33537 } } peers { permanent_uuid: "8c26a7a80ca94452be7e0dbb438679c2" member_type: VOTER last_known_addr { host: "127.31.208.194" port: 35933 } } peers { permanent_uuid: "ba549a6feeca40ab94246e019f5cd65e" member_type: VOTER last_known_addr { host: "127.31.208.195" port: 38117 } }
I20260710 13:26:27.757500   615 catalog_manager.cc:5697] T fcad49eb45fd4b409980b5c22b90d9ae P ba549a6feeca40ab94246e019f5cd65e reported cstate change: term changed from 2 to 3, leader changed from 77b3473ea9204d03939164436b86ecb1 (127.31.208.193) to ba549a6feeca40ab94246e019f5cd65e (127.31.208.195). New cstate: current_term: 3 leader_uuid: "ba549a6feeca40ab94246e019f5cd65e" committed_config { opid_index: -1 OBSOLETE_local: false peers { permanent_uuid: "77b3473ea9204d03939164436b86ecb1" member_type: VOTER last_known_addr { host: "127.31.208.193" port: 33537 } health_report { overall_health: UNKNOWN } } peers { permanent_uuid: "8c26a7a80ca94452be7e0dbb438679c2" member_type: VOTER last_known_addr { host: "127.31.208.194" port: 35933 } health_report { overall_health: UNKNOWN } } peers { permanent_uuid: "ba549a6feeca40ab94246e019f5cd65e" member_type: VOTER last_known_addr { host: "127.31.208.195" port: 38117 } health_report { overall_health: HEALTHY } } }
I20260710 13:26:27.944169   946 raft_consensus.cc:993] T 552b442b3d874533afa6832ba4a1cef2 P 77b3473ea9204d03939164436b86ecb1: : Instructing follower ba549a6feeca40ab94246e019f5cd65e to start an election
I20260710 13:26:27.944566  1013 raft_consensus.cc:1081] T 552b442b3d874533afa6832ba4a1cef2 P 77b3473ea9204d03939164436b86ecb1 [term 1 LEADER]: Signalling peer ba549a6feeca40ab94246e019f5cd65e to start an election
I20260710 13:26:27.945778   869 tablet_service.cc:2044] Received Run Leader Election RPC: tablet_id: "552b442b3d874533afa6832ba4a1cef2"
dest_uuid: "ba549a6feeca40ab94246e019f5cd65e"
 from {username='slave'} at 127.0.0.1:45590
I20260710 13:26:27.946209   869 raft_consensus.cc:493] T 552b442b3d874533afa6832ba4a1cef2 P ba549a6feeca40ab94246e019f5cd65e [term 1 FOLLOWER]: Starting forced leader election (received explicit request)
I20260710 13:26:27.946547   869 raft_consensus.cc:3060] T 552b442b3d874533afa6832ba4a1cef2 P ba549a6feeca40ab94246e019f5cd65e [term 1 FOLLOWER]: Advancing to term 2
I20260710 13:26:27.950476   869 raft_consensus.cc:515] T 552b442b3d874533afa6832ba4a1cef2 P ba549a6feeca40ab94246e019f5cd65e [term 2 FOLLOWER]: Starting forced leader election with config: opid_index: -1 OBSOLETE_local: false peers { permanent_uuid: "ba549a6feeca40ab94246e019f5cd65e" member_type: VOTER last_known_addr { host: "127.31.208.195" port: 38117 } } peers { permanent_uuid: "77b3473ea9204d03939164436b86ecb1" member_type: VOTER last_known_addr { host: "127.31.208.193" port: 33537 } } peers { permanent_uuid: "8c26a7a80ca94452be7e0dbb438679c2" member_type: VOTER last_known_addr { host: "127.31.208.194" port: 35933 } }
I20260710 13:26:27.951927   869 leader_election.cc:290] T 552b442b3d874533afa6832ba4a1cef2 P ba549a6feeca40ab94246e019f5cd65e [CANDIDATE]: Term 2 election: Requested vote from peers 77b3473ea9204d03939164436b86ecb1 (127.31.208.193:33537), 8c26a7a80ca94452be7e0dbb438679c2 (127.31.208.194:35933)
I20260710 13:26:27.952471   719 tablet_service.cc:1917] Received RequestConsensusVote() RPC: tablet_id: "552b442b3d874533afa6832ba4a1cef2" candidate_uuid: "ba549a6feeca40ab94246e019f5cd65e" candidate_term: 2 candidate_status { last_received { term: 1 index: 1 } } ignore_live_leader: true dest_uuid: "77b3473ea9204d03939164436b86ecb1"
I20260710 13:26:27.952797   791 tablet_service.cc:1917] Received RequestConsensusVote() RPC: tablet_id: "552b442b3d874533afa6832ba4a1cef2" candidate_uuid: "ba549a6feeca40ab94246e019f5cd65e" candidate_term: 2 candidate_status { last_received { term: 1 index: 1 } } ignore_live_leader: true dest_uuid: "8c26a7a80ca94452be7e0dbb438679c2"
I20260710 13:26:27.952973   719 raft_consensus.cc:3055] T 552b442b3d874533afa6832ba4a1cef2 P 77b3473ea9204d03939164436b86ecb1 [term 1 LEADER]: Stepping down as leader of term 1
I20260710 13:26:27.953310   791 raft_consensus.cc:3060] T 552b442b3d874533afa6832ba4a1cef2 P 8c26a7a80ca94452be7e0dbb438679c2 [term 1 FOLLOWER]: Advancing to term 2
I20260710 13:26:27.953349   719 raft_consensus.cc:740] T 552b442b3d874533afa6832ba4a1cef2 P 77b3473ea9204d03939164436b86ecb1 [term 1 LEADER]: Becoming Follower/Learner. State: Replica: 77b3473ea9204d03939164436b86ecb1, State: Running, Role: LEADER
I20260710 13:26:27.954259   719 consensus_queue.cc:260] T 552b442b3d874533afa6832ba4a1cef2 P 77b3473ea9204d03939164436b86ecb1 [NON_LEADER]: Queue going to NON_LEADER mode. State: All replicated index: 0, Majority replicated index: 1, Committed index: 1, Last appended: 1.1, Last appended by leader: 1, Current term: 1, Majority size: -1, State: 0, Mode: NON_LEADER, active raft config: opid_index: -1 OBSOLETE_local: false peers { permanent_uuid: "ba549a6feeca40ab94246e019f5cd65e" member_type: VOTER last_known_addr { host: "127.31.208.195" port: 38117 } } peers { permanent_uuid: "77b3473ea9204d03939164436b86ecb1" member_type: VOTER last_known_addr { host: "127.31.208.193" port: 33537 } } peers { permanent_uuid: "8c26a7a80ca94452be7e0dbb438679c2" member_type: VOTER last_known_addr { host: "127.31.208.194" port: 35933 } }
I20260710 13:26:27.955088   719 raft_consensus.cc:3060] T 552b442b3d874533afa6832ba4a1cef2 P 77b3473ea9204d03939164436b86ecb1 [term 1 FOLLOWER]: Advancing to term 2
I20260710 13:26:27.957528   791 raft_consensus.cc:2468] T 552b442b3d874533afa6832ba4a1cef2 P 8c26a7a80ca94452be7e0dbb438679c2 [term 2 FOLLOWER]: Leader election vote request: Granting yes vote for candidate ba549a6feeca40ab94246e019f5cd65e in term 2.
I20260710 13:26:27.958705   834 leader_election.cc:304] T 552b442b3d874533afa6832ba4a1cef2 P ba549a6feeca40ab94246e019f5cd65e [CANDIDATE]: Term 2 election: Election decided. Result: candidate won. Election summary: received 2 responses out of 3 voters: 2 yes votes; 0 no votes. yes voters: 8c26a7a80ca94452be7e0dbb438679c2, ba549a6feeca40ab94246e019f5cd65e; no voters: 
I20260710 13:26:27.959646  1010 raft_consensus.cc:2804] T 552b442b3d874533afa6832ba4a1cef2 P ba549a6feeca40ab94246e019f5cd65e [term 2 FOLLOWER]: Leader election won for term 2
I20260710 13:26:27.960144  1010 raft_consensus.cc:697] T 552b442b3d874533afa6832ba4a1cef2 P ba549a6feeca40ab94246e019f5cd65e [term 2 LEADER]: Becoming Leader. State: Replica: ba549a6feeca40ab94246e019f5cd65e, State: Running, Role: LEADER
I20260710 13:26:27.961237   719 raft_consensus.cc:2468] T 552b442b3d874533afa6832ba4a1cef2 P 77b3473ea9204d03939164436b86ecb1 [term 2 FOLLOWER]: Leader election vote request: Granting yes vote for candidate ba549a6feeca40ab94246e019f5cd65e in term 2.
I20260710 13:26:27.961019  1010 consensus_queue.cc:237] T 552b442b3d874533afa6832ba4a1cef2 P ba549a6feeca40ab94246e019f5cd65e [LEADER]: Queue going to LEADER mode. State: All replicated index: 0, Majority replicated index: 1, Committed index: 1, Last appended: 1.1, Last appended by leader: 1, Current term: 2, Majority size: 2, State: 0, Mode: LEADER, active raft config: opid_index: -1 OBSOLETE_local: false peers { permanent_uuid: "ba549a6feeca40ab94246e019f5cd65e" member_type: VOTER last_known_addr { host: "127.31.208.195" port: 38117 } } peers { permanent_uuid: "77b3473ea9204d03939164436b86ecb1" member_type: VOTER last_known_addr { host: "127.31.208.193" port: 33537 } } peers { permanent_uuid: "8c26a7a80ca94452be7e0dbb438679c2" member_type: VOTER last_known_addr { host: "127.31.208.194" port: 35933 } }
I20260710 13:26:27.968743   615 catalog_manager.cc:5697] T 552b442b3d874533afa6832ba4a1cef2 P ba549a6feeca40ab94246e019f5cd65e reported cstate change: term changed from 1 to 2, leader changed from 77b3473ea9204d03939164436b86ecb1 (127.31.208.193) to ba549a6feeca40ab94246e019f5cd65e (127.31.208.195). New cstate: current_term: 2 leader_uuid: "ba549a6feeca40ab94246e019f5cd65e" committed_config { opid_index: -1 OBSOLETE_local: false peers { permanent_uuid: "ba549a6feeca40ab94246e019f5cd65e" member_type: VOTER last_known_addr { host: "127.31.208.195" port: 38117 } health_report { overall_health: HEALTHY } } peers { permanent_uuid: "77b3473ea9204d03939164436b86ecb1" member_type: VOTER last_known_addr { host: "127.31.208.193" port: 33537 } health_report { overall_health: UNKNOWN } } peers { permanent_uuid: "8c26a7a80ca94452be7e0dbb438679c2" member_type: VOTER last_known_addr { host: "127.31.208.194" port: 35933 } health_report { overall_health: UNKNOWN } } }
I20260710 13:26:28.162783   720 raft_consensus.cc:1275] T fcad49eb45fd4b409980b5c22b90d9ae P 77b3473ea9204d03939164436b86ecb1 [term 3 FOLLOWER]: Refusing update from remote peer ba549a6feeca40ab94246e019f5cd65e: Log matching property violated. Preceding OpId in replica: term: 2 index: 2. Preceding OpId from leader: term: 3 index: 3. (index mismatch)
I20260710 13:26:28.163885  1010 consensus_queue.cc:1048] T fcad49eb45fd4b409980b5c22b90d9ae P ba549a6feeca40ab94246e019f5cd65e [LEADER]: Connected to new peer: Peer: permanent_uuid: "77b3473ea9204d03939164436b86ecb1" member_type: VOTER last_known_addr { host: "127.31.208.193" port: 33537 }, Status: LMP_MISMATCH, Last received: 0.0, Next index: 3, Last known committed idx: 2, Time since last communication: 0.000s
I20260710 13:26:28.172655   791 raft_consensus.cc:1275] T fcad49eb45fd4b409980b5c22b90d9ae P 8c26a7a80ca94452be7e0dbb438679c2 [term 3 FOLLOWER]: Refusing update from remote peer ba549a6feeca40ab94246e019f5cd65e: Log matching property violated. Preceding OpId in replica: term: 2 index: 2. Preceding OpId from leader: term: 3 index: 3. (index mismatch)
I20260710 13:26:28.174368  1010 consensus_queue.cc:1048] T fcad49eb45fd4b409980b5c22b90d9ae P ba549a6feeca40ab94246e019f5cd65e [LEADER]: Connected to new peer: Peer: permanent_uuid: "8c26a7a80ca94452be7e0dbb438679c2" member_type: VOTER last_known_addr { host: "127.31.208.194" port: 35933 }, Status: LMP_MISMATCH, Last received: 0.0, Next index: 3, Last known committed idx: 2, Time since last communication: 0.000s
I20260710 13:26:28.379027   720 raft_consensus.cc:1275] T 552b442b3d874533afa6832ba4a1cef2 P 77b3473ea9204d03939164436b86ecb1 [term 2 FOLLOWER]: Refusing update from remote peer ba549a6feeca40ab94246e019f5cd65e: Log matching property violated. Preceding OpId in replica: term: 1 index: 1. Preceding OpId from leader: term: 2 index: 2. (index mismatch)
I20260710 13:26:28.380163  1024 consensus_queue.cc:1048] T 552b442b3d874533afa6832ba4a1cef2 P ba549a6feeca40ab94246e019f5cd65e [LEADER]: Connected to new peer: Peer: permanent_uuid: "77b3473ea9204d03939164436b86ecb1" member_type: VOTER last_known_addr { host: "127.31.208.193" port: 33537 }, Status: LMP_MISMATCH, Last received: 0.0, Next index: 2, Last known committed idx: 1, Time since last communication: 0.000s
I20260710 13:26:28.389070   791 raft_consensus.cc:1275] T 552b442b3d874533afa6832ba4a1cef2 P 8c26a7a80ca94452be7e0dbb438679c2 [term 2 FOLLOWER]: Refusing update from remote peer ba549a6feeca40ab94246e019f5cd65e: Log matching property violated. Preceding OpId in replica: term: 1 index: 1. Preceding OpId from leader: term: 2 index: 2. (index mismatch)
I20260710 13:26:28.390228  1014 consensus_queue.cc:1048] T 552b442b3d874533afa6832ba4a1cef2 P ba549a6feeca40ab94246e019f5cd65e [LEADER]: Connected to new peer: Peer: permanent_uuid: "8c26a7a80ca94452be7e0dbb438679c2" member_type: VOTER last_known_addr { host: "127.31.208.194" port: 35933 }, Status: LMP_MISMATCH, Last received: 0.0, Next index: 2, Last known committed idx: 1, Time since last communication: 0.000s
I20260710 13:26:28.570793 32579 auto_leader_rebalancer.cc:141] leader rebalance for table test-workload
I20260710 13:26:28.580312   869 tablet_service.cc:2072] Received LeaderStepDown RPC: tablet_id: "552b442b3d874533afa6832ba4a1cef2"
dest_uuid: "ba549a6feeca40ab94246e019f5cd65e"
mode: GRACEFUL
new_leader_uuid: "77b3473ea9204d03939164436b86ecb1"
 from {username='slave'} at 127.0.0.1:45594
I20260710 13:26:28.580791   869 raft_consensus.cc:606] T 552b442b3d874533afa6832ba4a1cef2 P ba549a6feeca40ab94246e019f5cd65e [term 2 LEADER]: Received request to transfer leadership to TS 77b3473ea9204d03939164436b86ecb1
I20260710 13:26:28.587153   869 tablet_service.cc:2072] Received LeaderStepDown RPC: tablet_id: "fcad49eb45fd4b409980b5c22b90d9ae"
dest_uuid: "ba549a6feeca40ab94246e019f5cd65e"
mode: GRACEFUL
new_leader_uuid: "77b3473ea9204d03939164436b86ecb1"
 from {username='slave'} at 127.0.0.1:45594
I20260710 13:26:28.587571   869 raft_consensus.cc:606] T fcad49eb45fd4b409980b5c22b90d9ae P ba549a6feeca40ab94246e019f5cd65e [term 3 LEADER]: Received request to transfer leadership to TS 77b3473ea9204d03939164436b86ecb1
I20260710 13:26:28.595898   791 tablet_service.cc:2072] Received LeaderStepDown RPC: tablet_id: "8f769df20d6945538086a818a5545d73"
dest_uuid: "8c26a7a80ca94452be7e0dbb438679c2"
mode: GRACEFUL
new_leader_uuid: "77b3473ea9204d03939164436b86ecb1"
 from {username='slave'} at 127.0.0.1:34582
I20260710 13:26:28.596318   791 raft_consensus.cc:606] T 8f769df20d6945538086a818a5545d73 P 8c26a7a80ca94452be7e0dbb438679c2 [term 2 LEADER]: Received request to transfer leadership to TS 77b3473ea9204d03939164436b86ecb1
I20260710 13:26:28.600246   791 tablet_service.cc:2072] Received LeaderStepDown RPC: tablet_id: "58f2cbe494cf4b97bd716299d3b25591"
dest_uuid: "8c26a7a80ca94452be7e0dbb438679c2"
mode: GRACEFUL
new_leader_uuid: "77b3473ea9204d03939164436b86ecb1"
 from {username='slave'} at 127.0.0.1:34582
I20260710 13:26:28.600574   791 raft_consensus.cc:606] T 58f2cbe494cf4b97bd716299d3b25591 P 8c26a7a80ca94452be7e0dbb438679c2 [term 2 LEADER]: Received request to transfer leadership to TS 77b3473ea9204d03939164436b86ecb1
I20260710 13:26:28.604502   791 tablet_service.cc:2072] Received LeaderStepDown RPC: tablet_id: "9843af7e41314685b14d093c9a67e4fe"
dest_uuid: "8c26a7a80ca94452be7e0dbb438679c2"
mode: GRACEFUL
new_leader_uuid: "77b3473ea9204d03939164436b86ecb1"
 from {username='slave'} at 127.0.0.1:34582
I20260710 13:26:28.604889   791 raft_consensus.cc:606] T 9843af7e41314685b14d093c9a67e4fe P 8c26a7a80ca94452be7e0dbb438679c2 [term 2 LEADER]: Received request to transfer leadership to TS 77b3473ea9204d03939164436b86ecb1
I20260710 13:26:28.766027   976 raft_consensus.cc:993] T 9843af7e41314685b14d093c9a67e4fe P 8c26a7a80ca94452be7e0dbb438679c2: : Instructing follower 77b3473ea9204d03939164436b86ecb1 to start an election
I20260710 13:26:28.766410  1029 raft_consensus.cc:1081] T 9843af7e41314685b14d093c9a67e4fe P 8c26a7a80ca94452be7e0dbb438679c2 [term 2 LEADER]: Signalling peer 77b3473ea9204d03939164436b86ecb1 to start an election
I20260710 13:26:28.767644   720 tablet_service.cc:2044] Received Run Leader Election RPC: tablet_id: "9843af7e41314685b14d093c9a67e4fe"
dest_uuid: "77b3473ea9204d03939164436b86ecb1"
 from {username='slave'} at 127.0.0.1:50602
I20260710 13:26:28.768045   720 raft_consensus.cc:493] T 9843af7e41314685b14d093c9a67e4fe P 77b3473ea9204d03939164436b86ecb1 [term 2 FOLLOWER]: Starting forced leader election (received explicit request)
I20260710 13:26:28.768275   720 raft_consensus.cc:3060] T 9843af7e41314685b14d093c9a67e4fe P 77b3473ea9204d03939164436b86ecb1 [term 2 FOLLOWER]: Advancing to term 3
I20260710 13:26:28.772748   720 raft_consensus.cc:515] T 9843af7e41314685b14d093c9a67e4fe P 77b3473ea9204d03939164436b86ecb1 [term 3 FOLLOWER]: Starting forced leader election with config: opid_index: -1 OBSOLETE_local: false peers { permanent_uuid: "77b3473ea9204d03939164436b86ecb1" member_type: VOTER last_known_addr { host: "127.31.208.193" port: 33537 } } peers { permanent_uuid: "8c26a7a80ca94452be7e0dbb438679c2" member_type: VOTER last_known_addr { host: "127.31.208.194" port: 35933 } } peers { permanent_uuid: "ba549a6feeca40ab94246e019f5cd65e" member_type: VOTER last_known_addr { host: "127.31.208.195" port: 38117 } }
I20260710 13:26:28.774452   720 leader_election.cc:290] T 9843af7e41314685b14d093c9a67e4fe P 77b3473ea9204d03939164436b86ecb1 [CANDIDATE]: Term 3 election: Requested vote from peers 8c26a7a80ca94452be7e0dbb438679c2 (127.31.208.194:35933), ba549a6feeca40ab94246e019f5cd65e (127.31.208.195:38117)
I20260710 13:26:28.775200   791 tablet_service.cc:1917] Received RequestConsensusVote() RPC: tablet_id: "9843af7e41314685b14d093c9a67e4fe" candidate_uuid: "77b3473ea9204d03939164436b86ecb1" candidate_term: 3 candidate_status { last_received { term: 2 index: 2 } } ignore_live_leader: true dest_uuid: "8c26a7a80ca94452be7e0dbb438679c2"
I20260710 13:26:28.775470   869 tablet_service.cc:1917] Received RequestConsensusVote() RPC: tablet_id: "9843af7e41314685b14d093c9a67e4fe" candidate_uuid: "77b3473ea9204d03939164436b86ecb1" candidate_term: 3 candidate_status { last_received { term: 2 index: 2 } } ignore_live_leader: true dest_uuid: "ba549a6feeca40ab94246e019f5cd65e"
I20260710 13:26:28.775774   791 raft_consensus.cc:3055] T 9843af7e41314685b14d093c9a67e4fe P 8c26a7a80ca94452be7e0dbb438679c2 [term 2 LEADER]: Stepping down as leader of term 2
I20260710 13:26:28.775965   869 raft_consensus.cc:3060] T 9843af7e41314685b14d093c9a67e4fe P ba549a6feeca40ab94246e019f5cd65e [term 2 FOLLOWER]: Advancing to term 3
I20260710 13:26:28.776099   791 raft_consensus.cc:740] T 9843af7e41314685b14d093c9a67e4fe P 8c26a7a80ca94452be7e0dbb438679c2 [term 2 LEADER]: Becoming Follower/Learner. State: Replica: 8c26a7a80ca94452be7e0dbb438679c2, State: Running, Role: LEADER
I20260710 13:26:28.776718   791 consensus_queue.cc:260] T 9843af7e41314685b14d093c9a67e4fe P 8c26a7a80ca94452be7e0dbb438679c2 [NON_LEADER]: Queue going to NON_LEADER mode. State: All replicated index: 0, Majority replicated index: 2, Committed index: 2, Last appended: 2.2, Last appended by leader: 2, Current term: 2, Majority size: -1, State: 0, Mode: NON_LEADER, active raft config: opid_index: -1 OBSOLETE_local: false peers { permanent_uuid: "77b3473ea9204d03939164436b86ecb1" member_type: VOTER last_known_addr { host: "127.31.208.193" port: 33537 } } peers { permanent_uuid: "8c26a7a80ca94452be7e0dbb438679c2" member_type: VOTER last_known_addr { host: "127.31.208.194" port: 35933 } } peers { permanent_uuid: "ba549a6feeca40ab94246e019f5cd65e" member_type: VOTER last_known_addr { host: "127.31.208.195" port: 38117 } }
I20260710 13:26:28.777560   791 raft_consensus.cc:3060] T 9843af7e41314685b14d093c9a67e4fe P 8c26a7a80ca94452be7e0dbb438679c2 [term 2 FOLLOWER]: Advancing to term 3
I20260710 13:26:28.780212   869 raft_consensus.cc:2468] T 9843af7e41314685b14d093c9a67e4fe P ba549a6feeca40ab94246e019f5cd65e [term 3 FOLLOWER]: Leader election vote request: Granting yes vote for candidate 77b3473ea9204d03939164436b86ecb1 in term 3.
I20260710 13:26:28.781232   685 leader_election.cc:304] T 9843af7e41314685b14d093c9a67e4fe P 77b3473ea9204d03939164436b86ecb1 [CANDIDATE]: Term 3 election: Election decided. Result: candidate won. Election summary: received 2 responses out of 3 voters: 2 yes votes; 0 no votes. yes voters: 77b3473ea9204d03939164436b86ecb1, ba549a6feeca40ab94246e019f5cd65e; no voters: 
I20260710 13:26:28.781968  1013 raft_consensus.cc:2804] T 9843af7e41314685b14d093c9a67e4fe P 77b3473ea9204d03939164436b86ecb1 [term 3 FOLLOWER]: Leader election won for term 3
I20260710 13:26:28.782732   791 raft_consensus.cc:2468] T 9843af7e41314685b14d093c9a67e4fe P 8c26a7a80ca94452be7e0dbb438679c2 [term 3 FOLLOWER]: Leader election vote request: Granting yes vote for candidate 77b3473ea9204d03939164436b86ecb1 in term 3.
I20260710 13:26:28.783670  1013 raft_consensus.cc:697] T 9843af7e41314685b14d093c9a67e4fe P 77b3473ea9204d03939164436b86ecb1 [term 3 LEADER]: Becoming Leader. State: Replica: 77b3473ea9204d03939164436b86ecb1, State: Running, Role: LEADER
I20260710 13:26:28.783812  1010 raft_consensus.cc:993] T fcad49eb45fd4b409980b5c22b90d9ae P ba549a6feeca40ab94246e019f5cd65e: : Instructing follower 77b3473ea9204d03939164436b86ecb1 to start an election
I20260710 13:26:28.784003  1024 raft_consensus.cc:993] T 552b442b3d874533afa6832ba4a1cef2 P ba549a6feeca40ab94246e019f5cd65e: : Instructing follower 77b3473ea9204d03939164436b86ecb1 to start an election
I20260710 13:26:28.784614  1010 raft_consensus.cc:1081] T fcad49eb45fd4b409980b5c22b90d9ae P ba549a6feeca40ab94246e019f5cd65e [term 3 LEADER]: Signalling peer 77b3473ea9204d03939164436b86ecb1 to start an election
I20260710 13:26:28.785007  1014 raft_consensus.cc:1081] T 552b442b3d874533afa6832ba4a1cef2 P ba549a6feeca40ab94246e019f5cd65e [term 2 LEADER]: Signalling peer 77b3473ea9204d03939164436b86ecb1 to start an election
I20260710 13:26:28.786383   719 tablet_service.cc:2044] Received Run Leader Election RPC: tablet_id: "fcad49eb45fd4b409980b5c22b90d9ae"
dest_uuid: "77b3473ea9204d03939164436b86ecb1"
 from {username='slave'} at 127.0.0.1:50604
I20260710 13:26:28.786825   719 raft_consensus.cc:493] T fcad49eb45fd4b409980b5c22b90d9ae P 77b3473ea9204d03939164436b86ecb1 [term 3 FOLLOWER]: Starting forced leader election (received explicit request)
I20260710 13:26:28.787189   976 raft_consensus.cc:993] T 58f2cbe494cf4b97bd716299d3b25591 P 8c26a7a80ca94452be7e0dbb438679c2: : Instructing follower 77b3473ea9204d03939164436b86ecb1 to start an election
I20260710 13:26:28.787158   719 raft_consensus.cc:3060] T fcad49eb45fd4b409980b5c22b90d9ae P 77b3473ea9204d03939164436b86ecb1 [term 3 FOLLOWER]: Advancing to term 4
I20260710 13:26:28.787847  1029 raft_consensus.cc:1081] T 58f2cbe494cf4b97bd716299d3b25591 P 8c26a7a80ca94452be7e0dbb438679c2 [term 2 LEADER]: Signalling peer 77b3473ea9204d03939164436b86ecb1 to start an election
I20260710 13:26:28.789237   718 tablet_service.cc:2044] Received Run Leader Election RPC: tablet_id: "58f2cbe494cf4b97bd716299d3b25591"
dest_uuid: "77b3473ea9204d03939164436b86ecb1"
 from {username='slave'} at 127.0.0.1:50602
I20260710 13:26:28.788834  1013 consensus_queue.cc:237] T 9843af7e41314685b14d093c9a67e4fe P 77b3473ea9204d03939164436b86ecb1 [LEADER]: Queue going to LEADER mode. State: All replicated index: 0, Majority replicated index: 2, Committed index: 2, Last appended: 2.2, Last appended by leader: 2, Current term: 3, Majority size: 2, State: 0, Mode: LEADER, active raft config: opid_index: -1 OBSOLETE_local: false peers { permanent_uuid: "77b3473ea9204d03939164436b86ecb1" member_type: VOTER last_known_addr { host: "127.31.208.193" port: 33537 } } peers { permanent_uuid: "8c26a7a80ca94452be7e0dbb438679c2" member_type: VOTER last_known_addr { host: "127.31.208.194" port: 35933 } } peers { permanent_uuid: "ba549a6feeca40ab94246e019f5cd65e" member_type: VOTER last_known_addr { host: "127.31.208.195" port: 38117 } }
I20260710 13:26:28.789723   718 raft_consensus.cc:493] T 58f2cbe494cf4b97bd716299d3b25591 P 77b3473ea9204d03939164436b86ecb1 [term 2 FOLLOWER]: Starting forced leader election (received explicit request)
I20260710 13:26:28.790082   718 raft_consensus.cc:3060] T 58f2cbe494cf4b97bd716299d3b25591 P 77b3473ea9204d03939164436b86ecb1 [term 2 FOLLOWER]: Advancing to term 3
I20260710 13:26:28.792902   720 tablet_service.cc:2044] Received Run Leader Election RPC: tablet_id: "552b442b3d874533afa6832ba4a1cef2"
dest_uuid: "77b3473ea9204d03939164436b86ecb1"
 from {username='slave'} at 127.0.0.1:50604
I20260710 13:26:28.793007   719 raft_consensus.cc:515] T fcad49eb45fd4b409980b5c22b90d9ae P 77b3473ea9204d03939164436b86ecb1 [term 4 FOLLOWER]: Starting forced leader election with config: opid_index: -1 OBSOLETE_local: false peers { permanent_uuid: "77b3473ea9204d03939164436b86ecb1" member_type: VOTER last_known_addr { host: "127.31.208.193" port: 33537 } } peers { permanent_uuid: "8c26a7a80ca94452be7e0dbb438679c2" member_type: VOTER last_known_addr { host: "127.31.208.194" port: 35933 } } peers { permanent_uuid: "ba549a6feeca40ab94246e019f5cd65e" member_type: VOTER last_known_addr { host: "127.31.208.195" port: 38117 } }
I20260710 13:26:28.793644   720 raft_consensus.cc:493] T 552b442b3d874533afa6832ba4a1cef2 P 77b3473ea9204d03939164436b86ecb1 [term 2 FOLLOWER]: Starting forced leader election (received explicit request)
I20260710 13:26:28.794131   720 raft_consensus.cc:3060] T 552b442b3d874533afa6832ba4a1cef2 P 77b3473ea9204d03939164436b86ecb1 [term 2 FOLLOWER]: Advancing to term 3
I20260710 13:26:28.794764   719 leader_election.cc:290] T fcad49eb45fd4b409980b5c22b90d9ae P 77b3473ea9204d03939164436b86ecb1 [CANDIDATE]: Term 4 election: Requested vote from peers 8c26a7a80ca94452be7e0dbb438679c2 (127.31.208.194:35933), ba549a6feeca40ab94246e019f5cd65e (127.31.208.195:38117)
I20260710 13:26:28.796622   791 tablet_service.cc:1917] Received RequestConsensusVote() RPC: tablet_id: "fcad49eb45fd4b409980b5c22b90d9ae" candidate_uuid: "77b3473ea9204d03939164436b86ecb1" candidate_term: 4 candidate_status { last_received { term: 3 index: 3 } } ignore_live_leader: true dest_uuid: "8c26a7a80ca94452be7e0dbb438679c2"
I20260710 13:26:28.797119   791 raft_consensus.cc:3060] T fcad49eb45fd4b409980b5c22b90d9ae P 8c26a7a80ca94452be7e0dbb438679c2 [term 3 FOLLOWER]: Advancing to term 4
I20260710 13:26:28.797442   869 tablet_service.cc:1917] Received RequestConsensusVote() RPC: tablet_id: "fcad49eb45fd4b409980b5c22b90d9ae" candidate_uuid: "77b3473ea9204d03939164436b86ecb1" candidate_term: 4 candidate_status { last_received { term: 3 index: 3 } } ignore_live_leader: true dest_uuid: "ba549a6feeca40ab94246e019f5cd65e"
I20260710 13:26:28.797956   869 raft_consensus.cc:3055] T fcad49eb45fd4b409980b5c22b90d9ae P ba549a6feeca40ab94246e019f5cd65e [term 3 LEADER]: Stepping down as leader of term 3
I20260710 13:26:28.798242   869 raft_consensus.cc:740] T fcad49eb45fd4b409980b5c22b90d9ae P ba549a6feeca40ab94246e019f5cd65e [term 3 LEADER]: Becoming Follower/Learner. State: Replica: ba549a6feeca40ab94246e019f5cd65e, State: Running, Role: LEADER
I20260710 13:26:28.798905   869 consensus_queue.cc:260] T fcad49eb45fd4b409980b5c22b90d9ae P ba549a6feeca40ab94246e019f5cd65e [NON_LEADER]: Queue going to NON_LEADER mode. State: All replicated index: 0, Majority replicated index: 3, Committed index: 3, Last appended: 3.3, Last appended by leader: 3, Current term: 3, Majority size: -1, State: 0, Mode: NON_LEADER, active raft config: opid_index: -1 OBSOLETE_local: false peers { permanent_uuid: "77b3473ea9204d03939164436b86ecb1" member_type: VOTER last_known_addr { host: "127.31.208.193" port: 33537 } } peers { permanent_uuid: "8c26a7a80ca94452be7e0dbb438679c2" member_type: VOTER last_known_addr { host: "127.31.208.194" port: 35933 } } peers { permanent_uuid: "ba549a6feeca40ab94246e019f5cd65e" member_type: VOTER last_known_addr { host: "127.31.208.195" port: 38117 } }
I20260710 13:26:28.799911   869 raft_consensus.cc:3060] T fcad49eb45fd4b409980b5c22b90d9ae P ba549a6feeca40ab94246e019f5cd65e [term 3 FOLLOWER]: Advancing to term 4
I20260710 13:26:28.800071   718 raft_consensus.cc:515] T 58f2cbe494cf4b97bd716299d3b25591 P 77b3473ea9204d03939164436b86ecb1 [term 3 FOLLOWER]: Starting forced leader election with config: opid_index: -1 OBSOLETE_local: false peers { permanent_uuid: "77b3473ea9204d03939164436b86ecb1" member_type: VOTER last_known_addr { host: "127.31.208.193" port: 33537 } } peers { permanent_uuid: "8c26a7a80ca94452be7e0dbb438679c2" member_type: VOTER last_known_addr { host: "127.31.208.194" port: 35933 } } peers { permanent_uuid: "ba549a6feeca40ab94246e019f5cd65e" member_type: VOTER last_known_addr { host: "127.31.208.195" port: 38117 } }
I20260710 13:26:28.801187   720 raft_consensus.cc:515] T 552b442b3d874533afa6832ba4a1cef2 P 77b3473ea9204d03939164436b86ecb1 [term 3 FOLLOWER]: Starting forced leader election with config: opid_index: -1 OBSOLETE_local: false peers { permanent_uuid: "ba549a6feeca40ab94246e019f5cd65e" member_type: VOTER last_known_addr { host: "127.31.208.195" port: 38117 } } peers { permanent_uuid: "77b3473ea9204d03939164436b86ecb1" member_type: VOTER last_known_addr { host: "127.31.208.193" port: 33537 } } peers { permanent_uuid: "8c26a7a80ca94452be7e0dbb438679c2" member_type: VOTER last_known_addr { host: "127.31.208.194" port: 35933 } }
I20260710 13:26:28.802177   718 leader_election.cc:290] T 58f2cbe494cf4b97bd716299d3b25591 P 77b3473ea9204d03939164436b86ecb1 [CANDIDATE]: Term 3 election: Requested vote from peers 8c26a7a80ca94452be7e0dbb438679c2 (127.31.208.194:35933), ba549a6feeca40ab94246e019f5cd65e (127.31.208.195:38117)
I20260710 13:26:28.802493   791 raft_consensus.cc:2468] T fcad49eb45fd4b409980b5c22b90d9ae P 8c26a7a80ca94452be7e0dbb438679c2 [term 4 FOLLOWER]: Leader election vote request: Granting yes vote for candidate 77b3473ea9204d03939164436b86ecb1 in term 4.
I20260710 13:26:28.802680   795 tablet_service.cc:1917] Received RequestConsensusVote() RPC: tablet_id: "58f2cbe494cf4b97bd716299d3b25591" candidate_uuid: "77b3473ea9204d03939164436b86ecb1" candidate_term: 3 candidate_status { last_received { term: 2 index: 2 } } ignore_live_leader: true dest_uuid: "8c26a7a80ca94452be7e0dbb438679c2"
I20260710 13:26:28.803309   795 raft_consensus.cc:3055] T 58f2cbe494cf4b97bd716299d3b25591 P 8c26a7a80ca94452be7e0dbb438679c2 [term 2 LEADER]: Stepping down as leader of term 2
I20260710 13:26:28.803612   795 raft_consensus.cc:740] T 58f2cbe494cf4b97bd716299d3b25591 P 8c26a7a80ca94452be7e0dbb438679c2 [term 2 LEADER]: Becoming Follower/Learner. State: Replica: 8c26a7a80ca94452be7e0dbb438679c2, State: Running, Role: LEADER
I20260710 13:26:28.804493   868 tablet_service.cc:1917] Received RequestConsensusVote() RPC: tablet_id: "58f2cbe494cf4b97bd716299d3b25591" candidate_uuid: "77b3473ea9204d03939164436b86ecb1" candidate_term: 3 candidate_status { last_received { term: 2 index: 2 } } ignore_live_leader: true dest_uuid: "ba549a6feeca40ab94246e019f5cd65e"
I20260710 13:26:28.804383   795 consensus_queue.cc:260] T 58f2cbe494cf4b97bd716299d3b25591 P 8c26a7a80ca94452be7e0dbb438679c2 [NON_LEADER]: Queue going to NON_LEADER mode. State: All replicated index: 0, Majority replicated index: 2, Committed index: 2, Last appended: 2.2, Last appended by leader: 2, Current term: 2, Majority size: -1, State: 0, Mode: NON_LEADER, active raft config: opid_index: -1 OBSOLETE_local: false peers { permanent_uuid: "77b3473ea9204d03939164436b86ecb1" member_type: VOTER last_known_addr { host: "127.31.208.193" port: 33537 } } peers { permanent_uuid: "8c26a7a80ca94452be7e0dbb438679c2" member_type: VOTER last_known_addr { host: "127.31.208.194" port: 35933 } } peers { permanent_uuid: "ba549a6feeca40ab94246e019f5cd65e" member_type: VOTER last_known_addr { host: "127.31.208.195" port: 38117 } }
I20260710 13:26:28.805006   868 raft_consensus.cc:3060] T 58f2cbe494cf4b97bd716299d3b25591 P ba549a6feeca40ab94246e019f5cd65e [term 2 FOLLOWER]: Advancing to term 3
I20260710 13:26:28.805505   795 raft_consensus.cc:3060] T 58f2cbe494cf4b97bd716299d3b25591 P 8c26a7a80ca94452be7e0dbb438679c2 [term 2 FOLLOWER]: Advancing to term 3
I20260710 13:26:28.808197   869 raft_consensus.cc:2468] T fcad49eb45fd4b409980b5c22b90d9ae P ba549a6feeca40ab94246e019f5cd65e [term 4 FOLLOWER]: Leader election vote request: Granting yes vote for candidate 77b3473ea9204d03939164436b86ecb1 in term 4.
I20260710 13:26:28.804078   685 leader_election.cc:304] T fcad49eb45fd4b409980b5c22b90d9ae P 77b3473ea9204d03939164436b86ecb1 [CANDIDATE]: Term 4 election: Election decided. Result: candidate won. Election summary: received 2 responses out of 3 voters: 2 yes votes; 0 no votes. yes voters: 77b3473ea9204d03939164436b86ecb1, 8c26a7a80ca94452be7e0dbb438679c2; no voters: 
I20260710 13:26:28.809758   868 raft_consensus.cc:2468] T 58f2cbe494cf4b97bd716299d3b25591 P ba549a6feeca40ab94246e019f5cd65e [term 3 FOLLOWER]: Leader election vote request: Granting yes vote for candidate 77b3473ea9204d03939164436b86ecb1 in term 3.
I20260710 13:26:28.809967  1013 raft_consensus.cc:2804] T fcad49eb45fd4b409980b5c22b90d9ae P 77b3473ea9204d03939164436b86ecb1 [term 4 FOLLOWER]: Leader election won for term 4
I20260710 13:26:28.811888   868 tablet_service.cc:1917] Received RequestConsensusVote() RPC: tablet_id: "552b442b3d874533afa6832ba4a1cef2" candidate_uuid: "77b3473ea9204d03939164436b86ecb1" candidate_term: 3 candidate_status { last_received { term: 2 index: 2 } } ignore_live_leader: true dest_uuid: "ba549a6feeca40ab94246e019f5cd65e"
I20260710 13:26:28.812497   868 raft_consensus.cc:3055] T 552b442b3d874533afa6832ba4a1cef2 P ba549a6feeca40ab94246e019f5cd65e [term 2 LEADER]: Stepping down as leader of term 2
I20260710 13:26:28.812690   685 leader_election.cc:304] T 58f2cbe494cf4b97bd716299d3b25591 P 77b3473ea9204d03939164436b86ecb1 [CANDIDATE]: Term 3 election: Election decided. Result: candidate won. Election summary: received 2 responses out of 3 voters: 2 yes votes; 0 no votes. yes voters: 77b3473ea9204d03939164436b86ecb1, ba549a6feeca40ab94246e019f5cd65e; no voters: 
I20260710 13:26:28.812851   868 raft_consensus.cc:740] T 552b442b3d874533afa6832ba4a1cef2 P ba549a6feeca40ab94246e019f5cd65e [term 2 LEADER]: Becoming Follower/Learner. State: Replica: ba549a6feeca40ab94246e019f5cd65e, State: Running, Role: LEADER
I20260710 13:26:28.804095   720 leader_election.cc:290] T 552b442b3d874533afa6832ba4a1cef2 P 77b3473ea9204d03939164436b86ecb1 [CANDIDATE]: Term 3 election: Requested vote from peers ba549a6feeca40ab94246e019f5cd65e (127.31.208.195:38117), 8c26a7a80ca94452be7e0dbb438679c2 (127.31.208.194:35933)
I20260710 13:26:28.813836   868 consensus_queue.cc:260] T 552b442b3d874533afa6832ba4a1cef2 P ba549a6feeca40ab94246e019f5cd65e [NON_LEADER]: Queue going to NON_LEADER mode. State: All replicated index: 0, Majority replicated index: 2, Committed index: 2, Last appended: 2.2, Last appended by leader: 2, Current term: 2, Majority size: -1, State: 0, Mode: NON_LEADER, active raft config: opid_index: -1 OBSOLETE_local: false peers { permanent_uuid: "ba549a6feeca40ab94246e019f5cd65e" member_type: VOTER last_known_addr { host: "127.31.208.195" port: 38117 } } peers { permanent_uuid: "77b3473ea9204d03939164436b86ecb1" member_type: VOTER last_known_addr { host: "127.31.208.193" port: 33537 } } peers { permanent_uuid: "8c26a7a80ca94452be7e0dbb438679c2" member_type: VOTER last_known_addr { host: "127.31.208.194" port: 35933 } }
I20260710 13:26:28.815205   868 raft_consensus.cc:3060] T 552b442b3d874533afa6832ba4a1cef2 P ba549a6feeca40ab94246e019f5cd65e [term 2 FOLLOWER]: Advancing to term 3
I20260710 13:26:28.817874  1030 raft_consensus.cc:2804] T 58f2cbe494cf4b97bd716299d3b25591 P 77b3473ea9204d03939164436b86ecb1 [term 3 FOLLOWER]: Leader election won for term 3
I20260710 13:26:28.816913   616 catalog_manager.cc:5697] T 9843af7e41314685b14d093c9a67e4fe P 77b3473ea9204d03939164436b86ecb1 reported cstate change: term changed from 2 to 3, leader changed from 8c26a7a80ca94452be7e0dbb438679c2 (127.31.208.194) to 77b3473ea9204d03939164436b86ecb1 (127.31.208.193). New cstate: current_term: 3 leader_uuid: "77b3473ea9204d03939164436b86ecb1" committed_config { opid_index: -1 OBSOLETE_local: false peers { permanent_uuid: "77b3473ea9204d03939164436b86ecb1" member_type: VOTER last_known_addr { host: "127.31.208.193" port: 33537 } health_report { overall_health: HEALTHY } } peers { permanent_uuid: "8c26a7a80ca94452be7e0dbb438679c2" member_type: VOTER last_known_addr { host: "127.31.208.194" port: 35933 } health_report { overall_health: UNKNOWN } } peers { permanent_uuid: "ba549a6feeca40ab94246e019f5cd65e" member_type: VOTER last_known_addr { host: "127.31.208.195" port: 38117 } health_report { overall_health: UNKNOWN } } }
I20260710 13:26:28.818331  1030 raft_consensus.cc:697] T 58f2cbe494cf4b97bd716299d3b25591 P 77b3473ea9204d03939164436b86ecb1 [term 3 LEADER]: Becoming Leader. State: Replica: 77b3473ea9204d03939164436b86ecb1, State: Running, Role: LEADER
I20260710 13:26:28.818540   791 tablet_service.cc:1917] Received RequestConsensusVote() RPC: tablet_id: "552b442b3d874533afa6832ba4a1cef2" candidate_uuid: "77b3473ea9204d03939164436b86ecb1" candidate_term: 3 candidate_status { last_received { term: 2 index: 2 } } ignore_live_leader: true dest_uuid: "8c26a7a80ca94452be7e0dbb438679c2"
I20260710 13:26:28.825662   791 raft_consensus.cc:3060] T 552b442b3d874533afa6832ba4a1cef2 P 8c26a7a80ca94452be7e0dbb438679c2 [term 2 FOLLOWER]: Advancing to term 3
I20260710 13:26:28.825757  1030 consensus_queue.cc:237] T 58f2cbe494cf4b97bd716299d3b25591 P 77b3473ea9204d03939164436b86ecb1 [LEADER]: Queue going to LEADER mode. State: All replicated index: 0, Majority replicated index: 2, Committed index: 2, Last appended: 2.2, Last appended by leader: 2, Current term: 3, Majority size: 2, State: 0, Mode: LEADER, active raft config: opid_index: -1 OBSOLETE_local: false peers { permanent_uuid: "77b3473ea9204d03939164436b86ecb1" member_type: VOTER last_known_addr { host: "127.31.208.193" port: 33537 } } peers { permanent_uuid: "8c26a7a80ca94452be7e0dbb438679c2" member_type: VOTER last_known_addr { host: "127.31.208.194" port: 35933 } } peers { permanent_uuid: "ba549a6feeca40ab94246e019f5cd65e" member_type: VOTER last_known_addr { host: "127.31.208.195" port: 38117 } }
I20260710 13:26:28.830950   795 raft_consensus.cc:2468] T 58f2cbe494cf4b97bd716299d3b25591 P 8c26a7a80ca94452be7e0dbb438679c2 [term 3 FOLLOWER]: Leader election vote request: Granting yes vote for candidate 77b3473ea9204d03939164436b86ecb1 in term 3.
I20260710 13:26:28.845830  1013 raft_consensus.cc:697] T fcad49eb45fd4b409980b5c22b90d9ae P 77b3473ea9204d03939164436b86ecb1 [term 4 LEADER]: Becoming Leader. State: Replica: 77b3473ea9204d03939164436b86ecb1, State: Running, Role: LEADER
I20260710 13:26:28.846747  1013 consensus_queue.cc:237] T fcad49eb45fd4b409980b5c22b90d9ae P 77b3473ea9204d03939164436b86ecb1 [LEADER]: Queue going to LEADER mode. State: All replicated index: 0, Majority replicated index: 3, Committed index: 3, Last appended: 3.3, Last appended by leader: 3, Current term: 4, Majority size: 2, State: 0, Mode: LEADER, active raft config: opid_index: -1 OBSOLETE_local: false peers { permanent_uuid: "77b3473ea9204d03939164436b86ecb1" member_type: VOTER last_known_addr { host: "127.31.208.193" port: 33537 } } peers { permanent_uuid: "8c26a7a80ca94452be7e0dbb438679c2" member_type: VOTER last_known_addr { host: "127.31.208.194" port: 35933 } } peers { permanent_uuid: "ba549a6feeca40ab94246e019f5cd65e" member_type: VOTER last_known_addr { host: "127.31.208.195" port: 38117 } }
I20260710 13:26:28.845950   868 raft_consensus.cc:2468] T 552b442b3d874533afa6832ba4a1cef2 P ba549a6feeca40ab94246e019f5cd65e [term 3 FOLLOWER]: Leader election vote request: Granting yes vote for candidate 77b3473ea9204d03939164436b86ecb1 in term 3.
I20260710 13:26:28.849545   791 raft_consensus.cc:2468] T 552b442b3d874533afa6832ba4a1cef2 P 8c26a7a80ca94452be7e0dbb438679c2 [term 3 FOLLOWER]: Leader election vote request: Granting yes vote for candidate 77b3473ea9204d03939164436b86ecb1 in term 3.
I20260710 13:26:28.854439   685 leader_election.cc:304] T 552b442b3d874533afa6832ba4a1cef2 P 77b3473ea9204d03939164436b86ecb1 [CANDIDATE]: Term 3 election: Election decided. Result: candidate won. Election summary: received 2 responses out of 3 voters: 2 yes votes; 0 no votes. yes voters: 77b3473ea9204d03939164436b86ecb1, ba549a6feeca40ab94246e019f5cd65e; no voters: 
I20260710 13:26:28.855703  1013 raft_consensus.cc:2804] T 552b442b3d874533afa6832ba4a1cef2 P 77b3473ea9204d03939164436b86ecb1 [term 3 FOLLOWER]: Leader election won for term 3
I20260710 13:26:28.856223  1013 raft_consensus.cc:697] T 552b442b3d874533afa6832ba4a1cef2 P 77b3473ea9204d03939164436b86ecb1 [term 3 LEADER]: Becoming Leader. State: Replica: 77b3473ea9204d03939164436b86ecb1, State: Running, Role: LEADER
I20260710 13:26:28.857048  1013 consensus_queue.cc:237] T 552b442b3d874533afa6832ba4a1cef2 P 77b3473ea9204d03939164436b86ecb1 [LEADER]: Queue going to LEADER mode. State: All replicated index: 0, Majority replicated index: 2, Committed index: 2, Last appended: 2.2, Last appended by leader: 2, Current term: 3, Majority size: 2, State: 0, Mode: LEADER, active raft config: opid_index: -1 OBSOLETE_local: false peers { permanent_uuid: "ba549a6feeca40ab94246e019f5cd65e" member_type: VOTER last_known_addr { host: "127.31.208.195" port: 38117 } } peers { permanent_uuid: "77b3473ea9204d03939164436b86ecb1" member_type: VOTER last_known_addr { host: "127.31.208.193" port: 33537 } } peers { permanent_uuid: "8c26a7a80ca94452be7e0dbb438679c2" member_type: VOTER last_known_addr { host: "127.31.208.194" port: 35933 } }
