I20260710 13:26:48.216050  1618 raft_consensus.cc:2955] T 5f44ef60fc41491c8ea082a79eeac3a3 P 1a099f894e0f4c0cbc0a2d44005b5f54 [term 1 FOLLOWER]: Committing config change with OpId 1.4: config changed from index 3 to 4, VOTER 4d7e3b5c81764dd893d8ea723aef6f52 (127.31.208.195) evicted. New config: { opid_index: 4 OBSOLETE_local: false peers { permanent_uuid: "192c4729e13b464a87af54081f482c8e" member_type: VOTER last_known_addr { host: "127.31.208.193" port: 36873 } } peers { permanent_uuid: "7565975ec8ac44b0a4ba8c4bd1066d58" member_type: VOTER last_known_addr { host: "127.31.208.194" port: 38021 } } peers { permanent_uuid: "1a099f894e0f4c0cbc0a2d44005b5f54" member_type: VOTER last_known_addr { host: "127.31.208.196" port: 34345 } attrs { promote: false } } }
I20260710 13:26:48.219472  1286 raft_consensus.cc:2955] T 0eb91c61350a4ba0aee7ff45495b201a P 7565975ec8ac44b0a4ba8c4bd1066d58 [term 1 FOLLOWER]: Committing config change with OpId 1.3: config changed from index 2 to 3, 1a099f894e0f4c0cbc0a2d44005b5f54 (127.31.208.196) changed from NON_VOTER to VOTER. New config: { opid_index: 3 OBSOLETE_local: false peers { permanent_uuid: "192c4729e13b464a87af54081f482c8e" member_type: VOTER last_known_addr { host: "127.31.208.193" port: 36873 } } peers { permanent_uuid: "7565975ec8ac44b0a4ba8c4bd1066d58" member_type: VOTER last_known_addr { host: "127.31.208.194" port: 38021 } attrs { replace: true } } peers { permanent_uuid: "4d7e3b5c81764dd893d8ea723aef6f52" member_type: VOTER last_known_addr { host: "127.31.208.195" port: 41481 } } peers { permanent_uuid: "1a099f894e0f4c0cbc0a2d44005b5f54" member_type: VOTER last_known_addr { host: "127.31.208.196" port: 34345 } attrs { promote: false } } }
I20260710 13:26:48.191067  1620 raft_consensus.cc:2955] T 0eb91c61350a4ba0aee7ff45495b201a P 1a099f894e0f4c0cbc0a2d44005b5f54 [term 1 FOLLOWER]: Committing config change with OpId 1.3: config changed from index 2 to 3, 1a099f894e0f4c0cbc0a2d44005b5f54 (127.31.208.196) changed from NON_VOTER to VOTER. New config: { opid_index: 3 OBSOLETE_local: false peers { permanent_uuid: "192c4729e13b464a87af54081f482c8e" member_type: VOTER last_known_addr { host: "127.31.208.193" port: 36873 } } peers { permanent_uuid: "7565975ec8ac44b0a4ba8c4bd1066d58" member_type: VOTER last_known_addr { host: "127.31.208.194" port: 38021 } attrs { replace: true } } peers { permanent_uuid: "4d7e3b5c81764dd893d8ea723aef6f52" member_type: VOTER last_known_addr { host: "127.31.208.195" port: 41481 } } peers { permanent_uuid: "1a099f894e0f4c0cbc0a2d44005b5f54" member_type: VOTER last_known_addr { host: "127.31.208.196" port: 34345 } attrs { promote: false } } }
I20260710 13:26:48.232280  1212 raft_consensus.cc:2955] T 5f44ef60fc41491c8ea082a79eeac3a3 P 192c4729e13b464a87af54081f482c8e [term 1 FOLLOWER]: Committing config change with OpId 1.4: config changed from index 3 to 4, VOTER 4d7e3b5c81764dd893d8ea723aef6f52 (127.31.208.195) evicted. New config: { opid_index: 4 OBSOLETE_local: false peers { permanent_uuid: "192c4729e13b464a87af54081f482c8e" member_type: VOTER last_known_addr { host: "127.31.208.193" port: 36873 } } peers { permanent_uuid: "7565975ec8ac44b0a4ba8c4bd1066d58" member_type: VOTER last_known_addr { host: "127.31.208.194" port: 38021 } } peers { permanent_uuid: "1a099f894e0f4c0cbc0a2d44005b5f54" member_type: VOTER last_known_addr { host: "127.31.208.196" port: 34345 } attrs { promote: false } } }
I20260710 13:26:48.245826  1097 catalog_manager.cc:5210] ChangeConfig:REMOVE_PEER RPC for tablet 5f44ef60fc41491c8ea082a79eeac3a3 with cas_config_opid_index 3: ChangeConfig:REMOVE_PEER succeeded (attempt 1)
I20260710 13:26:48.249454  1111 catalog_manager.cc:5697] T 5f44ef60fc41491c8ea082a79eeac3a3 P 1a099f894e0f4c0cbc0a2d44005b5f54 reported cstate change: config changed from index 3 to 4, VOTER 4d7e3b5c81764dd893d8ea723aef6f52 (127.31.208.195) evicted. New cstate: current_term: 1 leader_uuid: "7565975ec8ac44b0a4ba8c4bd1066d58" committed_config { opid_index: 4 OBSOLETE_local: false peers { permanent_uuid: "192c4729e13b464a87af54081f482c8e" member_type: VOTER last_known_addr { host: "127.31.208.193" port: 36873 } } peers { permanent_uuid: "7565975ec8ac44b0a4ba8c4bd1066d58" member_type: VOTER last_known_addr { host: "127.31.208.194" port: 38021 } } peers { permanent_uuid: "1a099f894e0f4c0cbc0a2d44005b5f54" member_type: VOTER last_known_addr { host: "127.31.208.196" port: 34345 } attrs { promote: false } } }
I20260710 13:26:48.250244  1925 tablet_replica.cc:333] T 0d3d5e254831433e98b4af390ff47962 P 192c4729e13b464a87af54081f482c8e: stopping tablet replica
I20260710 13:26:48.248781  1108 catalog_manager.cc:5697] T b15e8815eca64d56a7525e911e70be01 P 7565975ec8ac44b0a4ba8c4bd1066d58 reported cstate change: config changed from index 2 to 3, 1a099f894e0f4c0cbc0a2d44005b5f54 (127.31.208.196) changed from NON_VOTER to VOTER. New cstate: current_term: 1 leader_uuid: "4d7e3b5c81764dd893d8ea723aef6f52" committed_config { opid_index: 3 OBSOLETE_local: false peers { permanent_uuid: "192c4729e13b464a87af54081f482c8e" member_type: VOTER last_known_addr { host: "127.31.208.193" port: 36873 } } peers { permanent_uuid: "7565975ec8ac44b0a4ba8c4bd1066d58" member_type: VOTER last_known_addr { host: "127.31.208.194" port: 38021 } attrs { replace: true } } peers { permanent_uuid: "4d7e3b5c81764dd893d8ea723aef6f52" member_type: VOTER last_known_addr { host: "127.31.208.195" port: 41481 } } peers { permanent_uuid: "1a099f894e0f4c0cbc0a2d44005b5f54" member_type: VOTER last_known_addr { host: "127.31.208.196" port: 34345 } attrs { promote: false } } }
I20260710 13:26:48.254321  1925 raft_consensus.cc:2243] T 0d3d5e254831433e98b4af390ff47962 P 192c4729e13b464a87af54081f482c8e [term 1 FOLLOWER]: Raft consensus shutting down.
I20260710 13:26:48.255239  1925 raft_consensus.cc:2272] T 0d3d5e254831433e98b4af390ff47962 P 192c4729e13b464a87af54081f482c8e [term 1 FOLLOWER]: Raft consensus is shut down!
I20260710 13:26:48.260540  1925 ts_tablet_manager.cc:1916] T 0d3d5e254831433e98b4af390ff47962 P 192c4729e13b464a87af54081f482c8e: Deleting tablet data with delete state TABLET_DATA_TOMBSTONED
I20260710 13:26:48.259825  1213 raft_consensus.cc:2955] T 0eb91c61350a4ba0aee7ff45495b201a P 192c4729e13b464a87af54081f482c8e [term 1 FOLLOWER]: Committing config change with OpId 1.3: config changed from index 2 to 3, 1a099f894e0f4c0cbc0a2d44005b5f54 (127.31.208.196) changed from NON_VOTER to VOTER. New config: { opid_index: 3 OBSOLETE_local: false peers { permanent_uuid: "192c4729e13b464a87af54081f482c8e" member_type: VOTER last_known_addr { host: "127.31.208.193" port: 36873 } } peers { permanent_uuid: "7565975ec8ac44b0a4ba8c4bd1066d58" member_type: VOTER last_known_addr { host: "127.31.208.194" port: 38021 } attrs { replace: true } } peers { permanent_uuid: "4d7e3b5c81764dd893d8ea723aef6f52" member_type: VOTER last_known_addr { host: "127.31.208.195" port: 41481 } } peers { permanent_uuid: "1a099f894e0f4c0cbc0a2d44005b5f54" member_type: VOTER last_known_addr { host: "127.31.208.196" port: 34345 } attrs { promote: false } } }
I20260710 13:26:48.265712  1350 tablet_service.cc:1558] Processing DeleteTablet for tablet 5f44ef60fc41491c8ea082a79eeac3a3 with delete_type TABLET_DATA_TOMBSTONED (TS 4d7e3b5c81764dd893d8ea723aef6f52 not found in new config with opid_index 4) from {username='slave'} at 127.0.0.1:38316
I20260710 13:26:48.271595  1109 catalog_manager.cc:5697] T 0eb91c61350a4ba0aee7ff45495b201a P 4d7e3b5c81764dd893d8ea723aef6f52 reported cstate change: config changed from index 2 to 3, 1a099f894e0f4c0cbc0a2d44005b5f54 (127.31.208.196) changed from NON_VOTER to VOTER. New cstate: current_term: 1 leader_uuid: "4d7e3b5c81764dd893d8ea723aef6f52" committed_config { opid_index: 3 OBSOLETE_local: false peers { permanent_uuid: "192c4729e13b464a87af54081f482c8e" member_type: VOTER last_known_addr { host: "127.31.208.193" port: 36873 } health_report { overall_health: UNKNOWN } } peers { permanent_uuid: "7565975ec8ac44b0a4ba8c4bd1066d58" member_type: VOTER last_known_addr { host: "127.31.208.194" port: 38021 } attrs { replace: true } health_report { overall_health: HEALTHY } } peers { permanent_uuid: "4d7e3b5c81764dd893d8ea723aef6f52" member_type: VOTER last_known_addr { host: "127.31.208.195" port: 41481 } health_report { overall_health: HEALTHY } } peers { permanent_uuid: "1a099f894e0f4c0cbc0a2d44005b5f54" member_type: VOTER last_known_addr { host: "127.31.208.196" port: 34345 } attrs { promote: false } health_report { overall_health: HEALTHY } } }
I20260710 13:26:48.279115  1927 tablet_replica.cc:333] T 5f44ef60fc41491c8ea082a79eeac3a3 P 4d7e3b5c81764dd893d8ea723aef6f52: stopping tablet replica
I20260710 13:26:48.283663  1359 consensus_queue.cc:237] T b15e8815eca64d56a7525e911e70be01 P 4d7e3b5c81764dd893d8ea723aef6f52 [LEADER]: Queue going to LEADER mode. State: All replicated index: 0, Majority replicated index: 3, Committed index: 3, Last appended: 1.3, Last appended by leader: 0, Current term: 1, Majority size: 2, State: 0, Mode: LEADER, active raft config: opid_index: 4 OBSOLETE_local: false peers { permanent_uuid: "192c4729e13b464a87af54081f482c8e" member_type: VOTER last_known_addr { host: "127.31.208.193" port: 36873 } } peers { permanent_uuid: "4d7e3b5c81764dd893d8ea723aef6f52" member_type: VOTER last_known_addr { host: "127.31.208.195" port: 41481 } } peers { permanent_uuid: "1a099f894e0f4c0cbc0a2d44005b5f54" member_type: VOTER last_known_addr { host: "127.31.208.196" port: 34345 } attrs { promote: false } }
I20260710 13:26:48.284732  1925 ts_tablet_manager.cc:1929] T 0d3d5e254831433e98b4af390ff47962 P 192c4729e13b464a87af54081f482c8e: tablet deleted with delete type TABLET_DATA_TOMBSTONED: last-logged OpId 1.3
I20260710 13:26:48.285211  1925 log.cc:1199] T 0d3d5e254831433e98b4af390ff47962 P 192c4729e13b464a87af54081f482c8e: Deleting WAL directory at /tmp/dist-test-taskPzY5Zv/test-tmp/auto_leader_rebalancer-test.0.LeaderRebalancerTest.AddTserver.1783689970224095-32579-0/minicluster-data/ts-0-root/wals/0d3d5e254831433e98b4af390ff47962
I20260710 13:26:48.286970  1927 raft_consensus.cc:2243] T 5f44ef60fc41491c8ea082a79eeac3a3 P 4d7e3b5c81764dd893d8ea723aef6f52 [term 1 FOLLOWER]: Raft consensus shutting down.
I20260710 13:26:48.287601  1927 raft_consensus.cc:2272] T 5f44ef60fc41491c8ea082a79eeac3a3 P 4d7e3b5c81764dd893d8ea723aef6f52 [term 1 FOLLOWER]: Raft consensus is shut down!
I20260710 13:26:48.288192  1095 catalog_manager.cc:5028] TS 192c4729e13b464a87af54081f482c8e (127.31.208.193:36873): tablet 0d3d5e254831433e98b4af390ff47962 (table test-workload [id=01ecaa4f8c414efc850265ce6f08bd5f]) successfully deleted
I20260710 13:26:48.290735  1620 raft_consensus.cc:1275] T b15e8815eca64d56a7525e911e70be01 P 1a099f894e0f4c0cbc0a2d44005b5f54 [term 1 FOLLOWER]: Refusing update from remote peer 4d7e3b5c81764dd893d8ea723aef6f52: Log matching property violated. Preceding OpId in replica: term: 1 index: 3. Preceding OpId from leader: term: 1 index: 4. (index mismatch)
I20260710 13:26:48.292658  1920 consensus_queue.cc:1048] T b15e8815eca64d56a7525e911e70be01 P 4d7e3b5c81764dd893d8ea723aef6f52 [LEADER]: Connected to new peer: Peer: permanent_uuid: "1a099f894e0f4c0cbc0a2d44005b5f54" member_type: VOTER last_known_addr { host: "127.31.208.196" port: 34345 } attrs { promote: false }, Status: LMP_MISMATCH, Last received: 0.0, Next index: 4, Last known committed idx: 3, Time since last communication: 0.000s
I20260710 13:26:48.294566  1213 raft_consensus.cc:1275] T b15e8815eca64d56a7525e911e70be01 P 192c4729e13b464a87af54081f482c8e [term 1 FOLLOWER]: Refusing update from remote peer 4d7e3b5c81764dd893d8ea723aef6f52: Log matching property violated. Preceding OpId in replica: term: 1 index: 3. Preceding OpId from leader: term: 1 index: 4. (index mismatch)
I20260710 13:26:48.296090  1920 consensus_queue.cc:1048] T b15e8815eca64d56a7525e911e70be01 P 4d7e3b5c81764dd893d8ea723aef6f52 [LEADER]: Connected to new peer: Peer: permanent_uuid: "192c4729e13b464a87af54081f482c8e" member_type: VOTER last_known_addr { host: "127.31.208.193" port: 36873 }, Status: LMP_MISMATCH, Last received: 0.0, Next index: 4, Last known committed idx: 3, Time since last communication: 0.000s
I20260710 13:26:48.290779  1927 ts_tablet_manager.cc:1916] T 5f44ef60fc41491c8ea082a79eeac3a3 P 4d7e3b5c81764dd893d8ea723aef6f52: Deleting tablet data with delete state TABLET_DATA_TOMBSTONED
I20260710 13:26:48.300330  1913 raft_consensus.cc:2955] T b15e8815eca64d56a7525e911e70be01 P 4d7e3b5c81764dd893d8ea723aef6f52 [term 1 LEADER]: Committing config change with OpId 1.4: config changed from index 3 to 4, VOTER 7565975ec8ac44b0a4ba8c4bd1066d58 (127.31.208.194) evicted. New config: { opid_index: 4 OBSOLETE_local: false peers { permanent_uuid: "192c4729e13b464a87af54081f482c8e" member_type: VOTER last_known_addr { host: "127.31.208.193" port: 36873 } } peers { permanent_uuid: "4d7e3b5c81764dd893d8ea723aef6f52" member_type: VOTER last_known_addr { host: "127.31.208.195" port: 41481 } } peers { permanent_uuid: "1a099f894e0f4c0cbc0a2d44005b5f54" member_type: VOTER last_known_addr { host: "127.31.208.196" port: 34345 } attrs { promote: false } } }
I20260710 13:26:48.301549  1620 raft_consensus.cc:2955] T b15e8815eca64d56a7525e911e70be01 P 1a099f894e0f4c0cbc0a2d44005b5f54 [term 1 FOLLOWER]: Committing config change with OpId 1.4: config changed from index 3 to 4, VOTER 7565975ec8ac44b0a4ba8c4bd1066d58 (127.31.208.194) evicted. New config: { opid_index: 4 OBSOLETE_local: false peers { permanent_uuid: "192c4729e13b464a87af54081f482c8e" member_type: VOTER last_known_addr { host: "127.31.208.193" port: 36873 } } peers { permanent_uuid: "4d7e3b5c81764dd893d8ea723aef6f52" member_type: VOTER last_known_addr { host: "127.31.208.195" port: 41481 } } peers { permanent_uuid: "1a099f894e0f4c0cbc0a2d44005b5f54" member_type: VOTER last_known_addr { host: "127.31.208.196" port: 34345 } attrs { promote: false } } }
I20260710 13:26:48.307834  1213 raft_consensus.cc:2955] T b15e8815eca64d56a7525e911e70be01 P 192c4729e13b464a87af54081f482c8e [term 1 FOLLOWER]: Committing config change with OpId 1.4: config changed from index 3 to 4, VOTER 7565975ec8ac44b0a4ba8c4bd1066d58 (127.31.208.194) evicted. New config: { opid_index: 4 OBSOLETE_local: false peers { permanent_uuid: "192c4729e13b464a87af54081f482c8e" member_type: VOTER last_known_addr { host: "127.31.208.193" port: 36873 } } peers { permanent_uuid: "4d7e3b5c81764dd893d8ea723aef6f52" member_type: VOTER last_known_addr { host: "127.31.208.195" port: 41481 } } peers { permanent_uuid: "1a099f894e0f4c0cbc0a2d44005b5f54" member_type: VOTER last_known_addr { host: "127.31.208.196" port: 34345 } attrs { promote: false } } }
I20260710 13:26:48.311705  1098 catalog_manager.cc:5210] ChangeConfig:REMOVE_PEER RPC for tablet b15e8815eca64d56a7525e911e70be01 with cas_config_opid_index 3: ChangeConfig:REMOVE_PEER succeeded (attempt 1)
I20260710 13:26:48.313261  1927 ts_tablet_manager.cc:1929] T 5f44ef60fc41491c8ea082a79eeac3a3 P 4d7e3b5c81764dd893d8ea723aef6f52: tablet deleted with delete type TABLET_DATA_TOMBSTONED: last-logged OpId 1.3
I20260710 13:26:48.313611  1927 log.cc:1199] T 5f44ef60fc41491c8ea082a79eeac3a3 P 4d7e3b5c81764dd893d8ea723aef6f52: Deleting WAL directory at /tmp/dist-test-taskPzY5Zv/test-tmp/auto_leader_rebalancer-test.0.LeaderRebalancerTest.AddTserver.1783689970224095-32579-0/minicluster-data/ts-2-root/wals/5f44ef60fc41491c8ea082a79eeac3a3
I20260710 13:26:48.315284  1098 catalog_manager.cc:5028] TS 4d7e3b5c81764dd893d8ea723aef6f52 (127.31.208.195:41481): tablet 5f44ef60fc41491c8ea082a79eeac3a3 (table test-workload [id=01ecaa4f8c414efc850265ce6f08bd5f]) successfully deleted
I20260710 13:26:48.316256  1109 catalog_manager.cc:5697] T b15e8815eca64d56a7525e911e70be01 P 4d7e3b5c81764dd893d8ea723aef6f52 reported cstate change: config changed from index 3 to 4, VOTER 7565975ec8ac44b0a4ba8c4bd1066d58 (127.31.208.194) evicted. New cstate: current_term: 1 leader_uuid: "4d7e3b5c81764dd893d8ea723aef6f52" committed_config { opid_index: 4 OBSOLETE_local: false peers { permanent_uuid: "192c4729e13b464a87af54081f482c8e" member_type: VOTER last_known_addr { host: "127.31.208.193" port: 36873 } health_report { overall_health: HEALTHY } } peers { permanent_uuid: "4d7e3b5c81764dd893d8ea723aef6f52" member_type: VOTER last_known_addr { host: "127.31.208.195" port: 41481 } health_report { overall_health: HEALTHY } } peers { permanent_uuid: "1a099f894e0f4c0cbc0a2d44005b5f54" member_type: VOTER last_known_addr { host: "127.31.208.196" port: 34345 } attrs { promote: false } health_report { overall_health: HEALTHY } } }
I20260710 13:26:48.316982  1359 consensus_queue.cc:237] T 0eb91c61350a4ba0aee7ff45495b201a P 4d7e3b5c81764dd893d8ea723aef6f52 [LEADER]: Queue going to LEADER mode. State: All replicated index: 0, Majority replicated index: 3, Committed index: 3, Last appended: 1.3, Last appended by leader: 0, Current term: 1, Majority size: 2, State: 0, Mode: LEADER, active raft config: opid_index: 4 OBSOLETE_local: false peers { permanent_uuid: "192c4729e13b464a87af54081f482c8e" member_type: VOTER last_known_addr { host: "127.31.208.193" port: 36873 } } peers { permanent_uuid: "4d7e3b5c81764dd893d8ea723aef6f52" member_type: VOTER last_known_addr { host: "127.31.208.195" port: 41481 } } peers { permanent_uuid: "1a099f894e0f4c0cbc0a2d44005b5f54" member_type: VOTER last_known_addr { host: "127.31.208.196" port: 34345 } attrs { promote: false } }
I20260710 13:26:48.328509  1620 raft_consensus.cc:1275] T 0eb91c61350a4ba0aee7ff45495b201a P 1a099f894e0f4c0cbc0a2d44005b5f54 [term 1 FOLLOWER]: Refusing update from remote peer 4d7e3b5c81764dd893d8ea723aef6f52: Log matching property violated. Preceding OpId in replica: term: 1 index: 3. Preceding OpId from leader: term: 1 index: 4. (index mismatch)
I20260710 13:26:48.328608  1271 tablet_service.cc:1558] Processing DeleteTablet for tablet b15e8815eca64d56a7525e911e70be01 with delete_type TABLET_DATA_TOMBSTONED (TS 7565975ec8ac44b0a4ba8c4bd1066d58 not found in new config with opid_index 4) from {username='slave'} at 127.0.0.1:36774
I20260710 13:26:48.331370  1912 consensus_queue.cc:1048] T 0eb91c61350a4ba0aee7ff45495b201a P 4d7e3b5c81764dd893d8ea723aef6f52 [LEADER]: Connected to new peer: Peer: permanent_uuid: "1a099f894e0f4c0cbc0a2d44005b5f54" member_type: VOTER last_known_addr { host: "127.31.208.196" port: 34345 } attrs { promote: false }, Status: LMP_MISMATCH, Last received: 0.0, Next index: 4, Last known committed idx: 3, Time since last communication: 0.000s
I20260710 13:26:48.335183  1213 raft_consensus.cc:1275] T 0eb91c61350a4ba0aee7ff45495b201a P 192c4729e13b464a87af54081f482c8e [term 1 FOLLOWER]: Refusing update from remote peer 4d7e3b5c81764dd893d8ea723aef6f52: Log matching property violated. Preceding OpId in replica: term: 1 index: 3. Preceding OpId from leader: term: 1 index: 4. (index mismatch)
I20260710 13:26:48.336627  1912 consensus_queue.cc:1048] T 0eb91c61350a4ba0aee7ff45495b201a P 4d7e3b5c81764dd893d8ea723aef6f52 [LEADER]: Connected to new peer: Peer: permanent_uuid: "192c4729e13b464a87af54081f482c8e" member_type: VOTER last_known_addr { host: "127.31.208.193" port: 36873 }, Status: LMP_MISMATCH, Last received: 0.0, Next index: 4, Last known committed idx: 3, Time since last communication: 0.002s
I20260710 13:26:48.347429  1928 tablet_replica.cc:333] T b15e8815eca64d56a7525e911e70be01 P 7565975ec8ac44b0a4ba8c4bd1066d58: stopping tablet replica
I20260710 13:26:48.348691  1928 raft_consensus.cc:2243] T b15e8815eca64d56a7525e911e70be01 P 7565975ec8ac44b0a4ba8c4bd1066d58 [term 1 FOLLOWER]: Raft consensus shutting down.
I20260710 13:26:48.348059  1620 raft_consensus.cc:2955] T 0eb91c61350a4ba0aee7ff45495b201a P 1a099f894e0f4c0cbc0a2d44005b5f54 [term 1 FOLLOWER]: Committing config change with OpId 1.4: config changed from index 3 to 4, VOTER 7565975ec8ac44b0a4ba8c4bd1066d58 (127.31.208.194) evicted. New config: { opid_index: 4 OBSOLETE_local: false peers { permanent_uuid: "192c4729e13b464a87af54081f482c8e" member_type: VOTER last_known_addr { host: "127.31.208.193" port: 36873 } } peers { permanent_uuid: "4d7e3b5c81764dd893d8ea723aef6f52" member_type: VOTER last_known_addr { host: "127.31.208.195" port: 41481 } } peers { permanent_uuid: "1a099f894e0f4c0cbc0a2d44005b5f54" member_type: VOTER last_known_addr { host: "127.31.208.196" port: 34345 } attrs { promote: false } } }
I20260710 13:26:48.348111  1210 raft_consensus.cc:2955] T 0eb91c61350a4ba0aee7ff45495b201a P 192c4729e13b464a87af54081f482c8e [term 1 FOLLOWER]: Committing config change with OpId 1.4: config changed from index 3 to 4, VOTER 7565975ec8ac44b0a4ba8c4bd1066d58 (127.31.208.194) evicted. New config: { opid_index: 4 OBSOLETE_local: false peers { permanent_uuid: "192c4729e13b464a87af54081f482c8e" member_type: VOTER last_known_addr { host: "127.31.208.193" port: 36873 } } peers { permanent_uuid: "4d7e3b5c81764dd893d8ea723aef6f52" member_type: VOTER last_known_addr { host: "127.31.208.195" port: 41481 } } peers { permanent_uuid: "1a099f894e0f4c0cbc0a2d44005b5f54" member_type: VOTER last_known_addr { host: "127.31.208.196" port: 34345 } attrs { promote: false } } }
I20260710 13:26:48.349484  1928 raft_consensus.cc:2272] T b15e8815eca64d56a7525e911e70be01 P 7565975ec8ac44b0a4ba8c4bd1066d58 [term 1 FOLLOWER]: Raft consensus is shut down!
I20260710 13:26:48.352758  1928 ts_tablet_manager.cc:1916] T b15e8815eca64d56a7525e911e70be01 P 7565975ec8ac44b0a4ba8c4bd1066d58: Deleting tablet data with delete state TABLET_DATA_TOMBSTONED
I20260710 13:26:48.347527  1920 raft_consensus.cc:2955] T 0eb91c61350a4ba0aee7ff45495b201a P 4d7e3b5c81764dd893d8ea723aef6f52 [term 1 LEADER]: Committing config change with OpId 1.4: config changed from index 3 to 4, VOTER 7565975ec8ac44b0a4ba8c4bd1066d58 (127.31.208.194) evicted. New config: { opid_index: 4 OBSOLETE_local: false peers { permanent_uuid: "192c4729e13b464a87af54081f482c8e" member_type: VOTER last_known_addr { host: "127.31.208.193" port: 36873 } } peers { permanent_uuid: "4d7e3b5c81764dd893d8ea723aef6f52" member_type: VOTER last_known_addr { host: "127.31.208.195" port: 41481 } } peers { permanent_uuid: "1a099f894e0f4c0cbc0a2d44005b5f54" member_type: VOTER last_known_addr { host: "127.31.208.196" port: 34345 } attrs { promote: false } } }
I20260710 13:26:48.365130  1108 catalog_manager.cc:5697] T 0eb91c61350a4ba0aee7ff45495b201a P 1a099f894e0f4c0cbc0a2d44005b5f54 reported cstate change: config changed from index 3 to 4, VOTER 7565975ec8ac44b0a4ba8c4bd1066d58 (127.31.208.194) evicted. New cstate: current_term: 1 leader_uuid: "4d7e3b5c81764dd893d8ea723aef6f52" committed_config { opid_index: 4 OBSOLETE_local: false peers { permanent_uuid: "192c4729e13b464a87af54081f482c8e" member_type: VOTER last_known_addr { host: "127.31.208.193" port: 36873 } } peers { permanent_uuid: "4d7e3b5c81764dd893d8ea723aef6f52" member_type: VOTER last_known_addr { host: "127.31.208.195" port: 41481 } } peers { permanent_uuid: "1a099f894e0f4c0cbc0a2d44005b5f54" member_type: VOTER last_known_addr { host: "127.31.208.196" port: 34345 } attrs { promote: false } } }
I20260710 13:26:48.365787  1098 catalog_manager.cc:5210] ChangeConfig:REMOVE_PEER RPC for tablet 0eb91c61350a4ba0aee7ff45495b201a with cas_config_opid_index 3: ChangeConfig:REMOVE_PEER succeeded (attempt 1)
I20260710 13:26:48.371126  1928 ts_tablet_manager.cc:1929] T b15e8815eca64d56a7525e911e70be01 P 7565975ec8ac44b0a4ba8c4bd1066d58: tablet deleted with delete type TABLET_DATA_TOMBSTONED: last-logged OpId 1.3
I20260710 13:26:48.371569  1928 log.cc:1199] T b15e8815eca64d56a7525e911e70be01 P 7565975ec8ac44b0a4ba8c4bd1066d58: Deleting WAL directory at /tmp/dist-test-taskPzY5Zv/test-tmp/auto_leader_rebalancer-test.0.LeaderRebalancerTest.AddTserver.1783689970224095-32579-0/minicluster-data/ts-1-root/wals/b15e8815eca64d56a7525e911e70be01
I20260710 13:26:48.373076  1097 catalog_manager.cc:5028] TS 7565975ec8ac44b0a4ba8c4bd1066d58 (127.31.208.194:38021): tablet b15e8815eca64d56a7525e911e70be01 (table test-workload [id=01ecaa4f8c414efc850265ce6f08bd5f]) successfully deleted
I20260710 13:26:48.380038  1271 tablet_service.cc:1558] Processing DeleteTablet for tablet 0eb91c61350a4ba0aee7ff45495b201a with delete_type TABLET_DATA_TOMBSTONED (TS 7565975ec8ac44b0a4ba8c4bd1066d58 not found in new config with opid_index 4) from {username='slave'} at 127.0.0.1:36774
I20260710 13:26:48.380935  1928 tablet_replica.cc:333] T 0eb91c61350a4ba0aee7ff45495b201a P 7565975ec8ac44b0a4ba8c4bd1066d58: stopping tablet replica
I20260710 13:26:48.381753  1928 raft_consensus.cc:2243] T 0eb91c61350a4ba0aee7ff45495b201a P 7565975ec8ac44b0a4ba8c4bd1066d58 [term 1 FOLLOWER]: Raft consensus shutting down.
I20260710 13:26:48.382372  1928 raft_consensus.cc:2272] T 0eb91c61350a4ba0aee7ff45495b201a P 7565975ec8ac44b0a4ba8c4bd1066d58 [term 1 FOLLOWER]: Raft consensus is shut down!
I20260710 13:26:48.385136  1928 ts_tablet_manager.cc:1916] T 0eb91c61350a4ba0aee7ff45495b201a P 7565975ec8ac44b0a4ba8c4bd1066d58: Deleting tablet data with delete state TABLET_DATA_TOMBSTONED
I20260710 13:26:48.395740  1928 ts_tablet_manager.cc:1929] T 0eb91c61350a4ba0aee7ff45495b201a P 7565975ec8ac44b0a4ba8c4bd1066d58: tablet deleted with delete type TABLET_DATA_TOMBSTONED: last-logged OpId 1.3
I20260710 13:26:48.395978  1928 log.cc:1199] T 0eb91c61350a4ba0aee7ff45495b201a P 7565975ec8ac44b0a4ba8c4bd1066d58: Deleting WAL directory at /tmp/dist-test-taskPzY5Zv/test-tmp/auto_leader_rebalancer-test.0.LeaderRebalancerTest.AddTserver.1783689970224095-32579-0/minicluster-data/ts-1-root/wals/0eb91c61350a4ba0aee7ff45495b201a
I20260710 13:26:48.397022  1097 catalog_manager.cc:5028] TS 7565975ec8ac44b0a4ba8c4bd1066d58 (127.31.208.194:38021): tablet 0eb91c61350a4ba0aee7ff45495b201a (table test-workload [id=01ecaa4f8c414efc850265ce6f08bd5f]) successfully deleted
I20260710 13:26:49.408659  1286 consensus_queue.cc:237] T 38a9c2b502e64ddc955ef21fe1a47fd6 P 7565975ec8ac44b0a4ba8c4bd1066d58 [LEADER]: Queue going to LEADER mode. State: All replicated index: 0, Majority replicated index: 1, Committed index: 1, Last appended: 1.1, Last appended by leader: 0, Current term: 1, Majority size: 2, State: 0, Mode: LEADER, active raft config: opid_index: 2 OBSOLETE_local: false peers { permanent_uuid: "192c4729e13b464a87af54081f482c8e" member_type: VOTER last_known_addr { host: "127.31.208.193" port: 36873 } } peers { permanent_uuid: "7565975ec8ac44b0a4ba8c4bd1066d58" member_type: VOTER last_known_addr { host: "127.31.208.194" port: 38021 } } peers { permanent_uuid: "4d7e3b5c81764dd893d8ea723aef6f52" member_type: VOTER last_known_addr { host: "127.31.208.195" port: 41481 } attrs { replace: true } } peers { permanent_uuid: "1a099f894e0f4c0cbc0a2d44005b5f54" member_type: NON_VOTER last_known_addr { host: "127.31.208.196" port: 34345 } attrs { promote: true } }
W20260710 13:26:49.414170  1252 consensus_peers.cc:597] T 38a9c2b502e64ddc955ef21fe1a47fd6 P 7565975ec8ac44b0a4ba8c4bd1066d58 -> Peer 1a099f894e0f4c0cbc0a2d44005b5f54 (127.31.208.196:34345): Couldn't send request to peer 1a099f894e0f4c0cbc0a2d44005b5f54. Error code: TABLET_NOT_FOUND (6). Status: Not found: Tablet not found: 38a9c2b502e64ddc955ef21fe1a47fd6. This is attempt 1: this message will repeat every 5th retry.
I20260710 13:26:49.414826  1359 raft_consensus.cc:1275] T 38a9c2b502e64ddc955ef21fe1a47fd6 P 4d7e3b5c81764dd893d8ea723aef6f52 [term 1 FOLLOWER]: Refusing update from remote peer 7565975ec8ac44b0a4ba8c4bd1066d58: Log matching property violated. Preceding OpId in replica: term: 1 index: 1. Preceding OpId from leader: term: 1 index: 2. (index mismatch)
I20260710 13:26:49.414980  1213 raft_consensus.cc:1275] T 38a9c2b502e64ddc955ef21fe1a47fd6 P 192c4729e13b464a87af54081f482c8e [term 1 FOLLOWER]: Refusing update from remote peer 7565975ec8ac44b0a4ba8c4bd1066d58: Log matching property violated. Preceding OpId in replica: term: 1 index: 1. Preceding OpId from leader: term: 1 index: 2. (index mismatch)
I20260710 13:26:49.416074  1933 consensus_queue.cc:1048] T 38a9c2b502e64ddc955ef21fe1a47fd6 P 7565975ec8ac44b0a4ba8c4bd1066d58 [LEADER]: Connected to new peer: Peer: permanent_uuid: "4d7e3b5c81764dd893d8ea723aef6f52" member_type: VOTER last_known_addr { host: "127.31.208.195" port: 41481 } attrs { replace: true }, Status: LMP_MISMATCH, Last received: 0.0, Next index: 2, Last known committed idx: 1, Time since last communication: 0.000s
I20260710 13:26:49.416792  1931 consensus_queue.cc:1048] T 38a9c2b502e64ddc955ef21fe1a47fd6 P 7565975ec8ac44b0a4ba8c4bd1066d58 [LEADER]: Connected to new peer: Peer: permanent_uuid: "192c4729e13b464a87af54081f482c8e" member_type: VOTER last_known_addr { host: "127.31.208.193" port: 36873 }, Status: LMP_MISMATCH, Last received: 0.0, Next index: 2, Last known committed idx: 1, Time since last communication: 0.000s
I20260710 13:26:49.424479  1869 raft_consensus.cc:2955] T 38a9c2b502e64ddc955ef21fe1a47fd6 P 7565975ec8ac44b0a4ba8c4bd1066d58 [term 1 LEADER]: Committing config change with OpId 1.2: config changed from index -1 to 2, NON_VOTER 1a099f894e0f4c0cbc0a2d44005b5f54 (127.31.208.196) added. New config: { opid_index: 2 OBSOLETE_local: false peers { permanent_uuid: "192c4729e13b464a87af54081f482c8e" member_type: VOTER last_known_addr { host: "127.31.208.193" port: 36873 } } peers { permanent_uuid: "7565975ec8ac44b0a4ba8c4bd1066d58" member_type: VOTER last_known_addr { host: "127.31.208.194" port: 38021 } } peers { permanent_uuid: "4d7e3b5c81764dd893d8ea723aef6f52" member_type: VOTER last_known_addr { host: "127.31.208.195" port: 41481 } attrs { replace: true } } peers { permanent_uuid: "1a099f894e0f4c0cbc0a2d44005b5f54" member_type: NON_VOTER last_known_addr { host: "127.31.208.196" port: 34345 } attrs { promote: true } } }
I20260710 13:26:49.426023  1210 raft_consensus.cc:2955] T 38a9c2b502e64ddc955ef21fe1a47fd6 P 192c4729e13b464a87af54081f482c8e [term 1 FOLLOWER]: Committing config change with OpId 1.2: config changed from index -1 to 2, NON_VOTER 1a099f894e0f4c0cbc0a2d44005b5f54 (127.31.208.196) added. New config: { opid_index: 2 OBSOLETE_local: false peers { permanent_uuid: "192c4729e13b464a87af54081f482c8e" member_type: VOTER last_known_addr { host: "127.31.208.193" port: 36873 } } peers { permanent_uuid: "7565975ec8ac44b0a4ba8c4bd1066d58" member_type: VOTER last_known_addr { host: "127.31.208.194" port: 38021 } } peers { permanent_uuid: "4d7e3b5c81764dd893d8ea723aef6f52" member_type: VOTER last_known_addr { host: "127.31.208.195" port: 41481 } attrs { replace: true } } peers { permanent_uuid: "1a099f894e0f4c0cbc0a2d44005b5f54" member_type: NON_VOTER last_known_addr { host: "127.31.208.196" port: 34345 } attrs { promote: true } } }
I20260710 13:26:49.431783  1362 raft_consensus.cc:2955] T 38a9c2b502e64ddc955ef21fe1a47fd6 P 4d7e3b5c81764dd893d8ea723aef6f52 [term 1 FOLLOWER]: Committing config change with OpId 1.2: config changed from index -1 to 2, NON_VOTER 1a099f894e0f4c0cbc0a2d44005b5f54 (127.31.208.196) added. New config: { opid_index: 2 OBSOLETE_local: false peers { permanent_uuid: "192c4729e13b464a87af54081f482c8e" member_type: VOTER last_known_addr { host: "127.31.208.193" port: 36873 } } peers { permanent_uuid: "7565975ec8ac44b0a4ba8c4bd1066d58" member_type: VOTER last_known_addr { host: "127.31.208.194" port: 38021 } } peers { permanent_uuid: "4d7e3b5c81764dd893d8ea723aef6f52" member_type: VOTER last_known_addr { host: "127.31.208.195" port: 41481 } attrs { replace: true } } peers { permanent_uuid: "1a099f894e0f4c0cbc0a2d44005b5f54" member_type: NON_VOTER last_known_addr { host: "127.31.208.196" port: 34345 } attrs { promote: true } } }
I20260710 13:26:49.438769  1286 consensus_queue.cc:237] T ed6c8919a0a44d32b7ed0f3bd40ac7da P 7565975ec8ac44b0a4ba8c4bd1066d58 [LEADER]: Queue going to LEADER mode. State: All replicated index: 0, Majority replicated index: 1, Committed index: 1, Last appended: 1.1, Last appended by leader: 0, Current term: 1, Majority size: 2, State: 0, Mode: LEADER, active raft config: opid_index: 2 OBSOLETE_local: false peers { permanent_uuid: "192c4729e13b464a87af54081f482c8e" member_type: VOTER last_known_addr { host: "127.31.208.193" port: 36873 } attrs { replace: true } } peers { permanent_uuid: "7565975ec8ac44b0a4ba8c4bd1066d58" member_type: VOTER last_known_addr { host: "127.31.208.194" port: 38021 } } peers { permanent_uuid: "4d7e3b5c81764dd893d8ea723aef6f52" member_type: VOTER last_known_addr { host: "127.31.208.195" port: 41481 } } peers { permanent_uuid: "1a099f894e0f4c0cbc0a2d44005b5f54" member_type: NON_VOTER last_known_addr { host: "127.31.208.196" port: 34345 } attrs { promote: true } }
I20260710 13:26:49.451891  1111 catalog_manager.cc:5697] T 38a9c2b502e64ddc955ef21fe1a47fd6 P 7565975ec8ac44b0a4ba8c4bd1066d58 reported cstate change: config changed from index -1 to 2, NON_VOTER 1a099f894e0f4c0cbc0a2d44005b5f54 (127.31.208.196) added. New cstate: current_term: 1 leader_uuid: "7565975ec8ac44b0a4ba8c4bd1066d58" committed_config { opid_index: 2 OBSOLETE_local: false peers { permanent_uuid: "192c4729e13b464a87af54081f482c8e" member_type: VOTER last_known_addr { host: "127.31.208.193" port: 36873 } health_report { overall_health: HEALTHY } } peers { permanent_uuid: "7565975ec8ac44b0a4ba8c4bd1066d58" member_type: VOTER last_known_addr { host: "127.31.208.194" port: 38021 } health_report { overall_health: HEALTHY } } peers { permanent_uuid: "4d7e3b5c81764dd893d8ea723aef6f52" member_type: VOTER last_known_addr { host: "127.31.208.195" port: 41481 } attrs { replace: true } health_report { overall_health: HEALTHY } } peers { permanent_uuid: "1a099f894e0f4c0cbc0a2d44005b5f54" member_type: NON_VOTER last_known_addr { host: "127.31.208.196" port: 34345 } attrs { promote: true } health_report { overall_health: UNKNOWN } } }
I20260710 13:26:49.462287  1362 raft_consensus.cc:1275] T ed6c8919a0a44d32b7ed0f3bd40ac7da P 4d7e3b5c81764dd893d8ea723aef6f52 [term 1 FOLLOWER]: Refusing update from remote peer 7565975ec8ac44b0a4ba8c4bd1066d58: Log matching property violated. Preceding OpId in replica: term: 1 index: 1. Preceding OpId from leader: term: 1 index: 2. (index mismatch)
W20260710 13:26:49.462632  1252 consensus_peers.cc:597] T ed6c8919a0a44d32b7ed0f3bd40ac7da P 7565975ec8ac44b0a4ba8c4bd1066d58 -> Peer 1a099f894e0f4c0cbc0a2d44005b5f54 (127.31.208.196:34345): Couldn't send request to peer 1a099f894e0f4c0cbc0a2d44005b5f54. Error code: TABLET_NOT_FOUND (6). Status: Not found: Tablet not found: ed6c8919a0a44d32b7ed0f3bd40ac7da. This is attempt 1: this message will repeat every 5th retry.
I20260710 13:26:49.463733  1869 consensus_queue.cc:1048] T ed6c8919a0a44d32b7ed0f3bd40ac7da P 7565975ec8ac44b0a4ba8c4bd1066d58 [LEADER]: Connected to new peer: Peer: permanent_uuid: "4d7e3b5c81764dd893d8ea723aef6f52" member_type: VOTER last_known_addr { host: "127.31.208.195" port: 41481 }, Status: LMP_MISMATCH, Last received: 0.0, Next index: 2, Last known committed idx: 1, Time since last communication: 0.000s
I20260710 13:26:49.466100  1210 raft_consensus.cc:1275] T ed6c8919a0a44d32b7ed0f3bd40ac7da P 192c4729e13b464a87af54081f482c8e [term 1 FOLLOWER]: Refusing update from remote peer 7565975ec8ac44b0a4ba8c4bd1066d58: Log matching property violated. Preceding OpId in replica: term: 1 index: 1. Preceding OpId from leader: term: 1 index: 2. (index mismatch)
I20260710 13:26:49.467494  1869 consensus_queue.cc:1048] T ed6c8919a0a44d32b7ed0f3bd40ac7da P 7565975ec8ac44b0a4ba8c4bd1066d58 [LEADER]: Connected to new peer: Peer: permanent_uuid: "192c4729e13b464a87af54081f482c8e" member_type: VOTER last_known_addr { host: "127.31.208.193" port: 36873 } attrs { replace: true }, Status: LMP_MISMATCH, Last received: 0.0, Next index: 2, Last known committed idx: 1, Time since last communication: 0.000s
I20260710 13:26:49.470834  1931 raft_consensus.cc:2955] T ed6c8919a0a44d32b7ed0f3bd40ac7da P 7565975ec8ac44b0a4ba8c4bd1066d58 [term 1 LEADER]: Committing config change with OpId 1.2: config changed from index -1 to 2, NON_VOTER 1a099f894e0f4c0cbc0a2d44005b5f54 (127.31.208.196) added. New config: { opid_index: 2 OBSOLETE_local: false peers { permanent_uuid: "192c4729e13b464a87af54081f482c8e" member_type: VOTER last_known_addr { host: "127.31.208.193" port: 36873 } attrs { replace: true } } peers { permanent_uuid: "7565975ec8ac44b0a4ba8c4bd1066d58" member_type: VOTER last_known_addr { host: "127.31.208.194" port: 38021 } } peers { permanent_uuid: "4d7e3b5c81764dd893d8ea723aef6f52" member_type: VOTER last_known_addr { host: "127.31.208.195" port: 41481 } } peers { permanent_uuid: "1a099f894e0f4c0cbc0a2d44005b5f54" member_type: NON_VOTER last_known_addr { host: "127.31.208.196" port: 34345 } attrs { promote: true } } }
I20260710 13:26:49.480818  1362 raft_consensus.cc:2955] T ed6c8919a0a44d32b7ed0f3bd40ac7da P 4d7e3b5c81764dd893d8ea723aef6f52 [term 1 FOLLOWER]: Committing config change with OpId 1.2: config changed from index -1 to 2, NON_VOTER 1a099f894e0f4c0cbc0a2d44005b5f54 (127.31.208.196) added. New config: { opid_index: 2 OBSOLETE_local: false peers { permanent_uuid: "192c4729e13b464a87af54081f482c8e" member_type: VOTER last_known_addr { host: "127.31.208.193" port: 36873 } attrs { replace: true } } peers { permanent_uuid: "7565975ec8ac44b0a4ba8c4bd1066d58" member_type: VOTER last_known_addr { host: "127.31.208.194" port: 38021 } } peers { permanent_uuid: "4d7e3b5c81764dd893d8ea723aef6f52" member_type: VOTER last_known_addr { host: "127.31.208.195" port: 41481 } } peers { permanent_uuid: "1a099f894e0f4c0cbc0a2d44005b5f54" member_type: NON_VOTER last_known_addr { host: "127.31.208.196" port: 34345 } attrs { promote: true } } }
I20260710 13:26:49.485301  1109 catalog_manager.cc:5697] T ed6c8919a0a44d32b7ed0f3bd40ac7da P 7565975ec8ac44b0a4ba8c4bd1066d58 reported cstate change: config changed from index -1 to 2, NON_VOTER 1a099f894e0f4c0cbc0a2d44005b5f54 (127.31.208.196) added. New cstate: current_term: 1 leader_uuid: "7565975ec8ac44b0a4ba8c4bd1066d58" committed_config { opid_index: 2 OBSOLETE_local: false peers { permanent_uuid: "192c4729e13b464a87af54081f482c8e" member_type: VOTER last_known_addr { host: "127.31.208.193" port: 36873 } attrs { replace: true } health_report { overall_health: UNKNOWN } } peers { permanent_uuid: "7565975ec8ac44b0a4ba8c4bd1066d58" member_type: VOTER last_known_addr { host: "127.31.208.194" port: 38021 } health_report { overall_health: HEALTHY } } peers { permanent_uuid: "4d7e3b5c81764dd893d8ea723aef6f52" member_type: VOTER last_known_addr { host: "127.31.208.195" port: 41481 } health_report { overall_health: HEALTHY } } peers { permanent_uuid: "1a099f894e0f4c0cbc0a2d44005b5f54" member_type: NON_VOTER last_known_addr { host: "127.31.208.196" port: 34345 } attrs { promote: true } health_report { overall_health: UNKNOWN } } }
I20260710 13:26:49.489733  1210 raft_consensus.cc:2955] T ed6c8919a0a44d32b7ed0f3bd40ac7da P 192c4729e13b464a87af54081f482c8e [term 1 FOLLOWER]: Committing config change with OpId 1.2: config changed from index -1 to 2, NON_VOTER 1a099f894e0f4c0cbc0a2d44005b5f54 (127.31.208.196) added. New config: { opid_index: 2 OBSOLETE_local: false peers { permanent_uuid: "192c4729e13b464a87af54081f482c8e" member_type: VOTER last_known_addr { host: "127.31.208.193" port: 36873 } attrs { replace: true } } peers { permanent_uuid: "7565975ec8ac44b0a4ba8c4bd1066d58" member_type: VOTER last_known_addr { host: "127.31.208.194" port: 38021 } } peers { permanent_uuid: "4d7e3b5c81764dd893d8ea723aef6f52" member_type: VOTER last_known_addr { host: "127.31.208.195" port: 41481 } } peers { permanent_uuid: "1a099f894e0f4c0cbc0a2d44005b5f54" member_type: NON_VOTER last_known_addr { host: "127.31.208.196" port: 34345 } attrs { promote: true } } }
I20260710 13:26:49.894734  1943 ts_tablet_manager.cc:933] T 38a9c2b502e64ddc955ef21fe1a47fd6 P 1a099f894e0f4c0cbc0a2d44005b5f54: Initiating tablet copy from peer 7565975ec8ac44b0a4ba8c4bd1066d58 (127.31.208.194:38021)
I20260710 13:26:49.897204  1943 tablet_copy_client.cc:323] T 38a9c2b502e64ddc955ef21fe1a47fd6 P 1a099f894e0f4c0cbc0a2d44005b5f54: tablet copy: Beginning tablet copy session from remote peer at address 127.31.208.194:38021
I20260710 13:26:49.898667  1298 tablet_copy_service.cc:140] P 7565975ec8ac44b0a4ba8c4bd1066d58: Received BeginTabletCopySession request for tablet 38a9c2b502e64ddc955ef21fe1a47fd6 from peer 1a099f894e0f4c0cbc0a2d44005b5f54 ({username='slave'} at 127.0.0.1:36814)
I20260710 13:26:49.899173  1298 tablet_copy_service.cc:161] P 7565975ec8ac44b0a4ba8c4bd1066d58: Beginning new tablet copy session on tablet 38a9c2b502e64ddc955ef21fe1a47fd6 from peer 1a099f894e0f4c0cbc0a2d44005b5f54 at {username='slave'} at 127.0.0.1:36814: session id = 1a099f894e0f4c0cbc0a2d44005b5f54-38a9c2b502e64ddc955ef21fe1a47fd6
I20260710 13:26:49.906181  1298 tablet_copy_source_session.cc:215] T 38a9c2b502e64ddc955ef21fe1a47fd6 P 7565975ec8ac44b0a4ba8c4bd1066d58: Tablet Copy: opened 0 blocks and 1 log segments
I20260710 13:26:49.909368  1943 data_dirs.cc:400] Could only allocate 1 dirs of requested 3 for tablet 38a9c2b502e64ddc955ef21fe1a47fd6. 1 dirs total, 0 dirs full, 0 dirs failed
I20260710 13:26:49.923722  1943 tablet_copy_client.cc:806] T 38a9c2b502e64ddc955ef21fe1a47fd6 P 1a099f894e0f4c0cbc0a2d44005b5f54: tablet copy: Starting download of 0 data blocks...
I20260710 13:26:49.924058  1945 ts_tablet_manager.cc:933] T ed6c8919a0a44d32b7ed0f3bd40ac7da P 1a099f894e0f4c0cbc0a2d44005b5f54: Initiating tablet copy from peer 7565975ec8ac44b0a4ba8c4bd1066d58 (127.31.208.194:38021)
I20260710 13:26:49.924207  1943 tablet_copy_client.cc:670] T 38a9c2b502e64ddc955ef21fe1a47fd6 P 1a099f894e0f4c0cbc0a2d44005b5f54: tablet copy: Starting download of 1 WAL segments...
I20260710 13:26:49.926357  1945 tablet_copy_client.cc:323] T ed6c8919a0a44d32b7ed0f3bd40ac7da P 1a099f894e0f4c0cbc0a2d44005b5f54: tablet copy: Beginning tablet copy session from remote peer at address 127.31.208.194:38021
I20260710 13:26:49.930529  1298 tablet_copy_service.cc:140] P 7565975ec8ac44b0a4ba8c4bd1066d58: Received BeginTabletCopySession request for tablet ed6c8919a0a44d32b7ed0f3bd40ac7da from peer 1a099f894e0f4c0cbc0a2d44005b5f54 ({username='slave'} at 127.0.0.1:36814)
I20260710 13:26:49.930994  1298 tablet_copy_service.cc:161] P 7565975ec8ac44b0a4ba8c4bd1066d58: Beginning new tablet copy session on tablet ed6c8919a0a44d32b7ed0f3bd40ac7da from peer 1a099f894e0f4c0cbc0a2d44005b5f54 at {username='slave'} at 127.0.0.1:36814: session id = 1a099f894e0f4c0cbc0a2d44005b5f54-ed6c8919a0a44d32b7ed0f3bd40ac7da
I20260710 13:26:49.936043  1943 tablet_copy_client.cc:538] T 38a9c2b502e64ddc955ef21fe1a47fd6 P 1a099f894e0f4c0cbc0a2d44005b5f54: tablet copy: Tablet Copy complete. Replacing tablet superblock.
I20260710 13:26:49.938723  1298 tablet_copy_source_session.cc:215] T ed6c8919a0a44d32b7ed0f3bd40ac7da P 7565975ec8ac44b0a4ba8c4bd1066d58: Tablet Copy: opened 0 blocks and 1 log segments
I20260710 13:26:49.940965  1945 data_dirs.cc:400] Could only allocate 1 dirs of requested 3 for tablet ed6c8919a0a44d32b7ed0f3bd40ac7da. 1 dirs total, 0 dirs full, 0 dirs failed
I20260710 13:26:49.944094  1943 tablet_bootstrap.cc:492] T 38a9c2b502e64ddc955ef21fe1a47fd6 P 1a099f894e0f4c0cbc0a2d44005b5f54: Bootstrap starting.
I20260710 13:26:49.953689  1945 tablet_copy_client.cc:806] T ed6c8919a0a44d32b7ed0f3bd40ac7da P 1a099f894e0f4c0cbc0a2d44005b5f54: tablet copy: Starting download of 0 data blocks...
I20260710 13:26:49.954231  1945 tablet_copy_client.cc:670] T ed6c8919a0a44d32b7ed0f3bd40ac7da P 1a099f894e0f4c0cbc0a2d44005b5f54: tablet copy: Starting download of 1 WAL segments...
I20260710 13:26:49.957595  1945 tablet_copy_client.cc:538] T ed6c8919a0a44d32b7ed0f3bd40ac7da P 1a099f894e0f4c0cbc0a2d44005b5f54: tablet copy: Tablet Copy complete. Replacing tablet superblock.
I20260710 13:26:49.962385  1943 tablet_bootstrap.cc:492] T 38a9c2b502e64ddc955ef21fe1a47fd6 P 1a099f894e0f4c0cbc0a2d44005b5f54: Bootstrap replayed 1/1 log segments. Stats: ops{read=2 overwritten=0 applied=2 ignored=0} inserts{seen=0 ignored=0} mutations{seen=0 ignored=0} orphaned_commits=0. Pending: 0 replicates
I20260710 13:26:49.963188  1943 tablet_bootstrap.cc:492] T 38a9c2b502e64ddc955ef21fe1a47fd6 P 1a099f894e0f4c0cbc0a2d44005b5f54: Bootstrap complete.
I20260710 13:26:49.964064  1943 ts_tablet_manager.cc:1403] T 38a9c2b502e64ddc955ef21fe1a47fd6 P 1a099f894e0f4c0cbc0a2d44005b5f54: Time spent bootstrapping tablet: real 0.020s	user 0.013s	sys 0.005s
I20260710 13:26:49.965427  1945 tablet_bootstrap.cc:492] T ed6c8919a0a44d32b7ed0f3bd40ac7da P 1a099f894e0f4c0cbc0a2d44005b5f54: Bootstrap starting.
I20260710 13:26:49.967355  1943 raft_consensus.cc:359] T 38a9c2b502e64ddc955ef21fe1a47fd6 P 1a099f894e0f4c0cbc0a2d44005b5f54 [term 1 LEARNER]: Replica starting. Triggering 0 pending ops. Active config: opid_index: 2 OBSOLETE_local: false peers { permanent_uuid: "192c4729e13b464a87af54081f482c8e" member_type: VOTER last_known_addr { host: "127.31.208.193" port: 36873 } } peers { permanent_uuid: "7565975ec8ac44b0a4ba8c4bd1066d58" member_type: VOTER last_known_addr { host: "127.31.208.194" port: 38021 } } peers { permanent_uuid: "4d7e3b5c81764dd893d8ea723aef6f52" member_type: VOTER last_known_addr { host: "127.31.208.195" port: 41481 } attrs { replace: true } } peers { permanent_uuid: "1a099f894e0f4c0cbc0a2d44005b5f54" member_type: NON_VOTER last_known_addr { host: "127.31.208.196" port: 34345 } attrs { promote: true } }
I20260710 13:26:49.968434  1943 raft_consensus.cc:740] T 38a9c2b502e64ddc955ef21fe1a47fd6 P 1a099f894e0f4c0cbc0a2d44005b5f54 [term 1 LEARNER]: Becoming Follower/Learner. State: Replica: 1a099f894e0f4c0cbc0a2d44005b5f54, State: Initialized, Role: LEARNER
I20260710 13:26:49.969297  1943 consensus_queue.cc:260] T 38a9c2b502e64ddc955ef21fe1a47fd6 P 1a099f894e0f4c0cbc0a2d44005b5f54 [NON_LEADER]: Queue going to NON_LEADER mode. State: All replicated index: 0, Majority replicated index: 0, Committed index: 2, Last appended: 1.2, Last appended by leader: 2, Current term: 0, Majority size: -1, State: 0, Mode: NON_LEADER, active raft config: opid_index: 2 OBSOLETE_local: false peers { permanent_uuid: "192c4729e13b464a87af54081f482c8e" member_type: VOTER last_known_addr { host: "127.31.208.193" port: 36873 } } peers { permanent_uuid: "7565975ec8ac44b0a4ba8c4bd1066d58" member_type: VOTER last_known_addr { host: "127.31.208.194" port: 38021 } } peers { permanent_uuid: "4d7e3b5c81764dd893d8ea723aef6f52" member_type: VOTER last_known_addr { host: "127.31.208.195" port: 41481 } attrs { replace: true } } peers { permanent_uuid: "1a099f894e0f4c0cbc0a2d44005b5f54" member_type: NON_VOTER last_known_addr { host: "127.31.208.196" port: 34345 } attrs { promote: true } }
I20260710 13:26:49.983994  1943 ts_tablet_manager.cc:1434] T 38a9c2b502e64ddc955ef21fe1a47fd6 P 1a099f894e0f4c0cbc0a2d44005b5f54: Time spent starting tablet: real 0.020s	user 0.014s	sys 0.000s
I20260710 13:26:49.985513  1298 tablet_copy_service.cc:342] P 7565975ec8ac44b0a4ba8c4bd1066d58: Request end of tablet copy session 1a099f894e0f4c0cbc0a2d44005b5f54-38a9c2b502e64ddc955ef21fe1a47fd6 received from {username='slave'} at 127.0.0.1:36814
I20260710 13:26:49.985957  1298 tablet_copy_service.cc:434] P 7565975ec8ac44b0a4ba8c4bd1066d58: ending tablet copy session 1a099f894e0f4c0cbc0a2d44005b5f54-38a9c2b502e64ddc955ef21fe1a47fd6 on tablet 38a9c2b502e64ddc955ef21fe1a47fd6 with peer 1a099f894e0f4c0cbc0a2d44005b5f54
I20260710 13:26:50.000340  1945 tablet_bootstrap.cc:492] T ed6c8919a0a44d32b7ed0f3bd40ac7da P 1a099f894e0f4c0cbc0a2d44005b5f54: Bootstrap replayed 1/1 log segments. Stats: ops{read=2 overwritten=0 applied=2 ignored=0} inserts{seen=0 ignored=0} mutations{seen=0 ignored=0} orphaned_commits=0. Pending: 0 replicates
I20260710 13:26:50.001155  1945 tablet_bootstrap.cc:492] T ed6c8919a0a44d32b7ed0f3bd40ac7da P 1a099f894e0f4c0cbc0a2d44005b5f54: Bootstrap complete.
I20260710 13:26:50.002761  1945 ts_tablet_manager.cc:1403] T ed6c8919a0a44d32b7ed0f3bd40ac7da P 1a099f894e0f4c0cbc0a2d44005b5f54: Time spent bootstrapping tablet: real 0.038s	user 0.022s	sys 0.005s
I20260710 13:26:50.006386  1945 raft_consensus.cc:359] T ed6c8919a0a44d32b7ed0f3bd40ac7da P 1a099f894e0f4c0cbc0a2d44005b5f54 [term 1 LEARNER]: Replica starting. Triggering 0 pending ops. Active config: opid_index: 2 OBSOLETE_local: false peers { permanent_uuid: "192c4729e13b464a87af54081f482c8e" member_type: VOTER last_known_addr { host: "127.31.208.193" port: 36873 } attrs { replace: true } } peers { permanent_uuid: "7565975ec8ac44b0a4ba8c4bd1066d58" member_type: VOTER last_known_addr { host: "127.31.208.194" port: 38021 } } peers { permanent_uuid: "4d7e3b5c81764dd893d8ea723aef6f52" member_type: VOTER last_known_addr { host: "127.31.208.195" port: 41481 } } peers { permanent_uuid: "1a099f894e0f4c0cbc0a2d44005b5f54" member_type: NON_VOTER last_known_addr { host: "127.31.208.196" port: 34345 } attrs { promote: true } }
I20260710 13:26:50.007320  1945 raft_consensus.cc:740] T ed6c8919a0a44d32b7ed0f3bd40ac7da P 1a099f894e0f4c0cbc0a2d44005b5f54 [term 1 LEARNER]: Becoming Follower/Learner. State: Replica: 1a099f894e0f4c0cbc0a2d44005b5f54, State: Initialized, Role: LEARNER
