I20260710 13:26:45.281257  1110 catalog_manager.cc:5697] T f6abcd74ab824bddac7418ef7fcf95cc P 1a099f894e0f4c0cbc0a2d44005b5f54 reported cstate change: config changed from index 3 to 4, VOTER 192c4729e13b464a87af54081f482c8e (127.31.208.193) evicted. New cstate: current_term: 1 leader_uuid: "7565975ec8ac44b0a4ba8c4bd1066d58" committed_config { opid_index: 4 OBSOLETE_local: false peers { permanent_uuid: "7565975ec8ac44b0a4ba8c4bd1066d58" member_type: VOTER last_known_addr { host: "127.31.208.194" port: 38021 } } peers { permanent_uuid: "4d7e3b5c81764dd893d8ea723aef6f52" member_type: VOTER last_known_addr { host: "127.31.208.195" port: 41481 } } peers { permanent_uuid: "1a099f894e0f4c0cbc0a2d44005b5f54" member_type: VOTER last_known_addr { host: "127.31.208.196" port: 34345 } attrs { promote: false } } }
I20260710 13:26:45.292007  1097 catalog_manager.cc:5210] ChangeConfig:REMOVE_PEER RPC for tablet f6abcd74ab824bddac7418ef7fcf95cc with cas_config_opid_index 3: ChangeConfig:REMOVE_PEER succeeded (attempt 1)
I20260710 13:26:45.290860  1361 raft_consensus.cc:2955] T f6abcd74ab824bddac7418ef7fcf95cc P 4d7e3b5c81764dd893d8ea723aef6f52 [term 1 FOLLOWER]: Committing config change with OpId 1.4: config changed from index 3 to 4, VOTER 192c4729e13b464a87af54081f482c8e (127.31.208.193) evicted. New config: { opid_index: 4 OBSOLETE_local: false peers { permanent_uuid: "7565975ec8ac44b0a4ba8c4bd1066d58" member_type: VOTER last_known_addr { host: "127.31.208.194" port: 38021 } } peers { permanent_uuid: "4d7e3b5c81764dd893d8ea723aef6f52" member_type: VOTER last_known_addr { host: "127.31.208.195" port: 41481 } } peers { permanent_uuid: "1a099f894e0f4c0cbc0a2d44005b5f54" member_type: VOTER last_known_addr { host: "127.31.208.196" port: 34345 } attrs { promote: false } } }
I20260710 13:26:45.302114  1201 tablet_service.cc:1558] Processing DeleteTablet for tablet f6abcd74ab824bddac7418ef7fcf95cc with delete_type TABLET_DATA_TOMBSTONED (TS 192c4729e13b464a87af54081f482c8e not found in new config with opid_index 4) from {username='slave'} at 127.0.0.1:35964
I20260710 13:26:45.302984  1846 tablet_replica.cc:333] T f6abcd74ab824bddac7418ef7fcf95cc P 192c4729e13b464a87af54081f482c8e: stopping tablet replica
I20260710 13:26:45.303857  1846 raft_consensus.cc:2243] T f6abcd74ab824bddac7418ef7fcf95cc P 192c4729e13b464a87af54081f482c8e [term 1 FOLLOWER]: Raft consensus shutting down.
I20260710 13:26:45.304571  1846 raft_consensus.cc:2272] T f6abcd74ab824bddac7418ef7fcf95cc P 192c4729e13b464a87af54081f482c8e [term 1 FOLLOWER]: Raft consensus is shut down!
I20260710 13:26:45.308041  1846 ts_tablet_manager.cc:1916] T f6abcd74ab824bddac7418ef7fcf95cc P 192c4729e13b464a87af54081f482c8e: Deleting tablet data with delete state TABLET_DATA_TOMBSTONED
I20260710 13:26:45.315460  1286 consensus_queue.cc:237] T 459912c2d80947908c9ec9ff41508dd2 P 7565975ec8ac44b0a4ba8c4bd1066d58 [LEADER]: Queue going to LEADER mode. State: All replicated index: 0, Majority replicated index: 3, Committed index: 3, Last appended: 1.3, Last appended by leader: 0, Current term: 1, Majority size: 2, State: 0, Mode: LEADER, active raft config: opid_index: 4 OBSOLETE_local: false peers { permanent_uuid: "192c4729e13b464a87af54081f482c8e" member_type: VOTER last_known_addr { host: "127.31.208.193" port: 36873 } } peers { permanent_uuid: "7565975ec8ac44b0a4ba8c4bd1066d58" member_type: VOTER last_known_addr { host: "127.31.208.194" port: 38021 } } peers { permanent_uuid: "1a099f894e0f4c0cbc0a2d44005b5f54" member_type: VOTER last_known_addr { host: "127.31.208.196" port: 34345 } attrs { promote: false } }
I20260710 13:26:45.333601  1846 ts_tablet_manager.cc:1929] T f6abcd74ab824bddac7418ef7fcf95cc P 192c4729e13b464a87af54081f482c8e: tablet deleted with delete type TABLET_DATA_TOMBSTONED: last-logged OpId 1.3
I20260710 13:26:45.334105  1846 log.cc:1199] T f6abcd74ab824bddac7418ef7fcf95cc P 192c4729e13b464a87af54081f482c8e: Deleting WAL directory at /tmp/dist-test-taskPzY5Zv/test-tmp/auto_leader_rebalancer-test.0.LeaderRebalancerTest.AddTserver.1783689970224095-32579-0/minicluster-data/ts-0-root/wals/f6abcd74ab824bddac7418ef7fcf95cc
I20260710 13:26:45.335063  1620 raft_consensus.cc:1275] T 459912c2d80947908c9ec9ff41508dd2 P 1a099f894e0f4c0cbc0a2d44005b5f54 [term 1 FOLLOWER]: Refusing update from remote peer 7565975ec8ac44b0a4ba8c4bd1066d58: Log matching property violated. Preceding OpId in replica: term: 1 index: 3. Preceding OpId from leader: term: 1 index: 4. (index mismatch)
I20260710 13:26:45.335851  1095 catalog_manager.cc:5028] TS 192c4729e13b464a87af54081f482c8e (127.31.208.193:36873): tablet f6abcd74ab824bddac7418ef7fcf95cc (table test-workload [id=01ecaa4f8c414efc850265ce6f08bd5f]) successfully deleted
I20260710 13:26:45.336966  1851 consensus_queue.cc:1048] T 459912c2d80947908c9ec9ff41508dd2 P 7565975ec8ac44b0a4ba8c4bd1066d58 [LEADER]: Connected to new peer: Peer: permanent_uuid: "1a099f894e0f4c0cbc0a2d44005b5f54" member_type: VOTER last_known_addr { host: "127.31.208.196" port: 34345 } attrs { promote: false }, Status: LMP_MISMATCH, Last received: 0.0, Next index: 4, Last known committed idx: 3, Time since last communication: 0.000s
I20260710 13:26:45.339875  1213 raft_consensus.cc:1275] T 459912c2d80947908c9ec9ff41508dd2 P 192c4729e13b464a87af54081f482c8e [term 1 FOLLOWER]: Refusing update from remote peer 7565975ec8ac44b0a4ba8c4bd1066d58: Log matching property violated. Preceding OpId in replica: term: 1 index: 3. Preceding OpId from leader: term: 1 index: 4. (index mismatch)
I20260710 13:26:45.341042  1851 consensus_queue.cc:1048] T 459912c2d80947908c9ec9ff41508dd2 P 7565975ec8ac44b0a4ba8c4bd1066d58 [LEADER]: Connected to new peer: Peer: permanent_uuid: "192c4729e13b464a87af54081f482c8e" member_type: VOTER last_known_addr { host: "127.31.208.193" port: 36873 }, Status: LMP_MISMATCH, Last received: 0.0, Next index: 4, Last known committed idx: 3, Time since last communication: 0.000s
I20260710 13:26:45.344194  1855 raft_consensus.cc:2955] T 459912c2d80947908c9ec9ff41508dd2 P 7565975ec8ac44b0a4ba8c4bd1066d58 [term 1 LEADER]: Committing config change with OpId 1.4: config changed from index 3 to 4, VOTER 4d7e3b5c81764dd893d8ea723aef6f52 (127.31.208.195) evicted. New config: { opid_index: 4 OBSOLETE_local: false peers { permanent_uuid: "192c4729e13b464a87af54081f482c8e" member_type: VOTER last_known_addr { host: "127.31.208.193" port: 36873 } } peers { permanent_uuid: "7565975ec8ac44b0a4ba8c4bd1066d58" member_type: VOTER last_known_addr { host: "127.31.208.194" port: 38021 } } peers { permanent_uuid: "1a099f894e0f4c0cbc0a2d44005b5f54" member_type: VOTER last_known_addr { host: "127.31.208.196" port: 34345 } attrs { promote: false } } }
I20260710 13:26:45.353243  1620 raft_consensus.cc:2955] T 459912c2d80947908c9ec9ff41508dd2 P 1a099f894e0f4c0cbc0a2d44005b5f54 [term 1 FOLLOWER]: Committing config change with OpId 1.4: config changed from index 3 to 4, VOTER 4d7e3b5c81764dd893d8ea723aef6f52 (127.31.208.195) evicted. New config: { opid_index: 4 OBSOLETE_local: false peers { permanent_uuid: "192c4729e13b464a87af54081f482c8e" member_type: VOTER last_known_addr { host: "127.31.208.193" port: 36873 } } peers { permanent_uuid: "7565975ec8ac44b0a4ba8c4bd1066d58" member_type: VOTER last_known_addr { host: "127.31.208.194" port: 38021 } } peers { permanent_uuid: "1a099f894e0f4c0cbc0a2d44005b5f54" member_type: VOTER last_known_addr { host: "127.31.208.196" port: 34345 } attrs { promote: false } } }
I20260710 13:26:45.354451  1213 raft_consensus.cc:2955] T 459912c2d80947908c9ec9ff41508dd2 P 192c4729e13b464a87af54081f482c8e [term 1 FOLLOWER]: Committing config change with OpId 1.4: config changed from index 3 to 4, VOTER 4d7e3b5c81764dd893d8ea723aef6f52 (127.31.208.195) evicted. New config: { opid_index: 4 OBSOLETE_local: false peers { permanent_uuid: "192c4729e13b464a87af54081f482c8e" member_type: VOTER last_known_addr { host: "127.31.208.193" port: 36873 } } peers { permanent_uuid: "7565975ec8ac44b0a4ba8c4bd1066d58" member_type: VOTER last_known_addr { host: "127.31.208.194" port: 38021 } } peers { permanent_uuid: "1a099f894e0f4c0cbc0a2d44005b5f54" member_type: VOTER last_known_addr { host: "127.31.208.196" port: 34345 } attrs { promote: false } } }
I20260710 13:26:45.365983  1110 catalog_manager.cc:5697] T 459912c2d80947908c9ec9ff41508dd2 P 1a099f894e0f4c0cbc0a2d44005b5f54 reported cstate change: config changed from index 3 to 4, VOTER 4d7e3b5c81764dd893d8ea723aef6f52 (127.31.208.195) evicted. New cstate: current_term: 1 leader_uuid: "7565975ec8ac44b0a4ba8c4bd1066d58" committed_config { opid_index: 4 OBSOLETE_local: false peers { permanent_uuid: "192c4729e13b464a87af54081f482c8e" member_type: VOTER last_known_addr { host: "127.31.208.193" port: 36873 } } peers { permanent_uuid: "7565975ec8ac44b0a4ba8c4bd1066d58" member_type: VOTER last_known_addr { host: "127.31.208.194" port: 38021 } } peers { permanent_uuid: "1a099f894e0f4c0cbc0a2d44005b5f54" member_type: VOTER last_known_addr { host: "127.31.208.196" port: 34345 } attrs { promote: false } } }
I20260710 13:26:45.368683  1097 catalog_manager.cc:5210] ChangeConfig:REMOVE_PEER RPC for tablet 459912c2d80947908c9ec9ff41508dd2 with cas_config_opid_index 3: ChangeConfig:REMOVE_PEER succeeded (attempt 1)
I20260710 13:26:45.381134  1350 tablet_service.cc:1558] Processing DeleteTablet for tablet 459912c2d80947908c9ec9ff41508dd2 with delete_type TABLET_DATA_TOMBSTONED (TS 4d7e3b5c81764dd893d8ea723aef6f52 not found in new config with opid_index 4) from {username='slave'} at 127.0.0.1:38316
I20260710 13:26:45.386475  1859 tablet_replica.cc:333] T 459912c2d80947908c9ec9ff41508dd2 P 4d7e3b5c81764dd893d8ea723aef6f52: stopping tablet replica
I20260710 13:26:45.387372  1859 raft_consensus.cc:2243] T 459912c2d80947908c9ec9ff41508dd2 P 4d7e3b5c81764dd893d8ea723aef6f52 [term 1 FOLLOWER]: Raft consensus shutting down.
I20260710 13:26:45.388149  1859 raft_consensus.cc:2272] T 459912c2d80947908c9ec9ff41508dd2 P 4d7e3b5c81764dd893d8ea723aef6f52 [term 1 FOLLOWER]: Raft consensus is shut down!
I20260710 13:26:45.392232  1859 ts_tablet_manager.cc:1916] T 459912c2d80947908c9ec9ff41508dd2 P 4d7e3b5c81764dd893d8ea723aef6f52: Deleting tablet data with delete state TABLET_DATA_TOMBSTONED
I20260710 13:26:45.406298  1859 ts_tablet_manager.cc:1929] T 459912c2d80947908c9ec9ff41508dd2 P 4d7e3b5c81764dd893d8ea723aef6f52: tablet deleted with delete type TABLET_DATA_TOMBSTONED: last-logged OpId 1.3
I20260710 13:26:45.406621  1859 log.cc:1199] T 459912c2d80947908c9ec9ff41508dd2 P 4d7e3b5c81764dd893d8ea723aef6f52: Deleting WAL directory at /tmp/dist-test-taskPzY5Zv/test-tmp/auto_leader_rebalancer-test.0.LeaderRebalancerTest.AddTserver.1783689970224095-32579-0/minicluster-data/ts-2-root/wals/459912c2d80947908c9ec9ff41508dd2
I20260710 13:26:45.408097  1098 catalog_manager.cc:5028] TS 4d7e3b5c81764dd893d8ea723aef6f52 (127.31.208.195:41481): tablet 459912c2d80947908c9ec9ff41508dd2 (table test-workload [id=01ecaa4f8c414efc850265ce6f08bd5f]) successfully deleted
I20260710 13:26:46.408555  1361 consensus_queue.cc:237] T b15e8815eca64d56a7525e911e70be01 P 4d7e3b5c81764dd893d8ea723aef6f52 [LEADER]: Queue going to LEADER mode. State: All replicated index: 0, Majority replicated index: 1, Committed index: 1, Last appended: 1.1, Last appended by leader: 0, Current term: 1, Majority size: 2, State: 0, Mode: LEADER, active raft config: opid_index: 2 OBSOLETE_local: false peers { permanent_uuid: "192c4729e13b464a87af54081f482c8e" member_type: VOTER last_known_addr { host: "127.31.208.193" port: 36873 } } peers { permanent_uuid: "7565975ec8ac44b0a4ba8c4bd1066d58" member_type: VOTER last_known_addr { host: "127.31.208.194" port: 38021 } attrs { replace: true } } peers { permanent_uuid: "4d7e3b5c81764dd893d8ea723aef6f52" member_type: VOTER last_known_addr { host: "127.31.208.195" port: 41481 } } peers { permanent_uuid: "1a099f894e0f4c0cbc0a2d44005b5f54" member_type: NON_VOTER last_known_addr { host: "127.31.208.196" port: 34345 } attrs { promote: true } }
W20260710 13:26:46.414389  1326 consensus_peers.cc:597] T b15e8815eca64d56a7525e911e70be01 P 4d7e3b5c81764dd893d8ea723aef6f52 -> Peer 1a099f894e0f4c0cbc0a2d44005b5f54 (127.31.208.196:34345): Couldn't send request to peer 1a099f894e0f4c0cbc0a2d44005b5f54. Error code: TABLET_NOT_FOUND (6). Status: Not found: Tablet not found: b15e8815eca64d56a7525e911e70be01. This is attempt 1: this message will repeat every 5th retry.
I20260710 13:26:46.414515  1286 raft_consensus.cc:1275] T b15e8815eca64d56a7525e911e70be01 P 7565975ec8ac44b0a4ba8c4bd1066d58 [term 1 FOLLOWER]: Refusing update from remote peer 4d7e3b5c81764dd893d8ea723aef6f52: Log matching property violated. Preceding OpId in replica: term: 1 index: 1. Preceding OpId from leader: term: 1 index: 2. (index mismatch)
I20260710 13:26:46.415671  1213 raft_consensus.cc:1275] T b15e8815eca64d56a7525e911e70be01 P 192c4729e13b464a87af54081f482c8e [term 1 FOLLOWER]: Refusing update from remote peer 4d7e3b5c81764dd893d8ea723aef6f52: Log matching property violated. Preceding OpId in replica: term: 1 index: 1. Preceding OpId from leader: term: 1 index: 2. (index mismatch)
I20260710 13:26:46.415614  1860 consensus_queue.cc:1048] T b15e8815eca64d56a7525e911e70be01 P 4d7e3b5c81764dd893d8ea723aef6f52 [LEADER]: Connected to new peer: Peer: permanent_uuid: "7565975ec8ac44b0a4ba8c4bd1066d58" member_type: VOTER last_known_addr { host: "127.31.208.194" port: 38021 } attrs { replace: true }, Status: LMP_MISMATCH, Last received: 0.0, Next index: 2, Last known committed idx: 1, Time since last communication: 0.001s
I20260710 13:26:46.416909  1837 consensus_queue.cc:1048] T b15e8815eca64d56a7525e911e70be01 P 4d7e3b5c81764dd893d8ea723aef6f52 [LEADER]: Connected to new peer: Peer: permanent_uuid: "192c4729e13b464a87af54081f482c8e" member_type: VOTER last_known_addr { host: "127.31.208.193" port: 36873 }, Status: LMP_MISMATCH, Last received: 0.0, Next index: 2, Last known committed idx: 1, Time since last communication: 0.000s
I20260710 13:26:46.422446  1860 raft_consensus.cc:2955] T b15e8815eca64d56a7525e911e70be01 P 4d7e3b5c81764dd893d8ea723aef6f52 [term 1 LEADER]: Committing config change with OpId 1.2: config changed from index -1 to 2, NON_VOTER 1a099f894e0f4c0cbc0a2d44005b5f54 (127.31.208.196) added. New config: { opid_index: 2 OBSOLETE_local: false peers { permanent_uuid: "192c4729e13b464a87af54081f482c8e" member_type: VOTER last_known_addr { host: "127.31.208.193" port: 36873 } } peers { permanent_uuid: "7565975ec8ac44b0a4ba8c4bd1066d58" member_type: VOTER last_known_addr { host: "127.31.208.194" port: 38021 } attrs { replace: true } } peers { permanent_uuid: "4d7e3b5c81764dd893d8ea723aef6f52" member_type: VOTER last_known_addr { host: "127.31.208.195" port: 41481 } } peers { permanent_uuid: "1a099f894e0f4c0cbc0a2d44005b5f54" member_type: NON_VOTER last_known_addr { host: "127.31.208.196" port: 34345 } attrs { promote: true } } }
I20260710 13:26:46.424988  1213 raft_consensus.cc:2955] T b15e8815eca64d56a7525e911e70be01 P 192c4729e13b464a87af54081f482c8e [term 1 FOLLOWER]: Committing config change with OpId 1.2: config changed from index -1 to 2, NON_VOTER 1a099f894e0f4c0cbc0a2d44005b5f54 (127.31.208.196) added. New config: { opid_index: 2 OBSOLETE_local: false peers { permanent_uuid: "192c4729e13b464a87af54081f482c8e" member_type: VOTER last_known_addr { host: "127.31.208.193" port: 36873 } } peers { permanent_uuid: "7565975ec8ac44b0a4ba8c4bd1066d58" member_type: VOTER last_known_addr { host: "127.31.208.194" port: 38021 } attrs { replace: true } } peers { permanent_uuid: "4d7e3b5c81764dd893d8ea723aef6f52" member_type: VOTER last_known_addr { host: "127.31.208.195" port: 41481 } } peers { permanent_uuid: "1a099f894e0f4c0cbc0a2d44005b5f54" member_type: NON_VOTER last_known_addr { host: "127.31.208.196" port: 34345 } attrs { promote: true } } }
I20260710 13:26:46.427028  1286 raft_consensus.cc:2955] T b15e8815eca64d56a7525e911e70be01 P 7565975ec8ac44b0a4ba8c4bd1066d58 [term 1 FOLLOWER]: Committing config change with OpId 1.2: config changed from index -1 to 2, NON_VOTER 1a099f894e0f4c0cbc0a2d44005b5f54 (127.31.208.196) added. New config: { opid_index: 2 OBSOLETE_local: false peers { permanent_uuid: "192c4729e13b464a87af54081f482c8e" member_type: VOTER last_known_addr { host: "127.31.208.193" port: 36873 } } peers { permanent_uuid: "7565975ec8ac44b0a4ba8c4bd1066d58" member_type: VOTER last_known_addr { host: "127.31.208.194" port: 38021 } attrs { replace: true } } peers { permanent_uuid: "4d7e3b5c81764dd893d8ea723aef6f52" member_type: VOTER last_known_addr { host: "127.31.208.195" port: 41481 } } peers { permanent_uuid: "1a099f894e0f4c0cbc0a2d44005b5f54" member_type: NON_VOTER last_known_addr { host: "127.31.208.196" port: 34345 } attrs { promote: true } } }
I20260710 13:26:46.435138  1109 catalog_manager.cc:5697] T b15e8815eca64d56a7525e911e70be01 P 4d7e3b5c81764dd893d8ea723aef6f52 reported cstate change: config changed from index -1 to 2, NON_VOTER 1a099f894e0f4c0cbc0a2d44005b5f54 (127.31.208.196) added. New cstate: current_term: 1 leader_uuid: "4d7e3b5c81764dd893d8ea723aef6f52" committed_config { opid_index: 2 OBSOLETE_local: false peers { permanent_uuid: "192c4729e13b464a87af54081f482c8e" member_type: VOTER last_known_addr { host: "127.31.208.193" port: 36873 } health_report { overall_health: HEALTHY } } peers { permanent_uuid: "7565975ec8ac44b0a4ba8c4bd1066d58" member_type: VOTER last_known_addr { host: "127.31.208.194" port: 38021 } attrs { replace: true } health_report { overall_health: HEALTHY } } peers { permanent_uuid: "4d7e3b5c81764dd893d8ea723aef6f52" member_type: VOTER last_known_addr { host: "127.31.208.195" port: 41481 } health_report { overall_health: HEALTHY } } peers { permanent_uuid: "1a099f894e0f4c0cbc0a2d44005b5f54" member_type: NON_VOTER last_known_addr { host: "127.31.208.196" port: 34345 } attrs { promote: true } health_report { overall_health: UNKNOWN } } }
I20260710 13:26:46.435417  1288 consensus_queue.cc:237] T 5f44ef60fc41491c8ea082a79eeac3a3 P 7565975ec8ac44b0a4ba8c4bd1066d58 [LEADER]: Queue going to LEADER mode. State: All replicated index: 0, Majority replicated index: 1, Committed index: 1, Last appended: 1.1, Last appended by leader: 0, Current term: 1, Majority size: 2, State: 0, Mode: LEADER, active raft config: opid_index: 2 OBSOLETE_local: false peers { permanent_uuid: "192c4729e13b464a87af54081f482c8e" member_type: VOTER last_known_addr { host: "127.31.208.193" port: 36873 } } peers { permanent_uuid: "7565975ec8ac44b0a4ba8c4bd1066d58" member_type: VOTER last_known_addr { host: "127.31.208.194" port: 38021 } } peers { permanent_uuid: "4d7e3b5c81764dd893d8ea723aef6f52" member_type: VOTER last_known_addr { host: "127.31.208.195" port: 41481 } attrs { replace: true } } peers { permanent_uuid: "1a099f894e0f4c0cbc0a2d44005b5f54" member_type: NON_VOTER last_known_addr { host: "127.31.208.196" port: 34345 } attrs { promote: true } }
W20260710 13:26:46.455003  1252 consensus_peers.cc:597] T 5f44ef60fc41491c8ea082a79eeac3a3 P 7565975ec8ac44b0a4ba8c4bd1066d58 -> Peer 1a099f894e0f4c0cbc0a2d44005b5f54 (127.31.208.196:34345): Couldn't send request to peer 1a099f894e0f4c0cbc0a2d44005b5f54. Error code: TABLET_NOT_FOUND (6). Status: Not found: Tablet not found: 5f44ef60fc41491c8ea082a79eeac3a3. This is attempt 1: this message will repeat every 5th retry.
I20260710 13:26:46.455498  1361 raft_consensus.cc:1275] T 5f44ef60fc41491c8ea082a79eeac3a3 P 4d7e3b5c81764dd893d8ea723aef6f52 [term 1 FOLLOWER]: Refusing update from remote peer 7565975ec8ac44b0a4ba8c4bd1066d58: Log matching property violated. Preceding OpId in replica: term: 1 index: 1. Preceding OpId from leader: term: 1 index: 2. (index mismatch)
I20260710 13:26:46.457001  1864 consensus_queue.cc:1048] T 5f44ef60fc41491c8ea082a79eeac3a3 P 7565975ec8ac44b0a4ba8c4bd1066d58 [LEADER]: Connected to new peer: Peer: permanent_uuid: "4d7e3b5c81764dd893d8ea723aef6f52" member_type: VOTER last_known_addr { host: "127.31.208.195" port: 41481 } attrs { replace: true }, Status: LMP_MISMATCH, Last received: 0.0, Next index: 2, Last known committed idx: 1, Time since last communication: 0.001s
I20260710 13:26:46.457573  1213 raft_consensus.cc:1275] T 5f44ef60fc41491c8ea082a79eeac3a3 P 192c4729e13b464a87af54081f482c8e [term 1 FOLLOWER]: Refusing update from remote peer 7565975ec8ac44b0a4ba8c4bd1066d58: Log matching property violated. Preceding OpId in replica: term: 1 index: 1. Preceding OpId from leader: term: 1 index: 2. (index mismatch)
I20260710 13:26:46.458773  1847 consensus_queue.cc:1048] T 5f44ef60fc41491c8ea082a79eeac3a3 P 7565975ec8ac44b0a4ba8c4bd1066d58 [LEADER]: Connected to new peer: Peer: permanent_uuid: "192c4729e13b464a87af54081f482c8e" member_type: VOTER last_known_addr { host: "127.31.208.193" port: 36873 }, Status: LMP_MISMATCH, Last received: 0.0, Next index: 2, Last known committed idx: 1, Time since last communication: 0.000s
I20260710 13:26:46.468528  1869 raft_consensus.cc:2955] T 5f44ef60fc41491c8ea082a79eeac3a3 P 7565975ec8ac44b0a4ba8c4bd1066d58 [term 1 LEADER]: Committing config change with OpId 1.2: config changed from index -1 to 2, NON_VOTER 1a099f894e0f4c0cbc0a2d44005b5f54 (127.31.208.196) added. New config: { opid_index: 2 OBSOLETE_local: false peers { permanent_uuid: "192c4729e13b464a87af54081f482c8e" member_type: VOTER last_known_addr { host: "127.31.208.193" port: 36873 } } peers { permanent_uuid: "7565975ec8ac44b0a4ba8c4bd1066d58" member_type: VOTER last_known_addr { host: "127.31.208.194" port: 38021 } } peers { permanent_uuid: "4d7e3b5c81764dd893d8ea723aef6f52" member_type: VOTER last_known_addr { host: "127.31.208.195" port: 41481 } attrs { replace: true } } peers { permanent_uuid: "1a099f894e0f4c0cbc0a2d44005b5f54" member_type: NON_VOTER last_known_addr { host: "127.31.208.196" port: 34345 } attrs { promote: true } } }
I20260710 13:26:46.469980  1213 raft_consensus.cc:2955] T 5f44ef60fc41491c8ea082a79eeac3a3 P 192c4729e13b464a87af54081f482c8e [term 1 FOLLOWER]: Committing config change with OpId 1.2: config changed from index -1 to 2, NON_VOTER 1a099f894e0f4c0cbc0a2d44005b5f54 (127.31.208.196) added. New config: { opid_index: 2 OBSOLETE_local: false peers { permanent_uuid: "192c4729e13b464a87af54081f482c8e" member_type: VOTER last_known_addr { host: "127.31.208.193" port: 36873 } } peers { permanent_uuid: "7565975ec8ac44b0a4ba8c4bd1066d58" member_type: VOTER last_known_addr { host: "127.31.208.194" port: 38021 } } peers { permanent_uuid: "4d7e3b5c81764dd893d8ea723aef6f52" member_type: VOTER last_known_addr { host: "127.31.208.195" port: 41481 } attrs { replace: true } } peers { permanent_uuid: "1a099f894e0f4c0cbc0a2d44005b5f54" member_type: NON_VOTER last_known_addr { host: "127.31.208.196" port: 34345 } attrs { promote: true } } }
I20260710 13:26:46.470539  1361 raft_consensus.cc:2955] T 5f44ef60fc41491c8ea082a79eeac3a3 P 4d7e3b5c81764dd893d8ea723aef6f52 [term 1 FOLLOWER]: Committing config change with OpId 1.2: config changed from index -1 to 2, NON_VOTER 1a099f894e0f4c0cbc0a2d44005b5f54 (127.31.208.196) added. New config: { opid_index: 2 OBSOLETE_local: false peers { permanent_uuid: "192c4729e13b464a87af54081f482c8e" member_type: VOTER last_known_addr { host: "127.31.208.193" port: 36873 } } peers { permanent_uuid: "7565975ec8ac44b0a4ba8c4bd1066d58" member_type: VOTER last_known_addr { host: "127.31.208.194" port: 38021 } } peers { permanent_uuid: "4d7e3b5c81764dd893d8ea723aef6f52" member_type: VOTER last_known_addr { host: "127.31.208.195" port: 41481 } attrs { replace: true } } peers { permanent_uuid: "1a099f894e0f4c0cbc0a2d44005b5f54" member_type: NON_VOTER last_known_addr { host: "127.31.208.196" port: 34345 } attrs { promote: true } } }
I20260710 13:26:46.479557  1110 catalog_manager.cc:5697] T 5f44ef60fc41491c8ea082a79eeac3a3 P 4d7e3b5c81764dd893d8ea723aef6f52 reported cstate change: config changed from index -1 to 2, NON_VOTER 1a099f894e0f4c0cbc0a2d44005b5f54 (127.31.208.196) added. New cstate: current_term: 1 leader_uuid: "7565975ec8ac44b0a4ba8c4bd1066d58" committed_config { opid_index: 2 OBSOLETE_local: false peers { permanent_uuid: "192c4729e13b464a87af54081f482c8e" member_type: VOTER last_known_addr { host: "127.31.208.193" port: 36873 } } peers { permanent_uuid: "7565975ec8ac44b0a4ba8c4bd1066d58" member_type: VOTER last_known_addr { host: "127.31.208.194" port: 38021 } } peers { permanent_uuid: "4d7e3b5c81764dd893d8ea723aef6f52" member_type: VOTER last_known_addr { host: "127.31.208.195" port: 41481 } attrs { replace: true } } peers { permanent_uuid: "1a099f894e0f4c0cbc0a2d44005b5f54" member_type: NON_VOTER last_known_addr { host: "127.31.208.196" port: 34345 } attrs { promote: true } } }
I20260710 13:26:46.483955  1288 consensus_queue.cc:237] T 0d3d5e254831433e98b4af390ff47962 P 7565975ec8ac44b0a4ba8c4bd1066d58 [LEADER]: Queue going to LEADER mode. State: All replicated index: 0, Majority replicated index: 1, Committed index: 1, Last appended: 1.1, Last appended by leader: 0, Current term: 1, Majority size: 2, State: 0, Mode: LEADER, active raft config: opid_index: 2 OBSOLETE_local: false peers { permanent_uuid: "192c4729e13b464a87af54081f482c8e" member_type: VOTER last_known_addr { host: "127.31.208.193" port: 36873 } attrs { replace: true } } peers { permanent_uuid: "7565975ec8ac44b0a4ba8c4bd1066d58" member_type: VOTER last_known_addr { host: "127.31.208.194" port: 38021 } } peers { permanent_uuid: "4d7e3b5c81764dd893d8ea723aef6f52" member_type: VOTER last_known_addr { host: "127.31.208.195" port: 41481 } } peers { permanent_uuid: "1a099f894e0f4c0cbc0a2d44005b5f54" member_type: NON_VOTER last_known_addr { host: "127.31.208.196" port: 34345 } attrs { promote: true } }
I20260710 13:26:46.489416  1361 raft_consensus.cc:1275] T 0d3d5e254831433e98b4af390ff47962 P 4d7e3b5c81764dd893d8ea723aef6f52 [term 1 FOLLOWER]: Refusing update from remote peer 7565975ec8ac44b0a4ba8c4bd1066d58: Log matching property violated. Preceding OpId in replica: term: 1 index: 1. Preceding OpId from leader: term: 1 index: 2. (index mismatch)
W20260710 13:26:46.489734  1252 consensus_peers.cc:597] T 0d3d5e254831433e98b4af390ff47962 P 7565975ec8ac44b0a4ba8c4bd1066d58 -> Peer 1a099f894e0f4c0cbc0a2d44005b5f54 (127.31.208.196:34345): Couldn't send request to peer 1a099f894e0f4c0cbc0a2d44005b5f54. Error code: TABLET_NOT_FOUND (6). Status: Not found: Tablet not found: 0d3d5e254831433e98b4af390ff47962. This is attempt 1: this message will repeat every 5th retry.
I20260710 13:26:46.490631  1213 raft_consensus.cc:1275] T 0d3d5e254831433e98b4af390ff47962 P 192c4729e13b464a87af54081f482c8e [term 1 FOLLOWER]: Refusing update from remote peer 7565975ec8ac44b0a4ba8c4bd1066d58: Log matching property violated. Preceding OpId in replica: term: 1 index: 1. Preceding OpId from leader: term: 1 index: 2. (index mismatch)
I20260710 13:26:46.490672  1847 consensus_queue.cc:1048] T 0d3d5e254831433e98b4af390ff47962 P 7565975ec8ac44b0a4ba8c4bd1066d58 [LEADER]: Connected to new peer: Peer: permanent_uuid: "4d7e3b5c81764dd893d8ea723aef6f52" member_type: VOTER last_known_addr { host: "127.31.208.195" port: 41481 }, Status: LMP_MISMATCH, Last received: 0.0, Next index: 2, Last known committed idx: 1, Time since last communication: 0.000s
I20260710 13:26:46.492156  1868 consensus_queue.cc:1048] T 0d3d5e254831433e98b4af390ff47962 P 7565975ec8ac44b0a4ba8c4bd1066d58 [LEADER]: Connected to new peer: Peer: permanent_uuid: "192c4729e13b464a87af54081f482c8e" member_type: VOTER last_known_addr { host: "127.31.208.193" port: 36873 } attrs { replace: true }, Status: LMP_MISMATCH, Last received: 0.0, Next index: 2, Last known committed idx: 1, Time since last communication: 0.000s
I20260710 13:26:46.500093  1869 raft_consensus.cc:2955] T 0d3d5e254831433e98b4af390ff47962 P 7565975ec8ac44b0a4ba8c4bd1066d58 [term 1 LEADER]: Committing config change with OpId 1.2: config changed from index -1 to 2, NON_VOTER 1a099f894e0f4c0cbc0a2d44005b5f54 (127.31.208.196) added. New config: { opid_index: 2 OBSOLETE_local: false peers { permanent_uuid: "192c4729e13b464a87af54081f482c8e" member_type: VOTER last_known_addr { host: "127.31.208.193" port: 36873 } attrs { replace: true } } peers { permanent_uuid: "7565975ec8ac44b0a4ba8c4bd1066d58" member_type: VOTER last_known_addr { host: "127.31.208.194" port: 38021 } } peers { permanent_uuid: "4d7e3b5c81764dd893d8ea723aef6f52" member_type: VOTER last_known_addr { host: "127.31.208.195" port: 41481 } } peers { permanent_uuid: "1a099f894e0f4c0cbc0a2d44005b5f54" member_type: NON_VOTER last_known_addr { host: "127.31.208.196" port: 34345 } attrs { promote: true } } }
I20260710 13:26:46.501542  1213 raft_consensus.cc:2955] T 0d3d5e254831433e98b4af390ff47962 P 192c4729e13b464a87af54081f482c8e [term 1 FOLLOWER]: Committing config change with OpId 1.2: config changed from index -1 to 2, NON_VOTER 1a099f894e0f4c0cbc0a2d44005b5f54 (127.31.208.196) added. New config: { opid_index: 2 OBSOLETE_local: false peers { permanent_uuid: "192c4729e13b464a87af54081f482c8e" member_type: VOTER last_known_addr { host: "127.31.208.193" port: 36873 } attrs { replace: true } } peers { permanent_uuid: "7565975ec8ac44b0a4ba8c4bd1066d58" member_type: VOTER last_known_addr { host: "127.31.208.194" port: 38021 } } peers { permanent_uuid: "4d7e3b5c81764dd893d8ea723aef6f52" member_type: VOTER last_known_addr { host: "127.31.208.195" port: 41481 } } peers { permanent_uuid: "1a099f894e0f4c0cbc0a2d44005b5f54" member_type: NON_VOTER last_known_addr { host: "127.31.208.196" port: 34345 } attrs { promote: true } } }
I20260710 13:26:46.501542  1361 raft_consensus.cc:2955] T 0d3d5e254831433e98b4af390ff47962 P 4d7e3b5c81764dd893d8ea723aef6f52 [term 1 FOLLOWER]: Committing config change with OpId 1.2: config changed from index -1 to 2, NON_VOTER 1a099f894e0f4c0cbc0a2d44005b5f54 (127.31.208.196) added. New config: { opid_index: 2 OBSOLETE_local: false peers { permanent_uuid: "192c4729e13b464a87af54081f482c8e" member_type: VOTER last_known_addr { host: "127.31.208.193" port: 36873 } attrs { replace: true } } peers { permanent_uuid: "7565975ec8ac44b0a4ba8c4bd1066d58" member_type: VOTER last_known_addr { host: "127.31.208.194" port: 38021 } } peers { permanent_uuid: "4d7e3b5c81764dd893d8ea723aef6f52" member_type: VOTER last_known_addr { host: "127.31.208.195" port: 41481 } } peers { permanent_uuid: "1a099f894e0f4c0cbc0a2d44005b5f54" member_type: NON_VOTER last_known_addr { host: "127.31.208.196" port: 34345 } attrs { promote: true } } }
I20260710 13:26:46.512764  1359 consensus_queue.cc:237] T 0eb91c61350a4ba0aee7ff45495b201a P 4d7e3b5c81764dd893d8ea723aef6f52 [LEADER]: Queue going to LEADER mode. State: All replicated index: 0, Majority replicated index: 1, Committed index: 1, Last appended: 1.1, Last appended by leader: 0, Current term: 1, Majority size: 2, State: 0, Mode: LEADER, active raft config: opid_index: 2 OBSOLETE_local: false peers { permanent_uuid: "192c4729e13b464a87af54081f482c8e" member_type: VOTER last_known_addr { host: "127.31.208.193" port: 36873 } } peers { permanent_uuid: "7565975ec8ac44b0a4ba8c4bd1066d58" member_type: VOTER last_known_addr { host: "127.31.208.194" port: 38021 } attrs { replace: true } } peers { permanent_uuid: "4d7e3b5c81764dd893d8ea723aef6f52" member_type: VOTER last_known_addr { host: "127.31.208.195" port: 41481 } } peers { permanent_uuid: "1a099f894e0f4c0cbc0a2d44005b5f54" member_type: NON_VOTER last_known_addr { host: "127.31.208.196" port: 34345 } attrs { promote: true } }
I20260710 13:26:46.517202  1108 catalog_manager.cc:5697] T 0d3d5e254831433e98b4af390ff47962 P 7565975ec8ac44b0a4ba8c4bd1066d58 reported cstate change: config changed from index -1 to 2, NON_VOTER 1a099f894e0f4c0cbc0a2d44005b5f54 (127.31.208.196) added. New cstate: current_term: 1 leader_uuid: "7565975ec8ac44b0a4ba8c4bd1066d58" committed_config { opid_index: 2 OBSOLETE_local: false peers { permanent_uuid: "192c4729e13b464a87af54081f482c8e" member_type: VOTER last_known_addr { host: "127.31.208.193" port: 36873 } attrs { replace: true } health_report { overall_health: HEALTHY } } peers { permanent_uuid: "7565975ec8ac44b0a4ba8c4bd1066d58" member_type: VOTER last_known_addr { host: "127.31.208.194" port: 38021 } health_report { overall_health: HEALTHY } } peers { permanent_uuid: "4d7e3b5c81764dd893d8ea723aef6f52" member_type: VOTER last_known_addr { host: "127.31.208.195" port: 41481 } health_report { overall_health: HEALTHY } } peers { permanent_uuid: "1a099f894e0f4c0cbc0a2d44005b5f54" member_type: NON_VOTER last_known_addr { host: "127.31.208.196" port: 34345 } attrs { promote: true } health_report { overall_health: UNKNOWN } } }
W20260710 13:26:46.522804  1326 consensus_peers.cc:597] T 0eb91c61350a4ba0aee7ff45495b201a P 4d7e3b5c81764dd893d8ea723aef6f52 -> Peer 1a099f894e0f4c0cbc0a2d44005b5f54 (127.31.208.196:34345): Couldn't send request to peer 1a099f894e0f4c0cbc0a2d44005b5f54. Error code: TABLET_NOT_FOUND (6). Status: Not found: Tablet not found: 0eb91c61350a4ba0aee7ff45495b201a. This is attempt 1: this message will repeat every 5th retry.
I20260710 13:26:46.523356  1288 raft_consensus.cc:1275] T 0eb91c61350a4ba0aee7ff45495b201a P 7565975ec8ac44b0a4ba8c4bd1066d58 [term 1 FOLLOWER]: Refusing update from remote peer 4d7e3b5c81764dd893d8ea723aef6f52: Log matching property violated. Preceding OpId in replica: term: 1 index: 1. Preceding OpId from leader: term: 1 index: 2. (index mismatch)
I20260710 13:26:46.524863  1860 consensus_queue.cc:1048] T 0eb91c61350a4ba0aee7ff45495b201a P 4d7e3b5c81764dd893d8ea723aef6f52 [LEADER]: Connected to new peer: Peer: permanent_uuid: "7565975ec8ac44b0a4ba8c4bd1066d58" member_type: VOTER last_known_addr { host: "127.31.208.194" port: 38021 } attrs { replace: true }, Status: LMP_MISMATCH, Last received: 0.0, Next index: 2, Last known committed idx: 1, Time since last communication: 0.000s
I20260710 13:26:46.525095  1213 raft_consensus.cc:1275] T 0eb91c61350a4ba0aee7ff45495b201a P 192c4729e13b464a87af54081f482c8e [term 1 FOLLOWER]: Refusing update from remote peer 4d7e3b5c81764dd893d8ea723aef6f52: Log matching property violated. Preceding OpId in replica: term: 1 index: 1. Preceding OpId from leader: term: 1 index: 2. (index mismatch)
I20260710 13:26:46.526307  1837 consensus_queue.cc:1048] T 0eb91c61350a4ba0aee7ff45495b201a P 4d7e3b5c81764dd893d8ea723aef6f52 [LEADER]: Connected to new peer: Peer: permanent_uuid: "192c4729e13b464a87af54081f482c8e" member_type: VOTER last_known_addr { host: "127.31.208.193" port: 36873 }, Status: LMP_MISMATCH, Last received: 0.0, Next index: 2, Last known committed idx: 1, Time since last communication: 0.000s
I20260710 13:26:46.536756  1837 raft_consensus.cc:2955] T 0eb91c61350a4ba0aee7ff45495b201a P 4d7e3b5c81764dd893d8ea723aef6f52 [term 1 LEADER]: Committing config change with OpId 1.2: config changed from index -1 to 2, NON_VOTER 1a099f894e0f4c0cbc0a2d44005b5f54 (127.31.208.196) added. New config: { opid_index: 2 OBSOLETE_local: false peers { permanent_uuid: "192c4729e13b464a87af54081f482c8e" member_type: VOTER last_known_addr { host: "127.31.208.193" port: 36873 } } peers { permanent_uuid: "7565975ec8ac44b0a4ba8c4bd1066d58" member_type: VOTER last_known_addr { host: "127.31.208.194" port: 38021 } attrs { replace: true } } peers { permanent_uuid: "4d7e3b5c81764dd893d8ea723aef6f52" member_type: VOTER last_known_addr { host: "127.31.208.195" port: 41481 } } peers { permanent_uuid: "1a099f894e0f4c0cbc0a2d44005b5f54" member_type: NON_VOTER last_known_addr { host: "127.31.208.196" port: 34345 } attrs { promote: true } } }
I20260710 13:26:46.537654  1211 raft_consensus.cc:2955] T 0eb91c61350a4ba0aee7ff45495b201a P 192c4729e13b464a87af54081f482c8e [term 1 FOLLOWER]: Committing config change with OpId 1.2: config changed from index -1 to 2, NON_VOTER 1a099f894e0f4c0cbc0a2d44005b5f54 (127.31.208.196) added. New config: { opid_index: 2 OBSOLETE_local: false peers { permanent_uuid: "192c4729e13b464a87af54081f482c8e" member_type: VOTER last_known_addr { host: "127.31.208.193" port: 36873 } } peers { permanent_uuid: "7565975ec8ac44b0a4ba8c4bd1066d58" member_type: VOTER last_known_addr { host: "127.31.208.194" port: 38021 } attrs { replace: true } } peers { permanent_uuid: "4d7e3b5c81764dd893d8ea723aef6f52" member_type: VOTER last_known_addr { host: "127.31.208.195" port: 41481 } } peers { permanent_uuid: "1a099f894e0f4c0cbc0a2d44005b5f54" member_type: NON_VOTER last_known_addr { host: "127.31.208.196" port: 34345 } attrs { promote: true } } }
I20260710 13:26:46.541707  1288 raft_consensus.cc:2955] T 0eb91c61350a4ba0aee7ff45495b201a P 7565975ec8ac44b0a4ba8c4bd1066d58 [term 1 FOLLOWER]: Committing config change with OpId 1.2: config changed from index -1 to 2, NON_VOTER 1a099f894e0f4c0cbc0a2d44005b5f54 (127.31.208.196) added. New config: { opid_index: 2 OBSOLETE_local: false peers { permanent_uuid: "192c4729e13b464a87af54081f482c8e" member_type: VOTER last_known_addr { host: "127.31.208.193" port: 36873 } } peers { permanent_uuid: "7565975ec8ac44b0a4ba8c4bd1066d58" member_type: VOTER last_known_addr { host: "127.31.208.194" port: 38021 } attrs { replace: true } } peers { permanent_uuid: "4d7e3b5c81764dd893d8ea723aef6f52" member_type: VOTER last_known_addr { host: "127.31.208.195" port: 41481 } } peers { permanent_uuid: "1a099f894e0f4c0cbc0a2d44005b5f54" member_type: NON_VOTER last_known_addr { host: "127.31.208.196" port: 34345 } attrs { promote: true } } }
I20260710 13:26:46.548596  1109 catalog_manager.cc:5697] T 0eb91c61350a4ba0aee7ff45495b201a P 4d7e3b5c81764dd893d8ea723aef6f52 reported cstate change: config changed from index -1 to 2, NON_VOTER 1a099f894e0f4c0cbc0a2d44005b5f54 (127.31.208.196) added. New cstate: current_term: 1 leader_uuid: "4d7e3b5c81764dd893d8ea723aef6f52" committed_config { opid_index: 2 OBSOLETE_local: false peers { permanent_uuid: "192c4729e13b464a87af54081f482c8e" member_type: VOTER last_known_addr { host: "127.31.208.193" port: 36873 } health_report { overall_health: HEALTHY } } peers { permanent_uuid: "7565975ec8ac44b0a4ba8c4bd1066d58" member_type: VOTER last_known_addr { host: "127.31.208.194" port: 38021 } attrs { replace: true } health_report { overall_health: HEALTHY } } peers { permanent_uuid: "4d7e3b5c81764dd893d8ea723aef6f52" member_type: VOTER last_known_addr { host: "127.31.208.195" port: 41481 } health_report { overall_health: HEALTHY } } peers { permanent_uuid: "1a099f894e0f4c0cbc0a2d44005b5f54" member_type: NON_VOTER last_known_addr { host: "127.31.208.196" port: 34345 } attrs { promote: true } health_report { overall_health: UNKNOWN } } }
I20260710 13:26:46.895895  1881 ts_tablet_manager.cc:933] T 5f44ef60fc41491c8ea082a79eeac3a3 P 1a099f894e0f4c0cbc0a2d44005b5f54: Initiating tablet copy from peer 7565975ec8ac44b0a4ba8c4bd1066d58 (127.31.208.194:38021)
I20260710 13:26:46.898363  1881 tablet_copy_client.cc:323] T 5f44ef60fc41491c8ea082a79eeac3a3 P 1a099f894e0f4c0cbc0a2d44005b5f54: tablet copy: Beginning tablet copy session from remote peer at address 127.31.208.194:38021
I20260710 13:26:46.899835  1298 tablet_copy_service.cc:140] P 7565975ec8ac44b0a4ba8c4bd1066d58: Received BeginTabletCopySession request for tablet 5f44ef60fc41491c8ea082a79eeac3a3 from peer 1a099f894e0f4c0cbc0a2d44005b5f54 ({username='slave'} at 127.0.0.1:36814)
I20260710 13:26:46.900317  1298 tablet_copy_service.cc:161] P 7565975ec8ac44b0a4ba8c4bd1066d58: Beginning new tablet copy session on tablet 5f44ef60fc41491c8ea082a79eeac3a3 from peer 1a099f894e0f4c0cbc0a2d44005b5f54 at {username='slave'} at 127.0.0.1:36814: session id = 1a099f894e0f4c0cbc0a2d44005b5f54-5f44ef60fc41491c8ea082a79eeac3a3
I20260710 13:26:46.906181  1298 tablet_copy_source_session.cc:215] T 5f44ef60fc41491c8ea082a79eeac3a3 P 7565975ec8ac44b0a4ba8c4bd1066d58: Tablet Copy: opened 0 blocks and 1 log segments
I20260710 13:26:46.908989  1881 data_dirs.cc:400] Could only allocate 1 dirs of requested 3 for tablet 5f44ef60fc41491c8ea082a79eeac3a3. 1 dirs total, 0 dirs full, 0 dirs failed
I20260710 13:26:46.919091  1881 tablet_copy_client.cc:806] T 5f44ef60fc41491c8ea082a79eeac3a3 P 1a099f894e0f4c0cbc0a2d44005b5f54: tablet copy: Starting download of 0 data blocks...
I20260710 13:26:46.919610  1881 tablet_copy_client.cc:670] T 5f44ef60fc41491c8ea082a79eeac3a3 P 1a099f894e0f4c0cbc0a2d44005b5f54: tablet copy: Starting download of 1 WAL segments...
I20260710 13:26:46.922915  1881 tablet_copy_client.cc:538] T 5f44ef60fc41491c8ea082a79eeac3a3 P 1a099f894e0f4c0cbc0a2d44005b5f54: tablet copy: Tablet Copy complete. Replacing tablet superblock.
I20260710 13:26:46.931406  1881 tablet_bootstrap.cc:492] T 5f44ef60fc41491c8ea082a79eeac3a3 P 1a099f894e0f4c0cbc0a2d44005b5f54: Bootstrap starting.
I20260710 13:26:46.952751  1881 tablet_bootstrap.cc:492] T 5f44ef60fc41491c8ea082a79eeac3a3 P 1a099f894e0f4c0cbc0a2d44005b5f54: Bootstrap replayed 1/1 log segments. Stats: ops{read=2 overwritten=0 applied=2 ignored=0} inserts{seen=0 ignored=0} mutations{seen=0 ignored=0} orphaned_commits=0. Pending: 0 replicates
I20260710 13:26:46.953583  1881 tablet_bootstrap.cc:492] T 5f44ef60fc41491c8ea082a79eeac3a3 P 1a099f894e0f4c0cbc0a2d44005b5f54: Bootstrap complete.
I20260710 13:26:46.954156  1881 ts_tablet_manager.cc:1403] T 5f44ef60fc41491c8ea082a79eeac3a3 P 1a099f894e0f4c0cbc0a2d44005b5f54: Time spent bootstrapping tablet: real 0.023s	user 0.013s	sys 0.007s
I20260710 13:26:46.956840  1881 raft_consensus.cc:359] T 5f44ef60fc41491c8ea082a79eeac3a3 P 1a099f894e0f4c0cbc0a2d44005b5f54 [term 1 LEARNER]: Replica starting. Triggering 0 pending ops. Active config: opid_index: 2 OBSOLETE_local: false peers { permanent_uuid: "192c4729e13b464a87af54081f482c8e" member_type: VOTER last_known_addr { host: "127.31.208.193" port: 36873 } } peers { permanent_uuid: "7565975ec8ac44b0a4ba8c4bd1066d58" member_type: VOTER last_known_addr { host: "127.31.208.194" port: 38021 } } peers { permanent_uuid: "4d7e3b5c81764dd893d8ea723aef6f52" member_type: VOTER last_known_addr { host: "127.31.208.195" port: 41481 } attrs { replace: true } } peers { permanent_uuid: "1a099f894e0f4c0cbc0a2d44005b5f54" member_type: NON_VOTER last_known_addr { host: "127.31.208.196" port: 34345 } attrs { promote: true } }
I20260710 13:26:46.957640  1881 raft_consensus.cc:740] T 5f44ef60fc41491c8ea082a79eeac3a3 P 1a099f894e0f4c0cbc0a2d44005b5f54 [term 1 LEARNER]: Becoming Follower/Learner. State: Replica: 1a099f894e0f4c0cbc0a2d44005b5f54, State: Initialized, Role: LEARNER
I20260710 13:26:46.958244  1881 consensus_queue.cc:260] T 5f44ef60fc41491c8ea082a79eeac3a3 P 1a099f894e0f4c0cbc0a2d44005b5f54 [NON_LEADER]: Queue going to NON_LEADER mode. State: All replicated index: 0, Majority replicated index: 0, Committed index: 2, Last appended: 1.2, Last appended by leader: 2, Current term: 0, Majority size: -1, State: 0, Mode: NON_LEADER, active raft config: opid_index: 2 OBSOLETE_local: false peers { permanent_uuid: "192c4729e13b464a87af54081f482c8e" member_type: VOTER last_known_addr { host: "127.31.208.193" port: 36873 } } peers { permanent_uuid: "7565975ec8ac44b0a4ba8c4bd1066d58" member_type: VOTER last_known_addr { host: "127.31.208.194" port: 38021 } } peers { permanent_uuid: "4d7e3b5c81764dd893d8ea723aef6f52" member_type: VOTER last_known_addr { host: "127.31.208.195" port: 41481 } attrs { replace: true } } peers { permanent_uuid: "1a099f894e0f4c0cbc0a2d44005b5f54" member_type: NON_VOTER last_known_addr { host: "127.31.208.196" port: 34345 } attrs { promote: true } }
I20260710 13:26:46.961344  1881 ts_tablet_manager.cc:1434] T 5f44ef60fc41491c8ea082a79eeac3a3 P 1a099f894e0f4c0cbc0a2d44005b5f54: Time spent starting tablet: real 0.007s	user 0.004s	sys 0.003s
I20260710 13:26:46.962994  1298 tablet_copy_service.cc:342] P 7565975ec8ac44b0a4ba8c4bd1066d58: Request end of tablet copy session 1a099f894e0f4c0cbc0a2d44005b5f54-5f44ef60fc41491c8ea082a79eeac3a3 received from {username='slave'} at 127.0.0.1:36814
I20260710 13:26:46.963382  1298 tablet_copy_service.cc:434] P 7565975ec8ac44b0a4ba8c4bd1066d58: ending tablet copy session 1a099f894e0f4c0cbc0a2d44005b5f54-5f44ef60fc41491c8ea082a79eeac3a3 on tablet 5f44ef60fc41491c8ea082a79eeac3a3 with peer 1a099f894e0f4c0cbc0a2d44005b5f54
I20260710 13:26:46.985942  1881 ts_tablet_manager.cc:933] T 0eb91c61350a4ba0aee7ff45495b201a P 1a099f894e0f4c0cbc0a2d44005b5f54: Initiating tablet copy from peer 4d7e3b5c81764dd893d8ea723aef6f52 (127.31.208.195:41481)
I20260710 13:26:46.987336  1881 tablet_copy_client.cc:323] T 0eb91c61350a4ba0aee7ff45495b201a P 1a099f894e0f4c0cbc0a2d44005b5f54: tablet copy: Beginning tablet copy session from remote peer at address 127.31.208.195:41481
I20260710 13:26:46.988765  1372 tablet_copy_service.cc:140] P 4d7e3b5c81764dd893d8ea723aef6f52: Received BeginTabletCopySession request for tablet 0eb91c61350a4ba0aee7ff45495b201a from peer 1a099f894e0f4c0cbc0a2d44005b5f54 ({username='slave'} at 127.0.0.1:38358)
I20260710 13:26:46.989195  1372 tablet_copy_service.cc:161] P 4d7e3b5c81764dd893d8ea723aef6f52: Beginning new tablet copy session on tablet 0eb91c61350a4ba0aee7ff45495b201a from peer 1a099f894e0f4c0cbc0a2d44005b5f54 at {username='slave'} at 127.0.0.1:38358: session id = 1a099f894e0f4c0cbc0a2d44005b5f54-0eb91c61350a4ba0aee7ff45495b201a
I20260710 13:26:46.993770  1372 tablet_copy_source_session.cc:215] T 0eb91c61350a4ba0aee7ff45495b201a P 4d7e3b5c81764dd893d8ea723aef6f52: Tablet Copy: opened 0 blocks and 1 log segments
I20260710 13:26:46.996282  1881 data_dirs.cc:400] Could only allocate 1 dirs of requested 3 for tablet 0eb91c61350a4ba0aee7ff45495b201a. 1 dirs total, 0 dirs full, 0 dirs failed
I20260710 13:26:47.003566  1886 ts_tablet_manager.cc:933] T b15e8815eca64d56a7525e911e70be01 P 1a099f894e0f4c0cbc0a2d44005b5f54: Initiating tablet copy from peer 4d7e3b5c81764dd893d8ea723aef6f52 (127.31.208.195:41481)
I20260710 13:26:47.005168  1886 tablet_copy_client.cc:323] T b15e8815eca64d56a7525e911e70be01 P 1a099f894e0f4c0cbc0a2d44005b5f54: tablet copy: Beginning tablet copy session from remote peer at address 127.31.208.195:41481
I20260710 13:26:47.006395  1372 tablet_copy_service.cc:140] P 4d7e3b5c81764dd893d8ea723aef6f52: Received BeginTabletCopySession request for tablet b15e8815eca64d56a7525e911e70be01 from peer 1a099f894e0f4c0cbc0a2d44005b5f54 ({username='slave'} at 127.0.0.1:38358)
I20260710 13:26:47.006800  1372 tablet_copy_service.cc:161] P 4d7e3b5c81764dd893d8ea723aef6f52: Beginning new tablet copy session on tablet b15e8815eca64d56a7525e911e70be01 from peer 1a099f894e0f4c0cbc0a2d44005b5f54 at {username='slave'} at 127.0.0.1:38358: session id = 1a099f894e0f4c0cbc0a2d44005b5f54-b15e8815eca64d56a7525e911e70be01
I20260710 13:26:47.010962  1881 tablet_copy_client.cc:806] T 0eb91c61350a4ba0aee7ff45495b201a P 1a099f894e0f4c0cbc0a2d44005b5f54: tablet copy: Starting download of 0 data blocks...
I20260710 13:26:47.011541  1881 tablet_copy_client.cc:670] T 0eb91c61350a4ba0aee7ff45495b201a P 1a099f894e0f4c0cbc0a2d44005b5f54: tablet copy: Starting download of 1 WAL segments...
I20260710 13:26:47.013487  1372 tablet_copy_source_session.cc:215] T b15e8815eca64d56a7525e911e70be01 P 4d7e3b5c81764dd893d8ea723aef6f52: Tablet Copy: opened 0 blocks and 1 log segments
I20260710 13:26:47.015202  1881 tablet_copy_client.cc:538] T 0eb91c61350a4ba0aee7ff45495b201a P 1a099f894e0f4c0cbc0a2d44005b5f54: tablet copy: Tablet Copy complete. Replacing tablet superblock.
I20260710 13:26:47.016139  1886 data_dirs.cc:400] Could only allocate 1 dirs of requested 3 for tablet b15e8815eca64d56a7525e911e70be01. 1 dirs total, 0 dirs full, 0 dirs failed
I20260710 13:26:47.023080  1881 tablet_bootstrap.cc:492] T 0eb91c61350a4ba0aee7ff45495b201a P 1a099f894e0f4c0cbc0a2d44005b5f54: Bootstrap starting.
I20260710 13:26:47.033370  1886 tablet_copy_client.cc:806] T b15e8815eca64d56a7525e911e70be01 P 1a099f894e0f4c0cbc0a2d44005b5f54: tablet copy: Starting download of 0 data blocks...
I20260710 13:26:47.033887  1886 tablet_copy_client.cc:670] T b15e8815eca64d56a7525e911e70be01 P 1a099f894e0f4c0cbc0a2d44005b5f54: tablet copy: Starting download of 1 WAL segments...
I20260710 13:26:47.039280  1886 tablet_copy_client.cc:538] T b15e8815eca64d56a7525e911e70be01 P 1a099f894e0f4c0cbc0a2d44005b5f54: tablet copy: Tablet Copy complete. Replacing tablet superblock.
I20260710 13:26:47.046475  1886 tablet_bootstrap.cc:492] T b15e8815eca64d56a7525e911e70be01 P 1a099f894e0f4c0cbc0a2d44005b5f54: Bootstrap starting.
I20260710 13:26:47.050153  1881 tablet_bootstrap.cc:492] T 0eb91c61350a4ba0aee7ff45495b201a P 1a099f894e0f4c0cbc0a2d44005b5f54: Bootstrap replayed 1/1 log segments. Stats: ops{read=2 overwritten=0 applied=2 ignored=0} inserts{seen=0 ignored=0} mutations{seen=0 ignored=0} orphaned_commits=0. Pending: 0 replicates
I20260710 13:26:47.050995  1881 tablet_bootstrap.cc:492] T 0eb91c61350a4ba0aee7ff45495b201a P 1a099f894e0f4c0cbc0a2d44005b5f54: Bootstrap complete.
I20260710 13:26:47.051582  1881 ts_tablet_manager.cc:1403] T 0eb91c61350a4ba0aee7ff45495b201a P 1a099f894e0f4c0cbc0a2d44005b5f54: Time spent bootstrapping tablet: real 0.029s	user 0.017s	sys 0.003s
I20260710 13:26:47.054404  1881 raft_consensus.cc:359] T 0eb91c61350a4ba0aee7ff45495b201a P 1a099f894e0f4c0cbc0a2d44005b5f54 [term 1 LEARNER]: Replica starting. Triggering 0 pending ops. Active config: opid_index: 2 OBSOLETE_local: false peers { permanent_uuid: "192c4729e13b464a87af54081f482c8e" member_type: VOTER last_known_addr { host: "127.31.208.193" port: 36873 } } peers { permanent_uuid: "7565975ec8ac44b0a4ba8c4bd1066d58" member_type: VOTER last_known_addr { host: "127.31.208.194" port: 38021 } attrs { replace: true } } peers { permanent_uuid: "4d7e3b5c81764dd893d8ea723aef6f52" member_type: VOTER last_known_addr { host: "127.31.208.195" port: 41481 } } peers { permanent_uuid: "1a099f894e0f4c0cbc0a2d44005b5f54" member_type: NON_VOTER last_known_addr { host: "127.31.208.196" port: 34345 } attrs { promote: true } }
