I20260710 13:26:22.969115 28139 leader_election.cc:290] T e5c795892a144333b61d383a30815638 P ffd3e647451c4badbd4c04a9dac8522c [CANDIDATE]: Term 1 pre-election: Requested pre-vote from peers d443ba09bd7c4c52a03214c9cfb71a20 (127.26.167.194:41409), ba30a95c2330447abc90c36034447645 (127.26.167.195:34753)
I20260710 13:26:23.014343 28132 tablet_bootstrap.cc:492] T aea82a1b848e4ac48e3d7591688375d4 P ba30a95c2330447abc90c36034447645: No bootstrap required, opened a new log
I20260710 13:26:23.014880 28132 ts_tablet_manager.cc:1403] T aea82a1b848e4ac48e3d7591688375d4 P ba30a95c2330447abc90c36034447645: Time spent bootstrapping tablet: real 0.057s	user 0.015s	sys 0.028s
I20260710 13:26:23.014972 28133 tablet_bootstrap.cc:492] T 8b0be43155984fd9aa77eba97597243d P d443ba09bd7c4c52a03214c9cfb71a20: No bootstrap required, opened a new log
I20260710 13:26:23.015455 28133 ts_tablet_manager.cc:1403] T 8b0be43155984fd9aa77eba97597243d P d443ba09bd7c4c52a03214c9cfb71a20: Time spent bootstrapping tablet: real 0.092s	user 0.015s	sys 0.000s
I20260710 13:26:23.017839 28132 raft_consensus.cc:359] T aea82a1b848e4ac48e3d7591688375d4 P ba30a95c2330447abc90c36034447645 [term 0 FOLLOWER]: Replica starting. Triggering 0 pending ops. Active config: opid_index: -1 OBSOLETE_local: false peers { permanent_uuid: "ffd3e647451c4badbd4c04a9dac8522c" member_type: VOTER last_known_addr { host: "127.26.167.193" port: 35527 } } peers { permanent_uuid: "d443ba09bd7c4c52a03214c9cfb71a20" member_type: VOTER last_known_addr { host: "127.26.167.194" port: 41409 } } peers { permanent_uuid: "ba30a95c2330447abc90c36034447645" member_type: VOTER last_known_addr { host: "127.26.167.195" port: 34753 } }
I20260710 13:26:23.018208 28133 raft_consensus.cc:359] T 8b0be43155984fd9aa77eba97597243d P d443ba09bd7c4c52a03214c9cfb71a20 [term 0 FOLLOWER]: Replica starting. Triggering 0 pending ops. Active config: opid_index: -1 OBSOLETE_local: false peers { permanent_uuid: "ba30a95c2330447abc90c36034447645" member_type: VOTER last_known_addr { host: "127.26.167.195" port: 34753 } } peers { permanent_uuid: "d443ba09bd7c4c52a03214c9cfb71a20" member_type: VOTER last_known_addr { host: "127.26.167.194" port: 41409 } } peers { permanent_uuid: "ffd3e647451c4badbd4c04a9dac8522c" member_type: VOTER last_known_addr { host: "127.26.167.193" port: 35527 } }
I20260710 13:26:23.018885 28133 raft_consensus.cc:385] T 8b0be43155984fd9aa77eba97597243d P d443ba09bd7c4c52a03214c9cfb71a20 [term 0 FOLLOWER]: Consensus starting up: Expiring failure detector timer to make a prompt election more likely
I20260710 13:26:23.019183 28133 raft_consensus.cc:740] T 8b0be43155984fd9aa77eba97597243d P d443ba09bd7c4c52a03214c9cfb71a20 [term 0 FOLLOWER]: Becoming Follower/Learner. State: Replica: d443ba09bd7c4c52a03214c9cfb71a20, State: Initialized, Role: FOLLOWER
I20260710 13:26:23.018584 28132 raft_consensus.cc:385] T aea82a1b848e4ac48e3d7591688375d4 P ba30a95c2330447abc90c36034447645 [term 0 FOLLOWER]: Consensus starting up: Expiring failure detector timer to make a prompt election more likely
I20260710 13:26:23.021354 28132 raft_consensus.cc:740] T aea82a1b848e4ac48e3d7591688375d4 P ba30a95c2330447abc90c36034447645 [term 0 FOLLOWER]: Becoming Follower/Learner. State: Replica: ba30a95c2330447abc90c36034447645, State: Initialized, Role: FOLLOWER
I20260710 13:26:23.023294 28133 consensus_queue.cc:260] T 8b0be43155984fd9aa77eba97597243d P d443ba09bd7c4c52a03214c9cfb71a20 [NON_LEADER]: Queue going to NON_LEADER mode. State: All replicated index: 0, Majority replicated index: 0, Committed index: 0, Last appended: 0.0, Last appended by leader: 0, Current term: 0, Majority size: -1, State: 0, Mode: NON_LEADER, active raft config: opid_index: -1 OBSOLETE_local: false peers { permanent_uuid: "ba30a95c2330447abc90c36034447645" member_type: VOTER last_known_addr { host: "127.26.167.195" port: 34753 } } peers { permanent_uuid: "d443ba09bd7c4c52a03214c9cfb71a20" member_type: VOTER last_known_addr { host: "127.26.167.194" port: 41409 } } peers { permanent_uuid: "ffd3e647451c4badbd4c04a9dac8522c" member_type: VOTER last_known_addr { host: "127.26.167.193" port: 35527 } }
I20260710 13:26:23.024147 27942 tablet_service.cc:1917] Received RequestConsensusVote() RPC: tablet_id: "e5c795892a144333b61d383a30815638" candidate_uuid: "ba30a95c2330447abc90c36034447645" candidate_term: 1 candidate_status { last_received { term: 0 index: 0 } } ignore_live_leader: false dest_uuid: "ffd3e647451c4badbd4c04a9dac8522c" is_pre_election: true
I20260710 13:26:23.024791 27942 raft_consensus.cc:2468] T e5c795892a144333b61d383a30815638 P ffd3e647451c4badbd4c04a9dac8522c [term 0 FOLLOWER]: Leader pre-election vote request: Granting yes vote for candidate ba30a95c2330447abc90c36034447645 in term 0.
I20260710 13:26:23.025017 28131 tablet_bootstrap.cc:654] T 8b0be43155984fd9aa77eba97597243d P ffd3e647451c4badbd4c04a9dac8522c: Neither blocks nor log segments found. Creating new log.
I20260710 13:26:23.025532 28133 ts_tablet_manager.cc:1434] T 8b0be43155984fd9aa77eba97597243d P d443ba09bd7c4c52a03214c9cfb71a20: Time spent starting tablet: real 0.010s	user 0.008s	sys 0.000s
I20260710 13:26:23.026270 28057 leader_election.cc:304] T e5c795892a144333b61d383a30815638 P ba30a95c2330447abc90c36034447645 [CANDIDATE]: Term 1 pre-election: Election decided. Result: candidate won. Election summary: received 2 responses out of 3 voters: 2 yes votes; 0 no votes. yes voters: ba30a95c2330447abc90c36034447645, ffd3e647451c4badbd4c04a9dac8522c; no voters: 
I20260710 13:26:23.026508 28133 tablet_bootstrap.cc:492] T e5c795892a144333b61d383a30815638 P d443ba09bd7c4c52a03214c9cfb71a20: Bootstrap starting.
I20260710 13:26:23.028741 28137 raft_consensus.cc:2804] T e5c795892a144333b61d383a30815638 P ba30a95c2330447abc90c36034447645 [term 0 FOLLOWER]: Leader pre-election won for term 1
I20260710 13:26:23.029114 28137 raft_consensus.cc:493] T e5c795892a144333b61d383a30815638 P ba30a95c2330447abc90c36034447645 [term 0 FOLLOWER]: Starting leader election (no leader contacted us within the election timeout)
I20260710 13:26:23.030304 28137 raft_consensus.cc:3060] T e5c795892a144333b61d383a30815638 P ba30a95c2330447abc90c36034447645 [term 0 FOLLOWER]: Advancing to term 1
I20260710 13:26:23.033461 28133 tablet_bootstrap.cc:654] T e5c795892a144333b61d383a30815638 P d443ba09bd7c4c52a03214c9cfb71a20: Neither blocks nor log segments found. Creating new log.
I20260710 13:26:23.034973 28017 tablet_service.cc:1917] Received RequestConsensusVote() RPC: tablet_id: "e5c795892a144333b61d383a30815638" candidate_uuid: "ba30a95c2330447abc90c36034447645" candidate_term: 1 candidate_status { last_received { term: 0 index: 0 } } ignore_live_leader: false dest_uuid: "d443ba09bd7c4c52a03214c9cfb71a20" is_pre_election: true
W20260710 13:26:23.036326 28054 leader_election.cc:343] T e5c795892a144333b61d383a30815638 P ba30a95c2330447abc90c36034447645 [CANDIDATE]: Term 1 pre-election: Tablet error from VoteRequest() call to peer d443ba09bd7c4c52a03214c9cfb71a20 (127.26.167.194:41409): Illegal state: must be running to vote when last-logged opid is not known
I20260710 13:26:23.043346 28131 tablet_bootstrap.cc:492] T 8b0be43155984fd9aa77eba97597243d P ffd3e647451c4badbd4c04a9dac8522c: No bootstrap required, opened a new log
I20260710 13:26:23.044116 28131 ts_tablet_manager.cc:1403] T 8b0be43155984fd9aa77eba97597243d P ffd3e647451c4badbd4c04a9dac8522c: Time spent bootstrapping tablet: real 0.086s	user 0.007s	sys 0.014s
I20260710 13:26:23.047991 28131 raft_consensus.cc:359] T 8b0be43155984fd9aa77eba97597243d P ffd3e647451c4badbd4c04a9dac8522c [term 0 FOLLOWER]: Replica starting. Triggering 0 pending ops. Active config: opid_index: -1 OBSOLETE_local: false peers { permanent_uuid: "ba30a95c2330447abc90c36034447645" member_type: VOTER last_known_addr { host: "127.26.167.195" port: 34753 } } peers { permanent_uuid: "d443ba09bd7c4c52a03214c9cfb71a20" member_type: VOTER last_known_addr { host: "127.26.167.194" port: 41409 } } peers { permanent_uuid: "ffd3e647451c4badbd4c04a9dac8522c" member_type: VOTER last_known_addr { host: "127.26.167.193" port: 35527 } }
I20260710 13:26:23.049115 28131 raft_consensus.cc:385] T 8b0be43155984fd9aa77eba97597243d P ffd3e647451c4badbd4c04a9dac8522c [term 0 FOLLOWER]: Consensus starting up: Expiring failure detector timer to make a prompt election more likely
I20260710 13:26:23.049538 28131 raft_consensus.cc:740] T 8b0be43155984fd9aa77eba97597243d P ffd3e647451c4badbd4c04a9dac8522c [term 0 FOLLOWER]: Becoming Follower/Learner. State: Replica: ffd3e647451c4badbd4c04a9dac8522c, State: Initialized, Role: FOLLOWER
I20260710 13:26:23.037024 28137 raft_consensus.cc:515] T e5c795892a144333b61d383a30815638 P ba30a95c2330447abc90c36034447645 [term 1 FOLLOWER]: Starting leader election with config: opid_index: -1 OBSOLETE_local: false peers { permanent_uuid: "ffd3e647451c4badbd4c04a9dac8522c" member_type: VOTER last_known_addr { host: "127.26.167.193" port: 35527 } } peers { permanent_uuid: "d443ba09bd7c4c52a03214c9cfb71a20" member_type: VOTER last_known_addr { host: "127.26.167.194" port: 41409 } } peers { permanent_uuid: "ba30a95c2330447abc90c36034447645" member_type: VOTER last_known_addr { host: "127.26.167.195" port: 34753 } }
I20260710 13:26:23.050478 28131 consensus_queue.cc:260] T 8b0be43155984fd9aa77eba97597243d P ffd3e647451c4badbd4c04a9dac8522c [NON_LEADER]: Queue going to NON_LEADER mode. State: All replicated index: 0, Majority replicated index: 0, Committed index: 0, Last appended: 0.0, Last appended by leader: 0, Current term: 0, Majority size: -1, State: 0, Mode: NON_LEADER, active raft config: opid_index: -1 OBSOLETE_local: false peers { permanent_uuid: "ba30a95c2330447abc90c36034447645" member_type: VOTER last_known_addr { host: "127.26.167.195" port: 34753 } } peers { permanent_uuid: "d443ba09bd7c4c52a03214c9cfb71a20" member_type: VOTER last_known_addr { host: "127.26.167.194" port: 41409 } } peers { permanent_uuid: "ffd3e647451c4badbd4c04a9dac8522c" member_type: VOTER last_known_addr { host: "127.26.167.193" port: 35527 } }
I20260710 13:26:23.051468 28091 tablet_service.cc:1917] Received RequestConsensusVote() RPC: tablet_id: "e5c795892a144333b61d383a30815638" candidate_uuid: "ffd3e647451c4badbd4c04a9dac8522c" candidate_term: 1 candidate_status { last_received { term: 0 index: 0 } } ignore_live_leader: false dest_uuid: "ba30a95c2330447abc90c36034447645" is_pre_election: true
I20260710 13:26:23.052301 28091 raft_consensus.cc:2393] T e5c795892a144333b61d383a30815638 P ba30a95c2330447abc90c36034447645 [term 1 FOLLOWER]: Leader pre-election vote request: Denying vote to candidate ffd3e647451c4badbd4c04a9dac8522c in current term 1: Already voted for candidate ba30a95c2330447abc90c36034447645 in this term.
I20260710 13:26:23.052537 28137 leader_election.cc:290] T e5c795892a144333b61d383a30815638 P ba30a95c2330447abc90c36034447645 [CANDIDATE]: Term 1 election: Requested vote from peers ffd3e647451c4badbd4c04a9dac8522c (127.26.167.193:35527), d443ba09bd7c4c52a03214c9cfb71a20 (127.26.167.194:41409)
I20260710 13:26:23.053447 28131 ts_tablet_manager.cc:1434] T 8b0be43155984fd9aa77eba97597243d P ffd3e647451c4badbd4c04a9dac8522c: Time spent starting tablet: real 0.009s	user 0.009s	sys 0.000s
I20260710 13:26:23.053045 28132 consensus_queue.cc:260] T aea82a1b848e4ac48e3d7591688375d4 P ba30a95c2330447abc90c36034447645 [NON_LEADER]: Queue going to NON_LEADER mode. State: All replicated index: 0, Majority replicated index: 0, Committed index: 0, Last appended: 0.0, Last appended by leader: 0, Current term: 0, Majority size: -1, State: 0, Mode: NON_LEADER, active raft config: opid_index: -1 OBSOLETE_local: false peers { permanent_uuid: "ffd3e647451c4badbd4c04a9dac8522c" member_type: VOTER last_known_addr { host: "127.26.167.193" port: 35527 } } peers { permanent_uuid: "d443ba09bd7c4c52a03214c9cfb71a20" member_type: VOTER last_known_addr { host: "127.26.167.194" port: 41409 } } peers { permanent_uuid: "ba30a95c2330447abc90c36034447645" member_type: VOTER last_known_addr { host: "127.26.167.195" port: 34753 } }
I20260710 13:26:23.055094 27906 leader_election.cc:304] T e5c795892a144333b61d383a30815638 P ffd3e647451c4badbd4c04a9dac8522c [CANDIDATE]: Term 1 pre-election: Election decided. Result: candidate lost. Election summary: received 3 responses out of 3 voters: 1 yes votes; 2 no votes. yes voters: ffd3e647451c4badbd4c04a9dac8522c; no voters: ba30a95c2330447abc90c36034447645, d443ba09bd7c4c52a03214c9cfb71a20
I20260710 13:26:23.055299 28132 ts_tablet_manager.cc:1434] T aea82a1b848e4ac48e3d7591688375d4 P ba30a95c2330447abc90c36034447645: Time spent starting tablet: real 0.040s	user 0.006s	sys 0.002s
I20260710 13:26:23.055186 28017 tablet_service.cc:1917] Received RequestConsensusVote() RPC: tablet_id: "e5c795892a144333b61d383a30815638" candidate_uuid: "ba30a95c2330447abc90c36034447645" candidate_term: 1 candidate_status { last_received { term: 0 index: 0 } } ignore_live_leader: false dest_uuid: "d443ba09bd7c4c52a03214c9cfb71a20"
I20260710 13:26:23.055821 28139 raft_consensus.cc:3060] T e5c795892a144333b61d383a30815638 P ffd3e647451c4badbd4c04a9dac8522c [term 0 FOLLOWER]: Advancing to term 1
I20260710 13:26:23.056293 28132 tablet_bootstrap.cc:492] T e730a000a2d5482bbcfb463f5bdfb7ef P ba30a95c2330447abc90c36034447645: Bootstrap starting.
I20260710 13:26:23.057855 28133 tablet_bootstrap.cc:492] T e5c795892a144333b61d383a30815638 P d443ba09bd7c4c52a03214c9cfb71a20: No bootstrap required, opened a new log
I20260710 13:26:23.058310 28133 ts_tablet_manager.cc:1403] T e5c795892a144333b61d383a30815638 P d443ba09bd7c4c52a03214c9cfb71a20: Time spent bootstrapping tablet: real 0.032s	user 0.018s	sys 0.011s
I20260710 13:26:23.061112 28133 raft_consensus.cc:359] T e5c795892a144333b61d383a30815638 P d443ba09bd7c4c52a03214c9cfb71a20 [term 0 FOLLOWER]: Replica starting. Triggering 0 pending ops. Active config: opid_index: -1 OBSOLETE_local: false peers { permanent_uuid: "ffd3e647451c4badbd4c04a9dac8522c" member_type: VOTER last_known_addr { host: "127.26.167.193" port: 35527 } } peers { permanent_uuid: "d443ba09bd7c4c52a03214c9cfb71a20" member_type: VOTER last_known_addr { host: "127.26.167.194" port: 41409 } } peers { permanent_uuid: "ba30a95c2330447abc90c36034447645" member_type: VOTER last_known_addr { host: "127.26.167.195" port: 34753 } }
I20260710 13:26:23.061846 28133 raft_consensus.cc:385] T e5c795892a144333b61d383a30815638 P d443ba09bd7c4c52a03214c9cfb71a20 [term 0 FOLLOWER]: Consensus starting up: Expiring failure detector timer to make a prompt election more likely
I20260710 13:26:23.062134 28133 raft_consensus.cc:740] T e5c795892a144333b61d383a30815638 P d443ba09bd7c4c52a03214c9cfb71a20 [term 0 FOLLOWER]: Becoming Follower/Learner. State: Replica: d443ba09bd7c4c52a03214c9cfb71a20, State: Initialized, Role: FOLLOWER
I20260710 13:26:23.062779 28139 raft_consensus.cc:2749] T e5c795892a144333b61d383a30815638 P ffd3e647451c4badbd4c04a9dac8522c [term 1 FOLLOWER]: Leader pre-election lost for term 1. Reason: could not achieve majority
I20260710 13:26:23.062925 28132 tablet_bootstrap.cc:654] T e730a000a2d5482bbcfb463f5bdfb7ef P ba30a95c2330447abc90c36034447645: Neither blocks nor log segments found. Creating new log.
I20260710 13:26:23.062965 28133 consensus_queue.cc:260] T e5c795892a144333b61d383a30815638 P d443ba09bd7c4c52a03214c9cfb71a20 [NON_LEADER]: Queue going to NON_LEADER mode. State: All replicated index: 0, Majority replicated index: 0, Committed index: 0, Last appended: 0.0, Last appended by leader: 0, Current term: 0, Majority size: -1, State: 0, Mode: NON_LEADER, active raft config: opid_index: -1 OBSOLETE_local: false peers { permanent_uuid: "ffd3e647451c4badbd4c04a9dac8522c" member_type: VOTER last_known_addr { host: "127.26.167.193" port: 35527 } } peers { permanent_uuid: "d443ba09bd7c4c52a03214c9cfb71a20" member_type: VOTER last_known_addr { host: "127.26.167.194" port: 41409 } } peers { permanent_uuid: "ba30a95c2330447abc90c36034447645" member_type: VOTER last_known_addr { host: "127.26.167.195" port: 34753 } }
W20260710 13:26:23.064234 28054 leader_election.cc:343] T e5c795892a144333b61d383a30815638 P ba30a95c2330447abc90c36034447645 [CANDIDATE]: Term 1 election: Tablet error from VoteRequest() call to peer d443ba09bd7c4c52a03214c9cfb71a20 (127.26.167.194:41409): Illegal state: must be running to vote when last-logged opid is not known
I20260710 13:26:23.066560 28131 tablet_bootstrap.cc:492] T aea82a1b848e4ac48e3d7591688375d4 P ffd3e647451c4badbd4c04a9dac8522c: Bootstrap starting.
I20260710 13:26:23.069523 28133 ts_tablet_manager.cc:1434] T e5c795892a144333b61d383a30815638 P d443ba09bd7c4c52a03214c9cfb71a20: Time spent starting tablet: real 0.011s	user 0.007s	sys 0.001s
I20260710 13:26:23.070585 28133 tablet_bootstrap.cc:492] T e730a000a2d5482bbcfb463f5bdfb7ef P d443ba09bd7c4c52a03214c9cfb71a20: Bootstrap starting.
I20260710 13:26:23.072024 27942 tablet_service.cc:1917] Received RequestConsensusVote() RPC: tablet_id: "e5c795892a144333b61d383a30815638" candidate_uuid: "ba30a95c2330447abc90c36034447645" candidate_term: 1 candidate_status { last_received { term: 0 index: 0 } } ignore_live_leader: false dest_uuid: "ffd3e647451c4badbd4c04a9dac8522c"
I20260710 13:26:23.072993 28131 tablet_bootstrap.cc:654] T aea82a1b848e4ac48e3d7591688375d4 P ffd3e647451c4badbd4c04a9dac8522c: Neither blocks nor log segments found. Creating new log.
I20260710 13:26:23.077080 28133 tablet_bootstrap.cc:654] T e730a000a2d5482bbcfb463f5bdfb7ef P d443ba09bd7c4c52a03214c9cfb71a20: Neither blocks nor log segments found. Creating new log.
I20260710 13:26:23.081094 27942 raft_consensus.cc:2468] T e5c795892a144333b61d383a30815638 P ffd3e647451c4badbd4c04a9dac8522c [term 1 FOLLOWER]: Leader election vote request: Granting yes vote for candidate ba30a95c2330447abc90c36034447645 in term 1.
I20260710 13:26:23.082340 28057 leader_election.cc:304] T e5c795892a144333b61d383a30815638 P ba30a95c2330447abc90c36034447645 [CANDIDATE]: Term 1 election: Election decided. Result: candidate won. Election summary: received 3 responses out of 3 voters: 2 yes votes; 1 no votes. yes voters: ba30a95c2330447abc90c36034447645, ffd3e647451c4badbd4c04a9dac8522c; no voters: d443ba09bd7c4c52a03214c9cfb71a20
I20260710 13:26:23.083344 28137 raft_consensus.cc:2804] T e5c795892a144333b61d383a30815638 P ba30a95c2330447abc90c36034447645 [term 1 FOLLOWER]: Leader election won for term 1
I20260710 13:26:23.086601 28131 tablet_bootstrap.cc:492] T aea82a1b848e4ac48e3d7591688375d4 P ffd3e647451c4badbd4c04a9dac8522c: No bootstrap required, opened a new log
I20260710 13:26:23.087119 28131 ts_tablet_manager.cc:1403] T aea82a1b848e4ac48e3d7591688375d4 P ffd3e647451c4badbd4c04a9dac8522c: Time spent bootstrapping tablet: real 0.021s	user 0.006s	sys 0.006s
I20260710 13:26:23.087133 28133 tablet_bootstrap.cc:492] T e730a000a2d5482bbcfb463f5bdfb7ef P d443ba09bd7c4c52a03214c9cfb71a20: No bootstrap required, opened a new log
I20260710 13:26:23.087684 28133 ts_tablet_manager.cc:1403] T e730a000a2d5482bbcfb463f5bdfb7ef P d443ba09bd7c4c52a03214c9cfb71a20: Time spent bootstrapping tablet: real 0.017s	user 0.010s	sys 0.002s
I20260710 13:26:23.090103 28131 raft_consensus.cc:359] T aea82a1b848e4ac48e3d7591688375d4 P ffd3e647451c4badbd4c04a9dac8522c [term 0 FOLLOWER]: Replica starting. Triggering 0 pending ops. Active config: opid_index: -1 OBSOLETE_local: false peers { permanent_uuid: "ffd3e647451c4badbd4c04a9dac8522c" member_type: VOTER last_known_addr { host: "127.26.167.193" port: 35527 } } peers { permanent_uuid: "d443ba09bd7c4c52a03214c9cfb71a20" member_type: VOTER last_known_addr { host: "127.26.167.194" port: 41409 } } peers { permanent_uuid: "ba30a95c2330447abc90c36034447645" member_type: VOTER last_known_addr { host: "127.26.167.195" port: 34753 } }
I20260710 13:26:23.090255 28133 raft_consensus.cc:359] T e730a000a2d5482bbcfb463f5bdfb7ef P d443ba09bd7c4c52a03214c9cfb71a20 [term 0 FOLLOWER]: Replica starting. Triggering 0 pending ops. Active config: opid_index: -1 OBSOLETE_local: false peers { permanent_uuid: "ffd3e647451c4badbd4c04a9dac8522c" member_type: VOTER last_known_addr { host: "127.26.167.193" port: 35527 } } peers { permanent_uuid: "d443ba09bd7c4c52a03214c9cfb71a20" member_type: VOTER last_known_addr { host: "127.26.167.194" port: 41409 } } peers { permanent_uuid: "ba30a95c2330447abc90c36034447645" member_type: VOTER last_known_addr { host: "127.26.167.195" port: 34753 } }
I20260710 13:26:23.090867 28131 raft_consensus.cc:385] T aea82a1b848e4ac48e3d7591688375d4 P ffd3e647451c4badbd4c04a9dac8522c [term 0 FOLLOWER]: Consensus starting up: Expiring failure detector timer to make a prompt election more likely
I20260710 13:26:23.090911 28133 raft_consensus.cc:385] T e730a000a2d5482bbcfb463f5bdfb7ef P d443ba09bd7c4c52a03214c9cfb71a20 [term 0 FOLLOWER]: Consensus starting up: Expiring failure detector timer to make a prompt election more likely
I20260710 13:26:23.091280 28131 raft_consensus.cc:740] T aea82a1b848e4ac48e3d7591688375d4 P ffd3e647451c4badbd4c04a9dac8522c [term 0 FOLLOWER]: Becoming Follower/Learner. State: Replica: ffd3e647451c4badbd4c04a9dac8522c, State: Initialized, Role: FOLLOWER
I20260710 13:26:23.091365 28133 raft_consensus.cc:740] T e730a000a2d5482bbcfb463f5bdfb7ef P d443ba09bd7c4c52a03214c9cfb71a20 [term 0 FOLLOWER]: Becoming Follower/Learner. State: Replica: d443ba09bd7c4c52a03214c9cfb71a20, State: Initialized, Role: FOLLOWER
I20260710 13:26:23.092145 28131 consensus_queue.cc:260] T aea82a1b848e4ac48e3d7591688375d4 P ffd3e647451c4badbd4c04a9dac8522c [NON_LEADER]: Queue going to NON_LEADER mode. State: All replicated index: 0, Majority replicated index: 0, Committed index: 0, Last appended: 0.0, Last appended by leader: 0, Current term: 0, Majority size: -1, State: 0, Mode: NON_LEADER, active raft config: opid_index: -1 OBSOLETE_local: false peers { permanent_uuid: "ffd3e647451c4badbd4c04a9dac8522c" member_type: VOTER last_known_addr { host: "127.26.167.193" port: 35527 } } peers { permanent_uuid: "d443ba09bd7c4c52a03214c9cfb71a20" member_type: VOTER last_known_addr { host: "127.26.167.194" port: 41409 } } peers { permanent_uuid: "ba30a95c2330447abc90c36034447645" member_type: VOTER last_known_addr { host: "127.26.167.195" port: 34753 } }
I20260710 13:26:23.092353 28133 consensus_queue.cc:260] T e730a000a2d5482bbcfb463f5bdfb7ef P d443ba09bd7c4c52a03214c9cfb71a20 [NON_LEADER]: Queue going to NON_LEADER mode. State: All replicated index: 0, Majority replicated index: 0, Committed index: 0, Last appended: 0.0, Last appended by leader: 0, Current term: 0, Majority size: -1, State: 0, Mode: NON_LEADER, active raft config: opid_index: -1 OBSOLETE_local: false peers { permanent_uuid: "ffd3e647451c4badbd4c04a9dac8522c" member_type: VOTER last_known_addr { host: "127.26.167.193" port: 35527 } } peers { permanent_uuid: "d443ba09bd7c4c52a03214c9cfb71a20" member_type: VOTER last_known_addr { host: "127.26.167.194" port: 41409 } } peers { permanent_uuid: "ba30a95c2330447abc90c36034447645" member_type: VOTER last_known_addr { host: "127.26.167.195" port: 34753 } }
I20260710 13:26:23.094481 28137 raft_consensus.cc:697] T e5c795892a144333b61d383a30815638 P ba30a95c2330447abc90c36034447645 [term 1 LEADER]: Becoming Leader. State: Replica: ba30a95c2330447abc90c36034447645, State: Running, Role: LEADER
I20260710 13:26:23.097067 28133 ts_tablet_manager.cc:1434] T e730a000a2d5482bbcfb463f5bdfb7ef P d443ba09bd7c4c52a03214c9cfb71a20: Time spent starting tablet: real 0.009s	user 0.006s	sys 0.001s
I20260710 13:26:23.098201 28133 tablet_bootstrap.cc:492] T aea82a1b848e4ac48e3d7591688375d4 P d443ba09bd7c4c52a03214c9cfb71a20: Bootstrap starting.
I20260710 13:26:23.100927 28131 ts_tablet_manager.cc:1434] T aea82a1b848e4ac48e3d7591688375d4 P ffd3e647451c4badbd4c04a9dac8522c: Time spent starting tablet: real 0.013s	user 0.004s	sys 0.004s
I20260710 13:26:23.095608 28137 consensus_queue.cc:237] T e5c795892a144333b61d383a30815638 P ba30a95c2330447abc90c36034447645 [LEADER]: Queue going to LEADER mode. State: All replicated index: 0, Majority replicated index: 0, Committed index: 0, Last appended: 0.0, Last appended by leader: 0, Current term: 1, Majority size: 2, State: 0, Mode: LEADER, active raft config: opid_index: -1 OBSOLETE_local: false peers { permanent_uuid: "ffd3e647451c4badbd4c04a9dac8522c" member_type: VOTER last_known_addr { host: "127.26.167.193" port: 35527 } } peers { permanent_uuid: "d443ba09bd7c4c52a03214c9cfb71a20" member_type: VOTER last_known_addr { host: "127.26.167.194" port: 41409 } } peers { permanent_uuid: "ba30a95c2330447abc90c36034447645" member_type: VOTER last_known_addr { host: "127.26.167.195" port: 34753 } }
I20260710 13:26:23.104996 28133 tablet_bootstrap.cc:654] T aea82a1b848e4ac48e3d7591688375d4 P d443ba09bd7c4c52a03214c9cfb71a20: Neither blocks nor log segments found. Creating new log.
I20260710 13:26:23.107883 28131 tablet_bootstrap.cc:492] T 1fb47349db3444d0847b19d7ac2c4d20 P ffd3e647451c4badbd4c04a9dac8522c: Bootstrap starting.
I20260710 13:26:23.112896 28132 tablet_bootstrap.cc:492] T e730a000a2d5482bbcfb463f5bdfb7ef P ba30a95c2330447abc90c36034447645: No bootstrap required, opened a new log
I20260710 13:26:23.113569 28132 ts_tablet_manager.cc:1403] T e730a000a2d5482bbcfb463f5bdfb7ef P ba30a95c2330447abc90c36034447645: Time spent bootstrapping tablet: real 0.057s	user 0.022s	sys 0.015s
I20260710 13:26:23.116951 28133 tablet_bootstrap.cc:492] T aea82a1b848e4ac48e3d7591688375d4 P d443ba09bd7c4c52a03214c9cfb71a20: No bootstrap required, opened a new log
I20260710 13:26:23.116634 28132 raft_consensus.cc:359] T e730a000a2d5482bbcfb463f5bdfb7ef P ba30a95c2330447abc90c36034447645 [term 0 FOLLOWER]: Replica starting. Triggering 0 pending ops. Active config: opid_index: -1 OBSOLETE_local: false peers { permanent_uuid: "ffd3e647451c4badbd4c04a9dac8522c" member_type: VOTER last_known_addr { host: "127.26.167.193" port: 35527 } } peers { permanent_uuid: "d443ba09bd7c4c52a03214c9cfb71a20" member_type: VOTER last_known_addr { host: "127.26.167.194" port: 41409 } } peers { permanent_uuid: "ba30a95c2330447abc90c36034447645" member_type: VOTER last_known_addr { host: "127.26.167.195" port: 34753 } }
I20260710 13:26:23.117395 28132 raft_consensus.cc:385] T e730a000a2d5482bbcfb463f5bdfb7ef P ba30a95c2330447abc90c36034447645 [term 0 FOLLOWER]: Consensus starting up: Expiring failure detector timer to make a prompt election more likely
I20260710 13:26:23.117547 28133 ts_tablet_manager.cc:1403] T aea82a1b848e4ac48e3d7591688375d4 P d443ba09bd7c4c52a03214c9cfb71a20: Time spent bootstrapping tablet: real 0.020s	user 0.018s	sys 0.000s
I20260710 13:26:23.117724 28132 raft_consensus.cc:740] T e730a000a2d5482bbcfb463f5bdfb7ef P ba30a95c2330447abc90c36034447645 [term 0 FOLLOWER]: Becoming Follower/Learner. State: Replica: ba30a95c2330447abc90c36034447645, State: Initialized, Role: FOLLOWER
I20260710 13:26:23.118523 28132 consensus_queue.cc:260] T e730a000a2d5482bbcfb463f5bdfb7ef P ba30a95c2330447abc90c36034447645 [NON_LEADER]: Queue going to NON_LEADER mode. State: All replicated index: 0, Majority replicated index: 0, Committed index: 0, Last appended: 0.0, Last appended by leader: 0, Current term: 0, Majority size: -1, State: 0, Mode: NON_LEADER, active raft config: opid_index: -1 OBSOLETE_local: false peers { permanent_uuid: "ffd3e647451c4badbd4c04a9dac8522c" member_type: VOTER last_known_addr { host: "127.26.167.193" port: 35527 } } peers { permanent_uuid: "d443ba09bd7c4c52a03214c9cfb71a20" member_type: VOTER last_known_addr { host: "127.26.167.194" port: 41409 } } peers { permanent_uuid: "ba30a95c2330447abc90c36034447645" member_type: VOTER last_known_addr { host: "127.26.167.195" port: 34753 } }
I20260710 13:26:23.119585 28131 tablet_bootstrap.cc:654] T 1fb47349db3444d0847b19d7ac2c4d20 P ffd3e647451c4badbd4c04a9dac8522c: Neither blocks nor log segments found. Creating new log.
I20260710 13:26:23.120643 28132 ts_tablet_manager.cc:1434] T e730a000a2d5482bbcfb463f5bdfb7ef P ba30a95c2330447abc90c36034447645: Time spent starting tablet: real 0.007s	user 0.004s	sys 0.000s
I20260710 13:26:23.120402 28133 raft_consensus.cc:359] T aea82a1b848e4ac48e3d7591688375d4 P d443ba09bd7c4c52a03214c9cfb71a20 [term 0 FOLLOWER]: Replica starting. Triggering 0 pending ops. Active config: opid_index: -1 OBSOLETE_local: false peers { permanent_uuid: "ffd3e647451c4badbd4c04a9dac8522c" member_type: VOTER last_known_addr { host: "127.26.167.193" port: 35527 } } peers { permanent_uuid: "d443ba09bd7c4c52a03214c9cfb71a20" member_type: VOTER last_known_addr { host: "127.26.167.194" port: 41409 } } peers { permanent_uuid: "ba30a95c2330447abc90c36034447645" member_type: VOTER last_known_addr { host: "127.26.167.195" port: 34753 } }
I20260710 13:26:23.121100 28133 raft_consensus.cc:385] T aea82a1b848e4ac48e3d7591688375d4 P d443ba09bd7c4c52a03214c9cfb71a20 [term 0 FOLLOWER]: Consensus starting up: Expiring failure detector timer to make a prompt election more likely
I20260710 13:26:23.121429 28133 raft_consensus.cc:740] T aea82a1b848e4ac48e3d7591688375d4 P d443ba09bd7c4c52a03214c9cfb71a20 [term 0 FOLLOWER]: Becoming Follower/Learner. State: Replica: d443ba09bd7c4c52a03214c9cfb71a20, State: Initialized, Role: FOLLOWER
I20260710 13:26:23.121654 28132 tablet_bootstrap.cc:492] T 1fb47349db3444d0847b19d7ac2c4d20 P ba30a95c2330447abc90c36034447645: Bootstrap starting.
I20260710 13:26:23.122367 28133 consensus_queue.cc:260] T aea82a1b848e4ac48e3d7591688375d4 P d443ba09bd7c4c52a03214c9cfb71a20 [NON_LEADER]: Queue going to NON_LEADER mode. State: All replicated index: 0, Majority replicated index: 0, Committed index: 0, Last appended: 0.0, Last appended by leader: 0, Current term: 0, Majority size: -1, State: 0, Mode: NON_LEADER, active raft config: opid_index: -1 OBSOLETE_local: false peers { permanent_uuid: "ffd3e647451c4badbd4c04a9dac8522c" member_type: VOTER last_known_addr { host: "127.26.167.193" port: 35527 } } peers { permanent_uuid: "d443ba09bd7c4c52a03214c9cfb71a20" member_type: VOTER last_known_addr { host: "127.26.167.194" port: 41409 } } peers { permanent_uuid: "ba30a95c2330447abc90c36034447645" member_type: VOTER last_known_addr { host: "127.26.167.195" port: 34753 } }
I20260710 13:26:23.128078 28132 tablet_bootstrap.cc:654] T 1fb47349db3444d0847b19d7ac2c4d20 P ba30a95c2330447abc90c36034447645: Neither blocks nor log segments found. Creating new log.
I20260710 13:26:23.128733 27839 catalog_manager.cc:5697] T e5c795892a144333b61d383a30815638 P ba30a95c2330447abc90c36034447645 reported cstate change: term changed from 0 to 1, leader changed from <none> to ba30a95c2330447abc90c36034447645 (127.26.167.195). New cstate: current_term: 1 leader_uuid: "ba30a95c2330447abc90c36034447645" committed_config { opid_index: -1 OBSOLETE_local: false peers { permanent_uuid: "ffd3e647451c4badbd4c04a9dac8522c" member_type: VOTER last_known_addr { host: "127.26.167.193" port: 35527 } health_report { overall_health: UNKNOWN } } peers { permanent_uuid: "d443ba09bd7c4c52a03214c9cfb71a20" member_type: VOTER last_known_addr { host: "127.26.167.194" port: 41409 } health_report { overall_health: UNKNOWN } } peers { permanent_uuid: "ba30a95c2330447abc90c36034447645" member_type: VOTER last_known_addr { host: "127.26.167.195" port: 34753 } health_report { overall_health: HEALTHY } } }
I20260710 13:26:23.133958 28133 ts_tablet_manager.cc:1434] T aea82a1b848e4ac48e3d7591688375d4 P d443ba09bd7c4c52a03214c9cfb71a20: Time spent starting tablet: real 0.016s	user 0.007s	sys 0.000s
I20260710 13:26:23.143805 28133 tablet_bootstrap.cc:492] T 4689cf2108a145c6ae7c45a665d06013 P d443ba09bd7c4c52a03214c9cfb71a20: Bootstrap starting.
I20260710 13:26:23.152760 28133 tablet_bootstrap.cc:654] T 4689cf2108a145c6ae7c45a665d06013 P d443ba09bd7c4c52a03214c9cfb71a20: Neither blocks nor log segments found. Creating new log.
I20260710 13:26:23.161589 28132 tablet_bootstrap.cc:492] T 1fb47349db3444d0847b19d7ac2c4d20 P ba30a95c2330447abc90c36034447645: No bootstrap required, opened a new log
I20260710 13:26:23.162122 28132 ts_tablet_manager.cc:1403] T 1fb47349db3444d0847b19d7ac2c4d20 P ba30a95c2330447abc90c36034447645: Time spent bootstrapping tablet: real 0.041s	user 0.015s	sys 0.024s
I20260710 13:26:23.162456 28131 tablet_bootstrap.cc:492] T 1fb47349db3444d0847b19d7ac2c4d20 P ffd3e647451c4badbd4c04a9dac8522c: No bootstrap required, opened a new log
I20260710 13:26:23.162690 28133 tablet_bootstrap.cc:492] T 4689cf2108a145c6ae7c45a665d06013 P d443ba09bd7c4c52a03214c9cfb71a20: No bootstrap required, opened a new log
I20260710 13:26:23.162858 28131 ts_tablet_manager.cc:1403] T 1fb47349db3444d0847b19d7ac2c4d20 P ffd3e647451c4badbd4c04a9dac8522c: Time spent bootstrapping tablet: real 0.055s	user 0.025s	sys 0.022s
I20260710 13:26:23.163164 28133 ts_tablet_manager.cc:1403] T 4689cf2108a145c6ae7c45a665d06013 P d443ba09bd7c4c52a03214c9cfb71a20: Time spent bootstrapping tablet: real 0.020s	user 0.015s	sys 0.001s
I20260710 13:26:23.164969 28131 raft_consensus.cc:359] T 1fb47349db3444d0847b19d7ac2c4d20 P ffd3e647451c4badbd4c04a9dac8522c [term 0 FOLLOWER]: Replica starting. Triggering 0 pending ops. Active config: opid_index: -1 OBSOLETE_local: false peers { permanent_uuid: "ffd3e647451c4badbd4c04a9dac8522c" member_type: VOTER last_known_addr { host: "127.26.167.193" port: 35527 } } peers { permanent_uuid: "d443ba09bd7c4c52a03214c9cfb71a20" member_type: VOTER last_known_addr { host: "127.26.167.194" port: 41409 } } peers { permanent_uuid: "ba30a95c2330447abc90c36034447645" member_type: VOTER last_known_addr { host: "127.26.167.195" port: 34753 } }
I20260710 13:26:23.165006 28132 raft_consensus.cc:359] T 1fb47349db3444d0847b19d7ac2c4d20 P ba30a95c2330447abc90c36034447645 [term 0 FOLLOWER]: Replica starting. Triggering 0 pending ops. Active config: opid_index: -1 OBSOLETE_local: false peers { permanent_uuid: "ffd3e647451c4badbd4c04a9dac8522c" member_type: VOTER last_known_addr { host: "127.26.167.193" port: 35527 } } peers { permanent_uuid: "d443ba09bd7c4c52a03214c9cfb71a20" member_type: VOTER last_known_addr { host: "127.26.167.194" port: 41409 } } peers { permanent_uuid: "ba30a95c2330447abc90c36034447645" member_type: VOTER last_known_addr { host: "127.26.167.195" port: 34753 } }
I20260710 13:26:23.165678 28131 raft_consensus.cc:385] T 1fb47349db3444d0847b19d7ac2c4d20 P ffd3e647451c4badbd4c04a9dac8522c [term 0 FOLLOWER]: Consensus starting up: Expiring failure detector timer to make a prompt election more likely
I20260710 13:26:23.165879 28132 raft_consensus.cc:385] T 1fb47349db3444d0847b19d7ac2c4d20 P ba30a95c2330447abc90c36034447645 [term 0 FOLLOWER]: Consensus starting up: Expiring failure detector timer to make a prompt election more likely
I20260710 13:26:23.166046 28131 raft_consensus.cc:740] T 1fb47349db3444d0847b19d7ac2c4d20 P ffd3e647451c4badbd4c04a9dac8522c [term 0 FOLLOWER]: Becoming Follower/Learner. State: Replica: ffd3e647451c4badbd4c04a9dac8522c, State: Initialized, Role: FOLLOWER
I20260710 13:26:23.166069 28138 raft_consensus.cc:493] T 1fb47349db3444d0847b19d7ac2c4d20 P d443ba09bd7c4c52a03214c9cfb71a20 [term 0 FOLLOWER]: Starting pre-election (no leader contacted us within the election timeout)
I20260710 13:26:23.166384 28132 raft_consensus.cc:740] T 1fb47349db3444d0847b19d7ac2c4d20 P ba30a95c2330447abc90c36034447645 [term 0 FOLLOWER]: Becoming Follower/Learner. State: Replica: ba30a95c2330447abc90c36034447645, State: Initialized, Role: FOLLOWER
I20260710 13:26:23.166764 28138 raft_consensus.cc:515] T 1fb47349db3444d0847b19d7ac2c4d20 P d443ba09bd7c4c52a03214c9cfb71a20 [term 0 FOLLOWER]: Starting pre-election with config: opid_index: -1 OBSOLETE_local: false peers { permanent_uuid: "ffd3e647451c4badbd4c04a9dac8522c" member_type: VOTER last_known_addr { host: "127.26.167.193" port: 35527 } } peers { permanent_uuid: "d443ba09bd7c4c52a03214c9cfb71a20" member_type: VOTER last_known_addr { host: "127.26.167.194" port: 41409 } } peers { permanent_uuid: "ba30a95c2330447abc90c36034447645" member_type: VOTER last_known_addr { host: "127.26.167.195" port: 34753 } }
I20260710 13:26:23.167042 28131 consensus_queue.cc:260] T 1fb47349db3444d0847b19d7ac2c4d20 P ffd3e647451c4badbd4c04a9dac8522c [NON_LEADER]: Queue going to NON_LEADER mode. State: All replicated index: 0, Majority replicated index: 0, Committed index: 0, Last appended: 0.0, Last appended by leader: 0, Current term: 0, Majority size: -1, State: 0, Mode: NON_LEADER, active raft config: opid_index: -1 OBSOLETE_local: false peers { permanent_uuid: "ffd3e647451c4badbd4c04a9dac8522c" member_type: VOTER last_known_addr { host: "127.26.167.193" port: 35527 } } peers { permanent_uuid: "d443ba09bd7c4c52a03214c9cfb71a20" member_type: VOTER last_known_addr { host: "127.26.167.194" port: 41409 } } peers { permanent_uuid: "ba30a95c2330447abc90c36034447645" member_type: VOTER last_known_addr { host: "127.26.167.195" port: 34753 } }
I20260710 13:26:23.167145 28132 consensus_queue.cc:260] T 1fb47349db3444d0847b19d7ac2c4d20 P ba30a95c2330447abc90c36034447645 [NON_LEADER]: Queue going to NON_LEADER mode. State: All replicated index: 0, Majority replicated index: 0, Committed index: 0, Last appended: 0.0, Last appended by leader: 0, Current term: 0, Majority size: -1, State: 0, Mode: NON_LEADER, active raft config: opid_index: -1 OBSOLETE_local: false peers { permanent_uuid: "ffd3e647451c4badbd4c04a9dac8522c" member_type: VOTER last_known_addr { host: "127.26.167.193" port: 35527 } } peers { permanent_uuid: "d443ba09bd7c4c52a03214c9cfb71a20" member_type: VOTER last_known_addr { host: "127.26.167.194" port: 41409 } } peers { permanent_uuid: "ba30a95c2330447abc90c36034447645" member_type: VOTER last_known_addr { host: "127.26.167.195" port: 34753 } }
I20260710 13:26:23.169400 28131 ts_tablet_manager.cc:1434] T 1fb47349db3444d0847b19d7ac2c4d20 P ffd3e647451c4badbd4c04a9dac8522c: Time spent starting tablet: real 0.006s	user 0.008s	sys 0.000s
I20260710 13:26:23.169529 28132 ts_tablet_manager.cc:1434] T 1fb47349db3444d0847b19d7ac2c4d20 P ba30a95c2330447abc90c36034447645: Time spent starting tablet: real 0.007s	user 0.007s	sys 0.001s
I20260710 13:26:23.170358 28131 tablet_bootstrap.cc:492] T 4689cf2108a145c6ae7c45a665d06013 P ffd3e647451c4badbd4c04a9dac8522c: Bootstrap starting.
I20260710 13:26:23.170472 28132 tablet_bootstrap.cc:492] T 4689cf2108a145c6ae7c45a665d06013 P ba30a95c2330447abc90c36034447645: Bootstrap starting.
I20260710 13:26:23.178197 28132 tablet_bootstrap.cc:654] T 4689cf2108a145c6ae7c45a665d06013 P ba30a95c2330447abc90c36034447645: Neither blocks nor log segments found. Creating new log.
I20260710 13:26:23.178653 28131 tablet_bootstrap.cc:654] T 4689cf2108a145c6ae7c45a665d06013 P ffd3e647451c4badbd4c04a9dac8522c: Neither blocks nor log segments found. Creating new log.
I20260710 13:26:23.179306 28138 leader_election.cc:290] T 1fb47349db3444d0847b19d7ac2c4d20 P d443ba09bd7c4c52a03214c9cfb71a20 [CANDIDATE]: Term 1 pre-election: Requested pre-vote from peers ffd3e647451c4badbd4c04a9dac8522c (127.26.167.193:35527), ba30a95c2330447abc90c36034447645 (127.26.167.195:34753)
I20260710 13:26:23.182689 28133 raft_consensus.cc:359] T 4689cf2108a145c6ae7c45a665d06013 P d443ba09bd7c4c52a03214c9cfb71a20 [term 0 FOLLOWER]: Replica starting. Triggering 0 pending ops. Active config: opid_index: -1 OBSOLETE_local: false peers { permanent_uuid: "ffd3e647451c4badbd4c04a9dac8522c" member_type: VOTER last_known_addr { host: "127.26.167.193" port: 35527 } } peers { permanent_uuid: "d443ba09bd7c4c52a03214c9cfb71a20" member_type: VOTER last_known_addr { host: "127.26.167.194" port: 41409 } } peers { permanent_uuid: "ba30a95c2330447abc90c36034447645" member_type: VOTER last_known_addr { host: "127.26.167.195" port: 34753 } }
I20260710 13:26:23.183488 28133 raft_consensus.cc:385] T 4689cf2108a145c6ae7c45a665d06013 P d443ba09bd7c4c52a03214c9cfb71a20 [term 0 FOLLOWER]: Consensus starting up: Expiring failure detector timer to make a prompt election more likely
I20260710 13:26:23.183781 28133 raft_consensus.cc:740] T 4689cf2108a145c6ae7c45a665d06013 P d443ba09bd7c4c52a03214c9cfb71a20 [term 0 FOLLOWER]: Becoming Follower/Learner. State: Replica: d443ba09bd7c4c52a03214c9cfb71a20, State: Initialized, Role: FOLLOWER
I20260710 13:26:23.185521 28133 consensus_queue.cc:260] T 4689cf2108a145c6ae7c45a665d06013 P d443ba09bd7c4c52a03214c9cfb71a20 [NON_LEADER]: Queue going to NON_LEADER mode. State: All replicated index: 0, Majority replicated index: 0, Committed index: 0, Last appended: 0.0, Last appended by leader: 0, Current term: 0, Majority size: -1, State: 0, Mode: NON_LEADER, active raft config: opid_index: -1 OBSOLETE_local: false peers { permanent_uuid: "ffd3e647451c4badbd4c04a9dac8522c" member_type: VOTER last_known_addr { host: "127.26.167.193" port: 35527 } } peers { permanent_uuid: "d443ba09bd7c4c52a03214c9cfb71a20" member_type: VOTER last_known_addr { host: "127.26.167.194" port: 41409 } } peers { permanent_uuid: "ba30a95c2330447abc90c36034447645" member_type: VOTER last_known_addr { host: "127.26.167.195" port: 34753 } }
I20260710 13:26:23.190688 28138 raft_consensus.cc:493] T aea82a1b848e4ac48e3d7591688375d4 P d443ba09bd7c4c52a03214c9cfb71a20 [term 0 FOLLOWER]: Starting pre-election (no leader contacted us within the election timeout)
I20260710 13:26:23.191155 28138 raft_consensus.cc:515] T aea82a1b848e4ac48e3d7591688375d4 P d443ba09bd7c4c52a03214c9cfb71a20 [term 0 FOLLOWER]: Starting pre-election with config: opid_index: -1 OBSOLETE_local: false peers { permanent_uuid: "ffd3e647451c4badbd4c04a9dac8522c" member_type: VOTER last_known_addr { host: "127.26.167.193" port: 35527 } } peers { permanent_uuid: "d443ba09bd7c4c52a03214c9cfb71a20" member_type: VOTER last_known_addr { host: "127.26.167.194" port: 41409 } } peers { permanent_uuid: "ba30a95c2330447abc90c36034447645" member_type: VOTER last_known_addr { host: "127.26.167.195" port: 34753 } }
I20260710 13:26:23.193327 28138 leader_election.cc:290] T aea82a1b848e4ac48e3d7591688375d4 P d443ba09bd7c4c52a03214c9cfb71a20 [CANDIDATE]: Term 1 pre-election: Requested pre-vote from peers ffd3e647451c4badbd4c04a9dac8522c (127.26.167.193:35527), ba30a95c2330447abc90c36034447645 (127.26.167.195:34753)
I20260710 13:26:23.193894 28091 tablet_service.cc:1917] Received RequestConsensusVote() RPC: tablet_id: "1fb47349db3444d0847b19d7ac2c4d20" candidate_uuid: "d443ba09bd7c4c52a03214c9cfb71a20" candidate_term: 1 candidate_status { last_received { term: 0 index: 0 } } ignore_live_leader: false dest_uuid: "ba30a95c2330447abc90c36034447645" is_pre_election: true
I20260710 13:26:23.194506 28091 raft_consensus.cc:2468] T 1fb47349db3444d0847b19d7ac2c4d20 P ba30a95c2330447abc90c36034447645 [term 0 FOLLOWER]: Leader pre-election vote request: Granting yes vote for candidate d443ba09bd7c4c52a03214c9cfb71a20 in term 0.
I20260710 13:26:23.196259 27981 leader_election.cc:304] T 1fb47349db3444d0847b19d7ac2c4d20 P d443ba09bd7c4c52a03214c9cfb71a20 [CANDIDATE]: Term 1 pre-election: Election decided. Result: candidate won. Election summary: received 2 responses out of 3 voters: 2 yes votes; 0 no votes. yes voters: ba30a95c2330447abc90c36034447645, d443ba09bd7c4c52a03214c9cfb71a20; no voters: 
I20260710 13:26:23.196570 28091 tablet_service.cc:1917] Received RequestConsensusVote() RPC: tablet_id: "aea82a1b848e4ac48e3d7591688375d4" candidate_uuid: "d443ba09bd7c4c52a03214c9cfb71a20" candidate_term: 1 candidate_status { last_received { term: 0 index: 0 } } ignore_live_leader: false dest_uuid: "ba30a95c2330447abc90c36034447645" is_pre_election: true
I20260710 13:26:23.197316 28138 raft_consensus.cc:2804] T 1fb47349db3444d0847b19d7ac2c4d20 P d443ba09bd7c4c52a03214c9cfb71a20 [term 0 FOLLOWER]: Leader pre-election won for term 1
I20260710 13:26:23.197767 28138 raft_consensus.cc:493] T 1fb47349db3444d0847b19d7ac2c4d20 P d443ba09bd7c4c52a03214c9cfb71a20 [term 0 FOLLOWER]: Starting leader election (no leader contacted us within the election timeout)
I20260710 13:26:23.197520 28091 raft_consensus.cc:2468] T aea82a1b848e4ac48e3d7591688375d4 P ba30a95c2330447abc90c36034447645 [term 0 FOLLOWER]: Leader pre-election vote request: Granting yes vote for candidate d443ba09bd7c4c52a03214c9cfb71a20 in term 0.
I20260710 13:26:23.199139 27981 leader_election.cc:304] T aea82a1b848e4ac48e3d7591688375d4 P d443ba09bd7c4c52a03214c9cfb71a20 [CANDIDATE]: Term 1 pre-election: Election decided. Result: candidate won. Election summary: received 2 responses out of 3 voters: 2 yes votes; 0 no votes. yes voters: ba30a95c2330447abc90c36034447645, d443ba09bd7c4c52a03214c9cfb71a20; no voters: 
I20260710 13:26:23.200850 28138 raft_consensus.cc:3060] T 1fb47349db3444d0847b19d7ac2c4d20 P d443ba09bd7c4c52a03214c9cfb71a20 [term 0 FOLLOWER]: Advancing to term 1
I20260710 13:26:23.201056 28162 raft_consensus.cc:2804] T aea82a1b848e4ac48e3d7591688375d4 P d443ba09bd7c4c52a03214c9cfb71a20 [term 0 FOLLOWER]: Leader pre-election won for term 1
I20260710 13:26:23.201453 28162 raft_consensus.cc:493] T aea82a1b848e4ac48e3d7591688375d4 P d443ba09bd7c4c52a03214c9cfb71a20 [term 0 FOLLOWER]: Starting leader election (no leader contacted us within the election timeout)
I20260710 13:26:23.201813 28162 raft_consensus.cc:3060] T aea82a1b848e4ac48e3d7591688375d4 P d443ba09bd7c4c52a03214c9cfb71a20 [term 0 FOLLOWER]: Advancing to term 1
I20260710 13:26:23.207580 28133 ts_tablet_manager.cc:1434] T 4689cf2108a145c6ae7c45a665d06013 P d443ba09bd7c4c52a03214c9cfb71a20: Time spent starting tablet: real 0.044s	user 0.007s	sys 0.002s
I20260710 13:26:23.208359 28162 raft_consensus.cc:515] T aea82a1b848e4ac48e3d7591688375d4 P d443ba09bd7c4c52a03214c9cfb71a20 [term 1 FOLLOWER]: Starting leader election with config: opid_index: -1 OBSOLETE_local: false peers { permanent_uuid: "ffd3e647451c4badbd4c04a9dac8522c" member_type: VOTER last_known_addr { host: "127.26.167.193" port: 35527 } } peers { permanent_uuid: "d443ba09bd7c4c52a03214c9cfb71a20" member_type: VOTER last_known_addr { host: "127.26.167.194" port: 41409 } } peers { permanent_uuid: "ba30a95c2330447abc90c36034447645" member_type: VOTER last_known_addr { host: "127.26.167.195" port: 34753 } }
I20260710 13:26:23.212723 28137 raft_consensus.cc:493] T e730a000a2d5482bbcfb463f5bdfb7ef P ba30a95c2330447abc90c36034447645 [term 0 FOLLOWER]: Starting pre-election (no leader contacted us within the election timeout)
I20260710 13:26:23.213636 28139 raft_consensus.cc:493] T 8b0be43155984fd9aa77eba97597243d P ffd3e647451c4badbd4c04a9dac8522c [term 0 FOLLOWER]: Starting pre-election (no leader contacted us within the election timeout)
I20260710 13:26:23.214087 28139 raft_consensus.cc:515] T 8b0be43155984fd9aa77eba97597243d P ffd3e647451c4badbd4c04a9dac8522c [term 0 FOLLOWER]: Starting pre-election with config: opid_index: -1 OBSOLETE_local: false peers { permanent_uuid: "ba30a95c2330447abc90c36034447645" member_type: VOTER last_known_addr { host: "127.26.167.195" port: 34753 } } peers { permanent_uuid: "d443ba09bd7c4c52a03214c9cfb71a20" member_type: VOTER last_known_addr { host: "127.26.167.194" port: 41409 } } peers { permanent_uuid: "ffd3e647451c4badbd4c04a9dac8522c" member_type: VOTER last_known_addr { host: "127.26.167.193" port: 35527 } }
I20260710 13:26:23.214701 28133 tablet_bootstrap.cc:492] T 589572c46feb41ce963e33bb757f3385 P d443ba09bd7c4c52a03214c9cfb71a20: Bootstrap starting.
I20260710 13:26:23.216125 28139 leader_election.cc:290] T 8b0be43155984fd9aa77eba97597243d P ffd3e647451c4badbd4c04a9dac8522c [CANDIDATE]: Term 1 pre-election: Requested pre-vote from peers ba30a95c2330447abc90c36034447645 (127.26.167.195:34753), d443ba09bd7c4c52a03214c9cfb71a20 (127.26.167.194:41409)
W20260710 13:26:23.217996 27888 auto_rebalancer.cc:288] Could not retrieve cluster info: Service unavailable: Tablet not running
I20260710 13:26:23.213665 28137 raft_consensus.cc:515] T e730a000a2d5482bbcfb463f5bdfb7ef P ba30a95c2330447abc90c36034447645 [term 0 FOLLOWER]: Starting pre-election with config: opid_index: -1 OBSOLETE_local: false peers { permanent_uuid: "ffd3e647451c4badbd4c04a9dac8522c" member_type: VOTER last_known_addr { host: "127.26.167.193" port: 35527 } } peers { permanent_uuid: "d443ba09bd7c4c52a03214c9cfb71a20" member_type: VOTER last_known_addr { host: "127.26.167.194" port: 41409 } } peers { permanent_uuid: "ba30a95c2330447abc90c36034447645" member_type: VOTER last_known_addr { host: "127.26.167.195" port: 34753 } }
I20260710 13:26:23.218555 28017 tablet_service.cc:1917] Received RequestConsensusVote() RPC: tablet_id: "8b0be43155984fd9aa77eba97597243d" candidate_uuid: "ffd3e647451c4badbd4c04a9dac8522c" candidate_term: 1 candidate_status { last_received { term: 0 index: 0 } } ignore_live_leader: false dest_uuid: "d443ba09bd7c4c52a03214c9cfb71a20" is_pre_election: true
I20260710 13:26:23.219362 28017 raft_consensus.cc:2468] T 8b0be43155984fd9aa77eba97597243d P d443ba09bd7c4c52a03214c9cfb71a20 [term 0 FOLLOWER]: Leader pre-election vote request: Granting yes vote for candidate ffd3e647451c4badbd4c04a9dac8522c in term 0.
I20260710 13:26:23.219738 28137 leader_election.cc:290] T e730a000a2d5482bbcfb463f5bdfb7ef P ba30a95c2330447abc90c36034447645 [CANDIDATE]: Term 1 pre-election: Requested pre-vote from peers ffd3e647451c4badbd4c04a9dac8522c (127.26.167.193:35527), d443ba09bd7c4c52a03214c9cfb71a20 (127.26.167.194:41409)
I20260710 13:26:23.217808 28091 tablet_service.cc:1917] Received RequestConsensusVote() RPC: tablet_id: "8b0be43155984fd9aa77eba97597243d" candidate_uuid: "ffd3e647451c4badbd4c04a9dac8522c" candidate_term: 1 candidate_status { last_received { term: 0 index: 0 } } ignore_live_leader: false dest_uuid: "ba30a95c2330447abc90c36034447645" is_pre_election: true
I20260710 13:26:23.220453 27942 tablet_service.cc:1917] Received RequestConsensusVote() RPC: tablet_id: "e730a000a2d5482bbcfb463f5bdfb7ef" candidate_uuid: "ba30a95c2330447abc90c36034447645" candidate_term: 1 candidate_status { last_received { term: 0 index: 0 } } ignore_live_leader: false dest_uuid: "ffd3e647451c4badbd4c04a9dac8522c" is_pre_election: true
