I20260710 13:26:30.540639 28345 leader_election.cc:304] T 856f1749d5df415c8ee574a64259874f P b0867452f6204cb9bb5eb8f0504d66c1 [CANDIDATE]: Term 1 pre-election: Election decided. Result: candidate lost. Election summary: received 3 responses out of 3 voters: 1 yes votes; 2 no votes. yes voters: b0867452f6204cb9bb5eb8f0504d66c1; no voters: 65a1df6643174ccb92f9b69b0dd01897, 73b9c9c4d02f4caea1a44548a3495175
I20260710 13:26:30.541514 28498 raft_consensus.cc:3060] T 856f1749d5df415c8ee574a64259874f P b0867452f6204cb9bb5eb8f0504d66c1 [term 0 FOLLOWER]: Advancing to term 1
I20260710 13:26:30.541944 28421 tablet_bootstrap.cc:492] T 5594262a55ff461dbea6adc9f507a4d8 P b0867452f6204cb9bb5eb8f0504d66c1: Bootstrap starting.
I20260710 13:26:30.533325 28420 raft_consensus.cc:359] T 6d47ae45a4064332af976746d7cebfb7 P 65a1df6643174ccb92f9b69b0dd01897 [term 0 FOLLOWER]: Replica starting. Triggering 0 pending ops. Active config: opid_index: -1 OBSOLETE_local: false peers { permanent_uuid: "65a1df6643174ccb92f9b69b0dd01897" member_type: VOTER last_known_addr { host: "127.26.124.193" port: 45357 } } peers { permanent_uuid: "73b9c9c4d02f4caea1a44548a3495175" member_type: VOTER last_known_addr { host: "127.26.124.194" port: 42343 } } peers { permanent_uuid: "b0867452f6204cb9bb5eb8f0504d66c1" member_type: VOTER last_known_addr { host: "127.26.124.195" port: 37387 } }
I20260710 13:26:30.545768 28420 raft_consensus.cc:385] T 6d47ae45a4064332af976746d7cebfb7 P 65a1df6643174ccb92f9b69b0dd01897 [term 0 FOLLOWER]: Consensus starting up: Expiring failure detector timer to make a prompt election more likely
I20260710 13:26:30.546052 28420 raft_consensus.cc:740] T 6d47ae45a4064332af976746d7cebfb7 P 65a1df6643174ccb92f9b69b0dd01897 [term 0 FOLLOWER]: Becoming Follower/Learner. State: Replica: 65a1df6643174ccb92f9b69b0dd01897, State: Initialized, Role: FOLLOWER
I20260710 13:26:30.546181 28422 tablet_bootstrap.cc:654] T 44be5189214f472eb9d743d59ccd8e61 P 73b9c9c4d02f4caea1a44548a3495175: Neither blocks nor log segments found. Creating new log.
I20260710 13:26:30.546700 28420 consensus_queue.cc:260] T 6d47ae45a4064332af976746d7cebfb7 P 65a1df6643174ccb92f9b69b0dd01897 [NON_LEADER]: Queue going to NON_LEADER mode. State: All replicated index: 0, Majority replicated index: 0, Committed index: 0, Last appended: 0.0, Last appended by leader: 0, Current term: 0, Majority size: -1, State: 0, Mode: NON_LEADER, active raft config: opid_index: -1 OBSOLETE_local: false peers { permanent_uuid: "65a1df6643174ccb92f9b69b0dd01897" member_type: VOTER last_known_addr { host: "127.26.124.193" port: 45357 } } peers { permanent_uuid: "73b9c9c4d02f4caea1a44548a3495175" member_type: VOTER last_known_addr { host: "127.26.124.194" port: 42343 } } peers { permanent_uuid: "b0867452f6204cb9bb5eb8f0504d66c1" member_type: VOTER last_known_addr { host: "127.26.124.195" port: 37387 } }
I20260710 13:26:30.548831 28421 tablet_bootstrap.cc:654] T 5594262a55ff461dbea6adc9f507a4d8 P b0867452f6204cb9bb5eb8f0504d66c1: Neither blocks nor log segments found. Creating new log.
I20260710 13:26:30.549755 28420 ts_tablet_manager.cc:1434] T 6d47ae45a4064332af976746d7cebfb7 P 65a1df6643174ccb92f9b69b0dd01897: Time spent starting tablet: real 0.019s	user 0.004s	sys 0.002s
I20260710 13:26:30.550685 28420 tablet_bootstrap.cc:492] T 312575ddc37248ab81664c515ced2fca P 65a1df6643174ccb92f9b69b0dd01897: Bootstrap starting.
I20260710 13:26:30.561185 28421 tablet_bootstrap.cc:492] T 5594262a55ff461dbea6adc9f507a4d8 P b0867452f6204cb9bb5eb8f0504d66c1: No bootstrap required, opened a new log
I20260710 13:26:30.561966 28421 ts_tablet_manager.cc:1403] T 5594262a55ff461dbea6adc9f507a4d8 P b0867452f6204cb9bb5eb8f0504d66c1: Time spent bootstrapping tablet: real 0.020s	user 0.004s	sys 0.011s
I20260710 13:26:30.562659 28498 raft_consensus.cc:2749] T 856f1749d5df415c8ee574a64259874f P b0867452f6204cb9bb5eb8f0504d66c1 [term 1 FOLLOWER]: Leader pre-election lost for term 1. Reason: could not achieve majority
I20260710 13:26:30.564400 28421 raft_consensus.cc:359] T 5594262a55ff461dbea6adc9f507a4d8 P b0867452f6204cb9bb5eb8f0504d66c1 [term 0 FOLLOWER]: Replica starting. Triggering 0 pending ops. Active config: opid_index: -1 OBSOLETE_local: false peers { permanent_uuid: "65a1df6643174ccb92f9b69b0dd01897" member_type: VOTER last_known_addr { host: "127.26.124.193" port: 45357 } } peers { permanent_uuid: "73b9c9c4d02f4caea1a44548a3495175" member_type: VOTER last_known_addr { host: "127.26.124.194" port: 42343 } } peers { permanent_uuid: "b0867452f6204cb9bb5eb8f0504d66c1" member_type: VOTER last_known_addr { host: "127.26.124.195" port: 37387 } }
I20260710 13:26:30.565030 28421 raft_consensus.cc:385] T 5594262a55ff461dbea6adc9f507a4d8 P b0867452f6204cb9bb5eb8f0504d66c1 [term 0 FOLLOWER]: Consensus starting up: Expiring failure detector timer to make a prompt election more likely
I20260710 13:26:30.565268 28421 raft_consensus.cc:740] T 5594262a55ff461dbea6adc9f507a4d8 P b0867452f6204cb9bb5eb8f0504d66c1 [term 0 FOLLOWER]: Becoming Follower/Learner. State: Replica: b0867452f6204cb9bb5eb8f0504d66c1, State: Initialized, Role: FOLLOWER
I20260710 13:26:30.566071 28422 tablet_bootstrap.cc:492] T 44be5189214f472eb9d743d59ccd8e61 P 73b9c9c4d02f4caea1a44548a3495175: No bootstrap required, opened a new log
I20260710 13:26:30.565961 28421 consensus_queue.cc:260] T 5594262a55ff461dbea6adc9f507a4d8 P b0867452f6204cb9bb5eb8f0504d66c1 [NON_LEADER]: Queue going to NON_LEADER mode. State: All replicated index: 0, Majority replicated index: 0, Committed index: 0, Last appended: 0.0, Last appended by leader: 0, Current term: 0, Majority size: -1, State: 0, Mode: NON_LEADER, active raft config: opid_index: -1 OBSOLETE_local: false peers { permanent_uuid: "65a1df6643174ccb92f9b69b0dd01897" member_type: VOTER last_known_addr { host: "127.26.124.193" port: 45357 } } peers { permanent_uuid: "73b9c9c4d02f4caea1a44548a3495175" member_type: VOTER last_known_addr { host: "127.26.124.194" port: 42343 } } peers { permanent_uuid: "b0867452f6204cb9bb5eb8f0504d66c1" member_type: VOTER last_known_addr { host: "127.26.124.195" port: 37387 } }
I20260710 13:26:30.566452 28422 ts_tablet_manager.cc:1403] T 44be5189214f472eb9d743d59ccd8e61 P 73b9c9c4d02f4caea1a44548a3495175: Time spent bootstrapping tablet: real 0.030s	user 0.017s	sys 0.003s
I20260710 13:26:30.567806 28421 ts_tablet_manager.cc:1434] T 5594262a55ff461dbea6adc9f507a4d8 P b0867452f6204cb9bb5eb8f0504d66c1: Time spent starting tablet: real 0.006s	user 0.005s	sys 0.000s
I20260710 13:26:30.568787 28422 raft_consensus.cc:359] T 44be5189214f472eb9d743d59ccd8e61 P 73b9c9c4d02f4caea1a44548a3495175 [term 0 FOLLOWER]: Replica starting. Triggering 0 pending ops. Active config: opid_index: -1 OBSOLETE_local: false peers { permanent_uuid: "65a1df6643174ccb92f9b69b0dd01897" member_type: VOTER last_known_addr { host: "127.26.124.193" port: 45357 } } peers { permanent_uuid: "73b9c9c4d02f4caea1a44548a3495175" member_type: VOTER last_known_addr { host: "127.26.124.194" port: 42343 } } peers { permanent_uuid: "b0867452f6204cb9bb5eb8f0504d66c1" member_type: VOTER last_known_addr { host: "127.26.124.195" port: 37387 } }
I20260710 13:26:30.569427 28422 raft_consensus.cc:385] T 44be5189214f472eb9d743d59ccd8e61 P 73b9c9c4d02f4caea1a44548a3495175 [term 0 FOLLOWER]: Consensus starting up: Expiring failure detector timer to make a prompt election more likely
I20260710 13:26:30.569659 28422 raft_consensus.cc:740] T 44be5189214f472eb9d743d59ccd8e61 P 73b9c9c4d02f4caea1a44548a3495175 [term 0 FOLLOWER]: Becoming Follower/Learner. State: Replica: 73b9c9c4d02f4caea1a44548a3495175, State: Initialized, Role: FOLLOWER
I20260710 13:26:30.570888 28421 tablet_bootstrap.cc:492] T 7cb182e16cc640e985cbf9059dd68cb6 P b0867452f6204cb9bb5eb8f0504d66c1: Bootstrap starting.
I20260710 13:26:30.570230 28422 consensus_queue.cc:260] T 44be5189214f472eb9d743d59ccd8e61 P 73b9c9c4d02f4caea1a44548a3495175 [NON_LEADER]: Queue going to NON_LEADER mode. State: All replicated index: 0, Majority replicated index: 0, Committed index: 0, Last appended: 0.0, Last appended by leader: 0, Current term: 0, Majority size: -1, State: 0, Mode: NON_LEADER, active raft config: opid_index: -1 OBSOLETE_local: false peers { permanent_uuid: "65a1df6643174ccb92f9b69b0dd01897" member_type: VOTER last_known_addr { host: "127.26.124.193" port: 45357 } } peers { permanent_uuid: "73b9c9c4d02f4caea1a44548a3495175" member_type: VOTER last_known_addr { host: "127.26.124.194" port: 42343 } } peers { permanent_uuid: "b0867452f6204cb9bb5eb8f0504d66c1" member_type: VOTER last_known_addr { host: "127.26.124.195" port: 37387 } }
I20260710 13:26:30.572233 28420 tablet_bootstrap.cc:654] T 312575ddc37248ab81664c515ced2fca P 65a1df6643174ccb92f9b69b0dd01897: Neither blocks nor log segments found. Creating new log.
I20260710 13:26:30.572508 28422 ts_tablet_manager.cc:1434] T 44be5189214f472eb9d743d59ccd8e61 P 73b9c9c4d02f4caea1a44548a3495175: Time spent starting tablet: real 0.006s	user 0.005s	sys 0.001s
I20260710 13:26:30.575438 28422 tablet_bootstrap.cc:492] T 6d47ae45a4064332af976746d7cebfb7 P 73b9c9c4d02f4caea1a44548a3495175: Bootstrap starting.
I20260710 13:26:30.580358 28421 tablet_bootstrap.cc:654] T 7cb182e16cc640e985cbf9059dd68cb6 P b0867452f6204cb9bb5eb8f0504d66c1: Neither blocks nor log segments found. Creating new log.
I20260710 13:26:30.581240 28422 tablet_bootstrap.cc:654] T 6d47ae45a4064332af976746d7cebfb7 P 73b9c9c4d02f4caea1a44548a3495175: Neither blocks nor log segments found. Creating new log.
I20260710 13:26:30.581198 28475 raft_consensus.cc:493] T 5594262a55ff461dbea6adc9f507a4d8 P 73b9c9c4d02f4caea1a44548a3495175 [term 0 FOLLOWER]: Starting pre-election (no leader contacted us within the election timeout)
I20260710 13:26:30.581761 28475 raft_consensus.cc:515] T 5594262a55ff461dbea6adc9f507a4d8 P 73b9c9c4d02f4caea1a44548a3495175 [term 0 FOLLOWER]: Starting pre-election with config: opid_index: -1 OBSOLETE_local: false peers { permanent_uuid: "65a1df6643174ccb92f9b69b0dd01897" member_type: VOTER last_known_addr { host: "127.26.124.193" port: 45357 } } peers { permanent_uuid: "73b9c9c4d02f4caea1a44548a3495175" member_type: VOTER last_known_addr { host: "127.26.124.194" port: 42343 } } peers { permanent_uuid: "b0867452f6204cb9bb5eb8f0504d66c1" member_type: VOTER last_known_addr { host: "127.26.124.195" port: 37387 } }
I20260710 13:26:30.583267 28420 tablet_bootstrap.cc:492] T 312575ddc37248ab81664c515ced2fca P 65a1df6643174ccb92f9b69b0dd01897: No bootstrap required, opened a new log
I20260710 13:26:30.583747 28420 ts_tablet_manager.cc:1403] T 312575ddc37248ab81664c515ced2fca P 65a1df6643174ccb92f9b69b0dd01897: Time spent bootstrapping tablet: real 0.033s	user 0.013s	sys 0.003s
I20260710 13:26:30.583750 28475 leader_election.cc:290] T 5594262a55ff461dbea6adc9f507a4d8 P 73b9c9c4d02f4caea1a44548a3495175 [CANDIDATE]: Term 1 pre-election: Requested pre-vote from peers 65a1df6643174ccb92f9b69b0dd01897 (127.26.124.193:45357), b0867452f6204cb9bb5eb8f0504d66c1 (127.26.124.195:37387)
I20260710 13:26:30.585355 28378 tablet_service.cc:1917] Received RequestConsensusVote() RPC: tablet_id: "5594262a55ff461dbea6adc9f507a4d8" candidate_uuid: "73b9c9c4d02f4caea1a44548a3495175" candidate_term: 1 candidate_status { last_received { term: 0 index: 0 } } ignore_live_leader: false dest_uuid: "b0867452f6204cb9bb5eb8f0504d66c1" is_pre_election: true
I20260710 13:26:30.586012 28378 raft_consensus.cc:2468] T 5594262a55ff461dbea6adc9f507a4d8 P b0867452f6204cb9bb5eb8f0504d66c1 [term 0 FOLLOWER]: Leader pre-election vote request: Granting yes vote for candidate 73b9c9c4d02f4caea1a44548a3495175 in term 0.
I20260710 13:26:30.587105 28420 raft_consensus.cc:359] T 312575ddc37248ab81664c515ced2fca P 65a1df6643174ccb92f9b69b0dd01897 [term 0 FOLLOWER]: Replica starting. Triggering 0 pending ops. Active config: opid_index: -1 OBSOLETE_local: false peers { permanent_uuid: "65a1df6643174ccb92f9b69b0dd01897" member_type: VOTER last_known_addr { host: "127.26.124.193" port: 45357 } } peers { permanent_uuid: "73b9c9c4d02f4caea1a44548a3495175" member_type: VOTER last_known_addr { host: "127.26.124.194" port: 42343 } } peers { permanent_uuid: "b0867452f6204cb9bb5eb8f0504d66c1" member_type: VOTER last_known_addr { host: "127.26.124.195" port: 37387 } }
I20260710 13:26:30.587864 28420 raft_consensus.cc:385] T 312575ddc37248ab81664c515ced2fca P 65a1df6643174ccb92f9b69b0dd01897 [term 0 FOLLOWER]: Consensus starting up: Expiring failure detector timer to make a prompt election more likely
I20260710 13:26:30.588030 28225 tablet_service.cc:1917] Received RequestConsensusVote() RPC: tablet_id: "5594262a55ff461dbea6adc9f507a4d8" candidate_uuid: "73b9c9c4d02f4caea1a44548a3495175" candidate_term: 1 candidate_status { last_received { term: 0 index: 0 } } ignore_live_leader: false dest_uuid: "65a1df6643174ccb92f9b69b0dd01897" is_pre_election: true
I20260710 13:26:30.588213 28420 raft_consensus.cc:740] T 312575ddc37248ab81664c515ced2fca P 65a1df6643174ccb92f9b69b0dd01897 [term 0 FOLLOWER]: Becoming Follower/Learner. State: Replica: 65a1df6643174ccb92f9b69b0dd01897, State: Initialized, Role: FOLLOWER
I20260710 13:26:30.588678 28225 raft_consensus.cc:2468] T 5594262a55ff461dbea6adc9f507a4d8 P 65a1df6643174ccb92f9b69b0dd01897 [term 0 FOLLOWER]: Leader pre-election vote request: Granting yes vote for candidate 73b9c9c4d02f4caea1a44548a3495175 in term 0.
I20260710 13:26:30.589265 28420 consensus_queue.cc:260] T 312575ddc37248ab81664c515ced2fca P 65a1df6643174ccb92f9b69b0dd01897 [NON_LEADER]: Queue going to NON_LEADER mode. State: All replicated index: 0, Majority replicated index: 0, Committed index: 0, Last appended: 0.0, Last appended by leader: 0, Current term: 0, Majority size: -1, State: 0, Mode: NON_LEADER, active raft config: opid_index: -1 OBSOLETE_local: false peers { permanent_uuid: "65a1df6643174ccb92f9b69b0dd01897" member_type: VOTER last_known_addr { host: "127.26.124.193" port: 45357 } } peers { permanent_uuid: "73b9c9c4d02f4caea1a44548a3495175" member_type: VOTER last_known_addr { host: "127.26.124.194" port: 42343 } } peers { permanent_uuid: "b0867452f6204cb9bb5eb8f0504d66c1" member_type: VOTER last_known_addr { host: "127.26.124.195" port: 37387 } }
I20260710 13:26:30.590545 28270 leader_election.cc:304] T 5594262a55ff461dbea6adc9f507a4d8 P 73b9c9c4d02f4caea1a44548a3495175 [CANDIDATE]: Term 1 pre-election: Election decided. Result: candidate won. Election summary: received 2 responses out of 3 voters: 2 yes votes; 0 no votes. yes voters: 73b9c9c4d02f4caea1a44548a3495175, b0867452f6204cb9bb5eb8f0504d66c1; no voters: 
I20260710 13:26:30.591035 28421 tablet_bootstrap.cc:492] T 7cb182e16cc640e985cbf9059dd68cb6 P b0867452f6204cb9bb5eb8f0504d66c1: No bootstrap required, opened a new log
I20260710 13:26:30.591305 28475 raft_consensus.cc:2804] T 5594262a55ff461dbea6adc9f507a4d8 P 73b9c9c4d02f4caea1a44548a3495175 [term 0 FOLLOWER]: Leader pre-election won for term 1
I20260710 13:26:30.591426 28421 ts_tablet_manager.cc:1403] T 7cb182e16cc640e985cbf9059dd68cb6 P b0867452f6204cb9bb5eb8f0504d66c1: Time spent bootstrapping tablet: real 0.021s	user 0.011s	sys 0.003s
I20260710 13:26:30.591650 28475 raft_consensus.cc:493] T 5594262a55ff461dbea6adc9f507a4d8 P 73b9c9c4d02f4caea1a44548a3495175 [term 0 FOLLOWER]: Starting leader election (no leader contacted us within the election timeout)
I20260710 13:26:30.591992 28475 raft_consensus.cc:3060] T 5594262a55ff461dbea6adc9f507a4d8 P 73b9c9c4d02f4caea1a44548a3495175 [term 0 FOLLOWER]: Advancing to term 1
I20260710 13:26:30.593814 28421 raft_consensus.cc:359] T 7cb182e16cc640e985cbf9059dd68cb6 P b0867452f6204cb9bb5eb8f0504d66c1 [term 0 FOLLOWER]: Replica starting. Triggering 0 pending ops. Active config: opid_index: -1 OBSOLETE_local: false peers { permanent_uuid: "65a1df6643174ccb92f9b69b0dd01897" member_type: VOTER last_known_addr { host: "127.26.124.193" port: 45357 } } peers { permanent_uuid: "73b9c9c4d02f4caea1a44548a3495175" member_type: VOTER last_known_addr { host: "127.26.124.194" port: 42343 } } peers { permanent_uuid: "b0867452f6204cb9bb5eb8f0504d66c1" member_type: VOTER last_known_addr { host: "127.26.124.195" port: 37387 } }
I20260710 13:26:30.594432 28421 raft_consensus.cc:385] T 7cb182e16cc640e985cbf9059dd68cb6 P b0867452f6204cb9bb5eb8f0504d66c1 [term 0 FOLLOWER]: Consensus starting up: Expiring failure detector timer to make a prompt election more likely
I20260710 13:26:30.594677 28421 raft_consensus.cc:740] T 7cb182e16cc640e985cbf9059dd68cb6 P b0867452f6204cb9bb5eb8f0504d66c1 [term 0 FOLLOWER]: Becoming Follower/Learner. State: Replica: b0867452f6204cb9bb5eb8f0504d66c1, State: Initialized, Role: FOLLOWER
I20260710 13:26:30.595489 28420 ts_tablet_manager.cc:1434] T 312575ddc37248ab81664c515ced2fca P 65a1df6643174ccb92f9b69b0dd01897: Time spent starting tablet: real 0.011s	user 0.003s	sys 0.003s
I20260710 13:26:30.595444 28421 consensus_queue.cc:260] T 7cb182e16cc640e985cbf9059dd68cb6 P b0867452f6204cb9bb5eb8f0504d66c1 [NON_LEADER]: Queue going to NON_LEADER mode. State: All replicated index: 0, Majority replicated index: 0, Committed index: 0, Last appended: 0.0, Last appended by leader: 0, Current term: 0, Majority size: -1, State: 0, Mode: NON_LEADER, active raft config: opid_index: -1 OBSOLETE_local: false peers { permanent_uuid: "65a1df6643174ccb92f9b69b0dd01897" member_type: VOTER last_known_addr { host: "127.26.124.193" port: 45357 } } peers { permanent_uuid: "73b9c9c4d02f4caea1a44548a3495175" member_type: VOTER last_known_addr { host: "127.26.124.194" port: 42343 } } peers { permanent_uuid: "b0867452f6204cb9bb5eb8f0504d66c1" member_type: VOTER last_known_addr { host: "127.26.124.195" port: 37387 } }
I20260710 13:26:30.596681 28420 tablet_bootstrap.cc:492] T 15657c2203c344c8ad12eebf1cbf08f3 P 65a1df6643174ccb92f9b69b0dd01897: Bootstrap starting.
I20260710 13:26:30.601178 28421 ts_tablet_manager.cc:1434] T 7cb182e16cc640e985cbf9059dd68cb6 P b0867452f6204cb9bb5eb8f0504d66c1: Time spent starting tablet: real 0.009s	user 0.006s	sys 0.001s
I20260710 13:26:30.602231 28421 tablet_bootstrap.cc:492] T 44be5189214f472eb9d743d59ccd8e61 P b0867452f6204cb9bb5eb8f0504d66c1: Bootstrap starting.
I20260710 13:26:30.603585 28420 tablet_bootstrap.cc:654] T 15657c2203c344c8ad12eebf1cbf08f3 P 65a1df6643174ccb92f9b69b0dd01897: Neither blocks nor log segments found. Creating new log.
I20260710 13:26:30.607985 28526 consensus_queue.cc:1048] T 8e54dee87d624b2da645f664a520ca40 P 65a1df6643174ccb92f9b69b0dd01897 [LEADER]: Connected to new peer: Peer: permanent_uuid: "73b9c9c4d02f4caea1a44548a3495175" member_type: VOTER last_known_addr { host: "127.26.124.194" port: 42343 }, Status: LMP_MISMATCH, Last received: 0.0, Next index: 1, Last known committed idx: 0, Time since last communication: 0.000s
I20260710 13:26:30.609025 28421 tablet_bootstrap.cc:654] T 44be5189214f472eb9d743d59ccd8e61 P b0867452f6204cb9bb5eb8f0504d66c1: Neither blocks nor log segments found. Creating new log.
I20260710 13:26:30.613332 28475 raft_consensus.cc:515] T 5594262a55ff461dbea6adc9f507a4d8 P 73b9c9c4d02f4caea1a44548a3495175 [term 1 FOLLOWER]: Starting leader election with config: opid_index: -1 OBSOLETE_local: false peers { permanent_uuid: "65a1df6643174ccb92f9b69b0dd01897" member_type: VOTER last_known_addr { host: "127.26.124.193" port: 45357 } } peers { permanent_uuid: "73b9c9c4d02f4caea1a44548a3495175" member_type: VOTER last_known_addr { host: "127.26.124.194" port: 42343 } } peers { permanent_uuid: "b0867452f6204cb9bb5eb8f0504d66c1" member_type: VOTER last_known_addr { host: "127.26.124.195" port: 37387 } }
I20260710 13:26:30.616163 28225 tablet_service.cc:1917] Received RequestConsensusVote() RPC: tablet_id: "5594262a55ff461dbea6adc9f507a4d8" candidate_uuid: "73b9c9c4d02f4caea1a44548a3495175" candidate_term: 1 candidate_status { last_received { term: 0 index: 0 } } ignore_live_leader: false dest_uuid: "65a1df6643174ccb92f9b69b0dd01897"
I20260710 13:26:30.616784 28225 raft_consensus.cc:3060] T 5594262a55ff461dbea6adc9f507a4d8 P 65a1df6643174ccb92f9b69b0dd01897 [term 0 FOLLOWER]: Advancing to term 1
I20260710 13:26:30.623786 28225 raft_consensus.cc:2468] T 5594262a55ff461dbea6adc9f507a4d8 P 65a1df6643174ccb92f9b69b0dd01897 [term 1 FOLLOWER]: Leader election vote request: Granting yes vote for candidate 73b9c9c4d02f4caea1a44548a3495175 in term 1.
I20260710 13:26:30.625039 28269 leader_election.cc:304] T 5594262a55ff461dbea6adc9f507a4d8 P 73b9c9c4d02f4caea1a44548a3495175 [CANDIDATE]: Term 1 election: Election decided. Result: candidate won. Election summary: received 2 responses out of 3 voters: 2 yes votes; 0 no votes. yes voters: 65a1df6643174ccb92f9b69b0dd01897, 73b9c9c4d02f4caea1a44548a3495175; no voters: 
I20260710 13:26:30.625921 28470 raft_consensus.cc:2804] T 5594262a55ff461dbea6adc9f507a4d8 P 73b9c9c4d02f4caea1a44548a3495175 [term 1 FOLLOWER]: Leader election won for term 1
I20260710 13:26:30.626384 28470 raft_consensus.cc:697] T 5594262a55ff461dbea6adc9f507a4d8 P 73b9c9c4d02f4caea1a44548a3495175 [term 1 LEADER]: Becoming Leader. State: Replica: 73b9c9c4d02f4caea1a44548a3495175, State: Running, Role: LEADER
I20260710 13:26:30.627192 28470 consensus_queue.cc:237] T 5594262a55ff461dbea6adc9f507a4d8 P 73b9c9c4d02f4caea1a44548a3495175 [LEADER]: Queue going to LEADER mode. State: All replicated index: 0, Majority replicated index: 0, Committed index: 0, Last appended: 0.0, Last appended by leader: 0, Current term: 1, Majority size: 2, State: 0, Mode: LEADER, active raft config: opid_index: -1 OBSOLETE_local: false peers { permanent_uuid: "65a1df6643174ccb92f9b69b0dd01897" member_type: VOTER last_known_addr { host: "127.26.124.193" port: 45357 } } peers { permanent_uuid: "73b9c9c4d02f4caea1a44548a3495175" member_type: VOTER last_known_addr { host: "127.26.124.194" port: 42343 } } peers { permanent_uuid: "b0867452f6204cb9bb5eb8f0504d66c1" member_type: VOTER last_known_addr { host: "127.26.124.195" port: 37387 } }
I20260710 13:26:30.634596 28378 tablet_service.cc:1917] Received RequestConsensusVote() RPC: tablet_id: "5594262a55ff461dbea6adc9f507a4d8" candidate_uuid: "73b9c9c4d02f4caea1a44548a3495175" candidate_term: 1 candidate_status { last_received { term: 0 index: 0 } } ignore_live_leader: false dest_uuid: "b0867452f6204cb9bb5eb8f0504d66c1"
I20260710 13:26:30.634450 28475 leader_election.cc:290] T 5594262a55ff461dbea6adc9f507a4d8 P 73b9c9c4d02f4caea1a44548a3495175 [CANDIDATE]: Term 1 election: Requested vote from peers 65a1df6643174ccb92f9b69b0dd01897 (127.26.124.193:45357), b0867452f6204cb9bb5eb8f0504d66c1 (127.26.124.195:37387)
I20260710 13:26:30.635270 28378 raft_consensus.cc:3060] T 5594262a55ff461dbea6adc9f507a4d8 P b0867452f6204cb9bb5eb8f0504d66c1 [term 0 FOLLOWER]: Advancing to term 1
I20260710 13:26:30.641234 28429 raft_consensus.cc:493] T 87cc77543c9e41228a1ba59721979485 P 73b9c9c4d02f4caea1a44548a3495175 [term 0 FOLLOWER]: Starting pre-election (no leader contacted us within the election timeout)
I20260710 13:26:30.641788 28429 raft_consensus.cc:515] T 87cc77543c9e41228a1ba59721979485 P 73b9c9c4d02f4caea1a44548a3495175 [term 0 FOLLOWER]: Starting pre-election with config: opid_index: -1 OBSOLETE_local: false peers { permanent_uuid: "65a1df6643174ccb92f9b69b0dd01897" member_type: VOTER last_known_addr { host: "127.26.124.193" port: 45357 } } peers { permanent_uuid: "73b9c9c4d02f4caea1a44548a3495175" member_type: VOTER last_known_addr { host: "127.26.124.194" port: 42343 } } peers { permanent_uuid: "b0867452f6204cb9bb5eb8f0504d66c1" member_type: VOTER last_known_addr { host: "127.26.124.195" port: 37387 } }
I20260710 13:26:30.643903 28429 leader_election.cc:290] T 87cc77543c9e41228a1ba59721979485 P 73b9c9c4d02f4caea1a44548a3495175 [CANDIDATE]: Term 1 pre-election: Requested pre-vote from peers 65a1df6643174ccb92f9b69b0dd01897 (127.26.124.193:45357), b0867452f6204cb9bb5eb8f0504d66c1 (127.26.124.195:37387)
I20260710 13:26:30.645473 28380 tablet_service.cc:1917] Received RequestConsensusVote() RPC: tablet_id: "87cc77543c9e41228a1ba59721979485" candidate_uuid: "73b9c9c4d02f4caea1a44548a3495175" candidate_term: 1 candidate_status { last_received { term: 0 index: 0 } } ignore_live_leader: false dest_uuid: "b0867452f6204cb9bb5eb8f0504d66c1" is_pre_election: true
I20260710 13:26:30.645750 28378 raft_consensus.cc:2468] T 5594262a55ff461dbea6adc9f507a4d8 P b0867452f6204cb9bb5eb8f0504d66c1 [term 1 FOLLOWER]: Leader election vote request: Granting yes vote for candidate 73b9c9c4d02f4caea1a44548a3495175 in term 1.
W20260710 13:26:30.646970 28270 leader_election.cc:343] T 87cc77543c9e41228a1ba59721979485 P 73b9c9c4d02f4caea1a44548a3495175 [CANDIDATE]: Term 1 pre-election: Tablet error from VoteRequest() call to peer b0867452f6204cb9bb5eb8f0504d66c1 (127.26.124.195:37387): Illegal state: must be running to vote when last-logged opid is not known
I20260710 13:26:30.663873 28420 tablet_bootstrap.cc:492] T 15657c2203c344c8ad12eebf1cbf08f3 P 65a1df6643174ccb92f9b69b0dd01897: No bootstrap required, opened a new log
I20260710 13:26:30.664474 28420 ts_tablet_manager.cc:1403] T 15657c2203c344c8ad12eebf1cbf08f3 P 65a1df6643174ccb92f9b69b0dd01897: Time spent bootstrapping tablet: real 0.068s	user 0.011s	sys 0.002s
I20260710 13:26:30.663879 28421 tablet_bootstrap.cc:492] T 44be5189214f472eb9d743d59ccd8e61 P b0867452f6204cb9bb5eb8f0504d66c1: No bootstrap required, opened a new log
I20260710 13:26:30.665189 28421 ts_tablet_manager.cc:1403] T 44be5189214f472eb9d743d59ccd8e61 P b0867452f6204cb9bb5eb8f0504d66c1: Time spent bootstrapping tablet: real 0.063s	user 0.027s	sys 0.022s
I20260710 13:26:30.665458 28127 catalog_manager.cc:5697] T 5594262a55ff461dbea6adc9f507a4d8 P 73b9c9c4d02f4caea1a44548a3495175 reported cstate change: term changed from 0 to 1, leader changed from <none> to 73b9c9c4d02f4caea1a44548a3495175 (127.26.124.194). New cstate: current_term: 1 leader_uuid: "73b9c9c4d02f4caea1a44548a3495175" committed_config { opid_index: -1 OBSOLETE_local: false peers { permanent_uuid: "65a1df6643174ccb92f9b69b0dd01897" member_type: VOTER last_known_addr { host: "127.26.124.193" port: 45357 } health_report { overall_health: UNKNOWN } } peers { permanent_uuid: "73b9c9c4d02f4caea1a44548a3495175" member_type: VOTER last_known_addr { host: "127.26.124.194" port: 42343 } health_report { overall_health: HEALTHY } } peers { permanent_uuid: "b0867452f6204cb9bb5eb8f0504d66c1" member_type: VOTER last_known_addr { host: "127.26.124.195" port: 37387 } health_report { overall_health: UNKNOWN } } }
I20260710 13:26:30.655359 28225 tablet_service.cc:1917] Received RequestConsensusVote() RPC: tablet_id: "87cc77543c9e41228a1ba59721979485" candidate_uuid: "73b9c9c4d02f4caea1a44548a3495175" candidate_term: 1 candidate_status { last_received { term: 0 index: 0 } } ignore_live_leader: false dest_uuid: "65a1df6643174ccb92f9b69b0dd01897" is_pre_election: true
I20260710 13:26:30.671027 28422 tablet_bootstrap.cc:492] T 6d47ae45a4064332af976746d7cebfb7 P 73b9c9c4d02f4caea1a44548a3495175: No bootstrap required, opened a new log
I20260710 13:26:30.671468 28422 ts_tablet_manager.cc:1403] T 6d47ae45a4064332af976746d7cebfb7 P 73b9c9c4d02f4caea1a44548a3495175: Time spent bootstrapping tablet: real 0.096s	user 0.042s	sys 0.044s
I20260710 13:26:30.672981 28526 consensus_queue.cc:1048] T 8e54dee87d624b2da645f664a520ca40 P 65a1df6643174ccb92f9b69b0dd01897 [LEADER]: Connected to new peer: Peer: permanent_uuid: "b0867452f6204cb9bb5eb8f0504d66c1" member_type: VOTER last_known_addr { host: "127.26.124.195" port: 37387 }, Status: LMP_MISMATCH, Last received: 0.0, Next index: 1, Last known committed idx: 0, Time since last communication: 0.000s
I20260710 13:26:30.675997 28225 raft_consensus.cc:2468] T 87cc77543c9e41228a1ba59721979485 P 65a1df6643174ccb92f9b69b0dd01897 [term 0 FOLLOWER]: Leader pre-election vote request: Granting yes vote for candidate 73b9c9c4d02f4caea1a44548a3495175 in term 0.
I20260710 13:26:30.676440 28420 raft_consensus.cc:359] T 15657c2203c344c8ad12eebf1cbf08f3 P 65a1df6643174ccb92f9b69b0dd01897 [term 0 FOLLOWER]: Replica starting. Triggering 0 pending ops. Active config: opid_index: -1 OBSOLETE_local: false peers { permanent_uuid: "65a1df6643174ccb92f9b69b0dd01897" member_type: VOTER last_known_addr { host: "127.26.124.193" port: 45357 } } peers { permanent_uuid: "73b9c9c4d02f4caea1a44548a3495175" member_type: VOTER last_known_addr { host: "127.26.124.194" port: 42343 } } peers { permanent_uuid: "b0867452f6204cb9bb5eb8f0504d66c1" member_type: VOTER last_known_addr { host: "127.26.124.195" port: 37387 } }
I20260710 13:26:30.681099 28420 raft_consensus.cc:385] T 15657c2203c344c8ad12eebf1cbf08f3 P 65a1df6643174ccb92f9b69b0dd01897 [term 0 FOLLOWER]: Consensus starting up: Expiring failure detector timer to make a prompt election more likely
I20260710 13:26:30.681380 28420 raft_consensus.cc:740] T 15657c2203c344c8ad12eebf1cbf08f3 P 65a1df6643174ccb92f9b69b0dd01897 [term 0 FOLLOWER]: Becoming Follower/Learner. State: Replica: 65a1df6643174ccb92f9b69b0dd01897, State: Initialized, Role: FOLLOWER
I20260710 13:26:30.681994 28420 consensus_queue.cc:260] T 15657c2203c344c8ad12eebf1cbf08f3 P 65a1df6643174ccb92f9b69b0dd01897 [NON_LEADER]: Queue going to NON_LEADER mode. State: All replicated index: 0, Majority replicated index: 0, Committed index: 0, Last appended: 0.0, Last appended by leader: 0, Current term: 0, Majority size: -1, State: 0, Mode: NON_LEADER, active raft config: opid_index: -1 OBSOLETE_local: false peers { permanent_uuid: "65a1df6643174ccb92f9b69b0dd01897" member_type: VOTER last_known_addr { host: "127.26.124.193" port: 45357 } } peers { permanent_uuid: "73b9c9c4d02f4caea1a44548a3495175" member_type: VOTER last_known_addr { host: "127.26.124.194" port: 42343 } } peers { permanent_uuid: "b0867452f6204cb9bb5eb8f0504d66c1" member_type: VOTER last_known_addr { host: "127.26.124.195" port: 37387 } }
I20260710 13:26:30.682816 28498 consensus_queue.cc:1048] T 7a7e20527d47409f8ec385cf8b32ad22 P b0867452f6204cb9bb5eb8f0504d66c1 [LEADER]: Connected to new peer: Peer: permanent_uuid: "73b9c9c4d02f4caea1a44548a3495175" member_type: VOTER last_known_addr { host: "127.26.124.194" port: 42343 }, Status: LMP_MISMATCH, Last received: 0.0, Next index: 1, Last known committed idx: 0, Time since last communication: 0.000s
I20260710 13:26:30.682994 28421 raft_consensus.cc:359] T 44be5189214f472eb9d743d59ccd8e61 P b0867452f6204cb9bb5eb8f0504d66c1 [term 0 FOLLOWER]: Replica starting. Triggering 0 pending ops. Active config: opid_index: -1 OBSOLETE_local: false peers { permanent_uuid: "65a1df6643174ccb92f9b69b0dd01897" member_type: VOTER last_known_addr { host: "127.26.124.193" port: 45357 } } peers { permanent_uuid: "73b9c9c4d02f4caea1a44548a3495175" member_type: VOTER last_known_addr { host: "127.26.124.194" port: 42343 } } peers { permanent_uuid: "b0867452f6204cb9bb5eb8f0504d66c1" member_type: VOTER last_known_addr { host: "127.26.124.195" port: 37387 } }
I20260710 13:26:30.683568 28421 raft_consensus.cc:385] T 44be5189214f472eb9d743d59ccd8e61 P b0867452f6204cb9bb5eb8f0504d66c1 [term 0 FOLLOWER]: Consensus starting up: Expiring failure detector timer to make a prompt election more likely
I20260710 13:26:30.683828 28421 raft_consensus.cc:740] T 44be5189214f472eb9d743d59ccd8e61 P b0867452f6204cb9bb5eb8f0504d66c1 [term 0 FOLLOWER]: Becoming Follower/Learner. State: Replica: b0867452f6204cb9bb5eb8f0504d66c1, State: Initialized, Role: FOLLOWER
I20260710 13:26:30.679387 28269 leader_election.cc:304] T 87cc77543c9e41228a1ba59721979485 P 73b9c9c4d02f4caea1a44548a3495175 [CANDIDATE]: Term 1 pre-election: Election decided. Result: candidate won. Election summary: received 3 responses out of 3 voters: 2 yes votes; 1 no votes. yes voters: 65a1df6643174ccb92f9b69b0dd01897, 73b9c9c4d02f4caea1a44548a3495175; no voters: b0867452f6204cb9bb5eb8f0504d66c1
I20260710 13:26:30.680408 28422 raft_consensus.cc:359] T 6d47ae45a4064332af976746d7cebfb7 P 73b9c9c4d02f4caea1a44548a3495175 [term 0 FOLLOWER]: Replica starting. Triggering 0 pending ops. Active config: opid_index: -1 OBSOLETE_local: false peers { permanent_uuid: "65a1df6643174ccb92f9b69b0dd01897" member_type: VOTER last_known_addr { host: "127.26.124.193" port: 45357 } } peers { permanent_uuid: "73b9c9c4d02f4caea1a44548a3495175" member_type: VOTER last_known_addr { host: "127.26.124.194" port: 42343 } } peers { permanent_uuid: "b0867452f6204cb9bb5eb8f0504d66c1" member_type: VOTER last_known_addr { host: "127.26.124.195" port: 37387 } }
I20260710 13:26:30.684824 28422 raft_consensus.cc:385] T 6d47ae45a4064332af976746d7cebfb7 P 73b9c9c4d02f4caea1a44548a3495175 [term 0 FOLLOWER]: Consensus starting up: Expiring failure detector timer to make a prompt election more likely
I20260710 13:26:30.684778 28421 consensus_queue.cc:260] T 44be5189214f472eb9d743d59ccd8e61 P b0867452f6204cb9bb5eb8f0504d66c1 [NON_LEADER]: Queue going to NON_LEADER mode. State: All replicated index: 0, Majority replicated index: 0, Committed index: 0, Last appended: 0.0, Last appended by leader: 0, Current term: 0, Majority size: -1, State: 0, Mode: NON_LEADER, active raft config: opid_index: -1 OBSOLETE_local: false peers { permanent_uuid: "65a1df6643174ccb92f9b69b0dd01897" member_type: VOTER last_known_addr { host: "127.26.124.193" port: 45357 } } peers { permanent_uuid: "73b9c9c4d02f4caea1a44548a3495175" member_type: VOTER last_known_addr { host: "127.26.124.194" port: 42343 } } peers { permanent_uuid: "b0867452f6204cb9bb5eb8f0504d66c1" member_type: VOTER last_known_addr { host: "127.26.124.195" port: 37387 } }
I20260710 13:26:30.685177 28422 raft_consensus.cc:740] T 6d47ae45a4064332af976746d7cebfb7 P 73b9c9c4d02f4caea1a44548a3495175 [term 0 FOLLOWER]: Becoming Follower/Learner. State: Replica: 73b9c9c4d02f4caea1a44548a3495175, State: Initialized, Role: FOLLOWER
I20260710 13:26:30.683914 28420 ts_tablet_manager.cc:1434] T 15657c2203c344c8ad12eebf1cbf08f3 P 65a1df6643174ccb92f9b69b0dd01897: Time spent starting tablet: real 0.019s	user 0.003s	sys 0.001s
I20260710 13:26:30.685488 28475 raft_consensus.cc:2804] T 87cc77543c9e41228a1ba59721979485 P 73b9c9c4d02f4caea1a44548a3495175 [term 0 FOLLOWER]: Leader pre-election won for term 1
I20260710 13:26:30.685846 28475 raft_consensus.cc:493] T 87cc77543c9e41228a1ba59721979485 P 73b9c9c4d02f4caea1a44548a3495175 [term 0 FOLLOWER]: Starting leader election (no leader contacted us within the election timeout)
I20260710 13:26:30.686250 28421 ts_tablet_manager.cc:1434] T 44be5189214f472eb9d743d59ccd8e61 P b0867452f6204cb9bb5eb8f0504d66c1: Time spent starting tablet: real 0.019s	user 0.004s	sys 0.000s
I20260710 13:26:30.686168 28475 raft_consensus.cc:3060] T 87cc77543c9e41228a1ba59721979485 P 73b9c9c4d02f4caea1a44548a3495175 [term 0 FOLLOWER]: Advancing to term 1
I20260710 13:26:30.686259 28420 tablet_bootstrap.cc:492] T 7cb182e16cc640e985cbf9059dd68cb6 P 65a1df6643174ccb92f9b69b0dd01897: Bootstrap starting.
I20260710 13:26:30.687131 28421 tablet_bootstrap.cc:492] T 87cc77543c9e41228a1ba59721979485 P b0867452f6204cb9bb5eb8f0504d66c1: Bootstrap starting.
I20260710 13:26:30.692162 28420 tablet_bootstrap.cc:654] T 7cb182e16cc640e985cbf9059dd68cb6 P 65a1df6643174ccb92f9b69b0dd01897: Neither blocks nor log segments found. Creating new log.
I20260710 13:26:30.693069 28421 tablet_bootstrap.cc:654] T 87cc77543c9e41228a1ba59721979485 P b0867452f6204cb9bb5eb8f0504d66c1: Neither blocks nor log segments found. Creating new log.
I20260710 13:26:30.693323 28475 raft_consensus.cc:515] T 87cc77543c9e41228a1ba59721979485 P 73b9c9c4d02f4caea1a44548a3495175 [term 1 FOLLOWER]: Starting leader election with config: opid_index: -1 OBSOLETE_local: false peers { permanent_uuid: "65a1df6643174ccb92f9b69b0dd01897" member_type: VOTER last_known_addr { host: "127.26.124.193" port: 45357 } } peers { permanent_uuid: "73b9c9c4d02f4caea1a44548a3495175" member_type: VOTER last_known_addr { host: "127.26.124.194" port: 42343 } } peers { permanent_uuid: "b0867452f6204cb9bb5eb8f0504d66c1" member_type: VOTER last_known_addr { host: "127.26.124.195" port: 37387 } }
I20260710 13:26:30.694814 28422 consensus_queue.cc:260] T 6d47ae45a4064332af976746d7cebfb7 P 73b9c9c4d02f4caea1a44548a3495175 [NON_LEADER]: Queue going to NON_LEADER mode. State: All replicated index: 0, Majority replicated index: 0, Committed index: 0, Last appended: 0.0, Last appended by leader: 0, Current term: 0, Majority size: -1, State: 0, Mode: NON_LEADER, active raft config: opid_index: -1 OBSOLETE_local: false peers { permanent_uuid: "65a1df6643174ccb92f9b69b0dd01897" member_type: VOTER last_known_addr { host: "127.26.124.193" port: 45357 } } peers { permanent_uuid: "73b9c9c4d02f4caea1a44548a3495175" member_type: VOTER last_known_addr { host: "127.26.124.194" port: 42343 } } peers { permanent_uuid: "b0867452f6204cb9bb5eb8f0504d66c1" member_type: VOTER last_known_addr { host: "127.26.124.195" port: 37387 } }
I20260710 13:26:30.696519 28225 tablet_service.cc:1917] Received RequestConsensusVote() RPC: tablet_id: "87cc77543c9e41228a1ba59721979485" candidate_uuid: "73b9c9c4d02f4caea1a44548a3495175" candidate_term: 1 candidate_status { last_received { term: 0 index: 0 } } ignore_live_leader: false dest_uuid: "65a1df6643174ccb92f9b69b0dd01897"
I20260710 13:26:30.697113 28225 raft_consensus.cc:3060] T 87cc77543c9e41228a1ba59721979485 P 65a1df6643174ccb92f9b69b0dd01897 [term 0 FOLLOWER]: Advancing to term 1
I20260710 13:26:30.697352 28422 ts_tablet_manager.cc:1434] T 6d47ae45a4064332af976746d7cebfb7 P 73b9c9c4d02f4caea1a44548a3495175: Time spent starting tablet: real 0.026s	user 0.006s	sys 0.002s
I20260710 13:26:30.698216 28422 tablet_bootstrap.cc:492] T daf991eacf6343beb10aff715d1f0dda P 73b9c9c4d02f4caea1a44548a3495175: Bootstrap starting.
I20260710 13:26:30.703852 28422 tablet_bootstrap.cc:654] T daf991eacf6343beb10aff715d1f0dda P 73b9c9c4d02f4caea1a44548a3495175: Neither blocks nor log segments found. Creating new log.
I20260710 13:26:30.703709 28225 raft_consensus.cc:2468] T 87cc77543c9e41228a1ba59721979485 P 65a1df6643174ccb92f9b69b0dd01897 [term 1 FOLLOWER]: Leader election vote request: Granting yes vote for candidate 73b9c9c4d02f4caea1a44548a3495175 in term 1.
I20260710 13:26:30.705197 28269 leader_election.cc:304] T 87cc77543c9e41228a1ba59721979485 P 73b9c9c4d02f4caea1a44548a3495175 [CANDIDATE]: Term 1 election: Election decided. Result: candidate won. Election summary: received 2 responses out of 3 voters: 2 yes votes; 0 no votes. yes voters: 65a1df6643174ccb92f9b69b0dd01897, 73b9c9c4d02f4caea1a44548a3495175; no voters: 
I20260710 13:26:30.706072 28470 raft_consensus.cc:2804] T 87cc77543c9e41228a1ba59721979485 P 73b9c9c4d02f4caea1a44548a3495175 [term 1 FOLLOWER]: Leader election won for term 1
I20260710 13:26:30.706518 28470 raft_consensus.cc:697] T 87cc77543c9e41228a1ba59721979485 P 73b9c9c4d02f4caea1a44548a3495175 [term 1 LEADER]: Becoming Leader. State: Replica: 73b9c9c4d02f4caea1a44548a3495175, State: Running, Role: LEADER
I20260710 13:26:30.707221 28420 tablet_bootstrap.cc:492] T 7cb182e16cc640e985cbf9059dd68cb6 P 65a1df6643174ccb92f9b69b0dd01897: No bootstrap required, opened a new log
I20260710 13:26:30.707715 28420 ts_tablet_manager.cc:1403] T 7cb182e16cc640e985cbf9059dd68cb6 P 65a1df6643174ccb92f9b69b0dd01897: Time spent bootstrapping tablet: real 0.022s	user 0.004s	sys 0.004s
I20260710 13:26:30.707314 28470 consensus_queue.cc:237] T 87cc77543c9e41228a1ba59721979485 P 73b9c9c4d02f4caea1a44548a3495175 [LEADER]: Queue going to LEADER mode. State: All replicated index: 0, Majority replicated index: 0, Committed index: 0, Last appended: 0.0, Last appended by leader: 0, Current term: 1, Majority size: 2, State: 0, Mode: LEADER, active raft config: opid_index: -1 OBSOLETE_local: false peers { permanent_uuid: "65a1df6643174ccb92f9b69b0dd01897" member_type: VOTER last_known_addr { host: "127.26.124.193" port: 45357 } } peers { permanent_uuid: "73b9c9c4d02f4caea1a44548a3495175" member_type: VOTER last_known_addr { host: "127.26.124.194" port: 42343 } } peers { permanent_uuid: "b0867452f6204cb9bb5eb8f0504d66c1" member_type: VOTER last_known_addr { host: "127.26.124.195" port: 37387 } }
I20260710 13:26:30.709874 28498 raft_consensus.cc:493] T daf991eacf6343beb10aff715d1f0dda P b0867452f6204cb9bb5eb8f0504d66c1 [term 0 FOLLOWER]: Starting pre-election (no leader contacted us within the election timeout)
I20260710 13:26:30.710389 28498 raft_consensus.cc:515] T daf991eacf6343beb10aff715d1f0dda P b0867452f6204cb9bb5eb8f0504d66c1 [term 0 FOLLOWER]: Starting pre-election with config: opid_index: -1 OBSOLETE_local: false peers { permanent_uuid: "65a1df6643174ccb92f9b69b0dd01897" member_type: VOTER last_known_addr { host: "127.26.124.193" port: 45357 } } peers { permanent_uuid: "73b9c9c4d02f4caea1a44548a3495175" member_type: VOTER last_known_addr { host: "127.26.124.194" port: 42343 } } peers { permanent_uuid: "b0867452f6204cb9bb5eb8f0504d66c1" member_type: VOTER last_known_addr { host: "127.26.124.195" port: 37387 } }
I20260710 13:26:30.710310 28420 raft_consensus.cc:359] T 7cb182e16cc640e985cbf9059dd68cb6 P 65a1df6643174ccb92f9b69b0dd01897 [term 0 FOLLOWER]: Replica starting. Triggering 0 pending ops. Active config: opid_index: -1 OBSOLETE_local: false peers { permanent_uuid: "65a1df6643174ccb92f9b69b0dd01897" member_type: VOTER last_known_addr { host: "127.26.124.193" port: 45357 } } peers { permanent_uuid: "73b9c9c4d02f4caea1a44548a3495175" member_type: VOTER last_known_addr { host: "127.26.124.194" port: 42343 } } peers { permanent_uuid: "b0867452f6204cb9bb5eb8f0504d66c1" member_type: VOTER last_known_addr { host: "127.26.124.195" port: 37387 } }
I20260710 13:26:30.713263 28429 raft_consensus.cc:493] T 44be5189214f472eb9d743d59ccd8e61 P 73b9c9c4d02f4caea1a44548a3495175 [term 0 FOLLOWER]: Starting pre-election (no leader contacted us within the election timeout)
I20260710 13:26:30.713614 28420 raft_consensus.cc:385] T 7cb182e16cc640e985cbf9059dd68cb6 P 65a1df6643174ccb92f9b69b0dd01897 [term 0 FOLLOWER]: Consensus starting up: Expiring failure detector timer to make a prompt election more likely
I20260710 13:26:30.713899 28420 raft_consensus.cc:740] T 7cb182e16cc640e985cbf9059dd68cb6 P 65a1df6643174ccb92f9b69b0dd01897 [term 0 FOLLOWER]: Becoming Follower/Learner. State: Replica: 65a1df6643174ccb92f9b69b0dd01897, State: Initialized, Role: FOLLOWER
I20260710 13:26:30.713729 28429 raft_consensus.cc:515] T 44be5189214f472eb9d743d59ccd8e61 P 73b9c9c4d02f4caea1a44548a3495175 [term 0 FOLLOWER]: Starting pre-election with config: opid_index: -1 OBSOLETE_local: false peers { permanent_uuid: "65a1df6643174ccb92f9b69b0dd01897" member_type: VOTER last_known_addr { host: "127.26.124.193" port: 45357 } } peers { permanent_uuid: "73b9c9c4d02f4caea1a44548a3495175" member_type: VOTER last_known_addr { host: "127.26.124.194" port: 42343 } } peers { permanent_uuid: "b0867452f6204cb9bb5eb8f0504d66c1" member_type: VOTER last_known_addr { host: "127.26.124.195" port: 37387 } }
I20260710 13:26:30.714711 28420 consensus_queue.cc:260] T 7cb182e16cc640e985cbf9059dd68cb6 P 65a1df6643174ccb92f9b69b0dd01897 [NON_LEADER]: Queue going to NON_LEADER mode. State: All replicated index: 0, Majority replicated index: 0, Committed index: 0, Last appended: 0.0, Last appended by leader: 0, Current term: 0, Majority size: -1, State: 0, Mode: NON_LEADER, active raft config: opid_index: -1 OBSOLETE_local: false peers { permanent_uuid: "65a1df6643174ccb92f9b69b0dd01897" member_type: VOTER last_known_addr { host: "127.26.124.193" port: 45357 } } peers { permanent_uuid: "73b9c9c4d02f4caea1a44548a3495175" member_type: VOTER last_known_addr { host: "127.26.124.194" port: 42343 } } peers { permanent_uuid: "b0867452f6204cb9bb5eb8f0504d66c1" member_type: VOTER last_known_addr { host: "127.26.124.195" port: 37387 } }
I20260710 13:26:30.715126 28498 leader_election.cc:290] T daf991eacf6343beb10aff715d1f0dda P b0867452f6204cb9bb5eb8f0504d66c1 [CANDIDATE]: Term 1 pre-election: Requested pre-vote from peers 65a1df6643174ccb92f9b69b0dd01897 (127.26.124.193:45357), 73b9c9c4d02f4caea1a44548a3495175 (127.26.124.194:42343)
I20260710 13:26:30.715932 28429 leader_election.cc:290] T 44be5189214f472eb9d743d59ccd8e61 P 73b9c9c4d02f4caea1a44548a3495175 [CANDIDATE]: Term 1 pre-election: Requested pre-vote from peers 65a1df6643174ccb92f9b69b0dd01897 (127.26.124.193:45357), b0867452f6204cb9bb5eb8f0504d66c1 (127.26.124.195:37387)
I20260710 13:26:30.716820 28420 ts_tablet_manager.cc:1434] T 7cb182e16cc640e985cbf9059dd68cb6 P 65a1df6643174ccb92f9b69b0dd01897: Time spent starting tablet: real 0.009s	user 0.007s	sys 0.001s
I20260710 13:26:30.717707 28420 tablet_bootstrap.cc:492] T 16a14a5596334ece93b8a7d6d59b3ab0 P 65a1df6643174ccb92f9b69b0dd01897: Bootstrap starting.
I20260710 13:26:30.717880 28306 tablet_service.cc:1917] Received RequestConsensusVote() RPC: tablet_id: "daf991eacf6343beb10aff715d1f0dda" candidate_uuid: "b0867452f6204cb9bb5eb8f0504d66c1" candidate_term: 1 candidate_status { last_received { term: 0 index: 0 } } ignore_live_leader: false dest_uuid: "73b9c9c4d02f4caea1a44548a3495175" is_pre_election: true
I20260710 13:26:30.720840 28230 tablet_service.cc:1917] Received RequestConsensusVote() RPC: tablet_id: "44be5189214f472eb9d743d59ccd8e61" candidate_uuid: "73b9c9c4d02f4caea1a44548a3495175" candidate_term: 1 candidate_status { last_received { term: 0 index: 0 } } ignore_live_leader: false dest_uuid: "65a1df6643174ccb92f9b69b0dd01897" is_pre_election: true
I20260710 13:26:30.720914 28424 consensus_queue.cc:1048] T 7a7e20527d47409f8ec385cf8b32ad22 P b0867452f6204cb9bb5eb8f0504d66c1 [LEADER]: Connected to new peer: Peer: permanent_uuid: "65a1df6643174ccb92f9b69b0dd01897" member_type: VOTER last_known_addr { host: "127.26.124.193" port: 45357 }, Status: LMP_MISMATCH, Last received: 0.0, Next index: 1, Last known committed idx: 0, Time since last communication: 0.000s
I20260710 13:26:30.721504 28230 raft_consensus.cc:2468] T 44be5189214f472eb9d743d59ccd8e61 P 65a1df6643174ccb92f9b69b0dd01897 [term 0 FOLLOWER]: Leader pre-election vote request: Granting yes vote for candidate 73b9c9c4d02f4caea1a44548a3495175 in term 0.
I20260710 13:26:30.725564 28269 leader_election.cc:304] T 44be5189214f472eb9d743d59ccd8e61 P 73b9c9c4d02f4caea1a44548a3495175 [CANDIDATE]: Term 1 pre-election: Election decided. Result: candidate won. Election summary: received 2 responses out of 3 voters: 2 yes votes; 0 no votes. yes voters: 65a1df6643174ccb92f9b69b0dd01897, 73b9c9c4d02f4caea1a44548a3495175; no voters: 
I20260710 13:26:30.726853 28478 raft_consensus.cc:2804] T 44be5189214f472eb9d743d59ccd8e61 P 73b9c9c4d02f4caea1a44548a3495175 [term 0 FOLLOWER]: Leader pre-election won for term 1
I20260710 13:26:30.727237 28478 raft_consensus.cc:493] T 44be5189214f472eb9d743d59ccd8e61 P 73b9c9c4d02f4caea1a44548a3495175 [term 0 FOLLOWER]: Starting leader election (no leader contacted us within the election timeout)
I20260710 13:26:30.727572 28478 raft_consensus.cc:3060] T 44be5189214f472eb9d743d59ccd8e61 P 73b9c9c4d02f4caea1a44548a3495175 [term 0 FOLLOWER]: Advancing to term 1
W20260710 13:26:30.722227 28345 leader_election.cc:343] T daf991eacf6343beb10aff715d1f0dda P b0867452f6204cb9bb5eb8f0504d66c1 [CANDIDATE]: Term 1 pre-election: Tablet error from VoteRequest() call to peer 73b9c9c4d02f4caea1a44548a3495175 (127.26.124.194:42343): Illegal state: must be running to vote when last-logged opid is not known
I20260710 13:26:30.736894 28380 tablet_service.cc:1917] Received RequestConsensusVote() RPC: tablet_id: "44be5189214f472eb9d743d59ccd8e61" candidate_uuid: "73b9c9c4d02f4caea1a44548a3495175" candidate_term: 1 candidate_status { last_received { term: 0 index: 0 } } ignore_live_leader: false dest_uuid: "b0867452f6204cb9bb5eb8f0504d66c1" is_pre_election: true
I20260710 13:26:30.737584 28380 raft_consensus.cc:2468] T 44be5189214f472eb9d743d59ccd8e61 P b0867452f6204cb9bb5eb8f0504d66c1 [term 0 FOLLOWER]: Leader pre-election vote request: Granting yes vote for candidate 73b9c9c4d02f4caea1a44548a3495175 in term 0.
I20260710 13:26:30.742987 28478 raft_consensus.cc:515] T 44be5189214f472eb9d743d59ccd8e61 P 73b9c9c4d02f4caea1a44548a3495175 [term 1 FOLLOWER]: Starting leader election with config: opid_index: -1 OBSOLETE_local: false peers { permanent_uuid: "65a1df6643174ccb92f9b69b0dd01897" member_type: VOTER last_known_addr { host: "127.26.124.193" port: 45357 } } peers { permanent_uuid: "73b9c9c4d02f4caea1a44548a3495175" member_type: VOTER last_known_addr { host: "127.26.124.194" port: 42343 } } peers { permanent_uuid: "b0867452f6204cb9bb5eb8f0504d66c1" member_type: VOTER last_known_addr { host: "127.26.124.195" port: 37387 } }
I20260710 13:26:30.755897 28526 raft_consensus.cc:493] T 4c0f4d1fd8ad48fc9cccdf070afc37af P 65a1df6643174ccb92f9b69b0dd01897 [term 0 FOLLOWER]: Starting pre-election (no leader contacted us within the election timeout)
I20260710 13:26:30.756474 28526 raft_consensus.cc:515] T 4c0f4d1fd8ad48fc9cccdf070afc37af P 65a1df6643174ccb92f9b69b0dd01897 [term 0 FOLLOWER]: Starting pre-election with config: opid_index: -1 OBSOLETE_local: false peers { permanent_uuid: "65a1df6643174ccb92f9b69b0dd01897" member_type: VOTER last_known_addr { host: "127.26.124.193" port: 45357 } } peers { permanent_uuid: "73b9c9c4d02f4caea1a44548a3495175" member_type: VOTER last_known_addr { host: "127.26.124.194" port: 42343 } } peers { permanent_uuid: "b0867452f6204cb9bb5eb8f0504d66c1" member_type: VOTER last_known_addr { host: "127.26.124.195" port: 37387 } }
I20260710 13:26:30.758625 28526 leader_election.cc:290] T 4c0f4d1fd8ad48fc9cccdf070afc37af P 65a1df6643174ccb92f9b69b0dd01897 [CANDIDATE]: Term 1 pre-election: Requested pre-vote from peers 73b9c9c4d02f4caea1a44548a3495175 (127.26.124.194:42343), b0867452f6204cb9bb5eb8f0504d66c1 (127.26.124.195:37387)
