[==========] Running 8 tests from 2 test suites.
[----------] Global test environment set-up.
[----------] 6 tests from LeaderRebalancerTest
[ RUN      ] LeaderRebalancerTest.FunctionalTestForDivided
WARNING: Logging before InitGoogleLogging() is written to STDERR
I20260710 13:26:04.555344 32478 internal_mini_cluster.cc:156] Creating distributed mini masters. Addrs: 127.31.183.190:45575
I20260710 13:26:04.556825 32478 env_posix.cc:2285] Not raising this process' open files per process limit of 1048576; it is already as high as it can go
I20260710 13:26:04.557837 32478 file_cache.cc:504] Constructed file cache file cache with capacity 419430
W20260710 13:26:04.572831 32487 instance_detector.cc:116] could not retrieve OpenStack instance metadata: Network error: curl error: HTTP response code said error: The requested URL returned error: 404
W20260710 13:26:04.572839 32484 instance_detector.cc:116] could not retrieve AWS instance metadata: Network error: curl error: HTTP response code said error: The requested URL returned error: 404
W20260710 13:26:04.573071 32485 instance_detector.cc:116] could not retrieve Azure instance metadata: Network error: curl error: HTTP response code said error: The requested URL returned error: 404
W20260710 13:26:05.695123 32486 instance_detector.cc:116] could not retrieve GCE instance metadata: Timed out: curl timeout: Timeout was reached: Resolving timed out after 1120 milliseconds
I20260710 13:26:05.695230 32478 server_base.cc:1056] Not found: could not retrieve instance metadata: unable to detect cloud type of this node, probably running in non-cloud environment
I20260710 13:26:05.696475 32478 hybrid_clock.cc:584] initializing the hybrid clock with 'system_unsync' time source
W20260710 13:26:05.696705 32478 system_unsync_time.cc:38] NTP support is disabled. Clock error bounds will not be accurate. This configuration is not suitable for distributed clusters.
I20260710 13:26:05.696908 32478 hybrid_clock.cc:648] HybridClock initialized: now 1783689965696878 us; error 0 us; skew 500 ppm
I20260710 13:26:05.697701 32478 server_base.cc:861] Flag tcmalloc_max_total_thread_cache_bytes is not working since tcmalloc is not enabled.
I20260710 13:26:05.703656 32478 webserver.cc:533] Webserver started at http://127.31.183.190:34489/ using document root <none> and password file <none>
I20260710 13:26:05.704501 32478 fs_manager.cc:362] Metadata directory not provided
I20260710 13:26:05.704715 32478 fs_manager.cc:368] Using write-ahead log directory (fs_wal_dir) as metadata directory
I20260710 13:26:05.705127 32478 server_base.cc:909] This appears to be a new deployment of Kudu; creating new FS layout
I20260710 13:26:05.710754 32478 fs_manager.cc:1068] Generated new instance metadata in path /tmp/dist-test-task7vAWqf/test-tmp/auto_leader_rebalancer-test.0.LeaderRebalancerTest.FunctionalTestForDivided.1783689964393713-32478-0/minicluster-data/master-0-root/instance:
uuid: "9dc8150d0f184d6982b90e0269753f77"
format_stamp: "Formatted at 2026-07-10 13:26:05 on dist-test-slave-s5q8"
I20260710 13:26:05.718277 32478 fs_manager.cc:696] Time spent creating directory manager: real 0.007s	user 0.007s	sys 0.001s
I20260710 13:26:05.723186 32493 log_block_manager.cc:4127] Time spent loading block containers with low live blocks: real 0.000s	user 0.000s	sys 0.000s
I20260710 13:26:05.724254 32478 fs_manager.cc:730] Time spent opening block manager: real 0.003s	user 0.003s	sys 0.002s
I20260710 13:26:05.724598 32478 fs_manager.cc:647] Opened local filesystem: /tmp/dist-test-task7vAWqf/test-tmp/auto_leader_rebalancer-test.0.LeaderRebalancerTest.FunctionalTestForDivided.1783689964393713-32478-0/minicluster-data/master-0-root
uuid: "9dc8150d0f184d6982b90e0269753f77"
format_stamp: "Formatted at 2026-07-10 13:26:05 on dist-test-slave-s5q8"
I20260710 13:26:05.724918 32478 fs_report.cc:389] FS layout report
--------------------
wal directory: /tmp/dist-test-task7vAWqf/test-tmp/auto_leader_rebalancer-test.0.LeaderRebalancerTest.FunctionalTestForDivided.1783689964393713-32478-0/minicluster-data/master-0-root
metadata directory: /tmp/dist-test-task7vAWqf/test-tmp/auto_leader_rebalancer-test.0.LeaderRebalancerTest.FunctionalTestForDivided.1783689964393713-32478-0/minicluster-data/master-0-root
1 data directories: /tmp/dist-test-task7vAWqf/test-tmp/auto_leader_rebalancer-test.0.LeaderRebalancerTest.FunctionalTestForDivided.1783689964393713-32478-0/minicluster-data/master-0-root/data
Total live blocks: 0
Total live bytes: 0
Total live bytes (after alignment): 0
Total number of LBM containers: 0 (0 full)
Did not check for missing blocks
Did not check for orphaned blocks
Total full LBM containers with extra space: 0 (0 repaired)
Total full LBM container extra space in bytes: 0 (0 repaired)
Total incomplete LBM containers: 0 (0 repaired)
Total LBM partial records: 0 (0 repaired)
Total corrupted LBM metadata records in RocksDB: 0 (0 repaired)
I20260710 13:26:05.784710 32478 rpc_server.cc:225] running with OpenSSL 1.1.1  11 Sep 2018
I20260710 13:26:05.786193 32478 env_posix.cc:2285] Not raising this process' running threads per effective uid limit of 18446744073709551615; it is already as high as it can go
I20260710 13:26:05.786626 32478 kserver.cc:163] Server-wide thread pool size limit: 3276
I20260710 13:26:05.854378 32478 rpc_server.cc:307] RPC server started. Bound to: 127.31.183.190:45575
I20260710 13:26:05.854452 32544 acceptor_pool.cc:272] collecting diagnostics on the listening RPC socket 127.31.183.190:45575 every 8 connection(s)
I20260710 13:26:05.862105 32545 data_dirs.cc:400] Could only allocate 1 dirs of requested 3 for tablet 00000000000000000000000000000000. 1 dirs total, 0 dirs full, 0 dirs failed
I20260710 13:26:05.883214 32545 tablet_bootstrap.cc:492] T 00000000000000000000000000000000 P 9dc8150d0f184d6982b90e0269753f77: Bootstrap starting.
I20260710 13:26:05.888952 32545 tablet_bootstrap.cc:654] T 00000000000000000000000000000000 P 9dc8150d0f184d6982b90e0269753f77: Neither blocks nor log segments found. Creating new log.
I20260710 13:26:05.890785 32545 log.cc:826] T 00000000000000000000000000000000 P 9dc8150d0f184d6982b90e0269753f77: Log is configured to *not* fsync() on all Append() calls
I20260710 13:26:05.895277 32545 tablet_bootstrap.cc:492] T 00000000000000000000000000000000 P 9dc8150d0f184d6982b90e0269753f77: No bootstrap required, opened a new log
I20260710 13:26:05.915659 32545 raft_consensus.cc:359] T 00000000000000000000000000000000 P 9dc8150d0f184d6982b90e0269753f77 [term 0 FOLLOWER]: Replica starting. Triggering 0 pending ops. Active config: opid_index: -1 OBSOLETE_local: true peers { permanent_uuid: "9dc8150d0f184d6982b90e0269753f77" member_type: VOTER }
I20260710 13:26:05.916200 32545 raft_consensus.cc:385] T 00000000000000000000000000000000 P 9dc8150d0f184d6982b90e0269753f77 [term 0 FOLLOWER]: Consensus starting up: Expiring failure detector timer to make a prompt election more likely
I20260710 13:26:05.916397 32545 raft_consensus.cc:740] T 00000000000000000000000000000000 P 9dc8150d0f184d6982b90e0269753f77 [term 0 FOLLOWER]: Becoming Follower/Learner. State: Replica: 9dc8150d0f184d6982b90e0269753f77, State: Initialized, Role: FOLLOWER
I20260710 13:26:05.917202 32545 consensus_queue.cc:260] T 00000000000000000000000000000000 P 9dc8150d0f184d6982b90e0269753f77 [NON_LEADER]: Queue going to NON_LEADER mode. State: All replicated index: 0, Majority replicated index: 0, Committed index: 0, Last appended: 0.0, Last appended by leader: 0, Current term: 0, Majority size: -1, State: 0, Mode: NON_LEADER, active raft config: opid_index: -1 OBSOLETE_local: true peers { permanent_uuid: "9dc8150d0f184d6982b90e0269753f77" member_type: VOTER }
I20260710 13:26:05.917665 32545 raft_consensus.cc:399] T 00000000000000000000000000000000 P 9dc8150d0f184d6982b90e0269753f77 [term 0 FOLLOWER]: Only one voter in the Raft config. Triggering election immediately
I20260710 13:26:05.917901 32545 raft_consensus.cc:493] T 00000000000000000000000000000000 P 9dc8150d0f184d6982b90e0269753f77 [term 0 FOLLOWER]: Starting leader election (initial election of a single-replica configuration)
I20260710 13:26:05.918207 32545 raft_consensus.cc:3060] T 00000000000000000000000000000000 P 9dc8150d0f184d6982b90e0269753f77 [term 0 FOLLOWER]: Advancing to term 1
I20260710 13:26:05.922197 32545 raft_consensus.cc:515] T 00000000000000000000000000000000 P 9dc8150d0f184d6982b90e0269753f77 [term 1 FOLLOWER]: Starting leader election with config: opid_index: -1 OBSOLETE_local: true peers { permanent_uuid: "9dc8150d0f184d6982b90e0269753f77" member_type: VOTER }
I20260710 13:26:05.922888 32545 leader_election.cc:304] T 00000000000000000000000000000000 P 9dc8150d0f184d6982b90e0269753f77 [CANDIDATE]: Term 1 election: Election decided. Result: candidate won. Election summary: received 1 responses out of 1 voters: 1 yes votes; 0 no votes. yes voters: 9dc8150d0f184d6982b90e0269753f77; no voters: 
I20260710 13:26:05.924489 32545 leader_election.cc:290] T 00000000000000000000000000000000 P 9dc8150d0f184d6982b90e0269753f77 [CANDIDATE]: Term 1 election: Requested vote from peers 
I20260710 13:26:05.924791 32548 raft_consensus.cc:2804] T 00000000000000000000000000000000 P 9dc8150d0f184d6982b90e0269753f77 [term 1 FOLLOWER]: Leader election won for term 1
I20260710 13:26:05.926836 32548 raft_consensus.cc:697] T 00000000000000000000000000000000 P 9dc8150d0f184d6982b90e0269753f77 [term 1 LEADER]: Becoming Leader. State: Replica: 9dc8150d0f184d6982b90e0269753f77, State: Running, Role: LEADER
I20260710 13:26:05.927721 32548 consensus_queue.cc:237] T 00000000000000000000000000000000 P 9dc8150d0f184d6982b90e0269753f77 [LEADER]: Queue going to LEADER mode. State: All replicated index: 0, Majority replicated index: 0, Committed index: 0, Last appended: 0.0, Last appended by leader: 0, Current term: 1, Majority size: 1, State: 0, Mode: LEADER, active raft config: opid_index: -1 OBSOLETE_local: true peers { permanent_uuid: "9dc8150d0f184d6982b90e0269753f77" member_type: VOTER }
I20260710 13:26:05.928776 32545 sys_catalog.cc:565] T 00000000000000000000000000000000 P 9dc8150d0f184d6982b90e0269753f77 [sys.catalog]: configured and running, proceeding with master startup.
I20260710 13:26:05.939260 32550 sys_catalog.cc:455] T 00000000000000000000000000000000 P 9dc8150d0f184d6982b90e0269753f77 [sys.catalog]: SysCatalogTable state changed. Reason: New leader 9dc8150d0f184d6982b90e0269753f77. Latest consensus state: current_term: 1 leader_uuid: "9dc8150d0f184d6982b90e0269753f77" committed_config { opid_index: -1 OBSOLETE_local: true peers { permanent_uuid: "9dc8150d0f184d6982b90e0269753f77" member_type: VOTER } }
I20260710 13:26:05.940029 32550 sys_catalog.cc:458] T 00000000000000000000000000000000 P 9dc8150d0f184d6982b90e0269753f77 [sys.catalog]: This master's current role is: LEADER
I20260710 13:26:05.940112 32549 sys_catalog.cc:455] T 00000000000000000000000000000000 P 9dc8150d0f184d6982b90e0269753f77 [sys.catalog]: SysCatalogTable state changed. Reason: RaftConsensus started. Latest consensus state: current_term: 1 leader_uuid: "9dc8150d0f184d6982b90e0269753f77" committed_config { opid_index: -1 OBSOLETE_local: true peers { permanent_uuid: "9dc8150d0f184d6982b90e0269753f77" member_type: VOTER } }
I20260710 13:26:05.940702 32549 sys_catalog.cc:458] T 00000000000000000000000000000000 P 9dc8150d0f184d6982b90e0269753f77 [sys.catalog]: This master's current role is: LEADER
I20260710 13:26:05.942715 32558 catalog_manager.cc:1511] Loading table and tablet metadata into memory...
I20260710 13:26:05.953713 32558 catalog_manager.cc:1520] Initializing Kudu cluster ID...
I20260710 13:26:05.962900 32478 internal_mini_cluster.cc:184] Waiting to initialize catalog manager on master 0
I20260710 13:26:05.972121 32558 catalog_manager.cc:1383] Generated new cluster ID: 70a4e49ee2254759abac1e2f0cb4d6dc
I20260710 13:26:05.972362 32558 catalog_manager.cc:1531] Initializing Kudu internal certificate authority...
I20260710 13:26:05.991907 32558 catalog_manager.cc:1406] Generated new certificate authority record
I20260710 13:26:05.993417 32558 catalog_manager.cc:1540] Loading token signing keys...
I20260710 13:26:06.009809 32558 catalog_manager.cc:6070] T 00000000000000000000000000000000 P 9dc8150d0f184d6982b90e0269753f77: Generated new TSK 0
I20260710 13:26:06.010730 32558 catalog_manager.cc:1550] Initializing in-progress tserver states...
I20260710 13:26:06.029659 32478 file_cache.cc:504] Constructed file cache file cache with capacity 419430
W20260710 13:26:06.038492 32567 instance_detector.cc:116] could not retrieve AWS instance metadata: Network error: curl error: HTTP response code said error: The requested URL returned error: 404
W20260710 13:26:06.039404 32568 instance_detector.cc:116] could not retrieve Azure instance metadata: Network error: curl error: HTTP response code said error: The requested URL returned error: 404
W20260710 13:26:06.044389 32570 instance_detector.cc:116] could not retrieve OpenStack instance metadata: Network error: curl error: HTTP response code said error: The requested URL returned error: 404
I20260710 13:26:06.044687 32478 server_base.cc:1061] running on GCE node
I20260710 13:26:06.045581 32478 hybrid_clock.cc:584] initializing the hybrid clock with 'system_unsync' time source
W20260710 13:26:06.045840 32478 system_unsync_time.cc:38] NTP support is disabled. Clock error bounds will not be accurate. This configuration is not suitable for distributed clusters.
I20260710 13:26:06.046041 32478 hybrid_clock.cc:648] HybridClock initialized: now 1783689966046021 us; error 0 us; skew 500 ppm
I20260710 13:26:06.046844 32478 server_base.cc:861] Flag tcmalloc_max_total_thread_cache_bytes is not working since tcmalloc is not enabled.
I20260710 13:26:06.050668 32478 webserver.cc:533] Webserver started at http://127.31.183.129:38241/ using document root <none> and password file <none>
I20260710 13:26:06.051339 32478 fs_manager.cc:362] Metadata directory not provided
I20260710 13:26:06.051584 32478 fs_manager.cc:368] Using write-ahead log directory (fs_wal_dir) as metadata directory
I20260710 13:26:06.051913 32478 server_base.cc:909] This appears to be a new deployment of Kudu; creating new FS layout
I20260710 13:26:06.053364 32478 fs_manager.cc:1068] Generated new instance metadata in path /tmp/dist-test-task7vAWqf/test-tmp/auto_leader_rebalancer-test.0.LeaderRebalancerTest.FunctionalTestForDivided.1783689964393713-32478-0/minicluster-data/ts-0-root/instance:
uuid: "6ff3602c38674ac69657d6b21f0e3bb8"
format_stamp: "Formatted at 2026-07-10 13:26:06 on dist-test-slave-s5q8"
I20260710 13:26:06.059973 32478 fs_manager.cc:696] Time spent creating directory manager: real 0.006s	user 0.005s	sys 0.003s
I20260710 13:26:06.064944 32575 log_block_manager.cc:4127] Time spent loading block containers with low live blocks: real 0.000s	user 0.000s	sys 0.000s
I20260710 13:26:06.065723 32478 fs_manager.cc:730] Time spent opening block manager: real 0.003s	user 0.002s	sys 0.000s
I20260710 13:26:06.066015 32478 fs_manager.cc:647] Opened local filesystem: /tmp/dist-test-task7vAWqf/test-tmp/auto_leader_rebalancer-test.0.LeaderRebalancerTest.FunctionalTestForDivided.1783689964393713-32478-0/minicluster-data/ts-0-root
uuid: "6ff3602c38674ac69657d6b21f0e3bb8"
format_stamp: "Formatted at 2026-07-10 13:26:06 on dist-test-slave-s5q8"
I20260710 13:26:06.066344 32478 fs_report.cc:389] FS layout report
--------------------
wal directory: /tmp/dist-test-task7vAWqf/test-tmp/auto_leader_rebalancer-test.0.LeaderRebalancerTest.FunctionalTestForDivided.1783689964393713-32478-0/minicluster-data/ts-0-root
metadata directory: /tmp/dist-test-task7vAWqf/test-tmp/auto_leader_rebalancer-test.0.LeaderRebalancerTest.FunctionalTestForDivided.1783689964393713-32478-0/minicluster-data/ts-0-root
1 data directories: /tmp/dist-test-task7vAWqf/test-tmp/auto_leader_rebalancer-test.0.LeaderRebalancerTest.FunctionalTestForDivided.1783689964393713-32478-0/minicluster-data/ts-0-root/data
Total live blocks: 0
Total live bytes: 0
Total live bytes (after alignment): 0
Total number of LBM containers: 0 (0 full)
Did not check for missing blocks
Did not check for orphaned blocks
Total full LBM containers with extra space: 0 (0 repaired)
Total full LBM container extra space in bytes: 0 (0 repaired)
Total incomplete LBM containers: 0 (0 repaired)
Total LBM partial records: 0 (0 repaired)
Total corrupted LBM metadata records in RocksDB: 0 (0 repaired)
I20260710 13:26:06.084051 32478 rpc_server.cc:225] running with OpenSSL 1.1.1  11 Sep 2018
I20260710 13:26:06.085319 32478 kserver.cc:163] Server-wide thread pool size limit: 3276
I20260710 13:26:06.087522 32478 txn_system_client.cc:432] TxnSystemClient initialization is disabled...
I20260710 13:26:06.091790 32478 ts_tablet_manager.cc:585] Loaded tablet metadata (0 total tablets, 0 live tablets)
I20260710 13:26:06.092142 32478 ts_tablet_manager.cc:531] Time spent load tablet metadata: real 0.000s	user 0.000s	sys 0.000s
I20260710 13:26:06.092409 32478 ts_tablet_manager.cc:616] Registered 0 tablets
I20260710 13:26:06.092581 32478 ts_tablet_manager.cc:595] Time spent register tablets: real 0.000s	user 0.000s	sys 0.000s
I20260710 13:26:06.185613 32478 rpc_server.cc:307] RPC server started. Bound to: 127.31.183.129:33269
I20260710 13:26:06.185690 32637 acceptor_pool.cc:272] collecting diagnostics on the listening RPC socket 127.31.183.129:33269 every 8 connection(s)
I20260710 13:26:06.192330 32478 file_cache.cc:504] Constructed file cache file cache with capacity 419430
W20260710 13:26:06.200805 32642 instance_detector.cc:116] could not retrieve AWS instance metadata: Network error: curl error: HTTP response code said error: The requested URL returned error: 404
W20260710 13:26:06.204660 32643 instance_detector.cc:116] could not retrieve Azure instance metadata: Network error: curl error: HTTP response code said error: The requested URL returned error: 404
I20260710 13:26:06.212666 32478 server_base.cc:1061] running on GCE node
W20260710 13:26:06.213762 32645 instance_detector.cc:116] could not retrieve OpenStack instance metadata: Network error: curl error: HTTP response code said error: The requested URL returned error: 404
I20260710 13:26:06.215018 32478 hybrid_clock.cc:584] initializing the hybrid clock with 'system_unsync' time source
W20260710 13:26:06.215299 32478 system_unsync_time.cc:38] NTP support is disabled. Clock error bounds will not be accurate. This configuration is not suitable for distributed clusters.
I20260710 13:26:06.215518 32478 hybrid_clock.cc:648] HybridClock initialized: now 1783689966215496 us; error 0 us; skew 500 ppm
I20260710 13:26:06.216282 32478 server_base.cc:861] Flag tcmalloc_max_total_thread_cache_bytes is not working since tcmalloc is not enabled.
I20260710 13:26:06.216676 32638 heartbeater.cc:344] Connected to a master server at 127.31.183.190:45575
I20260710 13:26:06.217185 32638 heartbeater.cc:461] Registering TS with master...
I20260710 13:26:06.218475 32638 heartbeater.cc:507] Master 127.31.183.190:45575 requested a full tablet report, sending...
I20260710 13:26:06.220054 32478 webserver.cc:533] Webserver started at http://127.31.183.130:42929/ using document root <none> and password file <none>
I20260710 13:26:06.220610 32478 fs_manager.cc:362] Metadata directory not provided
I20260710 13:26:06.220810 32478 fs_manager.cc:368] Using write-ahead log directory (fs_wal_dir) as metadata directory
I20260710 13:26:06.221168 32478 server_base.cc:909] This appears to be a new deployment of Kudu; creating new FS layout
I20260710 13:26:06.222194 32510 ts_manager.cc:194] Registered new tserver with Master: 6ff3602c38674ac69657d6b21f0e3bb8 (127.31.183.129:33269)
I20260710 13:26:06.222870 32478 fs_manager.cc:1068] Generated new instance metadata in path /tmp/dist-test-task7vAWqf/test-tmp/auto_leader_rebalancer-test.0.LeaderRebalancerTest.FunctionalTestForDivided.1783689964393713-32478-0/minicluster-data/ts-1-root/instance:
uuid: "958d09db7c5843d5a18a3b52f5937c3e"
format_stamp: "Formatted at 2026-07-10 13:26:06 on dist-test-slave-s5q8"
I20260710 13:26:06.225085 32510 master_service.cc:502] Signed X509 certificate for tserver {username='slave'} at 127.0.0.1:36730
I20260710 13:26:06.228855 32478 fs_manager.cc:696] Time spent creating directory manager: real 0.005s	user 0.003s	sys 0.003s
I20260710 13:26:06.233213 32650 log_block_manager.cc:4127] Time spent loading block containers with low live blocks: real 0.000s	user 0.000s	sys 0.000s
I20260710 13:26:06.234069 32478 fs_manager.cc:730] Time spent opening block manager: real 0.003s	user 0.002s	sys 0.000s
I20260710 13:26:06.234401 32478 fs_manager.cc:647] Opened local filesystem: /tmp/dist-test-task7vAWqf/test-tmp/auto_leader_rebalancer-test.0.LeaderRebalancerTest.FunctionalTestForDivided.1783689964393713-32478-0/minicluster-data/ts-1-root
uuid: "958d09db7c5843d5a18a3b52f5937c3e"
format_stamp: "Formatted at 2026-07-10 13:26:06 on dist-test-slave-s5q8"
I20260710 13:26:06.234695 32478 fs_report.cc:389] FS layout report
--------------------
wal directory: /tmp/dist-test-task7vAWqf/test-tmp/auto_leader_rebalancer-test.0.LeaderRebalancerTest.FunctionalTestForDivided.1783689964393713-32478-0/minicluster-data/ts-1-root
metadata directory: /tmp/dist-test-task7vAWqf/test-tmp/auto_leader_rebalancer-test.0.LeaderRebalancerTest.FunctionalTestForDivided.1783689964393713-32478-0/minicluster-data/ts-1-root
1 data directories: /tmp/dist-test-task7vAWqf/test-tmp/auto_leader_rebalancer-test.0.LeaderRebalancerTest.FunctionalTestForDivided.1783689964393713-32478-0/minicluster-data/ts-1-root/data
Total live blocks: 0
Total live bytes: 0
Total live bytes (after alignment): 0
Total number of LBM containers: 0 (0 full)
Did not check for missing blocks
Did not check for orphaned blocks
Total full LBM containers with extra space: 0 (0 repaired)
Total full LBM container extra space in bytes: 0 (0 repaired)
Total incomplete LBM containers: 0 (0 repaired)
Total LBM partial records: 0 (0 repaired)
Total corrupted LBM metadata records in RocksDB: 0 (0 repaired)
I20260710 13:26:06.251111 32478 rpc_server.cc:225] running with OpenSSL 1.1.1  11 Sep 2018
I20260710 13:26:06.252344 32478 kserver.cc:163] Server-wide thread pool size limit: 3276
I20260710 13:26:06.254714 32478 txn_system_client.cc:432] TxnSystemClient initialization is disabled...
I20260710 13:26:06.257555 32478 ts_tablet_manager.cc:585] Loaded tablet metadata (0 total tablets, 0 live tablets)
I20260710 13:26:06.257736 32478 ts_tablet_manager.cc:531] Time spent load tablet metadata: real 0.000s	user 0.000s	sys 0.000s
I20260710 13:26:06.257983 32478 ts_tablet_manager.cc:616] Registered 0 tablets
I20260710 13:26:06.258172 32478 ts_tablet_manager.cc:595] Time spent register tablets: real 0.000s	user 0.000s	sys 0.000s
I20260710 13:26:06.346163 32478 rpc_server.cc:307] RPC server started. Bound to: 127.31.183.130:38871
I20260710 13:26:06.346354 32712 acceptor_pool.cc:272] collecting diagnostics on the listening RPC socket 127.31.183.130:38871 every 8 connection(s)
I20260710 13:26:06.352335 32478 file_cache.cc:504] Constructed file cache file cache with capacity 419430
W20260710 13:26:06.359984 32716 instance_detector.cc:116] could not retrieve AWS instance metadata: Network error: curl error: HTTP response code said error: The requested URL returned error: 404
W20260710 13:26:06.362668 32717 instance_detector.cc:116] could not retrieve Azure instance metadata: Network error: curl error: HTTP response code said error: The requested URL returned error: 404
I20260710 13:26:06.364782 32478 server_base.cc:1061] running on GCE node
W20260710 13:26:06.365418 32719 instance_detector.cc:116] could not retrieve OpenStack instance metadata: Network error: curl error: HTTP response code said error: The requested URL returned error: 404
I20260710 13:26:06.366803 32478 hybrid_clock.cc:584] initializing the hybrid clock with 'system_unsync' time source
W20260710 13:26:06.367051 32478 system_unsync_time.cc:38] NTP support is disabled. Clock error bounds will not be accurate. This configuration is not suitable for distributed clusters.
I20260710 13:26:06.367235 32478 hybrid_clock.cc:648] HybridClock initialized: now 1783689966367217 us; error 0 us; skew 500 ppm
I20260710 13:26:06.368111 32478 server_base.cc:861] Flag tcmalloc_max_total_thread_cache_bytes is not working since tcmalloc is not enabled.
I20260710 13:26:06.368564 32713 heartbeater.cc:344] Connected to a master server at 127.31.183.190:45575
I20260710 13:26:06.368940 32713 heartbeater.cc:461] Registering TS with master...
I20260710 13:26:06.369848 32713 heartbeater.cc:507] Master 127.31.183.190:45575 requested a full tablet report, sending...
I20260710 13:26:06.372035 32510 ts_manager.cc:194] Registered new tserver with Master: 958d09db7c5843d5a18a3b52f5937c3e (127.31.183.130:38871)
I20260710 13:26:06.372094 32478 webserver.cc:533] Webserver started at http://127.31.183.131:42991/ using document root <none> and password file <none>
I20260710 13:26:06.372805 32478 fs_manager.cc:362] Metadata directory not provided
I20260710 13:26:06.373045 32478 fs_manager.cc:368] Using write-ahead log directory (fs_wal_dir) as metadata directory
I20260710 13:26:06.373358 32478 server_base.cc:909] This appears to be a new deployment of Kudu; creating new FS layout
I20260710 13:26:06.373747 32510 master_service.cc:502] Signed X509 certificate for tserver {username='slave'} at 127.0.0.1:36738
I20260710 13:26:06.374925 32478 fs_manager.cc:1068] Generated new instance metadata in path /tmp/dist-test-task7vAWqf/test-tmp/auto_leader_rebalancer-test.0.LeaderRebalancerTest.FunctionalTestForDivided.1783689964393713-32478-0/minicluster-data/ts-2-root/instance:
uuid: "447f17bd80ec43ebaf08595aefec681c"
format_stamp: "Formatted at 2026-07-10 13:26:06 on dist-test-slave-s5q8"
I20260710 13:26:06.379700 32478 fs_manager.cc:696] Time spent creating directory manager: real 0.004s	user 0.005s	sys 0.000s
I20260710 13:26:06.383067 32724 log_block_manager.cc:4127] Time spent loading block containers with low live blocks: real 0.000s	user 0.000s	sys 0.000s
I20260710 13:26:06.383872 32478 fs_manager.cc:730] Time spent opening block manager: real 0.003s	user 0.002s	sys 0.001s
I20260710 13:26:06.384119 32478 fs_manager.cc:647] Opened local filesystem: /tmp/dist-test-task7vAWqf/test-tmp/auto_leader_rebalancer-test.0.LeaderRebalancerTest.FunctionalTestForDivided.1783689964393713-32478-0/minicluster-data/ts-2-root
uuid: "447f17bd80ec43ebaf08595aefec681c"
format_stamp: "Formatted at 2026-07-10 13:26:06 on dist-test-slave-s5q8"
I20260710 13:26:06.384379 32478 fs_report.cc:389] FS layout report
--------------------
wal directory: /tmp/dist-test-task7vAWqf/test-tmp/auto_leader_rebalancer-test.0.LeaderRebalancerTest.FunctionalTestForDivided.1783689964393713-32478-0/minicluster-data/ts-2-root
metadata directory: /tmp/dist-test-task7vAWqf/test-tmp/auto_leader_rebalancer-test.0.LeaderRebalancerTest.FunctionalTestForDivided.1783689964393713-32478-0/minicluster-data/ts-2-root
1 data directories: /tmp/dist-test-task7vAWqf/test-tmp/auto_leader_rebalancer-test.0.LeaderRebalancerTest.FunctionalTestForDivided.1783689964393713-32478-0/minicluster-data/ts-2-root/data
Total live blocks: 0
Total live bytes: 0
Total live bytes (after alignment): 0
Total number of LBM containers: 0 (0 full)
Did not check for missing blocks
Did not check for orphaned blocks
Total full LBM containers with extra space: 0 (0 repaired)
Total full LBM container extra space in bytes: 0 (0 repaired)
Total incomplete LBM containers: 0 (0 repaired)
Total LBM partial records: 0 (0 repaired)
Total corrupted LBM metadata records in RocksDB: 0 (0 repaired)
I20260710 13:26:06.396735 32478 rpc_server.cc:225] running with OpenSSL 1.1.1  11 Sep 2018
I20260710 13:26:06.398001 32478 kserver.cc:163] Server-wide thread pool size limit: 3276
I20260710 13:26:06.399381 32478 txn_system_client.cc:432] TxnSystemClient initialization is disabled...
I20260710 13:26:06.402211 32478 ts_tablet_manager.cc:585] Loaded tablet metadata (0 total tablets, 0 live tablets)
I20260710 13:26:06.402421 32478 ts_tablet_manager.cc:531] Time spent load tablet metadata: real 0.000s	user 0.000s	sys 0.000s
I20260710 13:26:06.402657 32478 ts_tablet_manager.cc:616] Registered 0 tablets
I20260710 13:26:06.402812 32478 ts_tablet_manager.cc:595] Time spent register tablets: real 0.000s	user 0.000s	sys 0.000s
I20260710 13:26:06.487764 32478 rpc_server.cc:307] RPC server started. Bound to: 127.31.183.131:44027
I20260710 13:26:06.487915   318 acceptor_pool.cc:272] collecting diagnostics on the listening RPC socket 127.31.183.131:44027 every 8 connection(s)
I20260710 13:26:06.504081   319 heartbeater.cc:344] Connected to a master server at 127.31.183.190:45575
I20260710 13:26:06.504478   319 heartbeater.cc:461] Registering TS with master...
I20260710 13:26:06.505228   319 heartbeater.cc:507] Master 127.31.183.190:45575 requested a full tablet report, sending...
I20260710 13:26:06.507082 32510 ts_manager.cc:194] Registered new tserver with Master: 447f17bd80ec43ebaf08595aefec681c (127.31.183.131:44027)
I20260710 13:26:06.507876 32478 internal_mini_cluster.cc:371] 3 TS(s) registered with all masters after 0.015526283s
I20260710 13:26:06.508586 32510 master_service.cc:502] Signed X509 certificate for tserver {username='slave'} at 127.0.0.1:36742
I20260710 13:26:06.551874 32510 catalog_manager.cc:2283] Servicing CreateTable request from {username='slave'} at 127.0.0.1:36750:
name: "test-workload"
schema {
  columns {
    name: "key"
    type: INT32
    is_key: true
    is_nullable: false
    encoding: AUTO_ENCODING
    compression: DEFAULT_COMPRESSION
    cfile_block_size: 0
    immutable: false
  }
  columns {
    name: "int_val"
    type: INT32
    is_key: false
    is_nullable: false
    encoding: AUTO_ENCODING
    compression: DEFAULT_COMPRESSION
    cfile_block_size: 0
    immutable: false
  }
  columns {
    name: "string_val"
    type: STRING
    is_key: false
    is_nullable: true
    encoding: AUTO_ENCODING
    compression: DEFAULT_COMPRESSION
    cfile_block_size: 0
    immutable: false
  }
}
num_replicas: 3
split_rows_range_bounds {
  rows: "\004\001\000\216\3438\016\004\001\000\034\307q\034\004\001\000\252\252\252*\004\001\0008\216\3438\004\001\000\306q\034G\004\001\000TUUU\004\001\000\3428\216c\004\001\000p\034\307q""\004\001\000\216\3438\016\004\001\000\034\307q\034\004\001\000\252\252\252*\004\001\0008\216\3438\004\001\000\306q\034G\004\001\000TUUU\004\001\000\3428\216c\004\001\000p\034\307q"
  indirect_data: """"
}
partition_schema {
  range_schema {
    columns {
      name: "key"
    }
  }
}
W20260710 13:26:06.555298 32510 catalog_manager.cc:7077] The number of live tablet servers is not enough to re-replicate a tablet replica of the newly created table test-workload in case of a server failure: 4 tablet servers would be needed, 3 are available. Consider bringing up more tablet servers.
I20260710 13:26:06.639213 32678 tablet_service.cc:1511] Processing CreateTablet for tablet afd1c761a95245c7a599604faa04902c (DEFAULT_TABLE table=test-workload [id=222146b09bbf43f6846c1f7b55c1a049]), partition=RANGE (key) PARTITION VALUES < 238609294
I20260710 13:26:06.640911 32678 data_dirs.cc:400] Could only allocate 1 dirs of requested 3 for tablet afd1c761a95245c7a599604faa04902c. 1 dirs total, 0 dirs full, 0 dirs failed
I20260710 13:26:06.643827 32677 tablet_service.cc:1511] Processing CreateTablet for tablet 36b7cf144ae04fc59f489d5b2d33a88c (DEFAULT_TABLE table=test-workload [id=222146b09bbf43f6846c1f7b55c1a049]), partition=RANGE (key) PARTITION 238609294 <= VALUES < 477218588
I20260710 13:26:06.645154 32677 data_dirs.cc:400] Could only allocate 1 dirs of requested 3 for tablet 36b7cf144ae04fc59f489d5b2d33a88c. 1 dirs total, 0 dirs full, 0 dirs failed
I20260710 13:26:06.651391 32676 tablet_service.cc:1511] Processing CreateTablet for tablet c91e67d75ba544f595e7ddce4697c702 (DEFAULT_TABLE table=test-workload [id=222146b09bbf43f6846c1f7b55c1a049]), partition=RANGE (key) PARTITION 477218588 <= VALUES < 715827882
I20260710 13:26:06.652752 32676 data_dirs.cc:400] Could only allocate 1 dirs of requested 3 for tablet c91e67d75ba544f595e7ddce4697c702. 1 dirs total, 0 dirs full, 0 dirs failed
I20260710 13:26:06.659307 32603 tablet_service.cc:1511] Processing CreateTablet for tablet afd1c761a95245c7a599604faa04902c (DEFAULT_TABLE table=test-workload [id=222146b09bbf43f6846c1f7b55c1a049]), partition=RANGE (key) PARTITION VALUES < 238609294
I20260710 13:26:06.660636 32603 data_dirs.cc:400] Could only allocate 1 dirs of requested 3 for tablet afd1c761a95245c7a599604faa04902c. 1 dirs total, 0 dirs full, 0 dirs failed
I20260710 13:26:06.664251 32752 tablet_service.cc:1511] Processing CreateTablet for tablet afd1c761a95245c7a599604faa04902c (DEFAULT_TABLE table=test-workload [id=222146b09bbf43f6846c1f7b55c1a049]), partition=RANGE (key) PARTITION VALUES < 238609294
I20260710 13:26:06.664605 32601 tablet_service.cc:1511] Processing CreateTablet for tablet c91e67d75ba544f595e7ddce4697c702 (DEFAULT_TABLE table=test-workload [id=222146b09bbf43f6846c1f7b55c1a049]), partition=RANGE (key) PARTITION 477218588 <= VALUES < 715827882
I20260710 13:26:06.664875 32751 tablet_service.cc:1511] Processing CreateTablet for tablet 36b7cf144ae04fc59f489d5b2d33a88c (DEFAULT_TABLE table=test-workload [id=222146b09bbf43f6846c1f7b55c1a049]), partition=RANGE (key) PARTITION 238609294 <= VALUES < 477218588
I20260710 13:26:06.665578 32752 data_dirs.cc:400] Could only allocate 1 dirs of requested 3 for tablet afd1c761a95245c7a599604faa04902c. 1 dirs total, 0 dirs full, 0 dirs failed
I20260710 13:26:06.665750 32601 data_dirs.cc:400] Could only allocate 1 dirs of requested 3 for tablet c91e67d75ba544f595e7ddce4697c702. 1 dirs total, 0 dirs full, 0 dirs failed
I20260710 13:26:06.666219 32751 data_dirs.cc:400] Could only allocate 1 dirs of requested 3 for tablet 36b7cf144ae04fc59f489d5b2d33a88c. 1 dirs total, 0 dirs full, 0 dirs failed
I20260710 13:26:06.669803 32602 tablet_service.cc:1511] Processing CreateTablet for tablet 36b7cf144ae04fc59f489d5b2d33a88c (DEFAULT_TABLE table=test-workload [id=222146b09bbf43f6846c1f7b55c1a049]), partition=RANGE (key) PARTITION 238609294 <= VALUES < 477218588
I20260710 13:26:06.671133 32602 data_dirs.cc:400] Could only allocate 1 dirs of requested 3 for tablet 36b7cf144ae04fc59f489d5b2d33a88c. 1 dirs total, 0 dirs full, 0 dirs failed
I20260710 13:26:06.672621 32600 tablet_service.cc:1511] Processing CreateTablet for tablet dc74793835ca46c9bcd4b957bcf9a4f0 (DEFAULT_TABLE table=test-workload [id=222146b09bbf43f6846c1f7b55c1a049]), partition=RANGE (key) PARTITION 715827882 <= VALUES < 954437176
I20260710 13:26:06.673977 32600 data_dirs.cc:400] Could only allocate 1 dirs of requested 3 for tablet dc74793835ca46c9bcd4b957bcf9a4f0. 1 dirs total, 0 dirs full, 0 dirs failed
I20260710 13:26:06.676044 32750 tablet_service.cc:1511] Processing CreateTablet for tablet c91e67d75ba544f595e7ddce4697c702 (DEFAULT_TABLE table=test-workload [id=222146b09bbf43f6846c1f7b55c1a049]), partition=RANGE (key) PARTITION 477218588 <= VALUES < 715827882
I20260710 13:26:06.677697 32750 data_dirs.cc:400] Could only allocate 1 dirs of requested 3 for tablet c91e67d75ba544f595e7ddce4697c702. 1 dirs total, 0 dirs full, 0 dirs failed
I20260710 13:26:06.691510 32675 tablet_service.cc:1511] Processing CreateTablet for tablet dc74793835ca46c9bcd4b957bcf9a4f0 (DEFAULT_TABLE table=test-workload [id=222146b09bbf43f6846c1f7b55c1a049]), partition=RANGE (key) PARTITION 715827882 <= VALUES < 954437176
I20260710 13:26:06.693032 32675 data_dirs.cc:400] Could only allocate 1 dirs of requested 3 for tablet dc74793835ca46c9bcd4b957bcf9a4f0. 1 dirs total, 0 dirs full, 0 dirs failed
I20260710 13:26:06.713406 32749 tablet_service.cc:1511] Processing CreateTablet for tablet dc74793835ca46c9bcd4b957bcf9a4f0 (DEFAULT_TABLE table=test-workload [id=222146b09bbf43f6846c1f7b55c1a049]), partition=RANGE (key) PARTITION 715827882 <= VALUES < 954437176
I20260710 13:26:06.717589 32749 data_dirs.cc:400] Could only allocate 1 dirs of requested 3 for tablet dc74793835ca46c9bcd4b957bcf9a4f0. 1 dirs total, 0 dirs full, 0 dirs failed
I20260710 13:26:06.717197 32599 tablet_service.cc:1511] Processing CreateTablet for tablet dba4b9908f0e4c96b5b1b484e528105a (DEFAULT_TABLE table=test-workload [id=222146b09bbf43f6846c1f7b55c1a049]), partition=RANGE (key) PARTITION 954437176 <= VALUES < 1193046470
I20260710 13:26:06.718806 32599 data_dirs.cc:400] Could only allocate 1 dirs of requested 3 for tablet dba4b9908f0e4c96b5b1b484e528105a. 1 dirs total, 0 dirs full, 0 dirs failed
I20260710 13:26:06.740617   337 tablet_bootstrap.cc:492] T afd1c761a95245c7a599604faa04902c P 958d09db7c5843d5a18a3b52f5937c3e: Bootstrap starting.
I20260710 13:26:06.742587 32677 tablet_service.cc:1511] Processing CreateTablet for tablet dba4b9908f0e4c96b5b1b484e528105a (DEFAULT_TABLE table=test-workload [id=222146b09bbf43f6846c1f7b55c1a049]), partition=RANGE (key) PARTITION 954437176 <= VALUES < 1193046470
I20260710 13:26:06.745154 32677 data_dirs.cc:400] Could only allocate 1 dirs of requested 3 for tablet dba4b9908f0e4c96b5b1b484e528105a. 1 dirs total, 0 dirs full, 0 dirs failed
I20260710 13:26:06.746672 32748 tablet_service.cc:1511] Processing CreateTablet for tablet dba4b9908f0e4c96b5b1b484e528105a (DEFAULT_TABLE table=test-workload [id=222146b09bbf43f6846c1f7b55c1a049]), partition=RANGE (key) PARTITION 954437176 <= VALUES < 1193046470
I20260710 13:26:06.749742 32748 data_dirs.cc:400] Could only allocate 1 dirs of requested 3 for tablet dba4b9908f0e4c96b5b1b484e528105a. 1 dirs total, 0 dirs full, 0 dirs failed
I20260710 13:26:06.755079 32598 tablet_service.cc:1511] Processing CreateTablet for tablet 6d3aa5ed9df4474cb3af19dac9da0602 (DEFAULT_TABLE table=test-workload [id=222146b09bbf43f6846c1f7b55c1a049]), partition=RANGE (key) PARTITION 1193046470 <= VALUES < 1431655764
I20260710 13:26:06.760797 32678 tablet_service.cc:1511] Processing CreateTablet for tablet 6d3aa5ed9df4474cb3af19dac9da0602 (DEFAULT_TABLE table=test-workload [id=222146b09bbf43f6846c1f7b55c1a049]), partition=RANGE (key) PARTITION 1193046470 <= VALUES < 1431655764
I20260710 13:26:06.762372 32678 data_dirs.cc:400] Could only allocate 1 dirs of requested 3 for tablet 6d3aa5ed9df4474cb3af19dac9da0602. 1 dirs total, 0 dirs full, 0 dirs failed
I20260710 13:26:06.763080 32598 data_dirs.cc:400] Could only allocate 1 dirs of requested 3 for tablet 6d3aa5ed9df4474cb3af19dac9da0602. 1 dirs total, 0 dirs full, 0 dirs failed
I20260710 13:26:06.777076 32747 tablet_service.cc:1511] Processing CreateTablet for tablet 6d3aa5ed9df4474cb3af19dac9da0602 (DEFAULT_TABLE table=test-workload [id=222146b09bbf43f6846c1f7b55c1a049]), partition=RANGE (key) PARTITION 1193046470 <= VALUES < 1431655764
I20260710 13:26:06.778980 32747 data_dirs.cc:400] Could only allocate 1 dirs of requested 3 for tablet 6d3aa5ed9df4474cb3af19dac9da0602. 1 dirs total, 0 dirs full, 0 dirs failed
I20260710 13:26:06.790491   338 tablet_bootstrap.cc:492] T afd1c761a95245c7a599604faa04902c P 6ff3602c38674ac69657d6b21f0e3bb8: Bootstrap starting.
I20260710 13:26:06.790525 32603 tablet_service.cc:1511] Processing CreateTablet for tablet 46ce2b180a2449abadfbdf6d919b2658 (DEFAULT_TABLE table=test-workload [id=222146b09bbf43f6846c1f7b55c1a049]), partition=RANGE (key) PARTITION 1431655764 <= VALUES < 1670265058
I20260710 13:26:06.792168 32603 data_dirs.cc:400] Could only allocate 1 dirs of requested 3 for tablet 46ce2b180a2449abadfbdf6d919b2658. 1 dirs total, 0 dirs full, 0 dirs failed
I20260710 13:26:06.806541   337 tablet_bootstrap.cc:654] T afd1c761a95245c7a599604faa04902c P 958d09db7c5843d5a18a3b52f5937c3e: Neither blocks nor log segments found. Creating new log.
I20260710 13:26:06.826762   337 tablet_bootstrap.cc:492] T afd1c761a95245c7a599604faa04902c P 958d09db7c5843d5a18a3b52f5937c3e: No bootstrap required, opened a new log
I20260710 13:26:06.827688   337 ts_tablet_manager.cc:1403] T afd1c761a95245c7a599604faa04902c P 958d09db7c5843d5a18a3b52f5937c3e: Time spent bootstrapping tablet: real 0.097s	user 0.009s	sys 0.006s
I20260710 13:26:06.833303 32676 tablet_service.cc:1511] Processing CreateTablet for tablet 46ce2b180a2449abadfbdf6d919b2658 (DEFAULT_TABLE table=test-workload [id=222146b09bbf43f6846c1f7b55c1a049]), partition=RANGE (key) PARTITION 1431655764 <= VALUES < 1670265058
I20260710 13:26:06.837728 32751 tablet_service.cc:1511] Processing CreateTablet for tablet 46ce2b180a2449abadfbdf6d919b2658 (DEFAULT_TABLE table=test-workload [id=222146b09bbf43f6846c1f7b55c1a049]), partition=RANGE (key) PARTITION 1431655764 <= VALUES < 1670265058
I20260710 13:26:06.839560 32751 data_dirs.cc:400] Could only allocate 1 dirs of requested 3 for tablet 46ce2b180a2449abadfbdf6d919b2658. 1 dirs total, 0 dirs full, 0 dirs failed
I20260710 13:26:06.840618   337 raft_consensus.cc:359] T afd1c761a95245c7a599604faa04902c P 958d09db7c5843d5a18a3b52f5937c3e [term 0 FOLLOWER]: Replica starting. Triggering 0 pending ops. Active config: opid_index: -1 OBSOLETE_local: false peers { permanent_uuid: "958d09db7c5843d5a18a3b52f5937c3e" member_type: VOTER last_known_addr { host: "127.31.183.130" port: 38871 } } peers { permanent_uuid: "447f17bd80ec43ebaf08595aefec681c" member_type: VOTER last_known_addr { host: "127.31.183.131" port: 44027 } } peers { permanent_uuid: "6ff3602c38674ac69657d6b21f0e3bb8" member_type: VOTER last_known_addr { host: "127.31.183.129" port: 33269 } }
I20260710 13:26:06.841382   337 raft_consensus.cc:385] T afd1c761a95245c7a599604faa04902c P 958d09db7c5843d5a18a3b52f5937c3e [term 0 FOLLOWER]: Consensus starting up: Expiring failure detector timer to make a prompt election more likely
I20260710 13:26:06.841677   337 raft_consensus.cc:740] T afd1c761a95245c7a599604faa04902c P 958d09db7c5843d5a18a3b52f5937c3e [term 0 FOLLOWER]: Becoming Follower/Learner. State: Replica: 958d09db7c5843d5a18a3b52f5937c3e, State: Initialized, Role: FOLLOWER
I20260710 13:26:06.839522 32676 data_dirs.cc:400] Could only allocate 1 dirs of requested 3 for tablet 46ce2b180a2449abadfbdf6d919b2658. 1 dirs total, 0 dirs full, 0 dirs failed
I20260710 13:26:06.843216 32603 tablet_service.cc:1511] Processing CreateTablet for tablet c19dd85d542a43c9a683991c6b7c3720 (DEFAULT_TABLE table=test-workload [id=222146b09bbf43f6846c1f7b55c1a049]), partition=RANGE (key) PARTITION 1670265058 <= VALUES < 1908874352
I20260710 13:26:06.846696   337 consensus_queue.cc:260] T afd1c761a95245c7a599604faa04902c P 958d09db7c5843d5a18a3b52f5937c3e [NON_LEADER]: Queue going to NON_LEADER mode. State: All replicated index: 0, Majority replicated index: 0, Committed index: 0, Last appended: 0.0, Last appended by leader: 0, Current term: 0, Majority size: -1, State: 0, Mode: NON_LEADER, active raft config: opid_index: -1 OBSOLETE_local: false peers { permanent_uuid: "958d09db7c5843d5a18a3b52f5937c3e" member_type: VOTER last_known_addr { host: "127.31.183.130" port: 38871 } } peers { permanent_uuid: "447f17bd80ec43ebaf08595aefec681c" member_type: VOTER last_known_addr { host: "127.31.183.131" port: 44027 } } peers { permanent_uuid: "6ff3602c38674ac69657d6b21f0e3bb8" member_type: VOTER last_known_addr { host: "127.31.183.129" port: 33269 } }
I20260710 13:26:06.850600   338 tablet_bootstrap.cc:654] T afd1c761a95245c7a599604faa04902c P 6ff3602c38674ac69657d6b21f0e3bb8: Neither blocks nor log segments found. Creating new log.
I20260710 13:26:06.850873 32603 data_dirs.cc:400] Could only allocate 1 dirs of requested 3 for tablet c19dd85d542a43c9a683991c6b7c3720. 1 dirs total, 0 dirs full, 0 dirs failed
I20260710 13:26:06.851534 32677 tablet_service.cc:1511] Processing CreateTablet for tablet c19dd85d542a43c9a683991c6b7c3720 (DEFAULT_TABLE table=test-workload [id=222146b09bbf43f6846c1f7b55c1a049]), partition=RANGE (key) PARTITION 1670265058 <= VALUES < 1908874352
I20260710 13:26:06.853564 32677 data_dirs.cc:400] Could only allocate 1 dirs of requested 3 for tablet c19dd85d542a43c9a683991c6b7c3720. 1 dirs total, 0 dirs full, 0 dirs failed
I20260710 13:26:06.862447 32747 tablet_service.cc:1511] Processing CreateTablet for tablet c19dd85d542a43c9a683991c6b7c3720 (DEFAULT_TABLE table=test-workload [id=222146b09bbf43f6846c1f7b55c1a049]), partition=RANGE (key) PARTITION 1670265058 <= VALUES < 1908874352
I20260710 13:26:06.863822 32747 data_dirs.cc:400] Could only allocate 1 dirs of requested 3 for tablet c19dd85d542a43c9a683991c6b7c3720. 1 dirs total, 0 dirs full, 0 dirs failed
I20260710 13:26:06.868052   340 tablet_bootstrap.cc:492] T c91e67d75ba544f595e7ddce4697c702 P 447f17bd80ec43ebaf08595aefec681c: Bootstrap starting.
I20260710 13:26:06.869207   337 ts_tablet_manager.cc:1434] T afd1c761a95245c7a599604faa04902c P 958d09db7c5843d5a18a3b52f5937c3e: Time spent starting tablet: real 0.041s	user 0.002s	sys 0.008s
I20260710 13:26:06.871258 32601 tablet_service.cc:1511] Processing CreateTablet for tablet c5cd854d64e54e4b805b6a77058166db (DEFAULT_TABLE table=test-workload [id=222146b09bbf43f6846c1f7b55c1a049]), partition=RANGE (key) PARTITION 1908874352 <= VALUES
I20260710 13:26:06.868633 32713 heartbeater.cc:499] Master 127.31.183.190:45575 was elected leader, sending a full tablet report...
I20260710 13:26:06.874007   337 tablet_bootstrap.cc:492] T 36b7cf144ae04fc59f489d5b2d33a88c P 958d09db7c5843d5a18a3b52f5937c3e: Bootstrap starting.
I20260710 13:26:06.874186 32601 data_dirs.cc:400] Could only allocate 1 dirs of requested 3 for tablet c5cd854d64e54e4b805b6a77058166db. 1 dirs total, 0 dirs full, 0 dirs failed
I20260710 13:26:06.878417   341 raft_consensus.cc:493] T afd1c761a95245c7a599604faa04902c P 958d09db7c5843d5a18a3b52f5937c3e [term 0 FOLLOWER]: Starting pre-election (no leader contacted us within the election timeout)
I20260710 13:26:06.870779 32678 tablet_service.cc:1511] Processing CreateTablet for tablet c5cd854d64e54e4b805b6a77058166db (DEFAULT_TABLE table=test-workload [id=222146b09bbf43f6846c1f7b55c1a049]), partition=RANGE (key) PARTITION 1908874352 <= VALUES
I20260710 13:26:06.870452   338 tablet_bootstrap.cc:492] T afd1c761a95245c7a599604faa04902c P 6ff3602c38674ac69657d6b21f0e3bb8: No bootstrap required, opened a new log
I20260710 13:26:06.885226   341 raft_consensus.cc:515] T afd1c761a95245c7a599604faa04902c P 958d09db7c5843d5a18a3b52f5937c3e [term 0 FOLLOWER]: Starting pre-election with config: opid_index: -1 OBSOLETE_local: false peers { permanent_uuid: "958d09db7c5843d5a18a3b52f5937c3e" member_type: VOTER last_known_addr { host: "127.31.183.130" port: 38871 } } peers { permanent_uuid: "447f17bd80ec43ebaf08595aefec681c" member_type: VOTER last_known_addr { host: "127.31.183.131" port: 44027 } } peers { permanent_uuid: "6ff3602c38674ac69657d6b21f0e3bb8" member_type: VOTER last_known_addr { host: "127.31.183.129" port: 33269 } }
I20260710 13:26:06.871946 32750 tablet_service.cc:1511] Processing CreateTablet for tablet c5cd854d64e54e4b805b6a77058166db (DEFAULT_TABLE table=test-workload [id=222146b09bbf43f6846c1f7b55c1a049]), partition=RANGE (key) PARTITION 1908874352 <= VALUES
I20260710 13:26:06.887722 32750 data_dirs.cc:400] Could only allocate 1 dirs of requested 3 for tablet c5cd854d64e54e4b805b6a77058166db. 1 dirs total, 0 dirs full, 0 dirs failed
I20260710 13:26:06.889017   340 tablet_bootstrap.cc:654] T c91e67d75ba544f595e7ddce4697c702 P 447f17bd80ec43ebaf08595aefec681c: Neither blocks nor log segments found. Creating new log.
I20260710 13:26:06.890359   338 ts_tablet_manager.cc:1403] T afd1c761a95245c7a599604faa04902c P 6ff3602c38674ac69657d6b21f0e3bb8: Time spent bootstrapping tablet: real 0.118s	user 0.015s	sys 0.003s
I20260710 13:26:06.891764 32678 data_dirs.cc:400] Could only allocate 1 dirs of requested 3 for tablet c5cd854d64e54e4b805b6a77058166db. 1 dirs total, 0 dirs full, 0 dirs failed
I20260710 13:26:06.898725   338 raft_consensus.cc:359] T afd1c761a95245c7a599604faa04902c P 6ff3602c38674ac69657d6b21f0e3bb8 [term 0 FOLLOWER]: Replica starting. Triggering 0 pending ops. Active config: opid_index: -1 OBSOLETE_local: false peers { permanent_uuid: "958d09db7c5843d5a18a3b52f5937c3e" member_type: VOTER last_known_addr { host: "127.31.183.130" port: 38871 } } peers { permanent_uuid: "447f17bd80ec43ebaf08595aefec681c" member_type: VOTER last_known_addr { host: "127.31.183.131" port: 44027 } } peers { permanent_uuid: "6ff3602c38674ac69657d6b21f0e3bb8" member_type: VOTER last_known_addr { host: "127.31.183.129" port: 33269 } }
I20260710 13:26:06.899855   338 raft_consensus.cc:385] T afd1c761a95245c7a599604faa04902c P 6ff3602c38674ac69657d6b21f0e3bb8 [term 0 FOLLOWER]: Consensus starting up: Expiring failure detector timer to make a prompt election more likely
I20260710 13:26:06.900262   338 raft_consensus.cc:740] T afd1c761a95245c7a599604faa04902c P 6ff3602c38674ac69657d6b21f0e3bb8 [term 0 FOLLOWER]: Becoming Follower/Learner. State: Replica: 6ff3602c38674ac69657d6b21f0e3bb8, State: Initialized, Role: FOLLOWER
I20260710 13:26:06.902661   341 leader_election.cc:290] T afd1c761a95245c7a599604faa04902c P 958d09db7c5843d5a18a3b52f5937c3e [CANDIDATE]: Term 1 pre-election: Requested pre-vote from peers 447f17bd80ec43ebaf08595aefec681c (127.31.183.131:44027), 6ff3602c38674ac69657d6b21f0e3bb8 (127.31.183.129:33269)
