W20260710 13:26:31.225085  1502 instance_detector.cc:116] could not retrieve Azure instance metadata: Network error: curl error: HTTP response code said error: The requested URL returned error: 404
I20260710 13:26:31.227046 32478 server_base.cc:1061] running on GCE node
W20260710 13:26:31.226970  1504 instance_detector.cc:116] could not retrieve OpenStack instance metadata: Network error: curl error: HTTP response code said error: The requested URL returned error: 404
I20260710 13:26:31.228511 32478 hybrid_clock.cc:584] initializing the hybrid clock with 'system_unsync' time source
W20260710 13:26:31.228720 32478 system_unsync_time.cc:38] NTP support is disabled. Clock error bounds will not be accurate. This configuration is not suitable for distributed clusters.
I20260710 13:26:31.228875 32478 hybrid_clock.cc:648] HybridClock initialized: now 1783689991228861 us; error 0 us; skew 500 ppm
I20260710 13:26:31.229352 32478 server_base.cc:861] Flag tcmalloc_max_total_thread_cache_bytes is not working since tcmalloc is not enabled.
I20260710 13:26:31.231884 32478 webserver.cc:533] Webserver started at http://127.31.183.132:37127/ using document root <none> and password file <none>
I20260710 13:26:31.232368 32478 fs_manager.cc:362] Metadata directory not provided
I20260710 13:26:31.232558 32478 fs_manager.cc:368] Using write-ahead log directory (fs_wal_dir) as metadata directory
I20260710 13:26:31.232798 32478 server_base.cc:909] This appears to be a new deployment of Kudu; creating new FS layout
I20260710 13:26:31.233819 32478 fs_manager.cc:1068] Generated new instance metadata in path /tmp/dist-test-task7vAWqf/test-tmp/auto_leader_rebalancer-test.0.LeaderRebalancerTest.AddTserver.1783689964393713-32478-0/minicluster-data/ts-3-root/instance:
uuid: "ec0aee0a4f7c4cdcb30103e635c2e749"
format_stamp: "Formatted at 2026-07-10 13:26:31 on dist-test-slave-s5q8"
I20260710 13:26:31.238432 32478 fs_manager.cc:696] Time spent creating directory manager: real 0.004s	user 0.002s	sys 0.001s
I20260710 13:26:31.241483  1509 log_block_manager.cc:4127] Time spent loading block containers with low live blocks: real 0.000s	user 0.000s	sys 0.000s
I20260710 13:26:31.242182 32478 fs_manager.cc:730] Time spent opening block manager: real 0.002s	user 0.002s	sys 0.001s
I20260710 13:26:31.242470 32478 fs_manager.cc:647] Opened local filesystem: /tmp/dist-test-task7vAWqf/test-tmp/auto_leader_rebalancer-test.0.LeaderRebalancerTest.AddTserver.1783689964393713-32478-0/minicluster-data/ts-3-root
uuid: "ec0aee0a4f7c4cdcb30103e635c2e749"
format_stamp: "Formatted at 2026-07-10 13:26:31 on dist-test-slave-s5q8"
I20260710 13:26:31.242718 32478 fs_report.cc:389] FS layout report
--------------------
wal directory: /tmp/dist-test-task7vAWqf/test-tmp/auto_leader_rebalancer-test.0.LeaderRebalancerTest.AddTserver.1783689964393713-32478-0/minicluster-data/ts-3-root
metadata directory: /tmp/dist-test-task7vAWqf/test-tmp/auto_leader_rebalancer-test.0.LeaderRebalancerTest.AddTserver.1783689964393713-32478-0/minicluster-data/ts-3-root
1 data directories: /tmp/dist-test-task7vAWqf/test-tmp/auto_leader_rebalancer-test.0.LeaderRebalancerTest.AddTserver.1783689964393713-32478-0/minicluster-data/ts-3-root/data
Total live blocks: 0
Total live bytes: 0
Total live bytes (after alignment): 0
Total number of LBM containers: 0 (0 full)
Did not check for missing blocks
Did not check for orphaned blocks
Total full LBM containers with extra space: 0 (0 repaired)
Total full LBM container extra space in bytes: 0 (0 repaired)
Total incomplete LBM containers: 0 (0 repaired)
Total LBM partial records: 0 (0 repaired)
Total corrupted LBM metadata records in RocksDB: 0 (0 repaired)
I20260710 13:26:31.266086 32478 rpc_server.cc:225] running with OpenSSL 1.1.1  11 Sep 2018
I20260710 13:26:31.267637 32478 kserver.cc:163] Server-wide thread pool size limit: 3276
I20260710 13:26:31.269626 32478 txn_system_client.cc:432] TxnSystemClient initialization is disabled...
I20260710 13:26:31.271960 32478 ts_tablet_manager.cc:585] Loaded tablet metadata (0 total tablets, 0 live tablets)
I20260710 13:26:31.272142 32478 ts_tablet_manager.cc:531] Time spent load tablet metadata: real 0.000s	user 0.000s	sys 0.000s
I20260710 13:26:31.272373 32478 ts_tablet_manager.cc:616] Registered 0 tablets
I20260710 13:26:31.272524 32478 ts_tablet_manager.cc:595] Time spent register tablets: real 0.000s	user 0.000s	sys 0.000s
I20260710 13:26:31.336778 32478 rpc_server.cc:307] RPC server started. Bound to: 127.31.183.132:42005
I20260710 13:26:31.336962  1571 acceptor_pool.cc:272] collecting diagnostics on the listening RPC socket 127.31.183.132:42005 every 8 connection(s)
I20260710 13:26:31.341310 32478 auto_leader_rebalancer-test.cc:388] add a tserver: ec0aee0a4f7c4cdcb30103e635c2e749
I20260710 13:26:31.355273  1572 heartbeater.cc:344] Connected to a master server at 127.31.183.190:46695
I20260710 13:26:31.355618  1572 heartbeater.cc:461] Registering TS with master...
I20260710 13:26:31.356271  1572 heartbeater.cc:507] Master 127.31.183.190:46695 requested a full tablet report, sending...
I20260710 13:26:31.357967  1023 ts_manager.cc:194] Registered new tserver with Master: ec0aee0a4f7c4cdcb30103e635c2e749 (127.31.183.132:42005)
I20260710 13:26:31.359216  1023 master_service.cc:502] Signed X509 certificate for tserver {username='slave'} at 127.0.0.1:57388
I20260710 13:26:31.568758  1122 consensus_queue.cc:237] T 87af156b706144599bccd5c07b5fd4ce P b29174e5e82a43e38d13c9d9eb96cb0e [LEADER]: Queue going to LEADER mode. State: All replicated index: 0, Majority replicated index: 1, Committed index: 1, Last appended: 1.1, Last appended by leader: 0, Current term: 1, Majority size: 2, State: 0, Mode: LEADER, active raft config: opid_index: 2 OBSOLETE_local: false peers { permanent_uuid: "b29174e5e82a43e38d13c9d9eb96cb0e" member_type: VOTER last_known_addr { host: "127.31.183.129" port: 41071 } } peers { permanent_uuid: "daf0f3ccd9ca4a99a85a91b805e1dda0" member_type: VOTER last_known_addr { host: "127.31.183.130" port: 40315 } attrs { replace: true } } peers { permanent_uuid: "6a2c464e3a99449dbe8c23195088e71a" member_type: VOTER last_known_addr { host: "127.31.183.131" port: 33043 } } peers { permanent_uuid: "ec0aee0a4f7c4cdcb30103e635c2e749" member_type: NON_VOTER last_known_addr { host: "127.31.183.132" port: 42005 } attrs { promote: true } }
I20260710 13:26:31.575062  1272 raft_consensus.cc:1275] T 87af156b706144599bccd5c07b5fd4ce P 6a2c464e3a99449dbe8c23195088e71a [term 1 FOLLOWER]: Refusing update from remote peer b29174e5e82a43e38d13c9d9eb96cb0e: Log matching property violated. Preceding OpId in replica: term: 1 index: 1. Preceding OpId from leader: term: 1 index: 2. (index mismatch)
I20260710 13:26:31.575847  1198 raft_consensus.cc:1275] T 87af156b706144599bccd5c07b5fd4ce P daf0f3ccd9ca4a99a85a91b805e1dda0 [term 1 FOLLOWER]: Refusing update from remote peer b29174e5e82a43e38d13c9d9eb96cb0e: Log matching property violated. Preceding OpId in replica: term: 1 index: 1. Preceding OpId from leader: term: 1 index: 2. (index mismatch)
I20260710 13:26:31.576691  1396 consensus_queue.cc:1048] T 87af156b706144599bccd5c07b5fd4ce P b29174e5e82a43e38d13c9d9eb96cb0e [LEADER]: Connected to new peer: Peer: permanent_uuid: "6a2c464e3a99449dbe8c23195088e71a" member_type: VOTER last_known_addr { host: "127.31.183.131" port: 33043 }, Status: LMP_MISMATCH, Last received: 0.0, Next index: 2, Last known committed idx: 1, Time since last communication: 0.000s
I20260710 13:26:31.577634  1410 consensus_queue.cc:1048] T 87af156b706144599bccd5c07b5fd4ce P b29174e5e82a43e38d13c9d9eb96cb0e [LEADER]: Connected to new peer: Peer: permanent_uuid: "daf0f3ccd9ca4a99a85a91b805e1dda0" member_type: VOTER last_known_addr { host: "127.31.183.130" port: 40315 } attrs { replace: true }, Status: LMP_MISMATCH, Last received: 0.0, Next index: 2, Last known committed idx: 1, Time since last communication: 0.000s
I20260710 13:26:31.584561  1396 raft_consensus.cc:2955] T 87af156b706144599bccd5c07b5fd4ce P b29174e5e82a43e38d13c9d9eb96cb0e [term 1 LEADER]: Committing config change with OpId 1.2: config changed from index -1 to 2, NON_VOTER ec0aee0a4f7c4cdcb30103e635c2e749 (127.31.183.132) added. New config: { opid_index: 2 OBSOLETE_local: false peers { permanent_uuid: "b29174e5e82a43e38d13c9d9eb96cb0e" member_type: VOTER last_known_addr { host: "127.31.183.129" port: 41071 } } peers { permanent_uuid: "daf0f3ccd9ca4a99a85a91b805e1dda0" member_type: VOTER last_known_addr { host: "127.31.183.130" port: 40315 } attrs { replace: true } } peers { permanent_uuid: "6a2c464e3a99449dbe8c23195088e71a" member_type: VOTER last_known_addr { host: "127.31.183.131" port: 33043 } } peers { permanent_uuid: "ec0aee0a4f7c4cdcb30103e635c2e749" member_type: NON_VOTER last_known_addr { host: "127.31.183.132" port: 42005 } attrs { promote: true } } }
I20260710 13:26:31.586336  1198 raft_consensus.cc:2955] T 87af156b706144599bccd5c07b5fd4ce P daf0f3ccd9ca4a99a85a91b805e1dda0 [term 1 FOLLOWER]: Committing config change with OpId 1.2: config changed from index -1 to 2, NON_VOTER ec0aee0a4f7c4cdcb30103e635c2e749 (127.31.183.132) added. New config: { opid_index: 2 OBSOLETE_local: false peers { permanent_uuid: "b29174e5e82a43e38d13c9d9eb96cb0e" member_type: VOTER last_known_addr { host: "127.31.183.129" port: 41071 } } peers { permanent_uuid: "daf0f3ccd9ca4a99a85a91b805e1dda0" member_type: VOTER last_known_addr { host: "127.31.183.130" port: 40315 } attrs { replace: true } } peers { permanent_uuid: "6a2c464e3a99449dbe8c23195088e71a" member_type: VOTER last_known_addr { host: "127.31.183.131" port: 33043 } } peers { permanent_uuid: "ec0aee0a4f7c4cdcb30103e635c2e749" member_type: NON_VOTER last_known_addr { host: "127.31.183.132" port: 42005 } attrs { promote: true } } }
W20260710 13:26:31.587466  1090 consensus_peers.cc:597] T 87af156b706144599bccd5c07b5fd4ce P b29174e5e82a43e38d13c9d9eb96cb0e -> Peer ec0aee0a4f7c4cdcb30103e635c2e749 (127.31.183.132:42005): Couldn't send request to peer ec0aee0a4f7c4cdcb30103e635c2e749. Error code: TABLET_NOT_FOUND (6). Status: Not found: Tablet not found: 87af156b706144599bccd5c07b5fd4ce. This is attempt 1: this message will repeat every 5th retry.
I20260710 13:26:31.588032  1275 raft_consensus.cc:2955] T 87af156b706144599bccd5c07b5fd4ce P 6a2c464e3a99449dbe8c23195088e71a [term 1 FOLLOWER]: Committing config change with OpId 1.2: config changed from index -1 to 2, NON_VOTER ec0aee0a4f7c4cdcb30103e635c2e749 (127.31.183.132) added. New config: { opid_index: 2 OBSOLETE_local: false peers { permanent_uuid: "b29174e5e82a43e38d13c9d9eb96cb0e" member_type: VOTER last_known_addr { host: "127.31.183.129" port: 41071 } } peers { permanent_uuid: "daf0f3ccd9ca4a99a85a91b805e1dda0" member_type: VOTER last_known_addr { host: "127.31.183.130" port: 40315 } attrs { replace: true } } peers { permanent_uuid: "6a2c464e3a99449dbe8c23195088e71a" member_type: VOTER last_known_addr { host: "127.31.183.131" port: 33043 } } peers { permanent_uuid: "ec0aee0a4f7c4cdcb30103e635c2e749" member_type: NON_VOTER last_known_addr { host: "127.31.183.132" port: 42005 } attrs { promote: true } } }
I20260710 13:26:31.599836  1023 catalog_manager.cc:5697] T 87af156b706144599bccd5c07b5fd4ce P b29174e5e82a43e38d13c9d9eb96cb0e reported cstate change: config changed from index -1 to 2, NON_VOTER ec0aee0a4f7c4cdcb30103e635c2e749 (127.31.183.132) added. New cstate: current_term: 1 leader_uuid: "b29174e5e82a43e38d13c9d9eb96cb0e" committed_config { opid_index: 2 OBSOLETE_local: false peers { permanent_uuid: "b29174e5e82a43e38d13c9d9eb96cb0e" member_type: VOTER last_known_addr { host: "127.31.183.129" port: 41071 } health_report { overall_health: HEALTHY } } peers { permanent_uuid: "daf0f3ccd9ca4a99a85a91b805e1dda0" member_type: VOTER last_known_addr { host: "127.31.183.130" port: 40315 } attrs { replace: true } health_report { overall_health: HEALTHY } } peers { permanent_uuid: "6a2c464e3a99449dbe8c23195088e71a" member_type: VOTER last_known_addr { host: "127.31.183.131" port: 33043 } health_report { overall_health: HEALTHY } } peers { permanent_uuid: "ec0aee0a4f7c4cdcb30103e635c2e749" member_type: NON_VOTER last_known_addr { host: "127.31.183.132" port: 42005 } attrs { promote: true } health_report { overall_health: UNKNOWN } } }
I20260710 13:26:31.613920  1275 consensus_queue.cc:237] T 545abc2a51564c3d8be6a377f285174f P 6a2c464e3a99449dbe8c23195088e71a [LEADER]: Queue going to LEADER mode. State: All replicated index: 0, Majority replicated index: 1, Committed index: 1, Last appended: 1.1, Last appended by leader: 0, Current term: 1, Majority size: 2, State: 0, Mode: LEADER, active raft config: opid_index: 2 OBSOLETE_local: false peers { permanent_uuid: "b29174e5e82a43e38d13c9d9eb96cb0e" member_type: VOTER last_known_addr { host: "127.31.183.129" port: 41071 } attrs { replace: true } } peers { permanent_uuid: "daf0f3ccd9ca4a99a85a91b805e1dda0" member_type: VOTER last_known_addr { host: "127.31.183.130" port: 40315 } } peers { permanent_uuid: "6a2c464e3a99449dbe8c23195088e71a" member_type: VOTER last_known_addr { host: "127.31.183.131" port: 33043 } } peers { permanent_uuid: "ec0aee0a4f7c4cdcb30103e635c2e749" member_type: NON_VOTER last_known_addr { host: "127.31.183.132" port: 42005 } attrs { promote: true } }
I20260710 13:26:31.620179  1198 raft_consensus.cc:1275] T 545abc2a51564c3d8be6a377f285174f P daf0f3ccd9ca4a99a85a91b805e1dda0 [term 1 FOLLOWER]: Refusing update from remote peer 6a2c464e3a99449dbe8c23195088e71a: Log matching property violated. Preceding OpId in replica: term: 1 index: 1. Preceding OpId from leader: term: 1 index: 2. (index mismatch)
I20260710 13:26:31.620502  1122 raft_consensus.cc:1275] T 545abc2a51564c3d8be6a377f285174f P b29174e5e82a43e38d13c9d9eb96cb0e [term 1 FOLLOWER]: Refusing update from remote peer 6a2c464e3a99449dbe8c23195088e71a: Log matching property violated. Preceding OpId in replica: term: 1 index: 1. Preceding OpId from leader: term: 1 index: 2. (index mismatch)
I20260710 13:26:31.622020  1385 consensus_queue.cc:1048] T 545abc2a51564c3d8be6a377f285174f P 6a2c464e3a99449dbe8c23195088e71a [LEADER]: Connected to new peer: Peer: permanent_uuid: "daf0f3ccd9ca4a99a85a91b805e1dda0" member_type: VOTER last_known_addr { host: "127.31.183.130" port: 40315 }, Status: LMP_MISMATCH, Last received: 0.0, Next index: 2, Last known committed idx: 1, Time since last communication: 0.000s
I20260710 13:26:31.622956  1470 consensus_queue.cc:1048] T 545abc2a51564c3d8be6a377f285174f P 6a2c464e3a99449dbe8c23195088e71a [LEADER]: Connected to new peer: Peer: permanent_uuid: "b29174e5e82a43e38d13c9d9eb96cb0e" member_type: VOTER last_known_addr { host: "127.31.183.129" port: 41071 } attrs { replace: true }, Status: LMP_MISMATCH, Last received: 0.0, Next index: 2, Last known committed idx: 1, Time since last communication: 0.000s
W20260710 13:26:31.630769  1239 consensus_peers.cc:597] T 545abc2a51564c3d8be6a377f285174f P 6a2c464e3a99449dbe8c23195088e71a -> Peer ec0aee0a4f7c4cdcb30103e635c2e749 (127.31.183.132:42005): Couldn't send request to peer ec0aee0a4f7c4cdcb30103e635c2e749. Error code: TABLET_NOT_FOUND (6). Status: Not found: Tablet not found: 545abc2a51564c3d8be6a377f285174f. This is attempt 1: this message will repeat every 5th retry.
I20260710 13:26:31.630836  1319 raft_consensus.cc:2955] T 545abc2a51564c3d8be6a377f285174f P 6a2c464e3a99449dbe8c23195088e71a [term 1 LEADER]: Committing config change with OpId 1.2: config changed from index -1 to 2, NON_VOTER ec0aee0a4f7c4cdcb30103e635c2e749 (127.31.183.132) added. New config: { opid_index: 2 OBSOLETE_local: false peers { permanent_uuid: "b29174e5e82a43e38d13c9d9eb96cb0e" member_type: VOTER last_known_addr { host: "127.31.183.129" port: 41071 } attrs { replace: true } } peers { permanent_uuid: "daf0f3ccd9ca4a99a85a91b805e1dda0" member_type: VOTER last_known_addr { host: "127.31.183.130" port: 40315 } } peers { permanent_uuid: "6a2c464e3a99449dbe8c23195088e71a" member_type: VOTER last_known_addr { host: "127.31.183.131" port: 33043 } } peers { permanent_uuid: "ec0aee0a4f7c4cdcb30103e635c2e749" member_type: NON_VOTER last_known_addr { host: "127.31.183.132" port: 42005 } attrs { promote: true } } }
I20260710 13:26:31.632684  1122 raft_consensus.cc:2955] T 545abc2a51564c3d8be6a377f285174f P b29174e5e82a43e38d13c9d9eb96cb0e [term 1 FOLLOWER]: Committing config change with OpId 1.2: config changed from index -1 to 2, NON_VOTER ec0aee0a4f7c4cdcb30103e635c2e749 (127.31.183.132) added. New config: { opid_index: 2 OBSOLETE_local: false peers { permanent_uuid: "b29174e5e82a43e38d13c9d9eb96cb0e" member_type: VOTER last_known_addr { host: "127.31.183.129" port: 41071 } attrs { replace: true } } peers { permanent_uuid: "daf0f3ccd9ca4a99a85a91b805e1dda0" member_type: VOTER last_known_addr { host: "127.31.183.130" port: 40315 } } peers { permanent_uuid: "6a2c464e3a99449dbe8c23195088e71a" member_type: VOTER last_known_addr { host: "127.31.183.131" port: 33043 } } peers { permanent_uuid: "ec0aee0a4f7c4cdcb30103e635c2e749" member_type: NON_VOTER last_known_addr { host: "127.31.183.132" port: 42005 } attrs { promote: true } } }
I20260710 13:26:31.642979  1120 consensus_queue.cc:237] T c51d9cc1f9f0454a83b4793045a68c65 P b29174e5e82a43e38d13c9d9eb96cb0e [LEADER]: Queue going to LEADER mode. State: All replicated index: 0, Majority replicated index: 1, Committed index: 1, Last appended: 1.1, Last appended by leader: 0, Current term: 1, Majority size: 2, State: 0, Mode: LEADER, active raft config: opid_index: 2 OBSOLETE_local: false peers { permanent_uuid: "b29174e5e82a43e38d13c9d9eb96cb0e" member_type: VOTER last_known_addr { host: "127.31.183.129" port: 41071 } } peers { permanent_uuid: "daf0f3ccd9ca4a99a85a91b805e1dda0" member_type: VOTER last_known_addr { host: "127.31.183.130" port: 40315 } } peers { permanent_uuid: "6a2c464e3a99449dbe8c23195088e71a" member_type: VOTER last_known_addr { host: "127.31.183.131" port: 33043 } attrs { replace: true } } peers { permanent_uuid: "ec0aee0a4f7c4cdcb30103e635c2e749" member_type: NON_VOTER last_known_addr { host: "127.31.183.132" port: 42005 } attrs { promote: true } }
I20260710 13:26:31.644429  1021 catalog_manager.cc:5697] T 545abc2a51564c3d8be6a377f285174f P 6a2c464e3a99449dbe8c23195088e71a reported cstate change: config changed from index -1 to 2, NON_VOTER ec0aee0a4f7c4cdcb30103e635c2e749 (127.31.183.132) added. New cstate: current_term: 1 leader_uuid: "6a2c464e3a99449dbe8c23195088e71a" committed_config { opid_index: 2 OBSOLETE_local: false peers { permanent_uuid: "b29174e5e82a43e38d13c9d9eb96cb0e" member_type: VOTER last_known_addr { host: "127.31.183.129" port: 41071 } attrs { replace: true } health_report { overall_health: HEALTHY } } peers { permanent_uuid: "daf0f3ccd9ca4a99a85a91b805e1dda0" member_type: VOTER last_known_addr { host: "127.31.183.130" port: 40315 } health_report { overall_health: HEALTHY } } peers { permanent_uuid: "6a2c464e3a99449dbe8c23195088e71a" member_type: VOTER last_known_addr { host: "127.31.183.131" port: 33043 } health_report { overall_health: HEALTHY } } peers { permanent_uuid: "ec0aee0a4f7c4cdcb30103e635c2e749" member_type: NON_VOTER last_known_addr { host: "127.31.183.132" port: 42005 } attrs { promote: true } health_report { overall_health: UNKNOWN } } }
I20260710 13:26:31.650821  1198 raft_consensus.cc:2955] T 545abc2a51564c3d8be6a377f285174f P daf0f3ccd9ca4a99a85a91b805e1dda0 [term 1 FOLLOWER]: Committing config change with OpId 1.2: config changed from index -1 to 2, NON_VOTER ec0aee0a4f7c4cdcb30103e635c2e749 (127.31.183.132) added. New config: { opid_index: 2 OBSOLETE_local: false peers { permanent_uuid: "b29174e5e82a43e38d13c9d9eb96cb0e" member_type: VOTER last_known_addr { host: "127.31.183.129" port: 41071 } attrs { replace: true } } peers { permanent_uuid: "daf0f3ccd9ca4a99a85a91b805e1dda0" member_type: VOTER last_known_addr { host: "127.31.183.130" port: 40315 } } peers { permanent_uuid: "6a2c464e3a99449dbe8c23195088e71a" member_type: VOTER last_known_addr { host: "127.31.183.131" port: 33043 } } peers { permanent_uuid: "ec0aee0a4f7c4cdcb30103e635c2e749" member_type: NON_VOTER last_known_addr { host: "127.31.183.132" port: 42005 } attrs { promote: true } } }
W20260710 13:26:31.656859  1090 consensus_peers.cc:597] T c51d9cc1f9f0454a83b4793045a68c65 P b29174e5e82a43e38d13c9d9eb96cb0e -> Peer ec0aee0a4f7c4cdcb30103e635c2e749 (127.31.183.132:42005): Couldn't send request to peer ec0aee0a4f7c4cdcb30103e635c2e749. Error code: TABLET_NOT_FOUND (6). Status: Not found: Tablet not found: c51d9cc1f9f0454a83b4793045a68c65. This is attempt 1: this message will repeat every 5th retry.
I20260710 13:26:31.657097  1275 raft_consensus.cc:1275] T c51d9cc1f9f0454a83b4793045a68c65 P 6a2c464e3a99449dbe8c23195088e71a [term 1 FOLLOWER]: Refusing update from remote peer b29174e5e82a43e38d13c9d9eb96cb0e: Log matching property violated. Preceding OpId in replica: term: 1 index: 1. Preceding OpId from leader: term: 1 index: 2. (index mismatch)
I20260710 13:26:31.658000  1201 raft_consensus.cc:1275] T c51d9cc1f9f0454a83b4793045a68c65 P daf0f3ccd9ca4a99a85a91b805e1dda0 [term 1 FOLLOWER]: Refusing update from remote peer b29174e5e82a43e38d13c9d9eb96cb0e: Log matching property violated. Preceding OpId in replica: term: 1 index: 1. Preceding OpId from leader: term: 1 index: 2. (index mismatch)
I20260710 13:26:31.658574  1410 consensus_queue.cc:1048] T c51d9cc1f9f0454a83b4793045a68c65 P b29174e5e82a43e38d13c9d9eb96cb0e [LEADER]: Connected to new peer: Peer: permanent_uuid: "6a2c464e3a99449dbe8c23195088e71a" member_type: VOTER last_known_addr { host: "127.31.183.131" port: 33043 } attrs { replace: true }, Status: LMP_MISMATCH, Last received: 0.0, Next index: 2, Last known committed idx: 1, Time since last communication: 0.000s
I20260710 13:26:31.659730  1396 consensus_queue.cc:1048] T c51d9cc1f9f0454a83b4793045a68c65 P b29174e5e82a43e38d13c9d9eb96cb0e [LEADER]: Connected to new peer: Peer: permanent_uuid: "daf0f3ccd9ca4a99a85a91b805e1dda0" member_type: VOTER last_known_addr { host: "127.31.183.130" port: 40315 }, Status: LMP_MISMATCH, Last received: 0.0, Next index: 2, Last known committed idx: 1, Time since last communication: 0.000s
I20260710 13:26:31.667339  1410 raft_consensus.cc:2955] T c51d9cc1f9f0454a83b4793045a68c65 P b29174e5e82a43e38d13c9d9eb96cb0e [term 1 LEADER]: Committing config change with OpId 1.2: config changed from index -1 to 2, NON_VOTER ec0aee0a4f7c4cdcb30103e635c2e749 (127.31.183.132) added. New config: { opid_index: 2 OBSOLETE_local: false peers { permanent_uuid: "b29174e5e82a43e38d13c9d9eb96cb0e" member_type: VOTER last_known_addr { host: "127.31.183.129" port: 41071 } } peers { permanent_uuid: "daf0f3ccd9ca4a99a85a91b805e1dda0" member_type: VOTER last_known_addr { host: "127.31.183.130" port: 40315 } } peers { permanent_uuid: "6a2c464e3a99449dbe8c23195088e71a" member_type: VOTER last_known_addr { host: "127.31.183.131" port: 33043 } attrs { replace: true } } peers { permanent_uuid: "ec0aee0a4f7c4cdcb30103e635c2e749" member_type: NON_VOTER last_known_addr { host: "127.31.183.132" port: 42005 } attrs { promote: true } } }
I20260710 13:26:31.671211  1201 raft_consensus.cc:2955] T c51d9cc1f9f0454a83b4793045a68c65 P daf0f3ccd9ca4a99a85a91b805e1dda0 [term 1 FOLLOWER]: Committing config change with OpId 1.2: config changed from index -1 to 2, NON_VOTER ec0aee0a4f7c4cdcb30103e635c2e749 (127.31.183.132) added. New config: { opid_index: 2 OBSOLETE_local: false peers { permanent_uuid: "b29174e5e82a43e38d13c9d9eb96cb0e" member_type: VOTER last_known_addr { host: "127.31.183.129" port: 41071 } } peers { permanent_uuid: "daf0f3ccd9ca4a99a85a91b805e1dda0" member_type: VOTER last_known_addr { host: "127.31.183.130" port: 40315 } } peers { permanent_uuid: "6a2c464e3a99449dbe8c23195088e71a" member_type: VOTER last_known_addr { host: "127.31.183.131" port: 33043 } attrs { replace: true } } peers { permanent_uuid: "ec0aee0a4f7c4cdcb30103e635c2e749" member_type: NON_VOTER last_known_addr { host: "127.31.183.132" port: 42005 } attrs { promote: true } } }
I20260710 13:26:31.675573  1275 raft_consensus.cc:2955] T c51d9cc1f9f0454a83b4793045a68c65 P 6a2c464e3a99449dbe8c23195088e71a [term 1 FOLLOWER]: Committing config change with OpId 1.2: config changed from index -1 to 2, NON_VOTER ec0aee0a4f7c4cdcb30103e635c2e749 (127.31.183.132) added. New config: { opid_index: 2 OBSOLETE_local: false peers { permanent_uuid: "b29174e5e82a43e38d13c9d9eb96cb0e" member_type: VOTER last_known_addr { host: "127.31.183.129" port: 41071 } } peers { permanent_uuid: "daf0f3ccd9ca4a99a85a91b805e1dda0" member_type: VOTER last_known_addr { host: "127.31.183.130" port: 40315 } } peers { permanent_uuid: "6a2c464e3a99449dbe8c23195088e71a" member_type: VOTER last_known_addr { host: "127.31.183.131" port: 33043 } attrs { replace: true } } peers { permanent_uuid: "ec0aee0a4f7c4cdcb30103e635c2e749" member_type: NON_VOTER last_known_addr { host: "127.31.183.132" port: 42005 } attrs { promote: true } } }
I20260710 13:26:31.683490  1021 catalog_manager.cc:5697] T c51d9cc1f9f0454a83b4793045a68c65 P b29174e5e82a43e38d13c9d9eb96cb0e reported cstate change: config changed from index -1 to 2, NON_VOTER ec0aee0a4f7c4cdcb30103e635c2e749 (127.31.183.132) added. New cstate: current_term: 1 leader_uuid: "b29174e5e82a43e38d13c9d9eb96cb0e" committed_config { opid_index: 2 OBSOLETE_local: false peers { permanent_uuid: "b29174e5e82a43e38d13c9d9eb96cb0e" member_type: VOTER last_known_addr { host: "127.31.183.129" port: 41071 } health_report { overall_health: HEALTHY } } peers { permanent_uuid: "daf0f3ccd9ca4a99a85a91b805e1dda0" member_type: VOTER last_known_addr { host: "127.31.183.130" port: 40315 } health_report { overall_health: HEALTHY } } peers { permanent_uuid: "6a2c464e3a99449dbe8c23195088e71a" member_type: VOTER last_known_addr { host: "127.31.183.131" port: 33043 } attrs { replace: true } health_report { overall_health: HEALTHY } } peers { permanent_uuid: "ec0aee0a4f7c4cdcb30103e635c2e749" member_type: NON_VOTER last_known_addr { host: "127.31.183.132" port: 42005 } attrs { promote: true } health_report { overall_health: UNKNOWN } } }
I20260710 13:26:31.696533  1198 consensus_queue.cc:237] T af4244353e0c40ddb7c1a778f79d708a P daf0f3ccd9ca4a99a85a91b805e1dda0 [LEADER]: Queue going to LEADER mode. State: All replicated index: 0, Majority replicated index: 1, Committed index: 1, Last appended: 1.1, Last appended by leader: 0, Current term: 1, Majority size: 2, State: 0, Mode: LEADER, active raft config: opid_index: 2 OBSOLETE_local: false peers { permanent_uuid: "b29174e5e82a43e38d13c9d9eb96cb0e" member_type: VOTER last_known_addr { host: "127.31.183.129" port: 41071 } attrs { replace: true } } peers { permanent_uuid: "daf0f3ccd9ca4a99a85a91b805e1dda0" member_type: VOTER last_known_addr { host: "127.31.183.130" port: 40315 } } peers { permanent_uuid: "6a2c464e3a99449dbe8c23195088e71a" member_type: VOTER last_known_addr { host: "127.31.183.131" port: 33043 } } peers { permanent_uuid: "ec0aee0a4f7c4cdcb30103e635c2e749" member_type: NON_VOTER last_known_addr { host: "127.31.183.132" port: 42005 } attrs { promote: true } }
I20260710 13:26:31.703652  1120 raft_consensus.cc:1275] T af4244353e0c40ddb7c1a778f79d708a P b29174e5e82a43e38d13c9d9eb96cb0e [term 1 FOLLOWER]: Refusing update from remote peer daf0f3ccd9ca4a99a85a91b805e1dda0: Log matching property violated. Preceding OpId in replica: term: 1 index: 1. Preceding OpId from leader: term: 1 index: 2. (index mismatch)
I20260710 13:26:31.705693  1364 consensus_queue.cc:1048] T af4244353e0c40ddb7c1a778f79d708a P daf0f3ccd9ca4a99a85a91b805e1dda0 [LEADER]: Connected to new peer: Peer: permanent_uuid: "b29174e5e82a43e38d13c9d9eb96cb0e" member_type: VOTER last_known_addr { host: "127.31.183.129" port: 41071 } attrs { replace: true }, Status: LMP_MISMATCH, Last received: 0.0, Next index: 2, Last known committed idx: 1, Time since last communication: 0.000s
I20260710 13:26:31.706368  1275 raft_consensus.cc:1275] T af4244353e0c40ddb7c1a778f79d708a P 6a2c464e3a99449dbe8c23195088e71a [term 1 FOLLOWER]: Refusing update from remote peer daf0f3ccd9ca4a99a85a91b805e1dda0: Log matching property violated. Preceding OpId in replica: term: 1 index: 1. Preceding OpId from leader: term: 1 index: 2. (index mismatch)
I20260710 13:26:31.707966  1364 consensus_queue.cc:1048] T af4244353e0c40ddb7c1a778f79d708a P daf0f3ccd9ca4a99a85a91b805e1dda0 [LEADER]: Connected to new peer: Peer: permanent_uuid: "6a2c464e3a99449dbe8c23195088e71a" member_type: VOTER last_known_addr { host: "127.31.183.131" port: 33043 }, Status: LMP_MISMATCH, Last received: 0.0, Next index: 2, Last known committed idx: 1, Time since last communication: 0.000s
W20260710 13:26:31.717792  1165 consensus_peers.cc:597] T af4244353e0c40ddb7c1a778f79d708a P daf0f3ccd9ca4a99a85a91b805e1dda0 -> Peer ec0aee0a4f7c4cdcb30103e635c2e749 (127.31.183.132:42005): Couldn't send request to peer ec0aee0a4f7c4cdcb30103e635c2e749. Error code: TABLET_NOT_FOUND (6). Status: Not found: Tablet not found: af4244353e0c40ddb7c1a778f79d708a. This is attempt 1: this message will repeat every 5th retry.
I20260710 13:26:31.719828  1356 raft_consensus.cc:2955] T af4244353e0c40ddb7c1a778f79d708a P daf0f3ccd9ca4a99a85a91b805e1dda0 [term 1 LEADER]: Committing config change with OpId 1.2: config changed from index -1 to 2, NON_VOTER ec0aee0a4f7c4cdcb30103e635c2e749 (127.31.183.132) added. New config: { opid_index: 2 OBSOLETE_local: false peers { permanent_uuid: "b29174e5e82a43e38d13c9d9eb96cb0e" member_type: VOTER last_known_addr { host: "127.31.183.129" port: 41071 } attrs { replace: true } } peers { permanent_uuid: "daf0f3ccd9ca4a99a85a91b805e1dda0" member_type: VOTER last_known_addr { host: "127.31.183.130" port: 40315 } } peers { permanent_uuid: "6a2c464e3a99449dbe8c23195088e71a" member_type: VOTER last_known_addr { host: "127.31.183.131" port: 33043 } } peers { permanent_uuid: "ec0aee0a4f7c4cdcb30103e635c2e749" member_type: NON_VOTER last_known_addr { host: "127.31.183.132" port: 42005 } attrs { promote: true } } }
I20260710 13:26:31.721666  1120 raft_consensus.cc:2955] T af4244353e0c40ddb7c1a778f79d708a P b29174e5e82a43e38d13c9d9eb96cb0e [term 1 FOLLOWER]: Committing config change with OpId 1.2: config changed from index -1 to 2, NON_VOTER ec0aee0a4f7c4cdcb30103e635c2e749 (127.31.183.132) added. New config: { opid_index: 2 OBSOLETE_local: false peers { permanent_uuid: "b29174e5e82a43e38d13c9d9eb96cb0e" member_type: VOTER last_known_addr { host: "127.31.183.129" port: 41071 } attrs { replace: true } } peers { permanent_uuid: "daf0f3ccd9ca4a99a85a91b805e1dda0" member_type: VOTER last_known_addr { host: "127.31.183.130" port: 40315 } } peers { permanent_uuid: "6a2c464e3a99449dbe8c23195088e71a" member_type: VOTER last_known_addr { host: "127.31.183.131" port: 33043 } } peers { permanent_uuid: "ec0aee0a4f7c4cdcb30103e635c2e749" member_type: NON_VOTER last_known_addr { host: "127.31.183.132" port: 42005 } attrs { promote: true } } }
I20260710 13:26:31.722093  1275 raft_consensus.cc:2955] T af4244353e0c40ddb7c1a778f79d708a P 6a2c464e3a99449dbe8c23195088e71a [term 1 FOLLOWER]: Committing config change with OpId 1.2: config changed from index -1 to 2, NON_VOTER ec0aee0a4f7c4cdcb30103e635c2e749 (127.31.183.132) added. New config: { opid_index: 2 OBSOLETE_local: false peers { permanent_uuid: "b29174e5e82a43e38d13c9d9eb96cb0e" member_type: VOTER last_known_addr { host: "127.31.183.129" port: 41071 } attrs { replace: true } } peers { permanent_uuid: "daf0f3ccd9ca4a99a85a91b805e1dda0" member_type: VOTER last_known_addr { host: "127.31.183.130" port: 40315 } } peers { permanent_uuid: "6a2c464e3a99449dbe8c23195088e71a" member_type: VOTER last_known_addr { host: "127.31.183.131" port: 33043 } } peers { permanent_uuid: "ec0aee0a4f7c4cdcb30103e635c2e749" member_type: NON_VOTER last_known_addr { host: "127.31.183.132" port: 42005 } attrs { promote: true } } }
I20260710 13:26:31.732919  1023 catalog_manager.cc:5697] T af4244353e0c40ddb7c1a778f79d708a P daf0f3ccd9ca4a99a85a91b805e1dda0 reported cstate change: config changed from index -1 to 2, NON_VOTER ec0aee0a4f7c4cdcb30103e635c2e749 (127.31.183.132) added. New cstate: current_term: 1 leader_uuid: "daf0f3ccd9ca4a99a85a91b805e1dda0" committed_config { opid_index: 2 OBSOLETE_local: false peers { permanent_uuid: "b29174e5e82a43e38d13c9d9eb96cb0e" member_type: VOTER last_known_addr { host: "127.31.183.129" port: 41071 } attrs { replace: true } health_report { overall_health: HEALTHY } } peers { permanent_uuid: "daf0f3ccd9ca4a99a85a91b805e1dda0" member_type: VOTER last_known_addr { host: "127.31.183.130" port: 40315 } health_report { overall_health: HEALTHY } } peers { permanent_uuid: "6a2c464e3a99449dbe8c23195088e71a" member_type: VOTER last_known_addr { host: "127.31.183.131" port: 33043 } health_report { overall_health: HEALTHY } } peers { permanent_uuid: "ec0aee0a4f7c4cdcb30103e635c2e749" member_type: NON_VOTER last_known_addr { host: "127.31.183.132" port: 42005 } attrs { promote: true } health_report { overall_health: UNKNOWN } } }
I20260710 13:26:32.001538  1593 ts_tablet_manager.cc:933] T 545abc2a51564c3d8be6a377f285174f P ec0aee0a4f7c4cdcb30103e635c2e749: Initiating tablet copy from peer 6a2c464e3a99449dbe8c23195088e71a (127.31.183.131:33043)
I20260710 13:26:32.003556  1593 tablet_copy_client.cc:323] T 545abc2a51564c3d8be6a377f285174f P ec0aee0a4f7c4cdcb30103e635c2e749: tablet copy: Beginning tablet copy session from remote peer at address 127.31.183.131:33043
I20260710 13:26:32.014658  1285 tablet_copy_service.cc:140] P 6a2c464e3a99449dbe8c23195088e71a: Received BeginTabletCopySession request for tablet 545abc2a51564c3d8be6a377f285174f from peer ec0aee0a4f7c4cdcb30103e635c2e749 ({username='slave'} at 127.0.0.1:35404)
I20260710 13:26:32.015127  1285 tablet_copy_service.cc:161] P 6a2c464e3a99449dbe8c23195088e71a: Beginning new tablet copy session on tablet 545abc2a51564c3d8be6a377f285174f from peer ec0aee0a4f7c4cdcb30103e635c2e749 at {username='slave'} at 127.0.0.1:35404: session id = ec0aee0a4f7c4cdcb30103e635c2e749-545abc2a51564c3d8be6a377f285174f
I20260710 13:26:32.022069  1285 tablet_copy_source_session.cc:215] T 545abc2a51564c3d8be6a377f285174f P 6a2c464e3a99449dbe8c23195088e71a: Tablet Copy: opened 0 blocks and 1 log segments
I20260710 13:26:32.026897  1593 data_dirs.cc:400] Could only allocate 1 dirs of requested 3 for tablet 545abc2a51564c3d8be6a377f285174f. 1 dirs total, 0 dirs full, 0 dirs failed
I20260710 13:26:32.038260  1593 tablet_copy_client.cc:806] T 545abc2a51564c3d8be6a377f285174f P ec0aee0a4f7c4cdcb30103e635c2e749: tablet copy: Starting download of 0 data blocks...
I20260710 13:26:32.038818  1593 tablet_copy_client.cc:670] T 545abc2a51564c3d8be6a377f285174f P ec0aee0a4f7c4cdcb30103e635c2e749: tablet copy: Starting download of 1 WAL segments...
I20260710 13:26:32.042464  1593 tablet_copy_client.cc:538] T 545abc2a51564c3d8be6a377f285174f P ec0aee0a4f7c4cdcb30103e635c2e749: tablet copy: Tablet Copy complete. Replacing tablet superblock.
I20260710 13:26:32.049968  1593 tablet_bootstrap.cc:492] T 545abc2a51564c3d8be6a377f285174f P ec0aee0a4f7c4cdcb30103e635c2e749: Bootstrap starting.
I20260710 13:26:32.066246  1593 tablet_bootstrap.cc:492] T 545abc2a51564c3d8be6a377f285174f P ec0aee0a4f7c4cdcb30103e635c2e749: Bootstrap replayed 1/1 log segments. Stats: ops{read=2 overwritten=0 applied=2 ignored=0} inserts{seen=0 ignored=0} mutations{seen=0 ignored=0} orphaned_commits=0. Pending: 0 replicates
I20260710 13:26:32.067162  1593 tablet_bootstrap.cc:492] T 545abc2a51564c3d8be6a377f285174f P ec0aee0a4f7c4cdcb30103e635c2e749: Bootstrap complete.
I20260710 13:26:32.067673  1593 ts_tablet_manager.cc:1403] T 545abc2a51564c3d8be6a377f285174f P ec0aee0a4f7c4cdcb30103e635c2e749: Time spent bootstrapping tablet: real 0.018s	user 0.015s	sys 0.004s
I20260710 13:26:32.069664  1593 raft_consensus.cc:359] T 545abc2a51564c3d8be6a377f285174f P ec0aee0a4f7c4cdcb30103e635c2e749 [term 1 LEARNER]: Replica starting. Triggering 0 pending ops. Active config: opid_index: 2 OBSOLETE_local: false peers { permanent_uuid: "b29174e5e82a43e38d13c9d9eb96cb0e" member_type: VOTER last_known_addr { host: "127.31.183.129" port: 41071 } attrs { replace: true } } peers { permanent_uuid: "daf0f3ccd9ca4a99a85a91b805e1dda0" member_type: VOTER last_known_addr { host: "127.31.183.130" port: 40315 } } peers { permanent_uuid: "6a2c464e3a99449dbe8c23195088e71a" member_type: VOTER last_known_addr { host: "127.31.183.131" port: 33043 } } peers { permanent_uuid: "ec0aee0a4f7c4cdcb30103e635c2e749" member_type: NON_VOTER last_known_addr { host: "127.31.183.132" port: 42005 } attrs { promote: true } }
I20260710 13:26:32.070279  1593 raft_consensus.cc:740] T 545abc2a51564c3d8be6a377f285174f P ec0aee0a4f7c4cdcb30103e635c2e749 [term 1 LEARNER]: Becoming Follower/Learner. State: Replica: ec0aee0a4f7c4cdcb30103e635c2e749, State: Initialized, Role: LEARNER
I20260710 13:26:32.070755  1593 consensus_queue.cc:260] T 545abc2a51564c3d8be6a377f285174f P ec0aee0a4f7c4cdcb30103e635c2e749 [NON_LEADER]: Queue going to NON_LEADER mode. State: All replicated index: 0, Majority replicated index: 0, Committed index: 2, Last appended: 1.2, Last appended by leader: 2, Current term: 0, Majority size: -1, State: 0, Mode: NON_LEADER, active raft config: opid_index: 2 OBSOLETE_local: false peers { permanent_uuid: "b29174e5e82a43e38d13c9d9eb96cb0e" member_type: VOTER last_known_addr { host: "127.31.183.129" port: 41071 } attrs { replace: true } } peers { permanent_uuid: "daf0f3ccd9ca4a99a85a91b805e1dda0" member_type: VOTER last_known_addr { host: "127.31.183.130" port: 40315 } } peers { permanent_uuid: "6a2c464e3a99449dbe8c23195088e71a" member_type: VOTER last_known_addr { host: "127.31.183.131" port: 33043 } } peers { permanent_uuid: "ec0aee0a4f7c4cdcb30103e635c2e749" member_type: NON_VOTER last_known_addr { host: "127.31.183.132" port: 42005 } attrs { promote: true } }
I20260710 13:26:32.072587  1572 heartbeater.cc:499] Master 127.31.183.190:46695 was elected leader, sending a full tablet report...
I20260710 13:26:32.072948  1593 ts_tablet_manager.cc:1434] T 545abc2a51564c3d8be6a377f285174f P ec0aee0a4f7c4cdcb30103e635c2e749: Time spent starting tablet: real 0.005s	user 0.005s	sys 0.001s
I20260710 13:26:32.075366  1285 tablet_copy_service.cc:342] P 6a2c464e3a99449dbe8c23195088e71a: Request end of tablet copy session ec0aee0a4f7c4cdcb30103e635c2e749-545abc2a51564c3d8be6a377f285174f received from {username='slave'} at 127.0.0.1:35404
I20260710 13:26:32.075801  1285 tablet_copy_service.cc:434] P 6a2c464e3a99449dbe8c23195088e71a: ending tablet copy session ec0aee0a4f7c4cdcb30103e635c2e749-545abc2a51564c3d8be6a377f285174f on tablet 545abc2a51564c3d8be6a377f285174f with peer ec0aee0a4f7c4cdcb30103e635c2e749
I20260710 13:26:32.089394  1593 ts_tablet_manager.cc:933] T af4244353e0c40ddb7c1a778f79d708a P ec0aee0a4f7c4cdcb30103e635c2e749: Initiating tablet copy from peer daf0f3ccd9ca4a99a85a91b805e1dda0 (127.31.183.130:40315)
I20260710 13:26:32.091042  1593 tablet_copy_client.cc:323] T af4244353e0c40ddb7c1a778f79d708a P ec0aee0a4f7c4cdcb30103e635c2e749: tablet copy: Beginning tablet copy session from remote peer at address 127.31.183.130:40315
I20260710 13:26:32.100332  1211 tablet_copy_service.cc:140] P daf0f3ccd9ca4a99a85a91b805e1dda0: Received BeginTabletCopySession request for tablet af4244353e0c40ddb7c1a778f79d708a from peer ec0aee0a4f7c4cdcb30103e635c2e749 ({username='slave'} at 127.0.0.1:49250)
I20260710 13:26:32.100921  1211 tablet_copy_service.cc:161] P daf0f3ccd9ca4a99a85a91b805e1dda0: Beginning new tablet copy session on tablet af4244353e0c40ddb7c1a778f79d708a from peer ec0aee0a4f7c4cdcb30103e635c2e749 at {username='slave'} at 127.0.0.1:49250: session id = ec0aee0a4f7c4cdcb30103e635c2e749-af4244353e0c40ddb7c1a778f79d708a
I20260710 13:26:32.108327  1211 tablet_copy_source_session.cc:215] T af4244353e0c40ddb7c1a778f79d708a P daf0f3ccd9ca4a99a85a91b805e1dda0: Tablet Copy: opened 0 blocks and 1 log segments
I20260710 13:26:32.111080  1593 data_dirs.cc:400] Could only allocate 1 dirs of requested 3 for tablet af4244353e0c40ddb7c1a778f79d708a. 1 dirs total, 0 dirs full, 0 dirs failed
I20260710 13:26:32.120554  1593 tablet_copy_client.cc:806] T af4244353e0c40ddb7c1a778f79d708a P ec0aee0a4f7c4cdcb30103e635c2e749: tablet copy: Starting download of 0 data blocks...
I20260710 13:26:32.121111  1593 tablet_copy_client.cc:670] T af4244353e0c40ddb7c1a778f79d708a P ec0aee0a4f7c4cdcb30103e635c2e749: tablet copy: Starting download of 1 WAL segments...
I20260710 13:26:32.124469  1593 tablet_copy_client.cc:538] T af4244353e0c40ddb7c1a778f79d708a P ec0aee0a4f7c4cdcb30103e635c2e749: tablet copy: Tablet Copy complete. Replacing tablet superblock.
I20260710 13:26:32.129647  1599 ts_tablet_manager.cc:933] T 87af156b706144599bccd5c07b5fd4ce P ec0aee0a4f7c4cdcb30103e635c2e749: Initiating tablet copy from peer b29174e5e82a43e38d13c9d9eb96cb0e (127.31.183.129:41071)
I20260710 13:26:32.131410  1599 tablet_copy_client.cc:323] T 87af156b706144599bccd5c07b5fd4ce P ec0aee0a4f7c4cdcb30103e635c2e749: tablet copy: Beginning tablet copy session from remote peer at address 127.31.183.129:41071
I20260710 13:26:32.131934  1593 tablet_bootstrap.cc:492] T af4244353e0c40ddb7c1a778f79d708a P ec0aee0a4f7c4cdcb30103e635c2e749: Bootstrap starting.
I20260710 13:26:32.148999  1136 tablet_copy_service.cc:140] P b29174e5e82a43e38d13c9d9eb96cb0e: Received BeginTabletCopySession request for tablet 87af156b706144599bccd5c07b5fd4ce from peer ec0aee0a4f7c4cdcb30103e635c2e749 ({username='slave'} at 127.0.0.1:38606)
I20260710 13:26:32.149591  1136 tablet_copy_service.cc:161] P b29174e5e82a43e38d13c9d9eb96cb0e: Beginning new tablet copy session on tablet 87af156b706144599bccd5c07b5fd4ce from peer ec0aee0a4f7c4cdcb30103e635c2e749 at {username='slave'} at 127.0.0.1:38606: session id = ec0aee0a4f7c4cdcb30103e635c2e749-87af156b706144599bccd5c07b5fd4ce
I20260710 13:26:32.155313  1593 tablet_bootstrap.cc:492] T af4244353e0c40ddb7c1a778f79d708a P ec0aee0a4f7c4cdcb30103e635c2e749: Bootstrap replayed 1/1 log segments. Stats: ops{read=2 overwritten=0 applied=2 ignored=0} inserts{seen=0 ignored=0} mutations{seen=0 ignored=0} orphaned_commits=0. Pending: 0 replicates
I20260710 13:26:32.156308  1593 tablet_bootstrap.cc:492] T af4244353e0c40ddb7c1a778f79d708a P ec0aee0a4f7c4cdcb30103e635c2e749: Bootstrap complete.
I20260710 13:26:32.156978  1593 ts_tablet_manager.cc:1403] T af4244353e0c40ddb7c1a778f79d708a P ec0aee0a4f7c4cdcb30103e635c2e749: Time spent bootstrapping tablet: real 0.025s	user 0.017s	sys 0.004s
I20260710 13:26:32.159852  1593 raft_consensus.cc:359] T af4244353e0c40ddb7c1a778f79d708a P ec0aee0a4f7c4cdcb30103e635c2e749 [term 1 LEARNER]: Replica starting. Triggering 0 pending ops. Active config: opid_index: 2 OBSOLETE_local: false peers { permanent_uuid: "b29174e5e82a43e38d13c9d9eb96cb0e" member_type: VOTER last_known_addr { host: "127.31.183.129" port: 41071 } attrs { replace: true } } peers { permanent_uuid: "daf0f3ccd9ca4a99a85a91b805e1dda0" member_type: VOTER last_known_addr { host: "127.31.183.130" port: 40315 } } peers { permanent_uuid: "6a2c464e3a99449dbe8c23195088e71a" member_type: VOTER last_known_addr { host: "127.31.183.131" port: 33043 } } peers { permanent_uuid: "ec0aee0a4f7c4cdcb30103e635c2e749" member_type: NON_VOTER last_known_addr { host: "127.31.183.132" port: 42005 } attrs { promote: true } }
I20260710 13:26:32.160677  1593 raft_consensus.cc:740] T af4244353e0c40ddb7c1a778f79d708a P ec0aee0a4f7c4cdcb30103e635c2e749 [term 1 LEARNER]: Becoming Follower/Learner. State: Replica: ec0aee0a4f7c4cdcb30103e635c2e749, State: Initialized, Role: LEARNER
I20260710 13:26:32.161311  1593 consensus_queue.cc:260] T af4244353e0c40ddb7c1a778f79d708a P ec0aee0a4f7c4cdcb30103e635c2e749 [NON_LEADER]: Queue going to NON_LEADER mode. State: All replicated index: 0, Majority replicated index: 0, Committed index: 2, Last appended: 1.2, Last appended by leader: 2, Current term: 0, Majority size: -1, State: 0, Mode: NON_LEADER, active raft config: opid_index: 2 OBSOLETE_local: false peers { permanent_uuid: "b29174e5e82a43e38d13c9d9eb96cb0e" member_type: VOTER last_known_addr { host: "127.31.183.129" port: 41071 } attrs { replace: true } } peers { permanent_uuid: "daf0f3ccd9ca4a99a85a91b805e1dda0" member_type: VOTER last_known_addr { host: "127.31.183.130" port: 40315 } } peers { permanent_uuid: "6a2c464e3a99449dbe8c23195088e71a" member_type: VOTER last_known_addr { host: "127.31.183.131" port: 33043 } } peers { permanent_uuid: "ec0aee0a4f7c4cdcb30103e635c2e749" member_type: NON_VOTER last_known_addr { host: "127.31.183.132" port: 42005 } attrs { promote: true } }
I20260710 13:26:32.163444  1593 ts_tablet_manager.cc:1434] T af4244353e0c40ddb7c1a778f79d708a P ec0aee0a4f7c4cdcb30103e635c2e749: Time spent starting tablet: real 0.006s	user 0.005s	sys 0.000s
I20260710 13:26:32.165171  1211 tablet_copy_service.cc:342] P daf0f3ccd9ca4a99a85a91b805e1dda0: Request end of tablet copy session ec0aee0a4f7c4cdcb30103e635c2e749-af4244353e0c40ddb7c1a778f79d708a received from {username='slave'} at 127.0.0.1:49250
I20260710 13:26:32.165570  1211 tablet_copy_service.cc:434] P daf0f3ccd9ca4a99a85a91b805e1dda0: ending tablet copy session ec0aee0a4f7c4cdcb30103e635c2e749-af4244353e0c40ddb7c1a778f79d708a on tablet af4244353e0c40ddb7c1a778f79d708a with peer ec0aee0a4f7c4cdcb30103e635c2e749
I20260710 13:26:32.168146  1593 ts_tablet_manager.cc:933] T c51d9cc1f9f0454a83b4793045a68c65 P ec0aee0a4f7c4cdcb30103e635c2e749: Initiating tablet copy from peer b29174e5e82a43e38d13c9d9eb96cb0e (127.31.183.129:41071)
I20260710 13:26:32.170871  1136 tablet_copy_source_session.cc:215] T 87af156b706144599bccd5c07b5fd4ce P b29174e5e82a43e38d13c9d9eb96cb0e: Tablet Copy: opened 0 blocks and 1 log segments
I20260710 13:26:32.174263  1599 data_dirs.cc:400] Could only allocate 1 dirs of requested 3 for tablet 87af156b706144599bccd5c07b5fd4ce. 1 dirs total, 0 dirs full, 0 dirs failed
I20260710 13:26:32.179312  1593 tablet_copy_client.cc:323] T c51d9cc1f9f0454a83b4793045a68c65 P ec0aee0a4f7c4cdcb30103e635c2e749: tablet copy: Beginning tablet copy session from remote peer at address 127.31.183.129:41071
I20260710 13:26:32.190056  1136 tablet_copy_service.cc:140] P b29174e5e82a43e38d13c9d9eb96cb0e: Received BeginTabletCopySession request for tablet c51d9cc1f9f0454a83b4793045a68c65 from peer ec0aee0a4f7c4cdcb30103e635c2e749 ({username='slave'} at 127.0.0.1:38606)
I20260710 13:26:32.190712  1136 tablet_copy_service.cc:161] P b29174e5e82a43e38d13c9d9eb96cb0e: Beginning new tablet copy session on tablet c51d9cc1f9f0454a83b4793045a68c65 from peer ec0aee0a4f7c4cdcb30103e635c2e749 at {username='slave'} at 127.0.0.1:38606: session id = ec0aee0a4f7c4cdcb30103e635c2e749-c51d9cc1f9f0454a83b4793045a68c65
I20260710 13:26:32.197613  1136 tablet_copy_source_session.cc:215] T c51d9cc1f9f0454a83b4793045a68c65 P b29174e5e82a43e38d13c9d9eb96cb0e: Tablet Copy: opened 0 blocks and 1 log segments
I20260710 13:26:32.198398  1599 tablet_copy_client.cc:806] T 87af156b706144599bccd5c07b5fd4ce P ec0aee0a4f7c4cdcb30103e635c2e749: tablet copy: Starting download of 0 data blocks...
I20260710 13:26:32.199563  1599 tablet_copy_client.cc:670] T 87af156b706144599bccd5c07b5fd4ce P ec0aee0a4f7c4cdcb30103e635c2e749: tablet copy: Starting download of 1 WAL segments...
I20260710 13:26:32.200745  1593 data_dirs.cc:400] Could only allocate 1 dirs of requested 3 for tablet c51d9cc1f9f0454a83b4793045a68c65. 1 dirs total, 0 dirs full, 0 dirs failed
I20260710 13:26:32.202658  1599 tablet_copy_client.cc:538] T 87af156b706144599bccd5c07b5fd4ce P ec0aee0a4f7c4cdcb30103e635c2e749: tablet copy: Tablet Copy complete. Replacing tablet superblock.
I20260710 13:26:32.210773  1599 tablet_bootstrap.cc:492] T 87af156b706144599bccd5c07b5fd4ce P ec0aee0a4f7c4cdcb30103e635c2e749: Bootstrap starting.
I20260710 13:26:32.215238  1593 tablet_copy_client.cc:806] T c51d9cc1f9f0454a83b4793045a68c65 P ec0aee0a4f7c4cdcb30103e635c2e749: tablet copy: Starting download of 0 data blocks...
I20260710 13:26:32.215785  1593 tablet_copy_client.cc:670] T c51d9cc1f9f0454a83b4793045a68c65 P ec0aee0a4f7c4cdcb30103e635c2e749: tablet copy: Starting download of 1 WAL segments...
I20260710 13:26:32.219460  1593 tablet_copy_client.cc:538] T c51d9cc1f9f0454a83b4793045a68c65 P ec0aee0a4f7c4cdcb30103e635c2e749: tablet copy: Tablet Copy complete. Replacing tablet superblock.
I20260710 13:26:32.227053  1593 tablet_bootstrap.cc:492] T c51d9cc1f9f0454a83b4793045a68c65 P ec0aee0a4f7c4cdcb30103e635c2e749: Bootstrap starting.
I20260710 13:26:32.228446  1599 tablet_bootstrap.cc:492] T 87af156b706144599bccd5c07b5fd4ce P ec0aee0a4f7c4cdcb30103e635c2e749: Bootstrap replayed 1/1 log segments. Stats: ops{read=2 overwritten=0 applied=2 ignored=0} inserts{seen=0 ignored=0} mutations{seen=0 ignored=0} orphaned_commits=0. Pending: 0 replicates
I20260710 13:26:32.229307  1599 tablet_bootstrap.cc:492] T 87af156b706144599bccd5c07b5fd4ce P ec0aee0a4f7c4cdcb30103e635c2e749: Bootstrap complete.
I20260710 13:26:32.230465  1599 ts_tablet_manager.cc:1403] T 87af156b706144599bccd5c07b5fd4ce P ec0aee0a4f7c4cdcb30103e635c2e749: Time spent bootstrapping tablet: real 0.020s	user 0.018s	sys 0.000s
