I20260710 13:16:06.753804  1737 raft_consensus.cc:385] T 78b0311fd16c418e88bd167c0ab09f9e P b2c73de7a4284eeea759f38c4031070c [term 0 FOLLOWER]: Consensus starting up: Expiring failure detector timer to make a prompt election more likely
I20260710 13:16:06.754221  1737 raft_consensus.cc:740] T 78b0311fd16c418e88bd167c0ab09f9e P b2c73de7a4284eeea759f38c4031070c [term 0 FOLLOWER]: Becoming Follower/Learner. State: Replica: b2c73de7a4284eeea759f38c4031070c, State: Initialized, Role: FOLLOWER
I20260710 13:16:06.754916  1737 consensus_queue.cc:260] T 78b0311fd16c418e88bd167c0ab09f9e P b2c73de7a4284eeea759f38c4031070c [NON_LEADER]: Queue going to NON_LEADER mode. State: All replicated index: 0, Majority replicated index: 0, Committed index: 0, Last appended: 0.0, Last appended by leader: 0, Current term: 0, Majority size: -1, State: 0, Mode: NON_LEADER, active raft config: opid_index: -1 OBSOLETE_local: false peers { permanent_uuid: "b2c73de7a4284eeea759f38c4031070c" member_type: VOTER last_known_addr { host: "127.0.107.193" port: 41469 } } peers { permanent_uuid: "6552a39f055f486cb803338112177111" member_type: VOTER last_known_addr { host: "127.0.107.194" port: 35425 } } peers { permanent_uuid: "06da8870af8947d7b3833dcaccb67442" member_type: VOTER last_known_addr { host: "127.0.107.195" port: 44349 } }
W20260710 13:16:06.755367  1662 leader_election.cc:343] T bab37d29e45c452d86f811a79a0938bd P 06da8870af8947d7b3833dcaccb67442 [CANDIDATE]: Term 1 pre-election: Tablet error from VoteRequest() call to peer 6552a39f055f486cb803338112177111 (127.0.107.194:35425): Illegal state: must be running to vote when last-logged opid is not known
I20260710 13:16:06.755766  1741 raft_consensus.cc:493] T 660361314b504cadb3bd521f9d87cf91 P b2c73de7a4284eeea759f38c4031070c [term 0 FOLLOWER]: Starting pre-election (no leader contacted us within the election timeout)
I20260710 13:16:06.756208  1741 raft_consensus.cc:515] T 660361314b504cadb3bd521f9d87cf91 P b2c73de7a4284eeea759f38c4031070c [term 0 FOLLOWER]: Starting pre-election with config: opid_index: -1 OBSOLETE_local: false peers { permanent_uuid: "b2c73de7a4284eeea759f38c4031070c" member_type: VOTER last_known_addr { host: "127.0.107.193" port: 41469 } } peers { permanent_uuid: "6552a39f055f486cb803338112177111" member_type: VOTER last_known_addr { host: "127.0.107.194" port: 35425 } } peers { permanent_uuid: "06da8870af8947d7b3833dcaccb67442" member_type: VOTER last_known_addr { host: "127.0.107.195" port: 44349 } }
I20260710 13:16:06.757184  1737 ts_tablet_manager.cc:1434] T 78b0311fd16c418e88bd167c0ab09f9e P b2c73de7a4284eeea759f38c4031070c: Time spent starting tablet: real 0.007s	user 0.008s	sys 0.000s
I20260710 13:16:06.757876  1738 tablet_bootstrap.cc:492] T 47d6e1af98f849d7a0b11343b743e5e2 P 06da8870af8947d7b3833dcaccb67442: No bootstrap required, opened a new log
I20260710 13:16:06.758080  1737 tablet_bootstrap.cc:492] T 47d6e1af98f849d7a0b11343b743e5e2 P b2c73de7a4284eeea759f38c4031070c: Bootstrap starting.
I20260710 13:16:06.758195  1741 leader_election.cc:290] T 660361314b504cadb3bd521f9d87cf91 P b2c73de7a4284eeea759f38c4031070c [CANDIDATE]: Term 1 pre-election: Requested pre-vote from peers 6552a39f055f486cb803338112177111 (127.0.107.194:35425), 06da8870af8947d7b3833dcaccb67442 (127.0.107.195:44349)
I20260710 13:16:06.758448  1738 ts_tablet_manager.cc:1403] T 47d6e1af98f849d7a0b11343b743e5e2 P 06da8870af8947d7b3833dcaccb67442: Time spent bootstrapping tablet: real 0.097s	user 0.010s	sys 0.004s
I20260710 13:16:06.759830  1542 tablet_service.cc:1917] Received RequestConsensusVote() RPC: tablet_id: "bab37d29e45c452d86f811a79a0938bd" candidate_uuid: "06da8870af8947d7b3833dcaccb67442" candidate_term: 1 candidate_status { last_received { term: 0 index: 0 } } ignore_live_leader: false dest_uuid: "b2c73de7a4284eeea759f38c4031070c" is_pre_election: true
I20260710 13:16:06.760437  1542 raft_consensus.cc:2468] T bab37d29e45c452d86f811a79a0938bd P b2c73de7a4284eeea759f38c4031070c [term 0 FOLLOWER]: Leader pre-election vote request: Granting yes vote for candidate 06da8870af8947d7b3833dcaccb67442 in term 0.
I20260710 13:16:06.762494  1661 leader_election.cc:304] T bab37d29e45c452d86f811a79a0938bd P 06da8870af8947d7b3833dcaccb67442 [CANDIDATE]: Term 1 pre-election: Election decided. Result: candidate won. Election summary: received 3 responses out of 3 voters: 2 yes votes; 1 no votes. yes voters: 06da8870af8947d7b3833dcaccb67442, b2c73de7a4284eeea759f38c4031070c; no voters: 6552a39f055f486cb803338112177111
I20260710 13:16:06.763639  1744 raft_consensus.cc:2804] T bab37d29e45c452d86f811a79a0938bd P 06da8870af8947d7b3833dcaccb67442 [term 0 FOLLOWER]: Leader pre-election won for term 1
I20260710 13:16:06.763833  1623 tablet_service.cc:1917] Received RequestConsensusVote() RPC: tablet_id: "660361314b504cadb3bd521f9d87cf91" candidate_uuid: "b2c73de7a4284eeea759f38c4031070c" candidate_term: 1 candidate_status { last_received { term: 0 index: 0 } } ignore_live_leader: false dest_uuid: "6552a39f055f486cb803338112177111" is_pre_election: true
I20260710 13:16:06.764125  1744 raft_consensus.cc:493] T bab37d29e45c452d86f811a79a0938bd P 06da8870af8947d7b3833dcaccb67442 [term 0 FOLLOWER]: Starting leader election (no leader contacted us within the election timeout)
I20260710 13:16:06.764529  1737 tablet_bootstrap.cc:654] T 47d6e1af98f849d7a0b11343b743e5e2 P b2c73de7a4284eeea759f38c4031070c: Neither blocks nor log segments found. Creating new log.
I20260710 13:16:06.764458  1623 raft_consensus.cc:2468] T 660361314b504cadb3bd521f9d87cf91 P 6552a39f055f486cb803338112177111 [term 0 FOLLOWER]: Leader pre-election vote request: Granting yes vote for candidate b2c73de7a4284eeea759f38c4031070c in term 0.
I20260710 13:16:06.764636  1744 raft_consensus.cc:3060] T bab37d29e45c452d86f811a79a0938bd P 06da8870af8947d7b3833dcaccb67442 [term 0 FOLLOWER]: Advancing to term 1
I20260710 13:16:06.765650  1513 leader_election.cc:304] T 660361314b504cadb3bd521f9d87cf91 P b2c73de7a4284eeea759f38c4031070c [CANDIDATE]: Term 1 pre-election: Election decided. Result: candidate won. Election summary: received 2 responses out of 3 voters: 2 yes votes; 0 no votes. yes voters: 6552a39f055f486cb803338112177111, b2c73de7a4284eeea759f38c4031070c; no voters: 
I20260710 13:16:06.765830  1696 tablet_service.cc:1917] Received RequestConsensusVote() RPC: tablet_id: "660361314b504cadb3bd521f9d87cf91" candidate_uuid: "b2c73de7a4284eeea759f38c4031070c" candidate_term: 1 candidate_status { last_received { term: 0 index: 0 } } ignore_live_leader: false dest_uuid: "06da8870af8947d7b3833dcaccb67442" is_pre_election: true
I20260710 13:16:06.766412  1696 raft_consensus.cc:2468] T 660361314b504cadb3bd521f9d87cf91 P 06da8870af8947d7b3833dcaccb67442 [term 0 FOLLOWER]: Leader pre-election vote request: Granting yes vote for candidate b2c73de7a4284eeea759f38c4031070c in term 0.
I20260710 13:16:06.766512  1741 raft_consensus.cc:2804] T 660361314b504cadb3bd521f9d87cf91 P b2c73de7a4284eeea759f38c4031070c [term 0 FOLLOWER]: Leader pre-election won for term 1
I20260710 13:16:06.766865  1741 raft_consensus.cc:493] T 660361314b504cadb3bd521f9d87cf91 P b2c73de7a4284eeea759f38c4031070c [term 0 FOLLOWER]: Starting leader election (no leader contacted us within the election timeout)
I20260710 13:16:06.767189  1741 raft_consensus.cc:3060] T 660361314b504cadb3bd521f9d87cf91 P b2c73de7a4284eeea759f38c4031070c [term 0 FOLLOWER]: Advancing to term 1
I20260710 13:16:06.771729  1795 raft_consensus.cc:493] T 343ae31524b647c0bd87cdccce6dd016 P 6552a39f055f486cb803338112177111 [term 0 FOLLOWER]: Starting pre-election (no leader contacted us within the election timeout)
I20260710 13:16:06.772166  1795 raft_consensus.cc:515] T 343ae31524b647c0bd87cdccce6dd016 P 6552a39f055f486cb803338112177111 [term 0 FOLLOWER]: Starting pre-election with config: opid_index: -1 OBSOLETE_local: false peers { permanent_uuid: "b2c73de7a4284eeea759f38c4031070c" member_type: VOTER last_known_addr { host: "127.0.107.193" port: 41469 } } peers { permanent_uuid: "6552a39f055f486cb803338112177111" member_type: VOTER last_known_addr { host: "127.0.107.194" port: 35425 } } peers { permanent_uuid: "06da8870af8947d7b3833dcaccb67442" member_type: VOTER last_known_addr { host: "127.0.107.195" port: 44349 } }
I20260710 13:16:06.774351  1795 leader_election.cc:290] T 343ae31524b647c0bd87cdccce6dd016 P 6552a39f055f486cb803338112177111 [CANDIDATE]: Term 1 pre-election: Requested pre-vote from peers b2c73de7a4284eeea759f38c4031070c (127.0.107.193:41469), 06da8870af8947d7b3833dcaccb67442 (127.0.107.195:44349)
I20260710 13:16:06.776304  1542 tablet_service.cc:1917] Received RequestConsensusVote() RPC: tablet_id: "343ae31524b647c0bd87cdccce6dd016" candidate_uuid: "6552a39f055f486cb803338112177111" candidate_term: 1 candidate_status { last_received { term: 0 index: 0 } } ignore_live_leader: false dest_uuid: "b2c73de7a4284eeea759f38c4031070c" is_pre_election: true
I20260710 13:16:06.777174  1542 raft_consensus.cc:2468] T 343ae31524b647c0bd87cdccce6dd016 P b2c73de7a4284eeea759f38c4031070c [term 0 FOLLOWER]: Leader pre-election vote request: Granting yes vote for candidate 6552a39f055f486cb803338112177111 in term 0.
I20260710 13:16:06.778628  1587 leader_election.cc:304] T 343ae31524b647c0bd87cdccce6dd016 P 6552a39f055f486cb803338112177111 [CANDIDATE]: Term 1 pre-election: Election decided. Result: candidate won. Election summary: received 2 responses out of 3 voters: 2 yes votes; 0 no votes. yes voters: 6552a39f055f486cb803338112177111, b2c73de7a4284eeea759f38c4031070c; no voters: 
I20260710 13:16:06.779691  1795 raft_consensus.cc:2804] T 343ae31524b647c0bd87cdccce6dd016 P 6552a39f055f486cb803338112177111 [term 0 FOLLOWER]: Leader pre-election won for term 1
I20260710 13:16:06.780139  1795 raft_consensus.cc:493] T 343ae31524b647c0bd87cdccce6dd016 P 6552a39f055f486cb803338112177111 [term 0 FOLLOWER]: Starting leader election (no leader contacted us within the election timeout)
I20260710 13:16:06.780507  1795 raft_consensus.cc:3060] T 343ae31524b647c0bd87cdccce6dd016 P 6552a39f055f486cb803338112177111 [term 0 FOLLOWER]: Advancing to term 1
I20260710 13:16:06.780303  1738 raft_consensus.cc:359] T 47d6e1af98f849d7a0b11343b743e5e2 P 06da8870af8947d7b3833dcaccb67442 [term 0 FOLLOWER]: Replica starting. Triggering 0 pending ops. Active config: opid_index: -1 OBSOLETE_local: false peers { permanent_uuid: "b2c73de7a4284eeea759f38c4031070c" member_type: VOTER last_known_addr { host: "127.0.107.193" port: 41469 } } peers { permanent_uuid: "6552a39f055f486cb803338112177111" member_type: VOTER last_known_addr { host: "127.0.107.194" port: 35425 } } peers { permanent_uuid: "06da8870af8947d7b3833dcaccb67442" member_type: VOTER last_known_addr { host: "127.0.107.195" port: 44349 } }
I20260710 13:16:06.781263  1738 raft_consensus.cc:385] T 47d6e1af98f849d7a0b11343b743e5e2 P 06da8870af8947d7b3833dcaccb67442 [term 0 FOLLOWER]: Consensus starting up: Expiring failure detector timer to make a prompt election more likely
I20260710 13:16:06.781617  1738 raft_consensus.cc:740] T 47d6e1af98f849d7a0b11343b743e5e2 P 06da8870af8947d7b3833dcaccb67442 [term 0 FOLLOWER]: Becoming Follower/Learner. State: Replica: 06da8870af8947d7b3833dcaccb67442, State: Initialized, Role: FOLLOWER
I20260710 13:16:06.784386  1744 raft_consensus.cc:515] T bab37d29e45c452d86f811a79a0938bd P 06da8870af8947d7b3833dcaccb67442 [term 1 FOLLOWER]: Starting leader election with config: opid_index: -1 OBSOLETE_local: false peers { permanent_uuid: "b2c73de7a4284eeea759f38c4031070c" member_type: VOTER last_known_addr { host: "127.0.107.193" port: 41469 } } peers { permanent_uuid: "6552a39f055f486cb803338112177111" member_type: VOTER last_known_addr { host: "127.0.107.194" port: 35425 } } peers { permanent_uuid: "06da8870af8947d7b3833dcaccb67442" member_type: VOTER last_known_addr { host: "127.0.107.195" port: 44349 } }
I20260710 13:16:06.787545  1738 consensus_queue.cc:260] T 47d6e1af98f849d7a0b11343b743e5e2 P 06da8870af8947d7b3833dcaccb67442 [NON_LEADER]: Queue going to NON_LEADER mode. State: All replicated index: 0, Majority replicated index: 0, Committed index: 0, Last appended: 0.0, Last appended by leader: 0, Current term: 0, Majority size: -1, State: 0, Mode: NON_LEADER, active raft config: opid_index: -1 OBSOLETE_local: false peers { permanent_uuid: "b2c73de7a4284eeea759f38c4031070c" member_type: VOTER last_known_addr { host: "127.0.107.193" port: 41469 } } peers { permanent_uuid: "6552a39f055f486cb803338112177111" member_type: VOTER last_known_addr { host: "127.0.107.194" port: 35425 } } peers { permanent_uuid: "06da8870af8947d7b3833dcaccb67442" member_type: VOTER last_known_addr { host: "127.0.107.195" port: 44349 } }
I20260710 13:16:06.788297  1696 tablet_service.cc:1917] Received RequestConsensusVote() RPC: tablet_id: "343ae31524b647c0bd87cdccce6dd016" candidate_uuid: "6552a39f055f486cb803338112177111" candidate_term: 1 candidate_status { last_received { term: 0 index: 0 } } ignore_live_leader: false dest_uuid: "06da8870af8947d7b3833dcaccb67442" is_pre_election: true
I20260710 13:16:06.788928  1744 leader_election.cc:290] T bab37d29e45c452d86f811a79a0938bd P 06da8870af8947d7b3833dcaccb67442 [CANDIDATE]: Term 1 election: Requested vote from peers b2c73de7a4284eeea759f38c4031070c (127.0.107.193:41469), 6552a39f055f486cb803338112177111 (127.0.107.194:35425)
I20260710 13:16:06.789412  1543 tablet_service.cc:1917] Received RequestConsensusVote() RPC: tablet_id: "bab37d29e45c452d86f811a79a0938bd" candidate_uuid: "06da8870af8947d7b3833dcaccb67442" candidate_term: 1 candidate_status { last_received { term: 0 index: 0 } } ignore_live_leader: false dest_uuid: "b2c73de7a4284eeea759f38c4031070c"
I20260710 13:16:06.789942  1543 raft_consensus.cc:3060] T bab37d29e45c452d86f811a79a0938bd P b2c73de7a4284eeea759f38c4031070c [term 0 FOLLOWER]: Advancing to term 1
I20260710 13:16:06.790205  1623 tablet_service.cc:1917] Received RequestConsensusVote() RPC: tablet_id: "bab37d29e45c452d86f811a79a0938bd" candidate_uuid: "06da8870af8947d7b3833dcaccb67442" candidate_term: 1 candidate_status { last_received { term: 0 index: 0 } } ignore_live_leader: false dest_uuid: "6552a39f055f486cb803338112177111"
I20260710 13:16:06.790894  1738 ts_tablet_manager.cc:1434] T 47d6e1af98f849d7a0b11343b743e5e2 P 06da8870af8947d7b3833dcaccb67442: Time spent starting tablet: real 0.032s	user 0.008s	sys 0.000s
I20260710 13:16:06.788941  1696 raft_consensus.cc:2468] T 343ae31524b647c0bd87cdccce6dd016 P 06da8870af8947d7b3833dcaccb67442 [term 0 FOLLOWER]: Leader pre-election vote request: Granting yes vote for candidate 6552a39f055f486cb803338112177111 in term 0.
I20260710 13:16:06.792614  1623 raft_consensus.cc:3060] T 9f9d8684946d430383281c3b73941e66 P 6552a39f055f486cb803338112177111 [term 0 FOLLOWER]: Advancing to term 1
I20260710 13:16:06.793033  1738 tablet_bootstrap.cc:492] T afaa71006e66420f99a6567934a524cc P 06da8870af8947d7b3833dcaccb67442: Bootstrap starting.
I20260710 13:16:06.798687  1543 raft_consensus.cc:2468] T bab37d29e45c452d86f811a79a0938bd P b2c73de7a4284eeea759f38c4031070c [term 1 FOLLOWER]: Leader election vote request: Granting yes vote for candidate 06da8870af8947d7b3833dcaccb67442 in term 1.
I20260710 13:16:06.799839  1738 tablet_bootstrap.cc:654] T afaa71006e66420f99a6567934a524cc P 06da8870af8947d7b3833dcaccb67442: Neither blocks nor log segments found. Creating new log.
I20260710 13:16:06.799911  1661 leader_election.cc:304] T bab37d29e45c452d86f811a79a0938bd P 06da8870af8947d7b3833dcaccb67442 [CANDIDATE]: Term 1 election: Election decided. Result: candidate won. Election summary: received 2 responses out of 3 voters: 2 yes votes; 0 no votes. yes voters: 06da8870af8947d7b3833dcaccb67442, b2c73de7a4284eeea759f38c4031070c; no voters: 
I20260710 13:16:06.801167  1744 raft_consensus.cc:2804] T bab37d29e45c452d86f811a79a0938bd P 06da8870af8947d7b3833dcaccb67442 [term 1 FOLLOWER]: Leader election won for term 1
W20260710 13:16:06.801225  1662 leader_election.cc:343] T bab37d29e45c452d86f811a79a0938bd P 06da8870af8947d7b3833dcaccb67442 [CANDIDATE]: Term 1 election: Tablet error from VoteRequest() call to peer 6552a39f055f486cb803338112177111 (127.0.107.194:35425): Illegal state: must be running to vote when last-logged opid is not known
I20260710 13:16:06.801707  1744 raft_consensus.cc:697] T bab37d29e45c452d86f811a79a0938bd P 06da8870af8947d7b3833dcaccb67442 [term 1 LEADER]: Becoming Leader. State: Replica: 06da8870af8947d7b3833dcaccb67442, State: Running, Role: LEADER
I20260710 13:16:06.802532  1744 consensus_queue.cc:237] T bab37d29e45c452d86f811a79a0938bd P 06da8870af8947d7b3833dcaccb67442 [LEADER]: Queue going to LEADER mode. State: All replicated index: 0, Majority replicated index: 0, Committed index: 0, Last appended: 0.0, Last appended by leader: 0, Current term: 1, Majority size: 2, State: 0, Mode: LEADER, active raft config: opid_index: -1 OBSOLETE_local: false peers { permanent_uuid: "b2c73de7a4284eeea759f38c4031070c" member_type: VOTER last_known_addr { host: "127.0.107.193" port: 41469 } } peers { permanent_uuid: "6552a39f055f486cb803338112177111" member_type: VOTER last_known_addr { host: "127.0.107.194" port: 35425 } } peers { permanent_uuid: "06da8870af8947d7b3833dcaccb67442" member_type: VOTER last_known_addr { host: "127.0.107.195" port: 44349 } }
I20260710 13:16:06.804490  1757 consensus_queue.cc:1048] T 9f9d8684946d430383281c3b73941e66 P b2c73de7a4284eeea759f38c4031070c [LEADER]: Connected to new peer: Peer: permanent_uuid: "6552a39f055f486cb803338112177111" member_type: VOTER last_known_addr { host: "127.0.107.194" port: 35425 }, Status: LMP_MISMATCH, Last received: 0.0, Next index: 1, Last known committed idx: 0, Time since last communication: 0.000s
I20260710 13:16:06.811877  1737 tablet_bootstrap.cc:492] T 47d6e1af98f849d7a0b11343b743e5e2 P b2c73de7a4284eeea759f38c4031070c: No bootstrap required, opened a new log
I20260710 13:16:06.812433  1737 ts_tablet_manager.cc:1403] T 47d6e1af98f849d7a0b11343b743e5e2 P b2c73de7a4284eeea759f38c4031070c: Time spent bootstrapping tablet: real 0.055s	user 0.015s	sys 0.008s
I20260710 13:16:06.815488  1737 raft_consensus.cc:359] T 47d6e1af98f849d7a0b11343b743e5e2 P b2c73de7a4284eeea759f38c4031070c [term 0 FOLLOWER]: Replica starting. Triggering 0 pending ops. Active config: opid_index: -1 OBSOLETE_local: false peers { permanent_uuid: "b2c73de7a4284eeea759f38c4031070c" member_type: VOTER last_known_addr { host: "127.0.107.193" port: 41469 } } peers { permanent_uuid: "6552a39f055f486cb803338112177111" member_type: VOTER last_known_addr { host: "127.0.107.194" port: 35425 } } peers { permanent_uuid: "06da8870af8947d7b3833dcaccb67442" member_type: VOTER last_known_addr { host: "127.0.107.195" port: 44349 } }
I20260710 13:16:06.816133  1737 raft_consensus.cc:385] T 47d6e1af98f849d7a0b11343b743e5e2 P b2c73de7a4284eeea759f38c4031070c [term 0 FOLLOWER]: Consensus starting up: Expiring failure detector timer to make a prompt election more likely
I20260710 13:16:06.816601  1737 raft_consensus.cc:740] T 47d6e1af98f849d7a0b11343b743e5e2 P b2c73de7a4284eeea759f38c4031070c [term 0 FOLLOWER]: Becoming Follower/Learner. State: Replica: b2c73de7a4284eeea759f38c4031070c, State: Initialized, Role: FOLLOWER
I20260710 13:16:06.817361  1737 consensus_queue.cc:260] T 47d6e1af98f849d7a0b11343b743e5e2 P b2c73de7a4284eeea759f38c4031070c [NON_LEADER]: Queue going to NON_LEADER mode. State: All replicated index: 0, Majority replicated index: 0, Committed index: 0, Last appended: 0.0, Last appended by leader: 0, Current term: 0, Majority size: -1, State: 0, Mode: NON_LEADER, active raft config: opid_index: -1 OBSOLETE_local: false peers { permanent_uuid: "b2c73de7a4284eeea759f38c4031070c" member_type: VOTER last_known_addr { host: "127.0.107.193" port: 41469 } } peers { permanent_uuid: "6552a39f055f486cb803338112177111" member_type: VOTER last_known_addr { host: "127.0.107.194" port: 35425 } } peers { permanent_uuid: "06da8870af8947d7b3833dcaccb67442" member_type: VOTER last_known_addr { host: "127.0.107.195" port: 44349 } }
I20260710 13:16:06.819530  1737 ts_tablet_manager.cc:1434] T 47d6e1af98f849d7a0b11343b743e5e2 P b2c73de7a4284eeea759f38c4031070c: Time spent starting tablet: real 0.007s	user 0.003s	sys 0.004s
I20260710 13:16:06.820382  1737 tablet_bootstrap.cc:492] T afaa71006e66420f99a6567934a524cc P b2c73de7a4284eeea759f38c4031070c: Bootstrap starting.
I20260710 13:16:06.821795  1795 raft_consensus.cc:515] T 343ae31524b647c0bd87cdccce6dd016 P 6552a39f055f486cb803338112177111 [term 1 FOLLOWER]: Starting leader election with config: opid_index: -1 OBSOLETE_local: false peers { permanent_uuid: "b2c73de7a4284eeea759f38c4031070c" member_type: VOTER last_known_addr { host: "127.0.107.193" port: 41469 } } peers { permanent_uuid: "6552a39f055f486cb803338112177111" member_type: VOTER last_known_addr { host: "127.0.107.194" port: 35425 } } peers { permanent_uuid: "06da8870af8947d7b3833dcaccb67442" member_type: VOTER last_known_addr { host: "127.0.107.195" port: 44349 } }
I20260710 13:16:06.824663  1544 raft_consensus.cc:2468] T 3adc0cb42a8546dbbf0c72e2c2907631 P b2c73de7a4284eeea759f38c4031070c [term 1 FOLLOWER]: Leader election vote request: Granting yes vote for candidate 06da8870af8947d7b3833dcaccb67442 in term 1.
I20260710 13:16:06.832078  1661 leader_election.cc:304] T 3adc0cb42a8546dbbf0c72e2c2907631 P 06da8870af8947d7b3833dcaccb67442 [CANDIDATE]: Term 1 election: Election decided. Result: candidate won. Election summary: received 2 responses out of 3 voters: 2 yes votes; 0 no votes. yes voters: 06da8870af8947d7b3833dcaccb67442, b2c73de7a4284eeea759f38c4031070c; no voters: 
I20260710 13:16:06.832839  1792 raft_consensus.cc:493] T acb109fcfec9402d929205313788aefb P 06da8870af8947d7b3833dcaccb67442 [term 0 FOLLOWER]: Starting pre-election (no leader contacted us within the election timeout)
I20260710 13:16:06.832970  1790 raft_consensus.cc:2804] T 3adc0cb42a8546dbbf0c72e2c2907631 P 06da8870af8947d7b3833dcaccb67442 [term 1 FOLLOWER]: Leader election won for term 1
I20260710 13:16:06.833242  1542 tablet_service.cc:1917] Received RequestConsensusVote() RPC: tablet_id: "343ae31524b647c0bd87cdccce6dd016" candidate_uuid: "6552a39f055f486cb803338112177111" candidate_term: 1 candidate_status { last_received { term: 0 index: 0 } } ignore_live_leader: false dest_uuid: "b2c73de7a4284eeea759f38c4031070c"
I20260710 13:16:06.833894  1542 raft_consensus.cc:3060] T 343ae31524b647c0bd87cdccce6dd016 P b2c73de7a4284eeea759f38c4031070c [term 0 FOLLOWER]: Advancing to term 1
I20260710 13:16:06.833534  1792 raft_consensus.cc:515] T acb109fcfec9402d929205313788aefb P 06da8870af8947d7b3833dcaccb67442 [term 0 FOLLOWER]: Starting pre-election with config: opid_index: -1 OBSOLETE_local: false peers { permanent_uuid: "b2c73de7a4284eeea759f38c4031070c" member_type: VOTER last_known_addr { host: "127.0.107.193" port: 41469 } } peers { permanent_uuid: "6552a39f055f486cb803338112177111" member_type: VOTER last_known_addr { host: "127.0.107.194" port: 35425 } } peers { permanent_uuid: "06da8870af8947d7b3833dcaccb67442" member_type: VOTER last_known_addr { host: "127.0.107.195" port: 44349 } }
I20260710 13:16:06.826522  1737 tablet_bootstrap.cc:654] T afaa71006e66420f99a6567934a524cc P b2c73de7a4284eeea759f38c4031070c: Neither blocks nor log segments found. Creating new log.
I20260710 13:16:06.836464  1792 leader_election.cc:290] T acb109fcfec9402d929205313788aefb P 06da8870af8947d7b3833dcaccb67442 [CANDIDATE]: Term 1 pre-election: Requested pre-vote from peers b2c73de7a4284eeea759f38c4031070c (127.0.107.193:41469), 6552a39f055f486cb803338112177111 (127.0.107.194:35425)
I20260710 13:16:06.827085  1770 leader_election.cc:290] T 3adc0cb42a8546dbbf0c72e2c2907631 P 06da8870af8947d7b3833dcaccb67442 [CANDIDATE]: Term 1 election: Requested vote from peers b2c73de7a4284eeea759f38c4031070c (127.0.107.193:41469), 6552a39f055f486cb803338112177111 (127.0.107.194:35425)
I20260710 13:16:06.827780  1623 tablet_service.cc:1917] Received RequestConsensusVote() RPC: tablet_id: "3adc0cb42a8546dbbf0c72e2c2907631" candidate_uuid: "06da8870af8947d7b3833dcaccb67442" candidate_term: 1 candidate_status { last_received { term: 0 index: 0 } } ignore_live_leader: false dest_uuid: "6552a39f055f486cb803338112177111"
W20260710 13:16:06.838966  1662 leader_election.cc:343] T 3adc0cb42a8546dbbf0c72e2c2907631 P 06da8870af8947d7b3833dcaccb67442 [CANDIDATE]: Term 1 election: Tablet error from VoteRequest() call to peer 6552a39f055f486cb803338112177111 (127.0.107.194:35425): Illegal state: must be running to vote when last-logged opid is not known
I20260710 13:16:06.839742  1623 tablet_service.cc:1917] Received RequestConsensusVote() RPC: tablet_id: "acb109fcfec9402d929205313788aefb" candidate_uuid: "06da8870af8947d7b3833dcaccb67442" candidate_term: 1 candidate_status { last_received { term: 0 index: 0 } } ignore_live_leader: false dest_uuid: "6552a39f055f486cb803338112177111" is_pre_election: true
I20260710 13:16:06.839969  1544 tablet_service.cc:1917] Received RequestConsensusVote() RPC: tablet_id: "acb109fcfec9402d929205313788aefb" candidate_uuid: "06da8870af8947d7b3833dcaccb67442" candidate_term: 1 candidate_status { last_received { term: 0 index: 0 } } ignore_live_leader: false dest_uuid: "b2c73de7a4284eeea759f38c4031070c" is_pre_election: true
I20260710 13:16:06.840617  1544 raft_consensus.cc:2468] T acb109fcfec9402d929205313788aefb P b2c73de7a4284eeea759f38c4031070c [term 0 FOLLOWER]: Leader pre-election vote request: Granting yes vote for candidate 06da8870af8947d7b3833dcaccb67442 in term 0.
W20260710 13:16:06.841171  1662 leader_election.cc:343] T acb109fcfec9402d929205313788aefb P 06da8870af8947d7b3833dcaccb67442 [CANDIDATE]: Term 1 pre-election: Tablet error from VoteRequest() call to peer 6552a39f055f486cb803338112177111 (127.0.107.194:35425): Illegal state: must be running to vote when last-logged opid is not known
I20260710 13:16:06.841744  1661 leader_election.cc:304] T acb109fcfec9402d929205313788aefb P 06da8870af8947d7b3833dcaccb67442 [CANDIDATE]: Term 1 pre-election: Election decided. Result: candidate won. Election summary: received 3 responses out of 3 voters: 2 yes votes; 1 no votes. yes voters: 06da8870af8947d7b3833dcaccb67442, b2c73de7a4284eeea759f38c4031070c; no voters: 6552a39f055f486cb803338112177111
I20260710 13:16:06.842826  1792 raft_consensus.cc:2804] T acb109fcfec9402d929205313788aefb P 06da8870af8947d7b3833dcaccb67442 [term 0 FOLLOWER]: Leader pre-election won for term 1
I20260710 13:16:06.843214  1792 raft_consensus.cc:493] T acb109fcfec9402d929205313788aefb P 06da8870af8947d7b3833dcaccb67442 [term 0 FOLLOWER]: Starting leader election (no leader contacted us within the election timeout)
I20260710 13:16:06.843583  1792 raft_consensus.cc:3060] T acb109fcfec9402d929205313788aefb P 06da8870af8947d7b3833dcaccb67442 [term 0 FOLLOWER]: Advancing to term 1
I20260710 13:16:06.830067  1741 raft_consensus.cc:515] T 660361314b504cadb3bd521f9d87cf91 P b2c73de7a4284eeea759f38c4031070c [term 1 FOLLOWER]: Starting leader election with config: opid_index: -1 OBSOLETE_local: false peers { permanent_uuid: "b2c73de7a4284eeea759f38c4031070c" member_type: VOTER last_known_addr { host: "127.0.107.193" port: 41469 } } peers { permanent_uuid: "6552a39f055f486cb803338112177111" member_type: VOTER last_known_addr { host: "127.0.107.194" port: 35425 } } peers { permanent_uuid: "06da8870af8947d7b3833dcaccb67442" member_type: VOTER last_known_addr { host: "127.0.107.195" port: 44349 } }
I20260710 13:16:06.847389  1623 tablet_service.cc:1917] Received RequestConsensusVote() RPC: tablet_id: "660361314b504cadb3bd521f9d87cf91" candidate_uuid: "b2c73de7a4284eeea759f38c4031070c" candidate_term: 1 candidate_status { last_received { term: 0 index: 0 } } ignore_live_leader: false dest_uuid: "6552a39f055f486cb803338112177111"
I20260710 13:16:06.847609  1696 tablet_service.cc:1917] Received RequestConsensusVote() RPC: tablet_id: "660361314b504cadb3bd521f9d87cf91" candidate_uuid: "b2c73de7a4284eeea759f38c4031070c" candidate_term: 1 candidate_status { last_received { term: 0 index: 0 } } ignore_live_leader: false dest_uuid: "06da8870af8947d7b3833dcaccb67442"
I20260710 13:16:06.848048  1623 raft_consensus.cc:3060] T 660361314b504cadb3bd521f9d87cf91 P 6552a39f055f486cb803338112177111 [term 0 FOLLOWER]: Advancing to term 1
I20260710 13:16:06.848137  1696 raft_consensus.cc:3060] T 660361314b504cadb3bd521f9d87cf91 P 06da8870af8947d7b3833dcaccb67442 [term 0 FOLLOWER]: Advancing to term 1
I20260710 13:16:06.855100  1696 raft_consensus.cc:2468] T 660361314b504cadb3bd521f9d87cf91 P 06da8870af8947d7b3833dcaccb67442 [term 1 FOLLOWER]: Leader election vote request: Granting yes vote for candidate b2c73de7a4284eeea759f38c4031070c in term 1.
I20260710 13:16:06.856460  1514 leader_election.cc:304] T 660361314b504cadb3bd521f9d87cf91 P b2c73de7a4284eeea759f38c4031070c [CANDIDATE]: Term 1 election: Election decided. Result: candidate won. Election summary: received 2 responses out of 3 voters: 2 yes votes; 0 no votes. yes voters: 06da8870af8947d7b3833dcaccb67442, b2c73de7a4284eeea759f38c4031070c; no voters: 
I20260710 13:16:06.857318  1757 raft_consensus.cc:2804] T 660361314b504cadb3bd521f9d87cf91 P b2c73de7a4284eeea759f38c4031070c [term 1 FOLLOWER]: Leader election won for term 1
I20260710 13:16:06.858218  1757 raft_consensus.cc:697] T 660361314b504cadb3bd521f9d87cf91 P b2c73de7a4284eeea759f38c4031070c [term 1 LEADER]: Becoming Leader. State: Replica: b2c73de7a4284eeea759f38c4031070c, State: Running, Role: LEADER
I20260710 13:16:06.858989  1757 consensus_queue.cc:237] T 660361314b504cadb3bd521f9d87cf91 P b2c73de7a4284eeea759f38c4031070c [LEADER]: Queue going to LEADER mode. State: All replicated index: 0, Majority replicated index: 0, Committed index: 0, Last appended: 0.0, Last appended by leader: 0, Current term: 1, Majority size: 2, State: 0, Mode: LEADER, active raft config: opid_index: -1 OBSOLETE_local: false peers { permanent_uuid: "b2c73de7a4284eeea759f38c4031070c" member_type: VOTER last_known_addr { host: "127.0.107.193" port: 41469 } } peers { permanent_uuid: "6552a39f055f486cb803338112177111" member_type: VOTER last_known_addr { host: "127.0.107.194" port: 35425 } } peers { permanent_uuid: "06da8870af8947d7b3833dcaccb67442" member_type: VOTER last_known_addr { host: "127.0.107.195" port: 44349 } }
I20260710 13:16:06.860960  1623 raft_consensus.cc:2468] T 660361314b504cadb3bd521f9d87cf91 P 6552a39f055f486cb803338112177111 [term 1 FOLLOWER]: Leader election vote request: Granting yes vote for candidate b2c73de7a4284eeea759f38c4031070c in term 1.
I20260710 13:16:06.861874  1792 raft_consensus.cc:515] T acb109fcfec9402d929205313788aefb P 06da8870af8947d7b3833dcaccb67442 [term 1 FOLLOWER]: Starting leader election with config: opid_index: -1 OBSOLETE_local: false peers { permanent_uuid: "b2c73de7a4284eeea759f38c4031070c" member_type: VOTER last_known_addr { host: "127.0.107.193" port: 41469 } } peers { permanent_uuid: "6552a39f055f486cb803338112177111" member_type: VOTER last_known_addr { host: "127.0.107.194" port: 35425 } } peers { permanent_uuid: "06da8870af8947d7b3833dcaccb67442" member_type: VOTER last_known_addr { host: "127.0.107.195" port: 44349 } }
I20260710 13:16:06.866926  1544 tablet_service.cc:1917] Received RequestConsensusVote() RPC: tablet_id: "acb109fcfec9402d929205313788aefb" candidate_uuid: "06da8870af8947d7b3833dcaccb67442" candidate_term: 1 candidate_status { last_received { term: 0 index: 0 } } ignore_live_leader: false dest_uuid: "b2c73de7a4284eeea759f38c4031070c"
I20260710 13:16:06.867520  1544 raft_consensus.cc:3060] T acb109fcfec9402d929205313788aefb P b2c73de7a4284eeea759f38c4031070c [term 0 FOLLOWER]: Advancing to term 1
I20260710 13:16:06.867861  1770 consensus_queue.cc:1048] T a4636ea1d84e464eb0f0401c2d4c433c P 06da8870af8947d7b3833dcaccb67442 [LEADER]: Connected to new peer: Peer: permanent_uuid: "6552a39f055f486cb803338112177111" member_type: VOTER last_known_addr { host: "127.0.107.194" port: 35425 }, Status: LMP_MISMATCH, Last received: 0.0, Next index: 1, Last known committed idx: 0, Time since last communication: 0.000s
I20260710 13:16:06.875821  1794 consensus_queue.cc:1048] T aa2ae50b51b54e93a62d6713b7595acf P 6552a39f055f486cb803338112177111 [LEADER]: Connected to new peer: Peer: permanent_uuid: "06da8870af8947d7b3833dcaccb67442" member_type: VOTER last_known_addr { host: "127.0.107.195" port: 44349 }, Status: LMP_MISMATCH, Last received: 0.0, Next index: 1, Last known committed idx: 0, Time since last communication: 0.000s
I20260710 13:16:06.877238  1792 leader_election.cc:290] T acb109fcfec9402d929205313788aefb P 06da8870af8947d7b3833dcaccb67442 [CANDIDATE]: Term 1 election: Requested vote from peers b2c73de7a4284eeea759f38c4031070c (127.0.107.193:41469), 6552a39f055f486cb803338112177111 (127.0.107.194:35425)
I20260710 13:16:06.878108  1744 consensus_queue.cc:1048] T f9a67dde0b054853b697ceb8a7ab4e90 P 06da8870af8947d7b3833dcaccb67442 [LEADER]: Connected to new peer: Peer: permanent_uuid: "b2c73de7a4284eeea759f38c4031070c" member_type: VOTER last_known_addr { host: "127.0.107.193" port: 41469 }, Status: LMP_MISMATCH, Last received: 0.0, Next index: 1, Last known committed idx: 0, Time since last communication: 0.001s
I20260710 13:16:06.886830  1443 catalog_manager.cc:5697] T bab37d29e45c452d86f811a79a0938bd P 06da8870af8947d7b3833dcaccb67442 reported cstate change: term changed from 0 to 1, leader changed from <none> to 06da8870af8947d7b3833dcaccb67442 (127.0.107.195). New cstate: current_term: 1 leader_uuid: "06da8870af8947d7b3833dcaccb67442" committed_config { opid_index: -1 OBSOLETE_local: false peers { permanent_uuid: "b2c73de7a4284eeea759f38c4031070c" member_type: VOTER last_known_addr { host: "127.0.107.193" port: 41469 } health_report { overall_health: UNKNOWN } } peers { permanent_uuid: "6552a39f055f486cb803338112177111" member_type: VOTER last_known_addr { host: "127.0.107.194" port: 35425 } health_report { overall_health: UNKNOWN } } peers { permanent_uuid: "06da8870af8947d7b3833dcaccb67442" member_type: VOTER last_known_addr { host: "127.0.107.195" port: 44349 } health_report { overall_health: HEALTHY } } }
I20260710 13:16:06.889991  1623 tablet_service.cc:1917] Received RequestConsensusVote() RPC: tablet_id: "acb109fcfec9402d929205313788aefb" candidate_uuid: "06da8870af8947d7b3833dcaccb67442" candidate_term: 1 candidate_status { last_received { term: 0 index: 0 } } ignore_live_leader: false dest_uuid: "6552a39f055f486cb803338112177111"
W20260710 13:16:06.891503  1662 leader_election.cc:343] T acb109fcfec9402d929205313788aefb P 06da8870af8947d7b3833dcaccb67442 [CANDIDATE]: Term 1 election: Tablet error from VoteRequest() call to peer 6552a39f055f486cb803338112177111 (127.0.107.194:35425): Illegal state: must be running to vote when last-logged opid is not known
I20260710 13:16:06.894155  1544 raft_consensus.cc:2468] T acb109fcfec9402d929205313788aefb P b2c73de7a4284eeea759f38c4031070c [term 1 FOLLOWER]: Leader election vote request: Granting yes vote for candidate 06da8870af8947d7b3833dcaccb67442 in term 1.
I20260710 13:16:06.899202  1661 leader_election.cc:304] T acb109fcfec9402d929205313788aefb P 06da8870af8947d7b3833dcaccb67442 [CANDIDATE]: Term 1 election: Election decided. Result: candidate won. Election summary: received 3 responses out of 3 voters: 2 yes votes; 1 no votes. yes voters: 06da8870af8947d7b3833dcaccb67442, b2c73de7a4284eeea759f38c4031070c; no voters: 6552a39f055f486cb803338112177111
I20260710 13:16:06.900357  1770 raft_consensus.cc:2804] T acb109fcfec9402d929205313788aefb P 06da8870af8947d7b3833dcaccb67442 [term 1 FOLLOWER]: Leader election won for term 1
I20260710 13:16:06.900465  1794 consensus_queue.cc:1048] T aa2ae50b51b54e93a62d6713b7595acf P 6552a39f055f486cb803338112177111 [LEADER]: Connected to new peer: Peer: permanent_uuid: "b2c73de7a4284eeea759f38c4031070c" member_type: VOTER last_known_addr { host: "127.0.107.193" port: 41469 }, Status: LMP_MISMATCH, Last received: 0.0, Next index: 1, Last known committed idx: 0, Time since last communication: 0.001s
I20260710 13:16:06.901036  1770 raft_consensus.cc:697] T acb109fcfec9402d929205313788aefb P 06da8870af8947d7b3833dcaccb67442 [term 1 LEADER]: Becoming Leader. State: Replica: 06da8870af8947d7b3833dcaccb67442, State: Running, Role: LEADER
I20260710 13:16:06.901908  1770 consensus_queue.cc:237] T acb109fcfec9402d929205313788aefb P 06da8870af8947d7b3833dcaccb67442 [LEADER]: Queue going to LEADER mode. State: All replicated index: 0, Majority replicated index: 0, Committed index: 0, Last appended: 0.0, Last appended by leader: 0, Current term: 1, Majority size: 2, State: 0, Mode: LEADER, active raft config: opid_index: -1 OBSOLETE_local: false peers { permanent_uuid: "b2c73de7a4284eeea759f38c4031070c" member_type: VOTER last_known_addr { host: "127.0.107.193" port: 41469 } } peers { permanent_uuid: "6552a39f055f486cb803338112177111" member_type: VOTER last_known_addr { host: "127.0.107.194" port: 35425 } } peers { permanent_uuid: "06da8870af8947d7b3833dcaccb67442" member_type: VOTER last_known_addr { host: "127.0.107.195" port: 44349 } }
I20260710 13:16:06.907017  1741 leader_election.cc:290] T 660361314b504cadb3bd521f9d87cf91 P b2c73de7a4284eeea759f38c4031070c [CANDIDATE]: Term 1 election: Requested vote from peers 6552a39f055f486cb803338112177111 (127.0.107.194:35425), 06da8870af8947d7b3833dcaccb67442 (127.0.107.195:44349)
I20260710 13:16:06.919327  1790 raft_consensus.cc:697] T 3adc0cb42a8546dbbf0c72e2c2907631 P 06da8870af8947d7b3833dcaccb67442 [term 1 LEADER]: Becoming Leader. State: Replica: 06da8870af8947d7b3833dcaccb67442, State: Running, Role: LEADER
I20260710 13:16:06.920617  1790 consensus_queue.cc:237] T 3adc0cb42a8546dbbf0c72e2c2907631 P 06da8870af8947d7b3833dcaccb67442 [LEADER]: Queue going to LEADER mode. State: All replicated index: 0, Majority replicated index: 0, Committed index: 0, Last appended: 0.0, Last appended by leader: 0, Current term: 1, Majority size: 2, State: 0, Mode: LEADER, active raft config: opid_index: -1 OBSOLETE_local: false peers { permanent_uuid: "b2c73de7a4284eeea759f38c4031070c" member_type: VOTER last_known_addr { host: "127.0.107.193" port: 41469 } } peers { permanent_uuid: "6552a39f055f486cb803338112177111" member_type: VOTER last_known_addr { host: "127.0.107.194" port: 35425 } } peers { permanent_uuid: "06da8870af8947d7b3833dcaccb67442" member_type: VOTER last_known_addr { host: "127.0.107.195" port: 44349 } }
I20260710 13:16:06.922438  1542 raft_consensus.cc:2468] T 343ae31524b647c0bd87cdccce6dd016 P b2c73de7a4284eeea759f38c4031070c [term 1 FOLLOWER]: Leader election vote request: Granting yes vote for candidate 6552a39f055f486cb803338112177111 in term 1.
I20260710 13:16:06.933434  1587 leader_election.cc:304] T 343ae31524b647c0bd87cdccce6dd016 P 6552a39f055f486cb803338112177111 [CANDIDATE]: Term 1 election: Election decided. Result: candidate won. Election summary: received 2 responses out of 3 voters: 2 yes votes; 0 no votes. yes voters: 6552a39f055f486cb803338112177111, b2c73de7a4284eeea759f38c4031070c; no voters: 
I20260710 13:16:06.933458  1695 tablet_service.cc:1917] Received RequestConsensusVote() RPC: tablet_id: "343ae31524b647c0bd87cdccce6dd016" candidate_uuid: "6552a39f055f486cb803338112177111" candidate_term: 1 candidate_status { last_received { term: 0 index: 0 } } ignore_live_leader: false dest_uuid: "06da8870af8947d7b3833dcaccb67442"
I20260710 13:16:06.934173  1695 raft_consensus.cc:3060] T 343ae31524b647c0bd87cdccce6dd016 P 06da8870af8947d7b3833dcaccb67442 [term 0 FOLLOWER]: Advancing to term 1
I20260710 13:16:06.934548  1794 raft_consensus.cc:2804] T 343ae31524b647c0bd87cdccce6dd016 P 6552a39f055f486cb803338112177111 [term 1 FOLLOWER]: Leader election won for term 1
I20260710 13:16:06.935016  1794 raft_consensus.cc:697] T 343ae31524b647c0bd87cdccce6dd016 P 6552a39f055f486cb803338112177111 [term 1 LEADER]: Becoming Leader. State: Replica: 6552a39f055f486cb803338112177111, State: Running, Role: LEADER
I20260710 13:16:06.927958  1795 leader_election.cc:290] T 343ae31524b647c0bd87cdccce6dd016 P 6552a39f055f486cb803338112177111 [CANDIDATE]: Term 1 election: Requested vote from peers b2c73de7a4284eeea759f38c4031070c (127.0.107.193:41469), 06da8870af8947d7b3833dcaccb67442 (127.0.107.195:44349)
I20260710 13:16:07.022018  1770 consensus_queue.cc:1048] T f9a67dde0b054853b697ceb8a7ab4e90 P 06da8870af8947d7b3833dcaccb67442 [LEADER]: Connected to new peer: Peer: permanent_uuid: "6552a39f055f486cb803338112177111" member_type: VOTER last_known_addr { host: "127.0.107.194" port: 35425 }, Status: LMP_MISMATCH, Last received: 0.0, Next index: 1, Last known committed idx: 0, Time since last communication: 0.001s
I20260710 13:16:07.056033  1443 catalog_manager.cc:5697] T 3adc0cb42a8546dbbf0c72e2c2907631 P 06da8870af8947d7b3833dcaccb67442 reported cstate change: term changed from 0 to 1, leader changed from <none> to 06da8870af8947d7b3833dcaccb67442 (127.0.107.195). New cstate: current_term: 1 leader_uuid: "06da8870af8947d7b3833dcaccb67442" committed_config { opid_index: -1 OBSOLETE_local: false peers { permanent_uuid: "b2c73de7a4284eeea759f38c4031070c" member_type: VOTER last_known_addr { host: "127.0.107.193" port: 41469 } health_report { overall_health: UNKNOWN } } peers { permanent_uuid: "6552a39f055f486cb803338112177111" member_type: VOTER last_known_addr { host: "127.0.107.194" port: 35425 } health_report { overall_health: UNKNOWN } } peers { permanent_uuid: "06da8870af8947d7b3833dcaccb67442" member_type: VOTER last_known_addr { host: "127.0.107.195" port: 44349 } health_report { overall_health: HEALTHY } } }
I20260710 13:16:07.058626  1443 catalog_manager.cc:5697] T acb109fcfec9402d929205313788aefb P 06da8870af8947d7b3833dcaccb67442 reported cstate change: term changed from 0 to 1, leader changed from <none> to 06da8870af8947d7b3833dcaccb67442 (127.0.107.195). New cstate: current_term: 1 leader_uuid: "06da8870af8947d7b3833dcaccb67442" committed_config { opid_index: -1 OBSOLETE_local: false peers { permanent_uuid: "b2c73de7a4284eeea759f38c4031070c" member_type: VOTER last_known_addr { host: "127.0.107.193" port: 41469 } health_report { overall_health: UNKNOWN } } peers { permanent_uuid: "6552a39f055f486cb803338112177111" member_type: VOTER last_known_addr { host: "127.0.107.194" port: 35425 } health_report { overall_health: UNKNOWN } } peers { permanent_uuid: "06da8870af8947d7b3833dcaccb67442" member_type: VOTER last_known_addr { host: "127.0.107.195" port: 44349 } health_report { overall_health: HEALTHY } } }
I20260710 13:16:07.068763  1695 raft_consensus.cc:2468] T 343ae31524b647c0bd87cdccce6dd016 P 06da8870af8947d7b3833dcaccb67442 [term 1 FOLLOWER]: Leader election vote request: Granting yes vote for candidate 6552a39f055f486cb803338112177111 in term 1.
I20260710 13:16:07.076933  1794 consensus_queue.cc:237] T 343ae31524b647c0bd87cdccce6dd016 P 6552a39f055f486cb803338112177111 [LEADER]: Queue going to LEADER mode. State: All replicated index: 0, Majority replicated index: 0, Committed index: 0, Last appended: 0.0, Last appended by leader: 0, Current term: 1, Majority size: 2, State: 0, Mode: LEADER, active raft config: opid_index: -1 OBSOLETE_local: false peers { permanent_uuid: "b2c73de7a4284eeea759f38c4031070c" member_type: VOTER last_known_addr { host: "127.0.107.193" port: 41469 } } peers { permanent_uuid: "6552a39f055f486cb803338112177111" member_type: VOTER last_known_addr { host: "127.0.107.194" port: 35425 } } peers { permanent_uuid: "06da8870af8947d7b3833dcaccb67442" member_type: VOTER last_known_addr { host: "127.0.107.195" port: 44349 } }
I20260710 13:16:07.081926  1738 tablet_bootstrap.cc:492] T afaa71006e66420f99a6567934a524cc P 06da8870af8947d7b3833dcaccb67442: No bootstrap required, opened a new log
I20260710 13:16:07.082536  1738 ts_tablet_manager.cc:1403] T afaa71006e66420f99a6567934a524cc P 06da8870af8947d7b3833dcaccb67442: Time spent bootstrapping tablet: real 0.290s	user 0.017s	sys 0.012s
W20260710 13:16:07.081439  1810 log.cc:927] Time spent T a4636ea1d84e464eb0f0401c2d4c433c P 06da8870af8947d7b3833dcaccb67442: Append to log took a long time: real 0.061s	user 0.000s	sys 0.014s
I20260710 13:16:07.088348  1782 consensus_queue.cc:1048] T 9f9d8684946d430383281c3b73941e66 P b2c73de7a4284eeea759f38c4031070c [LEADER]: Connected to new peer: Peer: permanent_uuid: "06da8870af8947d7b3833dcaccb67442" member_type: VOTER last_known_addr { host: "127.0.107.195" port: 44349 }, Status: LMP_MISMATCH, Last received: 0.0, Next index: 1, Last known committed idx: 0, Time since last communication: 0.000s
I20260710 13:16:07.088451  1741 raft_consensus.cc:493] T 78b0311fd16c418e88bd167c0ab09f9e P b2c73de7a4284eeea759f38c4031070c [term 0 FOLLOWER]: Starting pre-election (no leader contacted us within the election timeout)
I20260710 13:16:07.089222  1741 raft_consensus.cc:515] T 78b0311fd16c418e88bd167c0ab09f9e P b2c73de7a4284eeea759f38c4031070c [term 0 FOLLOWER]: Starting pre-election with config: opid_index: -1 OBSOLETE_local: false peers { permanent_uuid: "b2c73de7a4284eeea759f38c4031070c" member_type: VOTER last_known_addr { host: "127.0.107.193" port: 41469 } } peers { permanent_uuid: "6552a39f055f486cb803338112177111" member_type: VOTER last_known_addr { host: "127.0.107.194" port: 35425 } } peers { permanent_uuid: "06da8870af8947d7b3833dcaccb67442" member_type: VOTER last_known_addr { host: "127.0.107.195" port: 44349 } }
W20260710 13:16:07.085064  1514 outbound_call.cc:321] RPC callback for RPC call kudu.consensus.ConsensusService.UpdateConsensus -> {remote=127.0.107.195:44349, user_credentials={real_user=slave}} blocked reactor thread for 72931.8us
I20260710 13:16:07.083180  1757 raft_consensus.cc:493] T 47d6e1af98f849d7a0b11343b743e5e2 P b2c73de7a4284eeea759f38c4031070c [term 0 FOLLOWER]: Starting pre-election (no leader contacted us within the election timeout)
I20260710 13:16:07.101800  1770 consensus_queue.cc:1048] T a4636ea1d84e464eb0f0401c2d4c433c P 06da8870af8947d7b3833dcaccb67442 [LEADER]: Connected to new peer: Peer: permanent_uuid: "b2c73de7a4284eeea759f38c4031070c" member_type: VOTER last_known_addr { host: "127.0.107.193" port: 41469 }, Status: LMP_MISMATCH, Last received: 0.0, Next index: 1, Last known committed idx: 0, Time since last communication: 0.001s
I20260710 13:16:07.122344  1737 tablet_bootstrap.cc:492] T afaa71006e66420f99a6567934a524cc P b2c73de7a4284eeea759f38c4031070c: No bootstrap required, opened a new log
I20260710 13:16:07.122925  1737 ts_tablet_manager.cc:1403] T afaa71006e66420f99a6567934a524cc P b2c73de7a4284eeea759f38c4031070c: Time spent bootstrapping tablet: real 0.303s	user 0.031s	sys 0.048s
I20260710 13:16:07.103745  1757 raft_consensus.cc:515] T 47d6e1af98f849d7a0b11343b743e5e2 P b2c73de7a4284eeea759f38c4031070c [term 0 FOLLOWER]: Starting pre-election with config: opid_index: -1 OBSOLETE_local: false peers { permanent_uuid: "b2c73de7a4284eeea759f38c4031070c" member_type: VOTER last_known_addr { host: "127.0.107.193" port: 41469 } } peers { permanent_uuid: "6552a39f055f486cb803338112177111" member_type: VOTER last_known_addr { host: "127.0.107.194" port: 35425 } } peers { permanent_uuid: "06da8870af8947d7b3833dcaccb67442" member_type: VOTER last_known_addr { host: "127.0.107.195" port: 44349 } }
I20260710 13:16:07.147449  1741 leader_election.cc:290] T 78b0311fd16c418e88bd167c0ab09f9e P b2c73de7a4284eeea759f38c4031070c [CANDIDATE]: Term 1 pre-election: Requested pre-vote from peers 6552a39f055f486cb803338112177111 (127.0.107.194:35425), 06da8870af8947d7b3833dcaccb67442 (127.0.107.195:44349)
I20260710 13:16:07.151013  1697 tablet_service.cc:1917] Received RequestConsensusVote() RPC: tablet_id: "78b0311fd16c418e88bd167c0ab09f9e" candidate_uuid: "b2c73de7a4284eeea759f38c4031070c" candidate_term: 1 candidate_status { last_received { term: 0 index: 0 } } ignore_live_leader: false dest_uuid: "06da8870af8947d7b3833dcaccb67442" is_pre_election: true
I20260710 13:16:07.137732  1795 consensus_queue.cc:1048] T 824810c35c78455eac4363c23ac7565e P 6552a39f055f486cb803338112177111 [LEADER]: Connected to new peer: Peer: permanent_uuid: "b2c73de7a4284eeea759f38c4031070c" member_type: VOTER last_known_addr { host: "127.0.107.193" port: 41469 }, Status: LMP_MISMATCH, Last received: 0.0, Next index: 1, Last known committed idx: 0, Time since last communication: 0.007s
W20260710 13:16:07.154989  1514 leader_election.cc:343] T 78b0311fd16c418e88bd167c0ab09f9e P b2c73de7a4284eeea759f38c4031070c [CANDIDATE]: Term 1 pre-election: Tablet error from VoteRequest() call to peer 06da8870af8947d7b3833dcaccb67442 (127.0.107.195:44349): Illegal state: must be running to vote when last-logged opid is not known
I20260710 13:16:07.160085  1757 leader_election.cc:290] T 47d6e1af98f849d7a0b11343b743e5e2 P b2c73de7a4284eeea759f38c4031070c [CANDIDATE]: Term 1 pre-election: Requested pre-vote from peers 6552a39f055f486cb803338112177111 (127.0.107.194:35425), 06da8870af8947d7b3833dcaccb67442 (127.0.107.195:44349)
I20260710 13:16:07.160904  1737 raft_consensus.cc:359] T afaa71006e66420f99a6567934a524cc P b2c73de7a4284eeea759f38c4031070c [term 0 FOLLOWER]: Replica starting. Triggering 0 pending ops. Active config: opid_index: -1 OBSOLETE_local: false peers { permanent_uuid: "b2c73de7a4284eeea759f38c4031070c" member_type: VOTER last_known_addr { host: "127.0.107.193" port: 41469 } } peers { permanent_uuid: "6552a39f055f486cb803338112177111" member_type: VOTER last_known_addr { host: "127.0.107.194" port: 35425 } } peers { permanent_uuid: "06da8870af8947d7b3833dcaccb67442" member_type: VOTER last_known_addr { host: "127.0.107.195" port: 44349 } }
I20260710 13:16:07.161621  1737 raft_consensus.cc:385] T afaa71006e66420f99a6567934a524cc P b2c73de7a4284eeea759f38c4031070c [term 0 FOLLOWER]: Consensus starting up: Expiring failure detector timer to make a prompt election more likely
