I20260710 13:26:19.499461 28143 consensus_queue.cc:1048] T 9129010c01c1461bb47eb224c1956edc P b60ca715d6d241c7a23b1f049ab76bd1 [LEADER]: Connected to new peer: Peer: permanent_uuid: "fd13800e782442fcb8339f247695dd26" member_type: VOTER last_known_addr { host: "127.26.156.193" port: 44993 }, Status: LMP_MISMATCH, Last received: 0.0, Next index: 2, Last known committed idx: 1, Time since last communication: 0.000s
I20260710 13:26:19.507893 28020 raft_consensus.cc:1275] T 9129010c01c1461bb47eb224c1956edc P ae18c8717e454fb7b55450c8309c8d31 [term 2 FOLLOWER]: Refusing update from remote peer b60ca715d6d241c7a23b1f049ab76bd1: Log matching property violated. Preceding OpId in replica: term: 1 index: 1. Preceding OpId from leader: term: 2 index: 2. (index mismatch)
I20260710 13:26:19.509446 28143 consensus_queue.cc:1048] T 9129010c01c1461bb47eb224c1956edc P b60ca715d6d241c7a23b1f049ab76bd1 [LEADER]: Connected to new peer: Peer: permanent_uuid: "ae18c8717e454fb7b55450c8309c8d31" member_type: VOTER last_known_addr { host: "127.26.156.195" port: 43403 }, Status: LMP_MISMATCH, Last received: 0.0, Next index: 2, Last known committed idx: 1, Time since last communication: 0.000s
I20260710 13:26:19.533254 28020 raft_consensus.cc:1275] T cb7fd123464f44d78ca8eb08c3880949 P ae18c8717e454fb7b55450c8309c8d31 [term 2 FOLLOWER]: Refusing update from remote peer fd13800e782442fcb8339f247695dd26: Log matching property violated. Preceding OpId in replica: term: 1 index: 1. Preceding OpId from leader: term: 2 index: 2. (index mismatch)
I20260710 13:26:19.534399 28103 consensus_queue.cc:1048] T cb7fd123464f44d78ca8eb08c3880949 P fd13800e782442fcb8339f247695dd26 [LEADER]: Connected to new peer: Peer: permanent_uuid: "ae18c8717e454fb7b55450c8309c8d31" member_type: VOTER last_known_addr { host: "127.26.156.195" port: 43403 }, Status: LMP_MISMATCH, Last received: 0.0, Next index: 2, Last known committed idx: 1, Time since last communication: 0.000s
I20260710 13:26:19.541414 27946 raft_consensus.cc:1275] T cb7fd123464f44d78ca8eb08c3880949 P b60ca715d6d241c7a23b1f049ab76bd1 [term 2 FOLLOWER]: Refusing update from remote peer fd13800e782442fcb8339f247695dd26: Log matching property violated. Preceding OpId in replica: term: 1 index: 1. Preceding OpId from leader: term: 2 index: 2. (index mismatch)
I20260710 13:26:19.543000 28103 consensus_queue.cc:1048] T cb7fd123464f44d78ca8eb08c3880949 P fd13800e782442fcb8339f247695dd26 [LEADER]: Connected to new peer: Peer: permanent_uuid: "b60ca715d6d241c7a23b1f049ab76bd1" member_type: VOTER last_known_addr { host: "127.26.156.194" port: 39195 }, Status: LMP_MISMATCH, Last received: 0.0, Next index: 2, Last known committed idx: 1, Time since last communication: 0.000s
I20260710 13:26:19.649848 28020 raft_consensus.cc:1275] T 951eb6de0d674fdf9cab32451be6f98c P ae18c8717e454fb7b55450c8309c8d31 [term 2 FOLLOWER]: Refusing update from remote peer b60ca715d6d241c7a23b1f049ab76bd1: Log matching property violated. Preceding OpId in replica: term: 1 index: 1. Preceding OpId from leader: term: 2 index: 2. (index mismatch)
I20260710 13:26:19.651477 28143 consensus_queue.cc:1048] T 951eb6de0d674fdf9cab32451be6f98c P b60ca715d6d241c7a23b1f049ab76bd1 [LEADER]: Connected to new peer: Peer: permanent_uuid: "ae18c8717e454fb7b55450c8309c8d31" member_type: VOTER last_known_addr { host: "127.26.156.195" port: 43403 }, Status: LMP_MISMATCH, Last received: 0.0, Next index: 2, Last known committed idx: 1, Time since last communication: 0.000s
I20260710 13:26:19.661317 27871 raft_consensus.cc:1275] T 951eb6de0d674fdf9cab32451be6f98c P fd13800e782442fcb8339f247695dd26 [term 2 FOLLOWER]: Refusing update from remote peer b60ca715d6d241c7a23b1f049ab76bd1: Log matching property violated. Preceding OpId in replica: term: 1 index: 1. Preceding OpId from leader: term: 2 index: 2. (index mismatch)
I20260710 13:26:19.662569 28090 consensus_queue.cc:1048] T 951eb6de0d674fdf9cab32451be6f98c P b60ca715d6d241c7a23b1f049ab76bd1 [LEADER]: Connected to new peer: Peer: permanent_uuid: "fd13800e782442fcb8339f247695dd26" member_type: VOTER last_known_addr { host: "127.26.156.193" port: 44993 }, Status: LMP_MISMATCH, Last received: 0.0, Next index: 2, Last known committed idx: 1, Time since last communication: 0.000s
I20260710 13:26:19.694233 28020 raft_consensus.cc:1275] T e50928bf81904735b6005ef58a981d34 P ae18c8717e454fb7b55450c8309c8d31 [term 2 FOLLOWER]: Refusing update from remote peer b60ca715d6d241c7a23b1f049ab76bd1: Log matching property violated. Preceding OpId in replica: term: 1 index: 1. Preceding OpId from leader: term: 2 index: 2. (index mismatch)
I20260710 13:26:19.695432 28090 consensus_queue.cc:1048] T e50928bf81904735b6005ef58a981d34 P b60ca715d6d241c7a23b1f049ab76bd1 [LEADER]: Connected to new peer: Peer: permanent_uuid: "ae18c8717e454fb7b55450c8309c8d31" member_type: VOTER last_known_addr { host: "127.26.156.195" port: 43403 }, Status: LMP_MISMATCH, Last received: 0.0, Next index: 2, Last known committed idx: 1, Time since last communication: 0.000s
I20260710 13:26:19.702157 27871 raft_consensus.cc:1275] T e50928bf81904735b6005ef58a981d34 P fd13800e782442fcb8339f247695dd26 [term 2 FOLLOWER]: Refusing update from remote peer b60ca715d6d241c7a23b1f049ab76bd1: Log matching property violated. Preceding OpId in replica: term: 1 index: 1. Preceding OpId from leader: term: 2 index: 2. (index mismatch)
I20260710 13:26:19.703480 28102 consensus_queue.cc:1048] T e50928bf81904735b6005ef58a981d34 P b60ca715d6d241c7a23b1f049ab76bd1 [LEADER]: Connected to new peer: Peer: permanent_uuid: "fd13800e782442fcb8339f247695dd26" member_type: VOTER last_known_addr { host: "127.26.156.193" port: 44993 }, Status: LMP_MISMATCH, Last received: 0.0, Next index: 2, Last known committed idx: 1, Time since last communication: 0.000s
I20260710 13:26:19.710688 28020 raft_consensus.cc:1275] T bfd0f18b633d41a1b9db7cb0f16fdc8b P ae18c8717e454fb7b55450c8309c8d31 [term 2 FOLLOWER]: Refusing update from remote peer fd13800e782442fcb8339f247695dd26: Log matching property violated. Preceding OpId in replica: term: 1 index: 1. Preceding OpId from leader: term: 2 index: 2. (index mismatch)
I20260710 13:26:19.711956 28103 consensus_queue.cc:1048] T bfd0f18b633d41a1b9db7cb0f16fdc8b P fd13800e782442fcb8339f247695dd26 [LEADER]: Connected to new peer: Peer: permanent_uuid: "ae18c8717e454fb7b55450c8309c8d31" member_type: VOTER last_known_addr { host: "127.26.156.195" port: 43403 }, Status: LMP_MISMATCH, Last received: 0.0, Next index: 2, Last known committed idx: 1, Time since last communication: 0.000s
I20260710 13:26:19.719942 27946 raft_consensus.cc:1275] T bfd0f18b633d41a1b9db7cb0f16fdc8b P b60ca715d6d241c7a23b1f049ab76bd1 [term 2 FOLLOWER]: Refusing update from remote peer fd13800e782442fcb8339f247695dd26: Log matching property violated. Preceding OpId in replica: term: 1 index: 1. Preceding OpId from leader: term: 2 index: 2. (index mismatch)
I20260710 13:26:19.721216 28097 consensus_queue.cc:1048] T bfd0f18b633d41a1b9db7cb0f16fdc8b P fd13800e782442fcb8339f247695dd26 [LEADER]: Connected to new peer: Peer: permanent_uuid: "b60ca715d6d241c7a23b1f049ab76bd1" member_type: VOTER last_known_addr { host: "127.26.156.194" port: 39195 }, Status: LMP_MISMATCH, Last received: 0.0, Next index: 2, Last known committed idx: 1, Time since last communication: 0.000s
I20260710 13:26:19.948237 27871 raft_consensus.cc:1275] T dd75d5dd5ce64d749e38e554d887a55e P fd13800e782442fcb8339f247695dd26 [term 2 FOLLOWER]: Refusing update from remote peer ae18c8717e454fb7b55450c8309c8d31: Log matching property violated. Preceding OpId in replica: term: 1 index: 1. Preceding OpId from leader: term: 2 index: 2. (index mismatch)
I20260710 13:26:19.949251 28100 consensus_queue.cc:1048] T dd75d5dd5ce64d749e38e554d887a55e P ae18c8717e454fb7b55450c8309c8d31 [LEADER]: Connected to new peer: Peer: permanent_uuid: "fd13800e782442fcb8339f247695dd26" member_type: VOTER last_known_addr { host: "127.26.156.193" port: 44993 }, Status: LMP_MISMATCH, Last received: 0.0, Next index: 2, Last known committed idx: 1, Time since last communication: 0.000s
I20260710 13:26:19.960234 27946 raft_consensus.cc:1275] T dd75d5dd5ce64d749e38e554d887a55e P b60ca715d6d241c7a23b1f049ab76bd1 [term 2 FOLLOWER]: Refusing update from remote peer ae18c8717e454fb7b55450c8309c8d31: Log matching property violated. Preceding OpId in replica: term: 1 index: 1. Preceding OpId from leader: term: 2 index: 2. (index mismatch)
I20260710 13:26:19.961614 28100 consensus_queue.cc:1048] T dd75d5dd5ce64d749e38e554d887a55e P ae18c8717e454fb7b55450c8309c8d31 [LEADER]: Connected to new peer: Peer: permanent_uuid: "b60ca715d6d241c7a23b1f049ab76bd1" member_type: VOTER last_known_addr { host: "127.26.156.194" port: 39195 }, Status: LMP_MISMATCH, Last received: 0.0, Next index: 2, Last known committed idx: 1, Time since last communication: 0.000s
I20260710 13:26:22.025075 27251 auto_leader_rebalancer-test.cc:348] The leader distribution is 
I20260710 13:26:22.025712 27251 auto_leader_rebalancer.cc:141] leader rebalance for table test-workload
I20260710 13:26:22.041239 27871 tablet_service.cc:2072] Received LeaderStepDown RPC: tablet_id: "aea25f88b02644ea9c75e3d4e57ac4b8"
dest_uuid: "fd13800e782442fcb8339f247695dd26"
mode: GRACEFUL
new_leader_uuid: "ae18c8717e454fb7b55450c8309c8d31"
 from {username='slave'} at 127.0.0.1:33852
I20260710 13:26:22.041692 27871 raft_consensus.cc:606] T aea25f88b02644ea9c75e3d4e57ac4b8 P fd13800e782442fcb8339f247695dd26 [term 2 LEADER]: Received request to transfer leadership to TS ae18c8717e454fb7b55450c8309c8d31
I20260710 13:26:22.043586 27871 tablet_service.cc:2072] Received LeaderStepDown RPC: tablet_id: "f8dc9a0a23244b9ea7d9f55c262bca9a"
dest_uuid: "fd13800e782442fcb8339f247695dd26"
mode: GRACEFUL
new_leader_uuid: "ae18c8717e454fb7b55450c8309c8d31"
 from {username='slave'} at 127.0.0.1:33852
I20260710 13:26:22.043906 27871 raft_consensus.cc:606] T f8dc9a0a23244b9ea7d9f55c262bca9a P fd13800e782442fcb8339f247695dd26 [term 1 LEADER]: Received request to transfer leadership to TS ae18c8717e454fb7b55450c8309c8d31
I20260710 13:26:22.044721 27251 auto_leader_rebalancer.cc:479] table: test-workload, leader rebalance finish, leader transfer count: 2
I20260710 13:26:22.045063 27251 auto_leader_rebalancer.cc:554] All tables' leader rebalancing finished this round
I20260710 13:26:22.144363 28159 raft_consensus.cc:993] T aea25f88b02644ea9c75e3d4e57ac4b8 P fd13800e782442fcb8339f247695dd26: : Instructing follower ae18c8717e454fb7b55450c8309c8d31 to start an election
I20260710 13:26:22.144873 28071 raft_consensus.cc:1081] T aea25f88b02644ea9c75e3d4e57ac4b8 P fd13800e782442fcb8339f247695dd26 [term 2 LEADER]: Signalling peer ae18c8717e454fb7b55450c8309c8d31 to start an election
I20260710 13:26:22.146515 28019 tablet_service.cc:2044] Received Run Leader Election RPC: tablet_id: "aea25f88b02644ea9c75e3d4e57ac4b8"
dest_uuid: "ae18c8717e454fb7b55450c8309c8d31"
 from {username='slave'} at 127.0.0.1:36870
I20260710 13:26:22.146996 28019 raft_consensus.cc:493] T aea25f88b02644ea9c75e3d4e57ac4b8 P ae18c8717e454fb7b55450c8309c8d31 [term 2 FOLLOWER]: Starting forced leader election (received explicit request)
I20260710 13:26:22.147305 28019 raft_consensus.cc:3060] T aea25f88b02644ea9c75e3d4e57ac4b8 P ae18c8717e454fb7b55450c8309c8d31 [term 2 FOLLOWER]: Advancing to term 3
I20260710 13:26:22.151742 28019 raft_consensus.cc:515] T aea25f88b02644ea9c75e3d4e57ac4b8 P ae18c8717e454fb7b55450c8309c8d31 [term 3 FOLLOWER]: Starting forced leader election with config: opid_index: -1 OBSOLETE_local: false peers { permanent_uuid: "fd13800e782442fcb8339f247695dd26" member_type: VOTER last_known_addr { host: "127.26.156.193" port: 44993 } } peers { permanent_uuid: "b60ca715d6d241c7a23b1f049ab76bd1" member_type: VOTER last_known_addr { host: "127.26.156.194" port: 39195 } } peers { permanent_uuid: "ae18c8717e454fb7b55450c8309c8d31" member_type: VOTER last_known_addr { host: "127.26.156.195" port: 43403 } }
I20260710 13:26:22.153334 28019 leader_election.cc:290] T aea25f88b02644ea9c75e3d4e57ac4b8 P ae18c8717e454fb7b55450c8309c8d31 [CANDIDATE]: Term 3 election: Requested vote from peers fd13800e782442fcb8339f247695dd26 (127.26.156.193:44993), b60ca715d6d241c7a23b1f049ab76bd1 (127.26.156.194:39195)
I20260710 13:26:22.154057 27871 tablet_service.cc:1917] Received RequestConsensusVote() RPC: tablet_id: "aea25f88b02644ea9c75e3d4e57ac4b8" candidate_uuid: "ae18c8717e454fb7b55450c8309c8d31" candidate_term: 3 candidate_status { last_received { term: 2 index: 2 } } ignore_live_leader: true dest_uuid: "fd13800e782442fcb8339f247695dd26"
I20260710 13:26:22.154353 27946 tablet_service.cc:1917] Received RequestConsensusVote() RPC: tablet_id: "aea25f88b02644ea9c75e3d4e57ac4b8" candidate_uuid: "ae18c8717e454fb7b55450c8309c8d31" candidate_term: 3 candidate_status { last_received { term: 2 index: 2 } } ignore_live_leader: true dest_uuid: "b60ca715d6d241c7a23b1f049ab76bd1"
I20260710 13:26:22.154546 27871 raft_consensus.cc:3055] T aea25f88b02644ea9c75e3d4e57ac4b8 P fd13800e782442fcb8339f247695dd26 [term 2 LEADER]: Stepping down as leader of term 2
I20260710 13:26:22.154858 27871 raft_consensus.cc:740] T aea25f88b02644ea9c75e3d4e57ac4b8 P fd13800e782442fcb8339f247695dd26 [term 2 LEADER]: Becoming Follower/Learner. State: Replica: fd13800e782442fcb8339f247695dd26, State: Running, Role: LEADER
I20260710 13:26:22.154888 27946 raft_consensus.cc:3060] T aea25f88b02644ea9c75e3d4e57ac4b8 P b60ca715d6d241c7a23b1f049ab76bd1 [term 2 FOLLOWER]: Advancing to term 3
I20260710 13:26:22.155472 27871 consensus_queue.cc:260] T aea25f88b02644ea9c75e3d4e57ac4b8 P fd13800e782442fcb8339f247695dd26 [NON_LEADER]: Queue going to NON_LEADER mode. State: All replicated index: 0, Majority replicated index: 2, Committed index: 2, Last appended: 2.2, Last appended by leader: 2, Current term: 2, Majority size: -1, State: 0, Mode: NON_LEADER, active raft config: opid_index: -1 OBSOLETE_local: false peers { permanent_uuid: "fd13800e782442fcb8339f247695dd26" member_type: VOTER last_known_addr { host: "127.26.156.193" port: 44993 } } peers { permanent_uuid: "b60ca715d6d241c7a23b1f049ab76bd1" member_type: VOTER last_known_addr { host: "127.26.156.194" port: 39195 } } peers { permanent_uuid: "ae18c8717e454fb7b55450c8309c8d31" member_type: VOTER last_known_addr { host: "127.26.156.195" port: 43403 } }
I20260710 13:26:22.156265 27871 raft_consensus.cc:3060] T aea25f88b02644ea9c75e3d4e57ac4b8 P fd13800e782442fcb8339f247695dd26 [term 2 FOLLOWER]: Advancing to term 3
I20260710 13:26:22.159243 27946 raft_consensus.cc:2468] T aea25f88b02644ea9c75e3d4e57ac4b8 P b60ca715d6d241c7a23b1f049ab76bd1 [term 3 FOLLOWER]: Leader election vote request: Granting yes vote for candidate ae18c8717e454fb7b55450c8309c8d31 in term 3.
I20260710 13:26:22.159909 27871 raft_consensus.cc:2468] T aea25f88b02644ea9c75e3d4e57ac4b8 P fd13800e782442fcb8339f247695dd26 [term 3 FOLLOWER]: Leader election vote request: Granting yes vote for candidate ae18c8717e454fb7b55450c8309c8d31 in term 3.
I20260710 13:26:22.160254 27984 leader_election.cc:304] T aea25f88b02644ea9c75e3d4e57ac4b8 P ae18c8717e454fb7b55450c8309c8d31 [CANDIDATE]: Term 3 election: Election decided. Result: candidate won. Election summary: received 2 responses out of 3 voters: 2 yes votes; 0 no votes. yes voters: ae18c8717e454fb7b55450c8309c8d31, b60ca715d6d241c7a23b1f049ab76bd1; no voters: 
I20260710 13:26:22.161233 28155 raft_consensus.cc:2804] T aea25f88b02644ea9c75e3d4e57ac4b8 P ae18c8717e454fb7b55450c8309c8d31 [term 3 FOLLOWER]: Leader election won for term 3
I20260710 13:26:22.162252 28155 raft_consensus.cc:697] T aea25f88b02644ea9c75e3d4e57ac4b8 P ae18c8717e454fb7b55450c8309c8d31 [term 3 LEADER]: Becoming Leader. State: Replica: ae18c8717e454fb7b55450c8309c8d31, State: Running, Role: LEADER
I20260710 13:26:22.162997 28155 consensus_queue.cc:237] T aea25f88b02644ea9c75e3d4e57ac4b8 P ae18c8717e454fb7b55450c8309c8d31 [LEADER]: Queue going to LEADER mode. State: All replicated index: 0, Majority replicated index: 2, Committed index: 2, Last appended: 2.2, Last appended by leader: 2, Current term: 3, Majority size: 2, State: 0, Mode: LEADER, active raft config: opid_index: -1 OBSOLETE_local: false peers { permanent_uuid: "fd13800e782442fcb8339f247695dd26" member_type: VOTER last_known_addr { host: "127.26.156.193" port: 44993 } } peers { permanent_uuid: "b60ca715d6d241c7a23b1f049ab76bd1" member_type: VOTER last_known_addr { host: "127.26.156.194" port: 39195 } } peers { permanent_uuid: "ae18c8717e454fb7b55450c8309c8d31" member_type: VOTER last_known_addr { host: "127.26.156.195" port: 43403 } }
I20260710 13:26:22.168601 27769 catalog_manager.cc:5697] T aea25f88b02644ea9c75e3d4e57ac4b8 P ae18c8717e454fb7b55450c8309c8d31 reported cstate change: term changed from 2 to 3, leader changed from fd13800e782442fcb8339f247695dd26 (127.26.156.193) to ae18c8717e454fb7b55450c8309c8d31 (127.26.156.195). New cstate: current_term: 3 leader_uuid: "ae18c8717e454fb7b55450c8309c8d31" committed_config { opid_index: -1 OBSOLETE_local: false peers { permanent_uuid: "fd13800e782442fcb8339f247695dd26" member_type: VOTER last_known_addr { host: "127.26.156.193" port: 44993 } health_report { overall_health: UNKNOWN } } peers { permanent_uuid: "b60ca715d6d241c7a23b1f049ab76bd1" member_type: VOTER last_known_addr { host: "127.26.156.194" port: 39195 } health_report { overall_health: UNKNOWN } } peers { permanent_uuid: "ae18c8717e454fb7b55450c8309c8d31" member_type: VOTER last_known_addr { host: "127.26.156.195" port: 43403 } health_report { overall_health: HEALTHY } } }
I20260710 13:26:22.245350 28159 raft_consensus.cc:993] T f8dc9a0a23244b9ea7d9f55c262bca9a P fd13800e782442fcb8339f247695dd26: : Instructing follower ae18c8717e454fb7b55450c8309c8d31 to start an election
I20260710 13:26:22.245858 28071 raft_consensus.cc:1081] T f8dc9a0a23244b9ea7d9f55c262bca9a P fd13800e782442fcb8339f247695dd26 [term 1 LEADER]: Signalling peer ae18c8717e454fb7b55450c8309c8d31 to start an election
I20260710 13:26:22.247198 28019 tablet_service.cc:2044] Received Run Leader Election RPC: tablet_id: "f8dc9a0a23244b9ea7d9f55c262bca9a"
dest_uuid: "ae18c8717e454fb7b55450c8309c8d31"
 from {username='slave'} at 127.0.0.1:36870
I20260710 13:26:22.247638 28019 raft_consensus.cc:493] T f8dc9a0a23244b9ea7d9f55c262bca9a P ae18c8717e454fb7b55450c8309c8d31 [term 1 FOLLOWER]: Starting forced leader election (received explicit request)
I20260710 13:26:22.248030 28019 raft_consensus.cc:3060] T f8dc9a0a23244b9ea7d9f55c262bca9a P ae18c8717e454fb7b55450c8309c8d31 [term 1 FOLLOWER]: Advancing to term 2
I20260710 13:26:22.258277 28019 raft_consensus.cc:515] T f8dc9a0a23244b9ea7d9f55c262bca9a P ae18c8717e454fb7b55450c8309c8d31 [term 2 FOLLOWER]: Starting forced leader election with config: opid_index: -1 OBSOLETE_local: false peers { permanent_uuid: "fd13800e782442fcb8339f247695dd26" member_type: VOTER last_known_addr { host: "127.26.156.193" port: 44993 } } peers { permanent_uuid: "b60ca715d6d241c7a23b1f049ab76bd1" member_type: VOTER last_known_addr { host: "127.26.156.194" port: 39195 } } peers { permanent_uuid: "ae18c8717e454fb7b55450c8309c8d31" member_type: VOTER last_known_addr { host: "127.26.156.195" port: 43403 } }
I20260710 13:26:22.260105 28019 leader_election.cc:290] T f8dc9a0a23244b9ea7d9f55c262bca9a P ae18c8717e454fb7b55450c8309c8d31 [CANDIDATE]: Term 2 election: Requested vote from peers fd13800e782442fcb8339f247695dd26 (127.26.156.193:44993), b60ca715d6d241c7a23b1f049ab76bd1 (127.26.156.194:39195)
I20260710 13:26:22.260748 27871 tablet_service.cc:1917] Received RequestConsensusVote() RPC: tablet_id: "f8dc9a0a23244b9ea7d9f55c262bca9a" candidate_uuid: "ae18c8717e454fb7b55450c8309c8d31" candidate_term: 2 candidate_status { last_received { term: 1 index: 1 } } ignore_live_leader: true dest_uuid: "fd13800e782442fcb8339f247695dd26"
I20260710 13:26:22.261279 27871 raft_consensus.cc:3055] T f8dc9a0a23244b9ea7d9f55c262bca9a P fd13800e782442fcb8339f247695dd26 [term 1 LEADER]: Stepping down as leader of term 1
I20260710 13:26:22.261189 27946 tablet_service.cc:1917] Received RequestConsensusVote() RPC: tablet_id: "f8dc9a0a23244b9ea7d9f55c262bca9a" candidate_uuid: "ae18c8717e454fb7b55450c8309c8d31" candidate_term: 2 candidate_status { last_received { term: 1 index: 1 } } ignore_live_leader: true dest_uuid: "b60ca715d6d241c7a23b1f049ab76bd1"
I20260710 13:26:22.261642 27871 raft_consensus.cc:740] T f8dc9a0a23244b9ea7d9f55c262bca9a P fd13800e782442fcb8339f247695dd26 [term 1 LEADER]: Becoming Follower/Learner. State: Replica: fd13800e782442fcb8339f247695dd26, State: Running, Role: LEADER
I20260710 13:26:22.261806 27946 raft_consensus.cc:3060] T f8dc9a0a23244b9ea7d9f55c262bca9a P b60ca715d6d241c7a23b1f049ab76bd1 [term 1 FOLLOWER]: Advancing to term 2
I20260710 13:26:22.262269 27871 consensus_queue.cc:260] T f8dc9a0a23244b9ea7d9f55c262bca9a P fd13800e782442fcb8339f247695dd26 [NON_LEADER]: Queue going to NON_LEADER mode. State: All replicated index: 0, Majority replicated index: 1, Committed index: 1, Last appended: 1.1, Last appended by leader: 1, Current term: 1, Majority size: -1, State: 0, Mode: NON_LEADER, active raft config: opid_index: -1 OBSOLETE_local: false peers { permanent_uuid: "fd13800e782442fcb8339f247695dd26" member_type: VOTER last_known_addr { host: "127.26.156.193" port: 44993 } } peers { permanent_uuid: "b60ca715d6d241c7a23b1f049ab76bd1" member_type: VOTER last_known_addr { host: "127.26.156.194" port: 39195 } } peers { permanent_uuid: "ae18c8717e454fb7b55450c8309c8d31" member_type: VOTER last_known_addr { host: "127.26.156.195" port: 43403 } }
I20260710 13:26:22.263046 27871 raft_consensus.cc:3060] T f8dc9a0a23244b9ea7d9f55c262bca9a P fd13800e782442fcb8339f247695dd26 [term 1 FOLLOWER]: Advancing to term 2
I20260710 13:26:22.266131 27946 raft_consensus.cc:2468] T f8dc9a0a23244b9ea7d9f55c262bca9a P b60ca715d6d241c7a23b1f049ab76bd1 [term 2 FOLLOWER]: Leader election vote request: Granting yes vote for candidate ae18c8717e454fb7b55450c8309c8d31 in term 2.
I20260710 13:26:22.266678 27871 raft_consensus.cc:2468] T f8dc9a0a23244b9ea7d9f55c262bca9a P fd13800e782442fcb8339f247695dd26 [term 2 FOLLOWER]: Leader election vote request: Granting yes vote for candidate ae18c8717e454fb7b55450c8309c8d31 in term 2.
I20260710 13:26:22.266954 27984 leader_election.cc:304] T f8dc9a0a23244b9ea7d9f55c262bca9a P ae18c8717e454fb7b55450c8309c8d31 [CANDIDATE]: Term 2 election: Election decided. Result: candidate won. Election summary: received 2 responses out of 3 voters: 2 yes votes; 0 no votes. yes voters: ae18c8717e454fb7b55450c8309c8d31, b60ca715d6d241c7a23b1f049ab76bd1; no voters: 
I20260710 13:26:22.267680 28155 raft_consensus.cc:2804] T f8dc9a0a23244b9ea7d9f55c262bca9a P ae18c8717e454fb7b55450c8309c8d31 [term 2 FOLLOWER]: Leader election won for term 2
I20260710 13:26:22.268090 28155 raft_consensus.cc:697] T f8dc9a0a23244b9ea7d9f55c262bca9a P ae18c8717e454fb7b55450c8309c8d31 [term 2 LEADER]: Becoming Leader. State: Replica: ae18c8717e454fb7b55450c8309c8d31, State: Running, Role: LEADER
I20260710 13:26:22.268767 28155 consensus_queue.cc:237] T f8dc9a0a23244b9ea7d9f55c262bca9a P ae18c8717e454fb7b55450c8309c8d31 [LEADER]: Queue going to LEADER mode. State: All replicated index: 0, Majority replicated index: 1, Committed index: 1, Last appended: 1.1, Last appended by leader: 1, Current term: 2, Majority size: 2, State: 0, Mode: LEADER, active raft config: opid_index: -1 OBSOLETE_local: false peers { permanent_uuid: "fd13800e782442fcb8339f247695dd26" member_type: VOTER last_known_addr { host: "127.26.156.193" port: 44993 } } peers { permanent_uuid: "b60ca715d6d241c7a23b1f049ab76bd1" member_type: VOTER last_known_addr { host: "127.26.156.194" port: 39195 } } peers { permanent_uuid: "ae18c8717e454fb7b55450c8309c8d31" member_type: VOTER last_known_addr { host: "127.26.156.195" port: 43403 } }
I20260710 13:26:22.274520 27769 catalog_manager.cc:5697] T f8dc9a0a23244b9ea7d9f55c262bca9a P ae18c8717e454fb7b55450c8309c8d31 reported cstate change: term changed from 1 to 2, leader changed from fd13800e782442fcb8339f247695dd26 (127.26.156.193) to ae18c8717e454fb7b55450c8309c8d31 (127.26.156.195). New cstate: current_term: 2 leader_uuid: "ae18c8717e454fb7b55450c8309c8d31" committed_config { opid_index: -1 OBSOLETE_local: false peers { permanent_uuid: "fd13800e782442fcb8339f247695dd26" member_type: VOTER last_known_addr { host: "127.26.156.193" port: 44993 } health_report { overall_health: UNKNOWN } } peers { permanent_uuid: "b60ca715d6d241c7a23b1f049ab76bd1" member_type: VOTER last_known_addr { host: "127.26.156.194" port: 39195 } health_report { overall_health: UNKNOWN } } peers { permanent_uuid: "ae18c8717e454fb7b55450c8309c8d31" member_type: VOTER last_known_addr { host: "127.26.156.195" port: 43403 } health_report { overall_health: HEALTHY } } }
I20260710 13:26:22.602176 27946 raft_consensus.cc:1275] T aea25f88b02644ea9c75e3d4e57ac4b8 P b60ca715d6d241c7a23b1f049ab76bd1 [term 3 FOLLOWER]: Refusing update from remote peer ae18c8717e454fb7b55450c8309c8d31: Log matching property violated. Preceding OpId in replica: term: 2 index: 2. Preceding OpId from leader: term: 3 index: 3. (index mismatch)
I20260710 13:26:22.603385 28155 consensus_queue.cc:1048] T aea25f88b02644ea9c75e3d4e57ac4b8 P ae18c8717e454fb7b55450c8309c8d31 [LEADER]: Connected to new peer: Peer: permanent_uuid: "b60ca715d6d241c7a23b1f049ab76bd1" member_type: VOTER last_known_addr { host: "127.26.156.194" port: 39195 }, Status: LMP_MISMATCH, Last received: 0.0, Next index: 3, Last known committed idx: 2, Time since last communication: 0.000s
I20260710 13:26:22.612020 27871 raft_consensus.cc:1275] T aea25f88b02644ea9c75e3d4e57ac4b8 P fd13800e782442fcb8339f247695dd26 [term 3 FOLLOWER]: Refusing update from remote peer ae18c8717e454fb7b55450c8309c8d31: Log matching property violated. Preceding OpId in replica: term: 2 index: 2. Preceding OpId from leader: term: 3 index: 3. (index mismatch)
I20260710 13:26:22.613899 28155 consensus_queue.cc:1048] T aea25f88b02644ea9c75e3d4e57ac4b8 P ae18c8717e454fb7b55450c8309c8d31 [LEADER]: Connected to new peer: Peer: permanent_uuid: "fd13800e782442fcb8339f247695dd26" member_type: VOTER last_known_addr { host: "127.26.156.193" port: 44993 }, Status: LMP_MISMATCH, Last received: 0.0, Next index: 3, Last known committed idx: 2, Time since last communication: 0.000s
I20260710 13:26:22.781920 27871 raft_consensus.cc:1275] T f8dc9a0a23244b9ea7d9f55c262bca9a P fd13800e782442fcb8339f247695dd26 [term 2 FOLLOWER]: Refusing update from remote peer ae18c8717e454fb7b55450c8309c8d31: Log matching property violated. Preceding OpId in replica: term: 1 index: 1. Preceding OpId from leader: term: 2 index: 2. (index mismatch)
I20260710 13:26:22.783049 28162 consensus_queue.cc:1048] T f8dc9a0a23244b9ea7d9f55c262bca9a P ae18c8717e454fb7b55450c8309c8d31 [LEADER]: Connected to new peer: Peer: permanent_uuid: "fd13800e782442fcb8339f247695dd26" member_type: VOTER last_known_addr { host: "127.26.156.193" port: 44993 }, Status: LMP_MISMATCH, Last received: 0.0, Next index: 2, Last known committed idx: 1, Time since last communication: 0.000s
I20260710 13:26:22.791755 27946 raft_consensus.cc:1275] T f8dc9a0a23244b9ea7d9f55c262bca9a P b60ca715d6d241c7a23b1f049ab76bd1 [term 2 FOLLOWER]: Refusing update from remote peer ae18c8717e454fb7b55450c8309c8d31: Log matching property violated. Preceding OpId in replica: term: 1 index: 1. Preceding OpId from leader: term: 2 index: 2. (index mismatch)
I20260710 13:26:22.793413 28155 consensus_queue.cc:1048] T f8dc9a0a23244b9ea7d9f55c262bca9a P ae18c8717e454fb7b55450c8309c8d31 [LEADER]: Connected to new peer: Peer: permanent_uuid: "b60ca715d6d241c7a23b1f049ab76bd1" member_type: VOTER last_known_addr { host: "127.26.156.194" port: 39195 }, Status: LMP_MISMATCH, Last received: 0.0, Next index: 2, Last known committed idx: 1, Time since last communication: 0.000s
I20260710 13:26:23.045679 27251 auto_leader_rebalancer.cc:141] leader rebalance for table test-workload
I20260710 13:26:23.057920 28019 tablet_service.cc:2072] Received LeaderStepDown RPC: tablet_id: "aea25f88b02644ea9c75e3d4e57ac4b8"
dest_uuid: "ae18c8717e454fb7b55450c8309c8d31"
mode: GRACEFUL
new_leader_uuid: "fd13800e782442fcb8339f247695dd26"
 from {username='slave'} at 127.0.0.1:36880
I20260710 13:26:23.058377 28019 raft_consensus.cc:606] T aea25f88b02644ea9c75e3d4e57ac4b8 P ae18c8717e454fb7b55450c8309c8d31 [term 3 LEADER]: Received request to transfer leadership to TS fd13800e782442fcb8339f247695dd26
I20260710 13:26:23.062387 28019 tablet_service.cc:2072] Received LeaderStepDown RPC: tablet_id: "f8dc9a0a23244b9ea7d9f55c262bca9a"
dest_uuid: "ae18c8717e454fb7b55450c8309c8d31"
mode: GRACEFUL
new_leader_uuid: "fd13800e782442fcb8339f247695dd26"
 from {username='slave'} at 127.0.0.1:36880
I20260710 13:26:23.062810 28019 raft_consensus.cc:606] T f8dc9a0a23244b9ea7d9f55c262bca9a P ae18c8717e454fb7b55450c8309c8d31 [term 2 LEADER]: Received request to transfer leadership to TS fd13800e782442fcb8339f247695dd26
I20260710 13:26:23.070875 27946 tablet_service.cc:2072] Received LeaderStepDown RPC: tablet_id: "cc8b8795117442f380ad9c11d39c032d"
dest_uuid: "b60ca715d6d241c7a23b1f049ab76bd1"
mode: GRACEFUL
new_leader_uuid: "fd13800e782442fcb8339f247695dd26"
 from {username='slave'} at 127.0.0.1:44820
I20260710 13:26:23.071297 27946 raft_consensus.cc:606] T cc8b8795117442f380ad9c11d39c032d P b60ca715d6d241c7a23b1f049ab76bd1 [term 1 LEADER]: Received request to transfer leadership to TS fd13800e782442fcb8339f247695dd26
I20260710 13:26:23.075284 27946 tablet_service.cc:2072] Received LeaderStepDown RPC: tablet_id: "951eb6de0d674fdf9cab32451be6f98c"
dest_uuid: "b60ca715d6d241c7a23b1f049ab76bd1"
mode: GRACEFUL
new_leader_uuid: "fd13800e782442fcb8339f247695dd26"
 from {username='slave'} at 127.0.0.1:44820
I20260710 13:26:23.075659 27946 raft_consensus.cc:606] T 951eb6de0d674fdf9cab32451be6f98c P b60ca715d6d241c7a23b1f049ab76bd1 [term 2 LEADER]: Received request to transfer leadership to TS fd13800e782442fcb8339f247695dd26
I20260710 13:26:23.079524 27946 tablet_service.cc:2072] Received LeaderStepDown RPC: tablet_id: "9129010c01c1461bb47eb224c1956edc"
dest_uuid: "b60ca715d6d241c7a23b1f049ab76bd1"
mode: GRACEFUL
new_leader_uuid: "fd13800e782442fcb8339f247695dd26"
 from {username='slave'} at 127.0.0.1:44820
I20260710 13:26:23.079880 27946 raft_consensus.cc:606] T 9129010c01c1461bb47eb224c1956edc P b60ca715d6d241c7a23b1f049ab76bd1 [term 2 LEADER]: Received request to transfer leadership to TS fd13800e782442fcb8339f247695dd26
I20260710 13:26:23.141811 28143 raft_consensus.cc:993] T 9129010c01c1461bb47eb224c1956edc P b60ca715d6d241c7a23b1f049ab76bd1: : Instructing follower fd13800e782442fcb8339f247695dd26 to start an election
I20260710 13:26:23.142307 28143 raft_consensus.cc:1081] T 9129010c01c1461bb47eb224c1956edc P b60ca715d6d241c7a23b1f049ab76bd1 [term 2 LEADER]: Signalling peer fd13800e782442fcb8339f247695dd26 to start an election
I20260710 13:26:23.143929 27871 tablet_service.cc:2044] Received Run Leader Election RPC: tablet_id: "9129010c01c1461bb47eb224c1956edc"
dest_uuid: "fd13800e782442fcb8339f247695dd26"
 from {username='slave'} at 127.0.0.1:37326
I20260710 13:26:23.144450 27871 raft_consensus.cc:493] T 9129010c01c1461bb47eb224c1956edc P fd13800e782442fcb8339f247695dd26 [term 2 FOLLOWER]: Starting forced leader election (received explicit request)
I20260710 13:26:23.144773 27871 raft_consensus.cc:3060] T 9129010c01c1461bb47eb224c1956edc P fd13800e782442fcb8339f247695dd26 [term 2 FOLLOWER]: Advancing to term 3
I20260710 13:26:23.148694 27871 raft_consensus.cc:515] T 9129010c01c1461bb47eb224c1956edc P fd13800e782442fcb8339f247695dd26 [term 3 FOLLOWER]: Starting forced leader election with config: opid_index: -1 OBSOLETE_local: false peers { permanent_uuid: "fd13800e782442fcb8339f247695dd26" member_type: VOTER last_known_addr { host: "127.26.156.193" port: 44993 } } peers { permanent_uuid: "b60ca715d6d241c7a23b1f049ab76bd1" member_type: VOTER last_known_addr { host: "127.26.156.194" port: 39195 } } peers { permanent_uuid: "ae18c8717e454fb7b55450c8309c8d31" member_type: VOTER last_known_addr { host: "127.26.156.195" port: 43403 } }
I20260710 13:26:23.150032 27871 leader_election.cc:290] T 9129010c01c1461bb47eb224c1956edc P fd13800e782442fcb8339f247695dd26 [CANDIDATE]: Term 3 election: Requested vote from peers b60ca715d6d241c7a23b1f049ab76bd1 (127.26.156.194:39195), ae18c8717e454fb7b55450c8309c8d31 (127.26.156.195:43403)
I20260710 13:26:23.150738 27946 tablet_service.cc:1917] Received RequestConsensusVote() RPC: tablet_id: "9129010c01c1461bb47eb224c1956edc" candidate_uuid: "fd13800e782442fcb8339f247695dd26" candidate_term: 3 candidate_status { last_received { term: 2 index: 2 } } ignore_live_leader: true dest_uuid: "b60ca715d6d241c7a23b1f049ab76bd1"
I20260710 13:26:23.150991 28019 tablet_service.cc:1917] Received RequestConsensusVote() RPC: tablet_id: "9129010c01c1461bb47eb224c1956edc" candidate_uuid: "fd13800e782442fcb8339f247695dd26" candidate_term: 3 candidate_status { last_received { term: 2 index: 2 } } ignore_live_leader: true dest_uuid: "ae18c8717e454fb7b55450c8309c8d31"
I20260710 13:26:23.151260 27946 raft_consensus.cc:3055] T 9129010c01c1461bb47eb224c1956edc P b60ca715d6d241c7a23b1f049ab76bd1 [term 2 LEADER]: Stepping down as leader of term 2
I20260710 13:26:23.151464 28019 raft_consensus.cc:3060] T 9129010c01c1461bb47eb224c1956edc P ae18c8717e454fb7b55450c8309c8d31 [term 2 FOLLOWER]: Advancing to term 3
I20260710 13:26:23.151567 27946 raft_consensus.cc:740] T 9129010c01c1461bb47eb224c1956edc P b60ca715d6d241c7a23b1f049ab76bd1 [term 2 LEADER]: Becoming Follower/Learner. State: Replica: b60ca715d6d241c7a23b1f049ab76bd1, State: Running, Role: LEADER
I20260710 13:26:23.152249 27946 consensus_queue.cc:260] T 9129010c01c1461bb47eb224c1956edc P b60ca715d6d241c7a23b1f049ab76bd1 [NON_LEADER]: Queue going to NON_LEADER mode. State: All replicated index: 0, Majority replicated index: 2, Committed index: 2, Last appended: 2.2, Last appended by leader: 2, Current term: 2, Majority size: -1, State: 0, Mode: NON_LEADER, active raft config: opid_index: -1 OBSOLETE_local: false peers { permanent_uuid: "fd13800e782442fcb8339f247695dd26" member_type: VOTER last_known_addr { host: "127.26.156.193" port: 44993 } } peers { permanent_uuid: "b60ca715d6d241c7a23b1f049ab76bd1" member_type: VOTER last_known_addr { host: "127.26.156.194" port: 39195 } } peers { permanent_uuid: "ae18c8717e454fb7b55450c8309c8d31" member_type: VOTER last_known_addr { host: "127.26.156.195" port: 43403 } }
I20260710 13:26:23.153210 27946 raft_consensus.cc:3060] T 9129010c01c1461bb47eb224c1956edc P b60ca715d6d241c7a23b1f049ab76bd1 [term 2 FOLLOWER]: Advancing to term 3
I20260710 13:26:23.156850 28019 raft_consensus.cc:2468] T 9129010c01c1461bb47eb224c1956edc P ae18c8717e454fb7b55450c8309c8d31 [term 3 FOLLOWER]: Leader election vote request: Granting yes vote for candidate fd13800e782442fcb8339f247695dd26 in term 3.
I20260710 13:26:23.158005 27837 leader_election.cc:304] T 9129010c01c1461bb47eb224c1956edc P fd13800e782442fcb8339f247695dd26 [CANDIDATE]: Term 3 election: Election decided. Result: candidate won. Election summary: received 2 responses out of 3 voters: 2 yes votes; 0 no votes. yes voters: ae18c8717e454fb7b55450c8309c8d31, fd13800e782442fcb8339f247695dd26; no voters: 
I20260710 13:26:23.158746 28071 raft_consensus.cc:2804] T 9129010c01c1461bb47eb224c1956edc P fd13800e782442fcb8339f247695dd26 [term 3 FOLLOWER]: Leader election won for term 3
I20260710 13:26:23.159006 27946 raft_consensus.cc:2468] T 9129010c01c1461bb47eb224c1956edc P b60ca715d6d241c7a23b1f049ab76bd1 [term 3 FOLLOWER]: Leader election vote request: Granting yes vote for candidate fd13800e782442fcb8339f247695dd26 in term 3.
I20260710 13:26:23.159941 28071 raft_consensus.cc:697] T 9129010c01c1461bb47eb224c1956edc P fd13800e782442fcb8339f247695dd26 [term 3 LEADER]: Becoming Leader. State: Replica: fd13800e782442fcb8339f247695dd26, State: Running, Role: LEADER
I20260710 13:26:23.160604 28071 consensus_queue.cc:237] T 9129010c01c1461bb47eb224c1956edc P fd13800e782442fcb8339f247695dd26 [LEADER]: Queue going to LEADER mode. State: All replicated index: 0, Majority replicated index: 2, Committed index: 2, Last appended: 2.2, Last appended by leader: 2, Current term: 3, Majority size: 2, State: 0, Mode: LEADER, active raft config: opid_index: -1 OBSOLETE_local: false peers { permanent_uuid: "fd13800e782442fcb8339f247695dd26" member_type: VOTER last_known_addr { host: "127.26.156.193" port: 44993 } } peers { permanent_uuid: "b60ca715d6d241c7a23b1f049ab76bd1" member_type: VOTER last_known_addr { host: "127.26.156.194" port: 39195 } } peers { permanent_uuid: "ae18c8717e454fb7b55450c8309c8d31" member_type: VOTER last_known_addr { host: "127.26.156.195" port: 43403 } }
I20260710 13:26:23.167054 27767 catalog_manager.cc:5697] T 9129010c01c1461bb47eb224c1956edc P fd13800e782442fcb8339f247695dd26 reported cstate change: term changed from 2 to 3, leader changed from b60ca715d6d241c7a23b1f049ab76bd1 (127.26.156.194) to fd13800e782442fcb8339f247695dd26 (127.26.156.193). New cstate: current_term: 3 leader_uuid: "fd13800e782442fcb8339f247695dd26" committed_config { opid_index: -1 OBSOLETE_local: false peers { permanent_uuid: "fd13800e782442fcb8339f247695dd26" member_type: VOTER last_known_addr { host: "127.26.156.193" port: 44993 } health_report { overall_health: HEALTHY } } peers { permanent_uuid: "b60ca715d6d241c7a23b1f049ab76bd1" member_type: VOTER last_known_addr { host: "127.26.156.194" port: 39195 } health_report { overall_health: UNKNOWN } } peers { permanent_uuid: "ae18c8717e454fb7b55450c8309c8d31" member_type: VOTER last_known_addr { host: "127.26.156.195" port: 43403 } health_report { overall_health: UNKNOWN } } }
I20260710 13:26:23.183311 28177 raft_consensus.cc:993] T 951eb6de0d674fdf9cab32451be6f98c P b60ca715d6d241c7a23b1f049ab76bd1: : Instructing follower fd13800e782442fcb8339f247695dd26 to start an election
I20260710 13:26:23.183725 28143 raft_consensus.cc:1081] T 951eb6de0d674fdf9cab32451be6f98c P b60ca715d6d241c7a23b1f049ab76bd1 [term 2 LEADER]: Signalling peer fd13800e782442fcb8339f247695dd26 to start an election
I20260710 13:26:23.185127 27871 tablet_service.cc:2044] Received Run Leader Election RPC: tablet_id: "951eb6de0d674fdf9cab32451be6f98c"
dest_uuid: "fd13800e782442fcb8339f247695dd26"
 from {username='slave'} at 127.0.0.1:37326
I20260710 13:26:23.185506 27871 raft_consensus.cc:493] T 951eb6de0d674fdf9cab32451be6f98c P fd13800e782442fcb8339f247695dd26 [term 2 FOLLOWER]: Starting forced leader election (received explicit request)
I20260710 13:26:23.185819 27871 raft_consensus.cc:3060] T 951eb6de0d674fdf9cab32451be6f98c P fd13800e782442fcb8339f247695dd26 [term 2 FOLLOWER]: Advancing to term 3
I20260710 13:26:23.189426 27871 raft_consensus.cc:515] T 951eb6de0d674fdf9cab32451be6f98c P fd13800e782442fcb8339f247695dd26 [term 3 FOLLOWER]: Starting forced leader election with config: opid_index: -1 OBSOLETE_local: false peers { permanent_uuid: "fd13800e782442fcb8339f247695dd26" member_type: VOTER last_known_addr { host: "127.26.156.193" port: 44993 } } peers { permanent_uuid: "b60ca715d6d241c7a23b1f049ab76bd1" member_type: VOTER last_known_addr { host: "127.26.156.194" port: 39195 } } peers { permanent_uuid: "ae18c8717e454fb7b55450c8309c8d31" member_type: VOTER last_known_addr { host: "127.26.156.195" port: 43403 } }
I20260710 13:26:23.190714 27871 leader_election.cc:290] T 951eb6de0d674fdf9cab32451be6f98c P fd13800e782442fcb8339f247695dd26 [CANDIDATE]: Term 3 election: Requested vote from peers b60ca715d6d241c7a23b1f049ab76bd1 (127.26.156.194:39195), ae18c8717e454fb7b55450c8309c8d31 (127.26.156.195:43403)
I20260710 13:26:23.191401 27946 tablet_service.cc:1917] Received RequestConsensusVote() RPC: tablet_id: "951eb6de0d674fdf9cab32451be6f98c" candidate_uuid: "fd13800e782442fcb8339f247695dd26" candidate_term: 3 candidate_status { last_received { term: 2 index: 2 } } ignore_live_leader: true dest_uuid: "b60ca715d6d241c7a23b1f049ab76bd1"
I20260710 13:26:23.191708 28019 tablet_service.cc:1917] Received RequestConsensusVote() RPC: tablet_id: "951eb6de0d674fdf9cab32451be6f98c" candidate_uuid: "fd13800e782442fcb8339f247695dd26" candidate_term: 3 candidate_status { last_received { term: 2 index: 2 } } ignore_live_leader: true dest_uuid: "ae18c8717e454fb7b55450c8309c8d31"
I20260710 13:26:23.191854 27946 raft_consensus.cc:3055] T 951eb6de0d674fdf9cab32451be6f98c P b60ca715d6d241c7a23b1f049ab76bd1 [term 2 LEADER]: Stepping down as leader of term 2
I20260710 13:26:23.192167 27946 raft_consensus.cc:740] T 951eb6de0d674fdf9cab32451be6f98c P b60ca715d6d241c7a23b1f049ab76bd1 [term 2 LEADER]: Becoming Follower/Learner. State: Replica: b60ca715d6d241c7a23b1f049ab76bd1, State: Running, Role: LEADER
I20260710 13:26:23.192184 28019 raft_consensus.cc:3060] T 951eb6de0d674fdf9cab32451be6f98c P ae18c8717e454fb7b55450c8309c8d31 [term 2 FOLLOWER]: Advancing to term 3
I20260710 13:26:23.192880 27946 consensus_queue.cc:260] T 951eb6de0d674fdf9cab32451be6f98c P b60ca715d6d241c7a23b1f049ab76bd1 [NON_LEADER]: Queue going to NON_LEADER mode. State: All replicated index: 0, Majority replicated index: 2, Committed index: 2, Last appended: 2.2, Last appended by leader: 2, Current term: 2, Majority size: -1, State: 0, Mode: NON_LEADER, active raft config: opid_index: -1 OBSOLETE_local: false peers { permanent_uuid: "fd13800e782442fcb8339f247695dd26" member_type: VOTER last_known_addr { host: "127.26.156.193" port: 44993 } } peers { permanent_uuid: "b60ca715d6d241c7a23b1f049ab76bd1" member_type: VOTER last_known_addr { host: "127.26.156.194" port: 39195 } } peers { permanent_uuid: "ae18c8717e454fb7b55450c8309c8d31" member_type: VOTER last_known_addr { host: "127.26.156.195" port: 43403 } }
I20260710 13:26:23.193711 27946 raft_consensus.cc:3060] T 951eb6de0d674fdf9cab32451be6f98c P b60ca715d6d241c7a23b1f049ab76bd1 [term 2 FOLLOWER]: Advancing to term 3
I20260710 13:26:23.195917 28019 raft_consensus.cc:2468] T 951eb6de0d674fdf9cab32451be6f98c P ae18c8717e454fb7b55450c8309c8d31 [term 3 FOLLOWER]: Leader election vote request: Granting yes vote for candidate fd13800e782442fcb8339f247695dd26 in term 3.
I20260710 13:26:23.196766 27837 leader_election.cc:304] T 951eb6de0d674fdf9cab32451be6f98c P fd13800e782442fcb8339f247695dd26 [CANDIDATE]: Term 3 election: Election decided. Result: candidate won. Election summary: received 2 responses out of 3 voters: 2 yes votes; 0 no votes. yes voters: ae18c8717e454fb7b55450c8309c8d31, fd13800e782442fcb8339f247695dd26; no voters: 
I20260710 13:26:23.197482 28071 raft_consensus.cc:2804] T 951eb6de0d674fdf9cab32451be6f98c P fd13800e782442fcb8339f247695dd26 [term 3 FOLLOWER]: Leader election won for term 3
I20260710 13:26:23.197803 27946 raft_consensus.cc:2468] T 951eb6de0d674fdf9cab32451be6f98c P b60ca715d6d241c7a23b1f049ab76bd1 [term 3 FOLLOWER]: Leader election vote request: Granting yes vote for candidate fd13800e782442fcb8339f247695dd26 in term 3.
I20260710 13:26:23.197902 28071 raft_consensus.cc:697] T 951eb6de0d674fdf9cab32451be6f98c P fd13800e782442fcb8339f247695dd26 [term 3 LEADER]: Becoming Leader. State: Replica: fd13800e782442fcb8339f247695dd26, State: Running, Role: LEADER
I20260710 13:26:23.198647 28071 consensus_queue.cc:237] T 951eb6de0d674fdf9cab32451be6f98c P fd13800e782442fcb8339f247695dd26 [LEADER]: Queue going to LEADER mode. State: All replicated index: 0, Majority replicated index: 2, Committed index: 2, Last appended: 2.2, Last appended by leader: 2, Current term: 3, Majority size: 2, State: 0, Mode: LEADER, active raft config: opid_index: -1 OBSOLETE_local: false peers { permanent_uuid: "fd13800e782442fcb8339f247695dd26" member_type: VOTER last_known_addr { host: "127.26.156.193" port: 44993 } } peers { permanent_uuid: "b60ca715d6d241c7a23b1f049ab76bd1" member_type: VOTER last_known_addr { host: "127.26.156.194" port: 39195 } } peers { permanent_uuid: "ae18c8717e454fb7b55450c8309c8d31" member_type: VOTER last_known_addr { host: "127.26.156.195" port: 43403 } }
I20260710 13:26:23.204533 27767 catalog_manager.cc:5697] T 951eb6de0d674fdf9cab32451be6f98c P fd13800e782442fcb8339f247695dd26 reported cstate change: term changed from 2 to 3, leader changed from b60ca715d6d241c7a23b1f049ab76bd1 (127.26.156.194) to fd13800e782442fcb8339f247695dd26 (127.26.156.193). New cstate: current_term: 3 leader_uuid: "fd13800e782442fcb8339f247695dd26" committed_config { opid_index: -1 OBSOLETE_local: false peers { permanent_uuid: "fd13800e782442fcb8339f247695dd26" member_type: VOTER last_known_addr { host: "127.26.156.193" port: 44993 } health_report { overall_health: HEALTHY } } peers { permanent_uuid: "b60ca715d6d241c7a23b1f049ab76bd1" member_type: VOTER last_known_addr { host: "127.26.156.194" port: 39195 } health_report { overall_health: UNKNOWN } } peers { permanent_uuid: "ae18c8717e454fb7b55450c8309c8d31" member_type: VOTER last_known_addr { host: "127.26.156.195" port: 43403 } health_report { overall_health: UNKNOWN } } }
I20260710 13:26:23.287906 28162 raft_consensus.cc:993] T f8dc9a0a23244b9ea7d9f55c262bca9a P ae18c8717e454fb7b55450c8309c8d31: : Instructing follower fd13800e782442fcb8339f247695dd26 to start an election
I20260710 13:26:23.288354 28155 raft_consensus.cc:1081] T f8dc9a0a23244b9ea7d9f55c262bca9a P ae18c8717e454fb7b55450c8309c8d31 [term 2 LEADER]: Signalling peer fd13800e782442fcb8339f247695dd26 to start an election
I20260710 13:26:23.289856 27871 tablet_service.cc:2044] Received Run Leader Election RPC: tablet_id: "f8dc9a0a23244b9ea7d9f55c262bca9a"
dest_uuid: "fd13800e782442fcb8339f247695dd26"
 from {username='slave'} at 127.0.0.1:37342
I20260710 13:26:23.290282 27871 raft_consensus.cc:493] T f8dc9a0a23244b9ea7d9f55c262bca9a P fd13800e782442fcb8339f247695dd26 [term 2 FOLLOWER]: Starting forced leader election (received explicit request)
I20260710 13:26:23.290558 27871 raft_consensus.cc:3060] T f8dc9a0a23244b9ea7d9f55c262bca9a P fd13800e782442fcb8339f247695dd26 [term 2 FOLLOWER]: Advancing to term 3
I20260710 13:26:23.294512 27871 raft_consensus.cc:515] T f8dc9a0a23244b9ea7d9f55c262bca9a P fd13800e782442fcb8339f247695dd26 [term 3 FOLLOWER]: Starting forced leader election with config: opid_index: -1 OBSOLETE_local: false peers { permanent_uuid: "fd13800e782442fcb8339f247695dd26" member_type: VOTER last_known_addr { host: "127.26.156.193" port: 44993 } } peers { permanent_uuid: "b60ca715d6d241c7a23b1f049ab76bd1" member_type: VOTER last_known_addr { host: "127.26.156.194" port: 39195 } } peers { permanent_uuid: "ae18c8717e454fb7b55450c8309c8d31" member_type: VOTER last_known_addr { host: "127.26.156.195" port: 43403 } }
I20260710 13:26:23.295830 27871 leader_election.cc:290] T f8dc9a0a23244b9ea7d9f55c262bca9a P fd13800e782442fcb8339f247695dd26 [CANDIDATE]: Term 3 election: Requested vote from peers b60ca715d6d241c7a23b1f049ab76bd1 (127.26.156.194:39195), ae18c8717e454fb7b55450c8309c8d31 (127.26.156.195:43403)
I20260710 13:26:23.296654 27946 tablet_service.cc:1917] Received RequestConsensusVote() RPC: tablet_id: "f8dc9a0a23244b9ea7d9f55c262bca9a" candidate_uuid: "fd13800e782442fcb8339f247695dd26" candidate_term: 3 candidate_status { last_received { term: 2 index: 2 } } ignore_live_leader: true dest_uuid: "b60ca715d6d241c7a23b1f049ab76bd1"
I20260710 13:26:23.296798 28019 tablet_service.cc:1917] Received RequestConsensusVote() RPC: tablet_id: "f8dc9a0a23244b9ea7d9f55c262bca9a" candidate_uuid: "fd13800e782442fcb8339f247695dd26" candidate_term: 3 candidate_status { last_received { term: 2 index: 2 } } ignore_live_leader: true dest_uuid: "ae18c8717e454fb7b55450c8309c8d31"
I20260710 13:26:23.297163 27946 raft_consensus.cc:3060] T f8dc9a0a23244b9ea7d9f55c262bca9a P b60ca715d6d241c7a23b1f049ab76bd1 [term 2 FOLLOWER]: Advancing to term 3
I20260710 13:26:23.297314 28019 raft_consensus.cc:3055] T f8dc9a0a23244b9ea7d9f55c262bca9a P ae18c8717e454fb7b55450c8309c8d31 [term 2 LEADER]: Stepping down as leader of term 2
I20260710 13:26:23.297698 28019 raft_consensus.cc:740] T f8dc9a0a23244b9ea7d9f55c262bca9a P ae18c8717e454fb7b55450c8309c8d31 [term 2 LEADER]: Becoming Follower/Learner. State: Replica: ae18c8717e454fb7b55450c8309c8d31, State: Running, Role: LEADER
I20260710 13:26:23.298285 28019 consensus_queue.cc:260] T f8dc9a0a23244b9ea7d9f55c262bca9a P ae18c8717e454fb7b55450c8309c8d31 [NON_LEADER]: Queue going to NON_LEADER mode. State: All replicated index: 0, Majority replicated index: 2, Committed index: 2, Last appended: 2.2, Last appended by leader: 2, Current term: 2, Majority size: -1, State: 0, Mode: NON_LEADER, active raft config: opid_index: -1 OBSOLETE_local: false peers { permanent_uuid: "fd13800e782442fcb8339f247695dd26" member_type: VOTER last_known_addr { host: "127.26.156.193" port: 44993 } } peers { permanent_uuid: "b60ca715d6d241c7a23b1f049ab76bd1" member_type: VOTER last_known_addr { host: "127.26.156.194" port: 39195 } } peers { permanent_uuid: "ae18c8717e454fb7b55450c8309c8d31" member_type: VOTER last_known_addr { host: "127.26.156.195" port: 43403 } }
I20260710 13:26:23.299104 28019 raft_consensus.cc:3060] T f8dc9a0a23244b9ea7d9f55c262bca9a P ae18c8717e454fb7b55450c8309c8d31 [term 2 FOLLOWER]: Advancing to term 3
I20260710 13:26:23.301468 27946 raft_consensus.cc:2468] T f8dc9a0a23244b9ea7d9f55c262bca9a P b60ca715d6d241c7a23b1f049ab76bd1 [term 3 FOLLOWER]: Leader election vote request: Granting yes vote for candidate fd13800e782442fcb8339f247695dd26 in term 3.
I20260710 13:26:23.302448 27835 leader_election.cc:304] T f8dc9a0a23244b9ea7d9f55c262bca9a P fd13800e782442fcb8339f247695dd26 [CANDIDATE]: Term 3 election: Election decided. Result: candidate won. Election summary: received 2 responses out of 3 voters: 2 yes votes; 0 no votes. yes voters: b60ca715d6d241c7a23b1f049ab76bd1, fd13800e782442fcb8339f247695dd26; no voters: 
