I20260710 13:26:18.979027 28019 raft_consensus.cc:2468] T aea25f88b02644ea9c75e3d4e57ac4b8 P ae18c8717e454fb7b55450c8309c8d31 [term 2 FOLLOWER]: Leader election vote request: Granting yes vote for candidate fd13800e782442fcb8339f247695dd26 in term 2.
I20260710 13:26:18.979516 28097 consensus_queue.cc:237] T aea25f88b02644ea9c75e3d4e57ac4b8 P fd13800e782442fcb8339f247695dd26 [LEADER]: Queue going to LEADER mode. State: All replicated index: 0, Majority replicated index: 1, Committed index: 1, Last appended: 1.1, Last appended by leader: 1, Current term: 2, Majority size: 2, State: 0, Mode: LEADER, active raft config: opid_index: -1 OBSOLETE_local: false peers { permanent_uuid: "fd13800e782442fcb8339f247695dd26" member_type: VOTER last_known_addr { host: "127.26.156.193" port: 44993 } } peers { permanent_uuid: "b60ca715d6d241c7a23b1f049ab76bd1" member_type: VOTER last_known_addr { host: "127.26.156.194" port: 39195 } } peers { permanent_uuid: "ae18c8717e454fb7b55450c8309c8d31" member_type: VOTER last_known_addr { host: "127.26.156.195" port: 43403 } }
I20260710 13:26:18.986363 27769 catalog_manager.cc:5697] T aea25f88b02644ea9c75e3d4e57ac4b8 P fd13800e782442fcb8339f247695dd26 reported cstate change: term changed from 1 to 2, leader changed from ae18c8717e454fb7b55450c8309c8d31 (127.26.156.195) to fd13800e782442fcb8339f247695dd26 (127.26.156.193). New cstate: current_term: 2 leader_uuid: "fd13800e782442fcb8339f247695dd26" committed_config { opid_index: -1 OBSOLETE_local: false peers { permanent_uuid: "fd13800e782442fcb8339f247695dd26" member_type: VOTER last_known_addr { host: "127.26.156.193" port: 44993 } health_report { overall_health: HEALTHY } } peers { permanent_uuid: "b60ca715d6d241c7a23b1f049ab76bd1" member_type: VOTER last_known_addr { host: "127.26.156.194" port: 39195 } health_report { overall_health: UNKNOWN } } peers { permanent_uuid: "ae18c8717e454fb7b55450c8309c8d31" member_type: VOTER last_known_addr { host: "127.26.156.195" port: 43403 } health_report { overall_health: UNKNOWN } } }
I20260710 13:26:18.990306 27870 tablet_service.cc:2072] Received LeaderStepDown RPC: tablet_id: "e50928bf81904735b6005ef58a981d34"
dest_uuid: "fd13800e782442fcb8339f247695dd26"
mode: GRACEFUL
new_leader_uuid: "b60ca715d6d241c7a23b1f049ab76bd1"
 from {username='slave'} at 127.0.0.1:37358
I20260710 13:26:18.990783 27870 raft_consensus.cc:606] T e50928bf81904735b6005ef58a981d34 P fd13800e782442fcb8339f247695dd26 [term 1 LEADER]: Received request to transfer leadership to TS b60ca715d6d241c7a23b1f049ab76bd1
I20260710 13:26:18.995942 27945 tablet_service.cc:2072] Received LeaderStepDown RPC: tablet_id: "dd75d5dd5ce64d749e38e554d887a55e"
dest_uuid: "b60ca715d6d241c7a23b1f049ab76bd1"
mode: GRACEFUL
new_leader_uuid: "ae18c8717e454fb7b55450c8309c8d31"
 from {username='slave'} at 127.0.0.1:44820
I20260710 13:26:18.996407 27945 raft_consensus.cc:606] T dd75d5dd5ce64d749e38e554d887a55e P b60ca715d6d241c7a23b1f049ab76bd1 [term 1 LEADER]: Received request to transfer leadership to TS ae18c8717e454fb7b55450c8309c8d31
I20260710 13:26:19.019833 28066 consensus_queue.cc:1048] T 9129010c01c1461bb47eb224c1956edc P ae18c8717e454fb7b55450c8309c8d31 [LEADER]: Connected to new peer: Peer: permanent_uuid: "b60ca715d6d241c7a23b1f049ab76bd1" member_type: VOTER last_known_addr { host: "127.26.156.194" port: 39195 }, Status: LMP_MISMATCH, Last received: 0.0, Next index: 1, Last known committed idx: 0, Time since last communication: 0.000s
I20260710 13:26:19.026907 28078 raft_consensus.cc:993] T 9129010c01c1461bb47eb224c1956edc P ae18c8717e454fb7b55450c8309c8d31: : Instructing follower b60ca715d6d241c7a23b1f049ab76bd1 to start an election
I20260710 13:26:19.027356 28100 raft_consensus.cc:1081] T 9129010c01c1461bb47eb224c1956edc P ae18c8717e454fb7b55450c8309c8d31 [term 1 LEADER]: Signalling peer b60ca715d6d241c7a23b1f049ab76bd1 to start an election
I20260710 13:26:19.028908 27946 tablet_service.cc:2044] Received Run Leader Election RPC: tablet_id: "9129010c01c1461bb47eb224c1956edc"
dest_uuid: "b60ca715d6d241c7a23b1f049ab76bd1"
 from {username='slave'} at 127.0.0.1:44802
I20260710 13:26:19.029418 27946 raft_consensus.cc:493] T 9129010c01c1461bb47eb224c1956edc P b60ca715d6d241c7a23b1f049ab76bd1 [term 1 FOLLOWER]: Starting forced leader election (received explicit request)
I20260710 13:26:19.029826 27946 raft_consensus.cc:3060] T 9129010c01c1461bb47eb224c1956edc P b60ca715d6d241c7a23b1f049ab76bd1 [term 1 FOLLOWER]: Advancing to term 2
I20260710 13:26:19.032088 28066 consensus_queue.cc:1048] T 9129010c01c1461bb47eb224c1956edc P ae18c8717e454fb7b55450c8309c8d31 [LEADER]: Connected to new peer: Peer: permanent_uuid: "fd13800e782442fcb8339f247695dd26" member_type: VOTER last_known_addr { host: "127.26.156.193" port: 44993 }, Status: LMP_MISMATCH, Last received: 0.0, Next index: 1, Last known committed idx: 0, Time since last communication: 0.000s
I20260710 13:26:19.036079 27946 raft_consensus.cc:515] T 9129010c01c1461bb47eb224c1956edc P b60ca715d6d241c7a23b1f049ab76bd1 [term 2 FOLLOWER]: Starting forced leader election with config: opid_index: -1 OBSOLETE_local: false peers { permanent_uuid: "fd13800e782442fcb8339f247695dd26" member_type: VOTER last_known_addr { host: "127.26.156.193" port: 44993 } } peers { permanent_uuid: "b60ca715d6d241c7a23b1f049ab76bd1" member_type: VOTER last_known_addr { host: "127.26.156.194" port: 39195 } } peers { permanent_uuid: "ae18c8717e454fb7b55450c8309c8d31" member_type: VOTER last_known_addr { host: "127.26.156.195" port: 43403 } }
I20260710 13:26:19.037031 27945 raft_consensus.cc:1240] T 9129010c01c1461bb47eb224c1956edc P b60ca715d6d241c7a23b1f049ab76bd1 [term 2 FOLLOWER]: Rejecting Update request from peer ae18c8717e454fb7b55450c8309c8d31 for earlier term 1. Current term is 2. Ops: []
I20260710 13:26:19.038844 27871 tablet_service.cc:1917] Received RequestConsensusVote() RPC: tablet_id: "9129010c01c1461bb47eb224c1956edc" candidate_uuid: "b60ca715d6d241c7a23b1f049ab76bd1" candidate_term: 2 candidate_status { last_received { term: 1 index: 1 } } ignore_live_leader: true dest_uuid: "fd13800e782442fcb8339f247695dd26"
I20260710 13:26:19.039414 27871 raft_consensus.cc:3060] T 9129010c01c1461bb47eb224c1956edc P fd13800e782442fcb8339f247695dd26 [term 1 FOLLOWER]: Advancing to term 2
I20260710 13:26:19.041247 27946 leader_election.cc:290] T 9129010c01c1461bb47eb224c1956edc P b60ca715d6d241c7a23b1f049ab76bd1 [CANDIDATE]: Term 2 election: Requested vote from peers fd13800e782442fcb8339f247695dd26 (127.26.156.193:44993), ae18c8717e454fb7b55450c8309c8d31 (127.26.156.195:43403)
I20260710 13:26:19.041033 28066 consensus_queue.cc:1059] T 9129010c01c1461bb47eb224c1956edc P ae18c8717e454fb7b55450c8309c8d31 [LEADER]: Peer responded invalid term: Peer: permanent_uuid: "b60ca715d6d241c7a23b1f049ab76bd1" member_type: VOTER last_known_addr { host: "127.26.156.194" port: 39195 }, Status: INVALID_TERM, Last received: 1.1, Next index: 2, Last known committed idx: 0, Time since last communication: 0.001s
I20260710 13:26:19.042609 28100 raft_consensus.cc:3055] T 9129010c01c1461bb47eb224c1956edc P ae18c8717e454fb7b55450c8309c8d31 [term 1 LEADER]: Stepping down as leader of term 1
I20260710 13:26:19.043133 28100 raft_consensus.cc:740] T 9129010c01c1461bb47eb224c1956edc P ae18c8717e454fb7b55450c8309c8d31 [term 1 LEADER]: Becoming Follower/Learner. State: Replica: ae18c8717e454fb7b55450c8309c8d31, State: Running, Role: LEADER
I20260710 13:26:19.042593 28019 tablet_service.cc:1917] Received RequestConsensusVote() RPC: tablet_id: "9129010c01c1461bb47eb224c1956edc" candidate_uuid: "b60ca715d6d241c7a23b1f049ab76bd1" candidate_term: 2 candidate_status { last_received { term: 1 index: 1 } } ignore_live_leader: true dest_uuid: "ae18c8717e454fb7b55450c8309c8d31"
I20260710 13:26:19.043859 28100 consensus_queue.cc:260] T 9129010c01c1461bb47eb224c1956edc P ae18c8717e454fb7b55450c8309c8d31 [NON_LEADER]: Queue going to NON_LEADER mode. State: All replicated index: 0, Majority replicated index: 1, Committed index: 1, Last appended: 1.1, Last appended by leader: 1, Current term: 1, Majority size: -1, State: 0, Mode: NON_LEADER, active raft config: opid_index: -1 OBSOLETE_local: false peers { permanent_uuid: "fd13800e782442fcb8339f247695dd26" member_type: VOTER last_known_addr { host: "127.26.156.193" port: 44993 } } peers { permanent_uuid: "b60ca715d6d241c7a23b1f049ab76bd1" member_type: VOTER last_known_addr { host: "127.26.156.194" port: 39195 } } peers { permanent_uuid: "ae18c8717e454fb7b55450c8309c8d31" member_type: VOTER last_known_addr { host: "127.26.156.195" port: 43403 } }
I20260710 13:26:19.044831 28100 raft_consensus.cc:3060] T 9129010c01c1461bb47eb224c1956edc P ae18c8717e454fb7b55450c8309c8d31 [term 1 FOLLOWER]: Advancing to term 2
I20260710 13:26:19.045439 27871 raft_consensus.cc:2468] T 9129010c01c1461bb47eb224c1956edc P fd13800e782442fcb8339f247695dd26 [term 2 FOLLOWER]: Leader election vote request: Granting yes vote for candidate b60ca715d6d241c7a23b1f049ab76bd1 in term 2.
I20260710 13:26:19.046433 27909 leader_election.cc:304] T 9129010c01c1461bb47eb224c1956edc P b60ca715d6d241c7a23b1f049ab76bd1 [CANDIDATE]: Term 2 election: Election decided. Result: candidate won. Election summary: received 2 responses out of 3 voters: 2 yes votes; 0 no votes. yes voters: b60ca715d6d241c7a23b1f049ab76bd1, fd13800e782442fcb8339f247695dd26; no voters: 
I20260710 13:26:19.047076 28063 raft_consensus.cc:2804] T 9129010c01c1461bb47eb224c1956edc P b60ca715d6d241c7a23b1f049ab76bd1 [term 2 FOLLOWER]: Leader election won for term 2
I20260710 13:26:19.047485 28063 raft_consensus.cc:697] T 9129010c01c1461bb47eb224c1956edc P b60ca715d6d241c7a23b1f049ab76bd1 [term 2 LEADER]: Becoming Leader. State: Replica: b60ca715d6d241c7a23b1f049ab76bd1, State: Running, Role: LEADER
I20260710 13:26:19.048269 28063 consensus_queue.cc:237] T 9129010c01c1461bb47eb224c1956edc P b60ca715d6d241c7a23b1f049ab76bd1 [LEADER]: Queue going to LEADER mode. State: All replicated index: 0, Majority replicated index: 0, Committed index: 0, Last appended: 1.1, Last appended by leader: 1, Current term: 2, Majority size: 2, State: 0, Mode: LEADER, active raft config: opid_index: -1 OBSOLETE_local: false peers { permanent_uuid: "fd13800e782442fcb8339f247695dd26" member_type: VOTER last_known_addr { host: "127.26.156.193" port: 44993 } } peers { permanent_uuid: "b60ca715d6d241c7a23b1f049ab76bd1" member_type: VOTER last_known_addr { host: "127.26.156.194" port: 39195 } } peers { permanent_uuid: "ae18c8717e454fb7b55450c8309c8d31" member_type: VOTER last_known_addr { host: "127.26.156.195" port: 43403 } }
I20260710 13:26:19.056056 27768 catalog_manager.cc:5697] T 9129010c01c1461bb47eb224c1956edc P b60ca715d6d241c7a23b1f049ab76bd1 reported cstate change: term changed from 1 to 2, leader changed from ae18c8717e454fb7b55450c8309c8d31 (127.26.156.195) to b60ca715d6d241c7a23b1f049ab76bd1 (127.26.156.194). New cstate: current_term: 2 leader_uuid: "b60ca715d6d241c7a23b1f049ab76bd1" committed_config { opid_index: -1 OBSOLETE_local: false peers { permanent_uuid: "fd13800e782442fcb8339f247695dd26" member_type: VOTER last_known_addr { host: "127.26.156.193" port: 44993 } health_report { overall_health: UNKNOWN } } peers { permanent_uuid: "b60ca715d6d241c7a23b1f049ab76bd1" member_type: VOTER last_known_addr { host: "127.26.156.194" port: 39195 } health_report { overall_health: HEALTHY } } peers { permanent_uuid: "ae18c8717e454fb7b55450c8309c8d31" member_type: VOTER last_known_addr { host: "127.26.156.195" port: 43403 } health_report { overall_health: UNKNOWN } } }
I20260710 13:26:19.057291 28019 raft_consensus.cc:2468] T 9129010c01c1461bb47eb224c1956edc P ae18c8717e454fb7b55450c8309c8d31 [term 2 FOLLOWER]: Leader election vote request: Granting yes vote for candidate b60ca715d6d241c7a23b1f049ab76bd1 in term 2.
I20260710 13:26:19.073422 28063 raft_consensus.cc:993] T cb7fd123464f44d78ca8eb08c3880949 P b60ca715d6d241c7a23b1f049ab76bd1: : Instructing follower fd13800e782442fcb8339f247695dd26 to start an election
I20260710 13:26:19.073881 28102 raft_consensus.cc:1081] T cb7fd123464f44d78ca8eb08c3880949 P b60ca715d6d241c7a23b1f049ab76bd1 [term 1 LEADER]: Signalling peer fd13800e782442fcb8339f247695dd26 to start an election
I20260710 13:26:19.075210 27871 tablet_service.cc:2044] Received Run Leader Election RPC: tablet_id: "cb7fd123464f44d78ca8eb08c3880949"
dest_uuid: "fd13800e782442fcb8339f247695dd26"
 from {username='slave'} at 127.0.0.1:37326
I20260710 13:26:19.075675 27871 raft_consensus.cc:493] T cb7fd123464f44d78ca8eb08c3880949 P fd13800e782442fcb8339f247695dd26 [term 1 FOLLOWER]: Starting forced leader election (received explicit request)
I20260710 13:26:19.076009 27871 raft_consensus.cc:3060] T cb7fd123464f44d78ca8eb08c3880949 P fd13800e782442fcb8339f247695dd26 [term 1 FOLLOWER]: Advancing to term 2
I20260710 13:26:19.080152 27871 raft_consensus.cc:515] T cb7fd123464f44d78ca8eb08c3880949 P fd13800e782442fcb8339f247695dd26 [term 2 FOLLOWER]: Starting forced leader election with config: opid_index: -1 OBSOLETE_local: false peers { permanent_uuid: "b60ca715d6d241c7a23b1f049ab76bd1" member_type: VOTER last_known_addr { host: "127.26.156.194" port: 39195 } } peers { permanent_uuid: "ae18c8717e454fb7b55450c8309c8d31" member_type: VOTER last_known_addr { host: "127.26.156.195" port: 43403 } } peers { permanent_uuid: "fd13800e782442fcb8339f247695dd26" member_type: VOTER last_known_addr { host: "127.26.156.193" port: 44993 } }
I20260710 13:26:19.081787 27871 leader_election.cc:290] T cb7fd123464f44d78ca8eb08c3880949 P fd13800e782442fcb8339f247695dd26 [CANDIDATE]: Term 2 election: Requested vote from peers b60ca715d6d241c7a23b1f049ab76bd1 (127.26.156.194:39195), ae18c8717e454fb7b55450c8309c8d31 (127.26.156.195:43403)
I20260710 13:26:19.082381 27946 tablet_service.cc:1917] Received RequestConsensusVote() RPC: tablet_id: "cb7fd123464f44d78ca8eb08c3880949" candidate_uuid: "fd13800e782442fcb8339f247695dd26" candidate_term: 2 candidate_status { last_received { term: 1 index: 1 } } ignore_live_leader: true dest_uuid: "b60ca715d6d241c7a23b1f049ab76bd1"
I20260710 13:26:19.082796 28019 tablet_service.cc:1917] Received RequestConsensusVote() RPC: tablet_id: "cb7fd123464f44d78ca8eb08c3880949" candidate_uuid: "fd13800e782442fcb8339f247695dd26" candidate_term: 2 candidate_status { last_received { term: 1 index: 1 } } ignore_live_leader: true dest_uuid: "ae18c8717e454fb7b55450c8309c8d31"
I20260710 13:26:19.082906 27946 raft_consensus.cc:3055] T cb7fd123464f44d78ca8eb08c3880949 P b60ca715d6d241c7a23b1f049ab76bd1 [term 1 LEADER]: Stepping down as leader of term 1
I20260710 13:26:19.083199 27946 raft_consensus.cc:740] T cb7fd123464f44d78ca8eb08c3880949 P b60ca715d6d241c7a23b1f049ab76bd1 [term 1 LEADER]: Becoming Follower/Learner. State: Replica: b60ca715d6d241c7a23b1f049ab76bd1, State: Running, Role: LEADER
I20260710 13:26:19.083289 28019 raft_consensus.cc:3060] T cb7fd123464f44d78ca8eb08c3880949 P ae18c8717e454fb7b55450c8309c8d31 [term 1 FOLLOWER]: Advancing to term 2
I20260710 13:26:19.083889 27946 consensus_queue.cc:260] T cb7fd123464f44d78ca8eb08c3880949 P b60ca715d6d241c7a23b1f049ab76bd1 [NON_LEADER]: Queue going to NON_LEADER mode. State: All replicated index: 0, Majority replicated index: 1, Committed index: 1, Last appended: 1.1, Last appended by leader: 1, Current term: 1, Majority size: -1, State: 0, Mode: NON_LEADER, active raft config: opid_index: -1 OBSOLETE_local: false peers { permanent_uuid: "b60ca715d6d241c7a23b1f049ab76bd1" member_type: VOTER last_known_addr { host: "127.26.156.194" port: 39195 } } peers { permanent_uuid: "ae18c8717e454fb7b55450c8309c8d31" member_type: VOTER last_known_addr { host: "127.26.156.195" port: 43403 } } peers { permanent_uuid: "fd13800e782442fcb8339f247695dd26" member_type: VOTER last_known_addr { host: "127.26.156.193" port: 44993 } }
I20260710 13:26:19.084740 27946 raft_consensus.cc:3060] T cb7fd123464f44d78ca8eb08c3880949 P b60ca715d6d241c7a23b1f049ab76bd1 [term 1 FOLLOWER]: Advancing to term 2
I20260710 13:26:19.087567 28019 raft_consensus.cc:2468] T cb7fd123464f44d78ca8eb08c3880949 P ae18c8717e454fb7b55450c8309c8d31 [term 2 FOLLOWER]: Leader election vote request: Granting yes vote for candidate fd13800e782442fcb8339f247695dd26 in term 2.
I20260710 13:26:19.088649 27837 leader_election.cc:304] T cb7fd123464f44d78ca8eb08c3880949 P fd13800e782442fcb8339f247695dd26 [CANDIDATE]: Term 2 election: Election decided. Result: candidate won. Election summary: received 2 responses out of 3 voters: 2 yes votes; 0 no votes. yes voters: ae18c8717e454fb7b55450c8309c8d31, fd13800e782442fcb8339f247695dd26; no voters: 
I20260710 13:26:19.089388 28097 raft_consensus.cc:2804] T cb7fd123464f44d78ca8eb08c3880949 P fd13800e782442fcb8339f247695dd26 [term 2 FOLLOWER]: Leader election won for term 2
I20260710 13:26:19.089740 27946 raft_consensus.cc:2468] T cb7fd123464f44d78ca8eb08c3880949 P b60ca715d6d241c7a23b1f049ab76bd1 [term 2 FOLLOWER]: Leader election vote request: Granting yes vote for candidate fd13800e782442fcb8339f247695dd26 in term 2.
I20260710 13:26:19.089901 28097 raft_consensus.cc:697] T cb7fd123464f44d78ca8eb08c3880949 P fd13800e782442fcb8339f247695dd26 [term 2 LEADER]: Becoming Leader. State: Replica: fd13800e782442fcb8339f247695dd26, State: Running, Role: LEADER
I20260710 13:26:19.090754 28097 consensus_queue.cc:237] T cb7fd123464f44d78ca8eb08c3880949 P fd13800e782442fcb8339f247695dd26 [LEADER]: Queue going to LEADER mode. State: All replicated index: 0, Majority replicated index: 1, Committed index: 1, Last appended: 1.1, Last appended by leader: 1, Current term: 2, Majority size: 2, State: 0, Mode: LEADER, active raft config: opid_index: -1 OBSOLETE_local: false peers { permanent_uuid: "b60ca715d6d241c7a23b1f049ab76bd1" member_type: VOTER last_known_addr { host: "127.26.156.194" port: 39195 } } peers { permanent_uuid: "ae18c8717e454fb7b55450c8309c8d31" member_type: VOTER last_known_addr { host: "127.26.156.195" port: 43403 } } peers { permanent_uuid: "fd13800e782442fcb8339f247695dd26" member_type: VOTER last_known_addr { host: "127.26.156.193" port: 44993 } }
I20260710 13:26:19.096323 27768 catalog_manager.cc:5697] T cb7fd123464f44d78ca8eb08c3880949 P fd13800e782442fcb8339f247695dd26 reported cstate change: term changed from 1 to 2, leader changed from b60ca715d6d241c7a23b1f049ab76bd1 (127.26.156.194) to fd13800e782442fcb8339f247695dd26 (127.26.156.193). New cstate: current_term: 2 leader_uuid: "fd13800e782442fcb8339f247695dd26" committed_config { opid_index: -1 OBSOLETE_local: false peers { permanent_uuid: "b60ca715d6d241c7a23b1f049ab76bd1" member_type: VOTER last_known_addr { host: "127.26.156.194" port: 39195 } health_report { overall_health: UNKNOWN } } peers { permanent_uuid: "ae18c8717e454fb7b55450c8309c8d31" member_type: VOTER last_known_addr { host: "127.26.156.195" port: 43403 } health_report { overall_health: UNKNOWN } } peers { permanent_uuid: "fd13800e782442fcb8339f247695dd26" member_type: VOTER last_known_addr { host: "127.26.156.193" port: 44993 } health_report { overall_health: HEALTHY } } }
I20260710 13:26:19.197113 28066 raft_consensus.cc:993] T 951eb6de0d674fdf9cab32451be6f98c P ae18c8717e454fb7b55450c8309c8d31: : Instructing follower b60ca715d6d241c7a23b1f049ab76bd1 to start an election
I20260710 13:26:19.197590 28100 raft_consensus.cc:1081] T 951eb6de0d674fdf9cab32451be6f98c P ae18c8717e454fb7b55450c8309c8d31 [term 1 LEADER]: Signalling peer b60ca715d6d241c7a23b1f049ab76bd1 to start an election
I20260710 13:26:19.199090 27946 tablet_service.cc:2044] Received Run Leader Election RPC: tablet_id: "951eb6de0d674fdf9cab32451be6f98c"
dest_uuid: "b60ca715d6d241c7a23b1f049ab76bd1"
 from {username='slave'} at 127.0.0.1:44802
I20260710 13:26:19.199554 27946 raft_consensus.cc:493] T 951eb6de0d674fdf9cab32451be6f98c P b60ca715d6d241c7a23b1f049ab76bd1 [term 1 FOLLOWER]: Starting forced leader election (received explicit request)
I20260710 13:26:19.199851 27946 raft_consensus.cc:3060] T 951eb6de0d674fdf9cab32451be6f98c P b60ca715d6d241c7a23b1f049ab76bd1 [term 1 FOLLOWER]: Advancing to term 2
I20260710 13:26:19.204146 27946 raft_consensus.cc:515] T 951eb6de0d674fdf9cab32451be6f98c P b60ca715d6d241c7a23b1f049ab76bd1 [term 2 FOLLOWER]: Starting forced leader election with config: opid_index: -1 OBSOLETE_local: false peers { permanent_uuid: "fd13800e782442fcb8339f247695dd26" member_type: VOTER last_known_addr { host: "127.26.156.193" port: 44993 } } peers { permanent_uuid: "b60ca715d6d241c7a23b1f049ab76bd1" member_type: VOTER last_known_addr { host: "127.26.156.194" port: 39195 } } peers { permanent_uuid: "ae18c8717e454fb7b55450c8309c8d31" member_type: VOTER last_known_addr { host: "127.26.156.195" port: 43403 } }
I20260710 13:26:19.205639 27946 leader_election.cc:290] T 951eb6de0d674fdf9cab32451be6f98c P b60ca715d6d241c7a23b1f049ab76bd1 [CANDIDATE]: Term 2 election: Requested vote from peers fd13800e782442fcb8339f247695dd26 (127.26.156.193:44993), ae18c8717e454fb7b55450c8309c8d31 (127.26.156.195:43403)
I20260710 13:26:19.206297 27871 tablet_service.cc:1917] Received RequestConsensusVote() RPC: tablet_id: "951eb6de0d674fdf9cab32451be6f98c" candidate_uuid: "b60ca715d6d241c7a23b1f049ab76bd1" candidate_term: 2 candidate_status { last_received { term: 1 index: 1 } } ignore_live_leader: true dest_uuid: "fd13800e782442fcb8339f247695dd26"
I20260710 13:26:19.206611 28019 tablet_service.cc:1917] Received RequestConsensusVote() RPC: tablet_id: "951eb6de0d674fdf9cab32451be6f98c" candidate_uuid: "b60ca715d6d241c7a23b1f049ab76bd1" candidate_term: 2 candidate_status { last_received { term: 1 index: 1 } } ignore_live_leader: true dest_uuid: "ae18c8717e454fb7b55450c8309c8d31"
I20260710 13:26:19.206858 27871 raft_consensus.cc:3060] T 951eb6de0d674fdf9cab32451be6f98c P fd13800e782442fcb8339f247695dd26 [term 1 FOLLOWER]: Advancing to term 2
I20260710 13:26:19.207129 28019 raft_consensus.cc:3055] T 951eb6de0d674fdf9cab32451be6f98c P ae18c8717e454fb7b55450c8309c8d31 [term 1 LEADER]: Stepping down as leader of term 1
I20260710 13:26:19.207417 28019 raft_consensus.cc:740] T 951eb6de0d674fdf9cab32451be6f98c P ae18c8717e454fb7b55450c8309c8d31 [term 1 LEADER]: Becoming Follower/Learner. State: Replica: ae18c8717e454fb7b55450c8309c8d31, State: Running, Role: LEADER
I20260710 13:26:19.208063 28019 consensus_queue.cc:260] T 951eb6de0d674fdf9cab32451be6f98c P ae18c8717e454fb7b55450c8309c8d31 [NON_LEADER]: Queue going to NON_LEADER mode. State: All replicated index: 0, Majority replicated index: 1, Committed index: 1, Last appended: 1.1, Last appended by leader: 1, Current term: 1, Majority size: -1, State: 0, Mode: NON_LEADER, active raft config: opid_index: -1 OBSOLETE_local: false peers { permanent_uuid: "fd13800e782442fcb8339f247695dd26" member_type: VOTER last_known_addr { host: "127.26.156.193" port: 44993 } } peers { permanent_uuid: "b60ca715d6d241c7a23b1f049ab76bd1" member_type: VOTER last_known_addr { host: "127.26.156.194" port: 39195 } } peers { permanent_uuid: "ae18c8717e454fb7b55450c8309c8d31" member_type: VOTER last_known_addr { host: "127.26.156.195" port: 43403 } }
I20260710 13:26:19.208887 28019 raft_consensus.cc:3060] T 951eb6de0d674fdf9cab32451be6f98c P ae18c8717e454fb7b55450c8309c8d31 [term 1 FOLLOWER]: Advancing to term 2
I20260710 13:26:19.211474 27871 raft_consensus.cc:2468] T 951eb6de0d674fdf9cab32451be6f98c P fd13800e782442fcb8339f247695dd26 [term 2 FOLLOWER]: Leader election vote request: Granting yes vote for candidate b60ca715d6d241c7a23b1f049ab76bd1 in term 2.
I20260710 13:26:19.212471 27909 leader_election.cc:304] T 951eb6de0d674fdf9cab32451be6f98c P b60ca715d6d241c7a23b1f049ab76bd1 [CANDIDATE]: Term 2 election: Election decided. Result: candidate won. Election summary: received 2 responses out of 3 voters: 2 yes votes; 0 no votes. yes voters: b60ca715d6d241c7a23b1f049ab76bd1, fd13800e782442fcb8339f247695dd26; no voters: 
I20260710 13:26:19.213104 28102 raft_consensus.cc:2804] T 951eb6de0d674fdf9cab32451be6f98c P b60ca715d6d241c7a23b1f049ab76bd1 [term 2 FOLLOWER]: Leader election won for term 2
I20260710 13:26:19.213511 28102 raft_consensus.cc:697] T 951eb6de0d674fdf9cab32451be6f98c P b60ca715d6d241c7a23b1f049ab76bd1 [term 2 LEADER]: Becoming Leader. State: Replica: b60ca715d6d241c7a23b1f049ab76bd1, State: Running, Role: LEADER
I20260710 13:26:19.213616 28019 raft_consensus.cc:2468] T 951eb6de0d674fdf9cab32451be6f98c P ae18c8717e454fb7b55450c8309c8d31 [term 2 FOLLOWER]: Leader election vote request: Granting yes vote for candidate b60ca715d6d241c7a23b1f049ab76bd1 in term 2.
I20260710 13:26:19.214294 28102 consensus_queue.cc:237] T 951eb6de0d674fdf9cab32451be6f98c P b60ca715d6d241c7a23b1f049ab76bd1 [LEADER]: Queue going to LEADER mode. State: All replicated index: 0, Majority replicated index: 1, Committed index: 1, Last appended: 1.1, Last appended by leader: 1, Current term: 2, Majority size: 2, State: 0, Mode: LEADER, active raft config: opid_index: -1 OBSOLETE_local: false peers { permanent_uuid: "fd13800e782442fcb8339f247695dd26" member_type: VOTER last_known_addr { host: "127.26.156.193" port: 44993 } } peers { permanent_uuid: "b60ca715d6d241c7a23b1f049ab76bd1" member_type: VOTER last_known_addr { host: "127.26.156.194" port: 39195 } } peers { permanent_uuid: "ae18c8717e454fb7b55450c8309c8d31" member_type: VOTER last_known_addr { host: "127.26.156.195" port: 43403 } }
I20260710 13:26:19.220412 27768 catalog_manager.cc:5697] T 951eb6de0d674fdf9cab32451be6f98c P b60ca715d6d241c7a23b1f049ab76bd1 reported cstate change: term changed from 1 to 2, leader changed from ae18c8717e454fb7b55450c8309c8d31 (127.26.156.195) to b60ca715d6d241c7a23b1f049ab76bd1 (127.26.156.194). New cstate: current_term: 2 leader_uuid: "b60ca715d6d241c7a23b1f049ab76bd1" committed_config { opid_index: -1 OBSOLETE_local: false peers { permanent_uuid: "fd13800e782442fcb8339f247695dd26" member_type: VOTER last_known_addr { host: "127.26.156.193" port: 44993 } health_report { overall_health: UNKNOWN } } peers { permanent_uuid: "b60ca715d6d241c7a23b1f049ab76bd1" member_type: VOTER last_known_addr { host: "127.26.156.194" port: 39195 } health_report { overall_health: HEALTHY } } peers { permanent_uuid: "ae18c8717e454fb7b55450c8309c8d31" member_type: VOTER last_known_addr { host: "127.26.156.195" port: 43403 } health_report { overall_health: UNKNOWN } } }
I20260710 13:26:19.243959 28066 raft_consensus.cc:993] T bfd0f18b633d41a1b9db7cb0f16fdc8b P ae18c8717e454fb7b55450c8309c8d31: : Instructing follower fd13800e782442fcb8339f247695dd26 to start an election
I20260710 13:26:19.244427 28100 raft_consensus.cc:1081] T bfd0f18b633d41a1b9db7cb0f16fdc8b P ae18c8717e454fb7b55450c8309c8d31 [term 1 LEADER]: Signalling peer fd13800e782442fcb8339f247695dd26 to start an election
I20260710 13:26:19.245834 27871 tablet_service.cc:2044] Received Run Leader Election RPC: tablet_id: "bfd0f18b633d41a1b9db7cb0f16fdc8b"
dest_uuid: "fd13800e782442fcb8339f247695dd26"
 from {username='slave'} at 127.0.0.1:37342
I20260710 13:26:19.246302 27871 raft_consensus.cc:493] T bfd0f18b633d41a1b9db7cb0f16fdc8b P fd13800e782442fcb8339f247695dd26 [term 1 FOLLOWER]: Starting forced leader election (received explicit request)
I20260710 13:26:19.246616 27871 raft_consensus.cc:3060] T bfd0f18b633d41a1b9db7cb0f16fdc8b P fd13800e782442fcb8339f247695dd26 [term 1 FOLLOWER]: Advancing to term 2
I20260710 13:26:19.252307 28071 raft_consensus.cc:993] T e50928bf81904735b6005ef58a981d34 P fd13800e782442fcb8339f247695dd26: : Instructing follower b60ca715d6d241c7a23b1f049ab76bd1 to start an election
I20260710 13:26:19.252740 28097 raft_consensus.cc:1081] T e50928bf81904735b6005ef58a981d34 P fd13800e782442fcb8339f247695dd26 [term 1 LEADER]: Signalling peer b60ca715d6d241c7a23b1f049ab76bd1 to start an election
I20260710 13:26:19.253088 27871 raft_consensus.cc:515] T bfd0f18b633d41a1b9db7cb0f16fdc8b P fd13800e782442fcb8339f247695dd26 [term 2 FOLLOWER]: Starting forced leader election with config: opid_index: -1 OBSOLETE_local: false peers { permanent_uuid: "fd13800e782442fcb8339f247695dd26" member_type: VOTER last_known_addr { host: "127.26.156.193" port: 44993 } } peers { permanent_uuid: "b60ca715d6d241c7a23b1f049ab76bd1" member_type: VOTER last_known_addr { host: "127.26.156.194" port: 39195 } } peers { permanent_uuid: "ae18c8717e454fb7b55450c8309c8d31" member_type: VOTER last_known_addr { host: "127.26.156.195" port: 43403 } }
I20260710 13:26:19.254145 27946 tablet_service.cc:2044] Received Run Leader Election RPC: tablet_id: "e50928bf81904735b6005ef58a981d34"
dest_uuid: "b60ca715d6d241c7a23b1f049ab76bd1"
 from {username='slave'} at 127.0.0.1:44806
I20260710 13:26:19.254681 27946 raft_consensus.cc:493] T e50928bf81904735b6005ef58a981d34 P b60ca715d6d241c7a23b1f049ab76bd1 [term 1 FOLLOWER]: Starting forced leader election (received explicit request)
I20260710 13:26:19.255014 27946 raft_consensus.cc:3060] T e50928bf81904735b6005ef58a981d34 P b60ca715d6d241c7a23b1f049ab76bd1 [term 1 FOLLOWER]: Advancing to term 2
I20260710 13:26:19.255679 27871 leader_election.cc:290] T bfd0f18b633d41a1b9db7cb0f16fdc8b P fd13800e782442fcb8339f247695dd26 [CANDIDATE]: Term 2 election: Requested vote from peers b60ca715d6d241c7a23b1f049ab76bd1 (127.26.156.194:39195), ae18c8717e454fb7b55450c8309c8d31 (127.26.156.195:43403)
I20260710 13:26:19.255829 27945 tablet_service.cc:1917] Received RequestConsensusVote() RPC: tablet_id: "bfd0f18b633d41a1b9db7cb0f16fdc8b" candidate_uuid: "fd13800e782442fcb8339f247695dd26" candidate_term: 2 candidate_status { last_received { term: 1 index: 1 } } ignore_live_leader: true dest_uuid: "b60ca715d6d241c7a23b1f049ab76bd1"
I20260710 13:26:19.256247 28019 tablet_service.cc:1917] Received RequestConsensusVote() RPC: tablet_id: "bfd0f18b633d41a1b9db7cb0f16fdc8b" candidate_uuid: "fd13800e782442fcb8339f247695dd26" candidate_term: 2 candidate_status { last_received { term: 1 index: 1 } } ignore_live_leader: true dest_uuid: "ae18c8717e454fb7b55450c8309c8d31"
I20260710 13:26:19.256374 27945 raft_consensus.cc:3060] T bfd0f18b633d41a1b9db7cb0f16fdc8b P b60ca715d6d241c7a23b1f049ab76bd1 [term 1 FOLLOWER]: Advancing to term 2
I20260710 13:26:19.256832 28019 raft_consensus.cc:3055] T bfd0f18b633d41a1b9db7cb0f16fdc8b P ae18c8717e454fb7b55450c8309c8d31 [term 1 LEADER]: Stepping down as leader of term 1
I20260710 13:26:19.257170 28019 raft_consensus.cc:740] T bfd0f18b633d41a1b9db7cb0f16fdc8b P ae18c8717e454fb7b55450c8309c8d31 [term 1 LEADER]: Becoming Follower/Learner. State: Replica: ae18c8717e454fb7b55450c8309c8d31, State: Running, Role: LEADER
I20260710 13:26:19.258040 28019 consensus_queue.cc:260] T bfd0f18b633d41a1b9db7cb0f16fdc8b P ae18c8717e454fb7b55450c8309c8d31 [NON_LEADER]: Queue going to NON_LEADER mode. State: All replicated index: 0, Majority replicated index: 1, Committed index: 1, Last appended: 1.1, Last appended by leader: 1, Current term: 1, Majority size: -1, State: 0, Mode: NON_LEADER, active raft config: opid_index: -1 OBSOLETE_local: false peers { permanent_uuid: "fd13800e782442fcb8339f247695dd26" member_type: VOTER last_known_addr { host: "127.26.156.193" port: 44993 } } peers { permanent_uuid: "b60ca715d6d241c7a23b1f049ab76bd1" member_type: VOTER last_known_addr { host: "127.26.156.194" port: 39195 } } peers { permanent_uuid: "ae18c8717e454fb7b55450c8309c8d31" member_type: VOTER last_known_addr { host: "127.26.156.195" port: 43403 } }
I20260710 13:26:19.259231 28019 raft_consensus.cc:3060] T bfd0f18b633d41a1b9db7cb0f16fdc8b P ae18c8717e454fb7b55450c8309c8d31 [term 1 FOLLOWER]: Advancing to term 2
I20260710 13:26:19.259949 27946 raft_consensus.cc:515] T e50928bf81904735b6005ef58a981d34 P b60ca715d6d241c7a23b1f049ab76bd1 [term 2 FOLLOWER]: Starting forced leader election with config: opid_index: -1 OBSOLETE_local: false peers { permanent_uuid: "fd13800e782442fcb8339f247695dd26" member_type: VOTER last_known_addr { host: "127.26.156.193" port: 44993 } } peers { permanent_uuid: "b60ca715d6d241c7a23b1f049ab76bd1" member_type: VOTER last_known_addr { host: "127.26.156.194" port: 39195 } } peers { permanent_uuid: "ae18c8717e454fb7b55450c8309c8d31" member_type: VOTER last_known_addr { host: "127.26.156.195" port: 43403 } }
I20260710 13:26:19.262132 27871 tablet_service.cc:1917] Received RequestConsensusVote() RPC: tablet_id: "e50928bf81904735b6005ef58a981d34" candidate_uuid: "b60ca715d6d241c7a23b1f049ab76bd1" candidate_term: 2 candidate_status { last_received { term: 1 index: 1 } } ignore_live_leader: true dest_uuid: "fd13800e782442fcb8339f247695dd26"
I20260710 13:26:19.262516 28020 tablet_service.cc:1917] Received RequestConsensusVote() RPC: tablet_id: "e50928bf81904735b6005ef58a981d34" candidate_uuid: "b60ca715d6d241c7a23b1f049ab76bd1" candidate_term: 2 candidate_status { last_received { term: 1 index: 1 } } ignore_live_leader: true dest_uuid: "ae18c8717e454fb7b55450c8309c8d31"
I20260710 13:26:19.262658 27871 raft_consensus.cc:3055] T e50928bf81904735b6005ef58a981d34 P fd13800e782442fcb8339f247695dd26 [term 1 LEADER]: Stepping down as leader of term 1
I20260710 13:26:19.262948 27871 raft_consensus.cc:740] T e50928bf81904735b6005ef58a981d34 P fd13800e782442fcb8339f247695dd26 [term 1 LEADER]: Becoming Follower/Learner. State: Replica: fd13800e782442fcb8339f247695dd26, State: Running, Role: LEADER
I20260710 13:26:19.263019 28020 raft_consensus.cc:3060] T e50928bf81904735b6005ef58a981d34 P ae18c8717e454fb7b55450c8309c8d31 [term 1 FOLLOWER]: Advancing to term 2
I20260710 13:26:19.263258 27945 raft_consensus.cc:2468] T bfd0f18b633d41a1b9db7cb0f16fdc8b P b60ca715d6d241c7a23b1f049ab76bd1 [term 2 FOLLOWER]: Leader election vote request: Granting yes vote for candidate fd13800e782442fcb8339f247695dd26 in term 2.
I20260710 13:26:19.263764 27871 consensus_queue.cc:260] T e50928bf81904735b6005ef58a981d34 P fd13800e782442fcb8339f247695dd26 [NON_LEADER]: Queue going to NON_LEADER mode. State: All replicated index: 0, Majority replicated index: 1, Committed index: 1, Last appended: 1.1, Last appended by leader: 1, Current term: 1, Majority size: -1, State: 0, Mode: NON_LEADER, active raft config: opid_index: -1 OBSOLETE_local: false peers { permanent_uuid: "fd13800e782442fcb8339f247695dd26" member_type: VOTER last_known_addr { host: "127.26.156.193" port: 44993 } } peers { permanent_uuid: "b60ca715d6d241c7a23b1f049ab76bd1" member_type: VOTER last_known_addr { host: "127.26.156.194" port: 39195 } } peers { permanent_uuid: "ae18c8717e454fb7b55450c8309c8d31" member_type: VOTER last_known_addr { host: "127.26.156.195" port: 43403 } }
I20260710 13:26:19.264539 27835 leader_election.cc:304] T bfd0f18b633d41a1b9db7cb0f16fdc8b P fd13800e782442fcb8339f247695dd26 [CANDIDATE]: Term 2 election: Election decided. Result: candidate won. Election summary: received 2 responses out of 3 voters: 2 yes votes; 0 no votes. yes voters: b60ca715d6d241c7a23b1f049ab76bd1, fd13800e782442fcb8339f247695dd26; no voters: 
I20260710 13:26:19.264812 27871 raft_consensus.cc:3060] T e50928bf81904735b6005ef58a981d34 P fd13800e782442fcb8339f247695dd26 [term 1 FOLLOWER]: Advancing to term 2
I20260710 13:26:19.265398 28097 raft_consensus.cc:2804] T bfd0f18b633d41a1b9db7cb0f16fdc8b P fd13800e782442fcb8339f247695dd26 [term 2 FOLLOWER]: Leader election won for term 2
I20260710 13:26:19.265928 28019 raft_consensus.cc:2468] T bfd0f18b633d41a1b9db7cb0f16fdc8b P ae18c8717e454fb7b55450c8309c8d31 [term 2 FOLLOWER]: Leader election vote request: Granting yes vote for candidate fd13800e782442fcb8339f247695dd26 in term 2.
I20260710 13:26:19.266641 28097 raft_consensus.cc:697] T bfd0f18b633d41a1b9db7cb0f16fdc8b P fd13800e782442fcb8339f247695dd26 [term 2 LEADER]: Becoming Leader. State: Replica: fd13800e782442fcb8339f247695dd26, State: Running, Role: LEADER
I20260710 13:26:19.267805 28097 consensus_queue.cc:237] T bfd0f18b633d41a1b9db7cb0f16fdc8b P fd13800e782442fcb8339f247695dd26 [LEADER]: Queue going to LEADER mode. State: All replicated index: 0, Majority replicated index: 1, Committed index: 1, Last appended: 1.1, Last appended by leader: 1, Current term: 2, Majority size: 2, State: 0, Mode: LEADER, active raft config: opid_index: -1 OBSOLETE_local: false peers { permanent_uuid: "fd13800e782442fcb8339f247695dd26" member_type: VOTER last_known_addr { host: "127.26.156.193" port: 44993 } } peers { permanent_uuid: "b60ca715d6d241c7a23b1f049ab76bd1" member_type: VOTER last_known_addr { host: "127.26.156.194" port: 39195 } } peers { permanent_uuid: "ae18c8717e454fb7b55450c8309c8d31" member_type: VOTER last_known_addr { host: "127.26.156.195" port: 43403 } }
I20260710 13:26:19.269241 28020 raft_consensus.cc:2468] T e50928bf81904735b6005ef58a981d34 P ae18c8717e454fb7b55450c8309c8d31 [term 2 FOLLOWER]: Leader election vote request: Granting yes vote for candidate b60ca715d6d241c7a23b1f049ab76bd1 in term 2.
I20260710 13:26:19.269984 27946 leader_election.cc:290] T e50928bf81904735b6005ef58a981d34 P b60ca715d6d241c7a23b1f049ab76bd1 [CANDIDATE]: Term 2 election: Requested vote from peers fd13800e782442fcb8339f247695dd26 (127.26.156.193:44993), ae18c8717e454fb7b55450c8309c8d31 (127.26.156.195:43403)
I20260710 13:26:19.270478 27912 leader_election.cc:304] T e50928bf81904735b6005ef58a981d34 P b60ca715d6d241c7a23b1f049ab76bd1 [CANDIDATE]: Term 2 election: Election decided. Result: candidate won. Election summary: received 2 responses out of 3 voters: 2 yes votes; 0 no votes. yes voters: ae18c8717e454fb7b55450c8309c8d31, b60ca715d6d241c7a23b1f049ab76bd1; no voters: 
I20260710 13:26:19.271397 28143 raft_consensus.cc:2804] T e50928bf81904735b6005ef58a981d34 P b60ca715d6d241c7a23b1f049ab76bd1 [term 2 FOLLOWER]: Leader election won for term 2
I20260710 13:26:19.271876 27871 raft_consensus.cc:2468] T e50928bf81904735b6005ef58a981d34 P fd13800e782442fcb8339f247695dd26 [term 2 FOLLOWER]: Leader election vote request: Granting yes vote for candidate b60ca715d6d241c7a23b1f049ab76bd1 in term 2.
I20260710 13:26:19.271898 28143 raft_consensus.cc:697] T e50928bf81904735b6005ef58a981d34 P b60ca715d6d241c7a23b1f049ab76bd1 [term 2 LEADER]: Becoming Leader. State: Replica: b60ca715d6d241c7a23b1f049ab76bd1, State: Running, Role: LEADER
I20260710 13:26:19.272991 28143 consensus_queue.cc:237] T e50928bf81904735b6005ef58a981d34 P b60ca715d6d241c7a23b1f049ab76bd1 [LEADER]: Queue going to LEADER mode. State: All replicated index: 0, Majority replicated index: 1, Committed index: 1, Last appended: 1.1, Last appended by leader: 1, Current term: 2, Majority size: 2, State: 0, Mode: LEADER, active raft config: opid_index: -1 OBSOLETE_local: false peers { permanent_uuid: "fd13800e782442fcb8339f247695dd26" member_type: VOTER last_known_addr { host: "127.26.156.193" port: 44993 } } peers { permanent_uuid: "b60ca715d6d241c7a23b1f049ab76bd1" member_type: VOTER last_known_addr { host: "127.26.156.194" port: 39195 } } peers { permanent_uuid: "ae18c8717e454fb7b55450c8309c8d31" member_type: VOTER last_known_addr { host: "127.26.156.195" port: 43403 } }
I20260710 13:26:19.275121 27768 catalog_manager.cc:5697] T bfd0f18b633d41a1b9db7cb0f16fdc8b P fd13800e782442fcb8339f247695dd26 reported cstate change: term changed from 1 to 2, leader changed from ae18c8717e454fb7b55450c8309c8d31 (127.26.156.195) to fd13800e782442fcb8339f247695dd26 (127.26.156.193). New cstate: current_term: 2 leader_uuid: "fd13800e782442fcb8339f247695dd26" committed_config { opid_index: -1 OBSOLETE_local: false peers { permanent_uuid: "fd13800e782442fcb8339f247695dd26" member_type: VOTER last_known_addr { host: "127.26.156.193" port: 44993 } health_report { overall_health: HEALTHY } } peers { permanent_uuid: "b60ca715d6d241c7a23b1f049ab76bd1" member_type: VOTER last_known_addr { host: "127.26.156.194" port: 39195 } health_report { overall_health: UNKNOWN } } peers { permanent_uuid: "ae18c8717e454fb7b55450c8309c8d31" member_type: VOTER last_known_addr { host: "127.26.156.195" port: 43403 } health_report { overall_health: UNKNOWN } } }
I20260710 13:26:19.280215 27769 catalog_manager.cc:5697] T e50928bf81904735b6005ef58a981d34 P b60ca715d6d241c7a23b1f049ab76bd1 reported cstate change: term changed from 1 to 2, leader changed from fd13800e782442fcb8339f247695dd26 (127.26.156.193) to b60ca715d6d241c7a23b1f049ab76bd1 (127.26.156.194). New cstate: current_term: 2 leader_uuid: "b60ca715d6d241c7a23b1f049ab76bd1" committed_config { opid_index: -1 OBSOLETE_local: false peers { permanent_uuid: "fd13800e782442fcb8339f247695dd26" member_type: VOTER last_known_addr { host: "127.26.156.193" port: 44993 } health_report { overall_health: UNKNOWN } } peers { permanent_uuid: "b60ca715d6d241c7a23b1f049ab76bd1" member_type: VOTER last_known_addr { host: "127.26.156.194" port: 39195 } health_report { overall_health: HEALTHY } } peers { permanent_uuid: "ae18c8717e454fb7b55450c8309c8d31" member_type: VOTER last_known_addr { host: "127.26.156.195" port: 43403 } health_report { overall_health: UNKNOWN } } }
I20260710 13:26:19.462263 28102 raft_consensus.cc:993] T dd75d5dd5ce64d749e38e554d887a55e P b60ca715d6d241c7a23b1f049ab76bd1: : Instructing follower ae18c8717e454fb7b55450c8309c8d31 to start an election
I20260710 13:26:19.462666 28143 raft_consensus.cc:1081] T dd75d5dd5ce64d749e38e554d887a55e P b60ca715d6d241c7a23b1f049ab76bd1 [term 1 LEADER]: Signalling peer ae18c8717e454fb7b55450c8309c8d31 to start an election
I20260710 13:26:19.464252 28020 tablet_service.cc:2044] Received Run Leader Election RPC: tablet_id: "dd75d5dd5ce64d749e38e554d887a55e"
dest_uuid: "ae18c8717e454fb7b55450c8309c8d31"
 from {username='slave'} at 127.0.0.1:36862
I20260710 13:26:19.464731 28020 raft_consensus.cc:493] T dd75d5dd5ce64d749e38e554d887a55e P ae18c8717e454fb7b55450c8309c8d31 [term 1 FOLLOWER]: Starting forced leader election (received explicit request)
I20260710 13:26:19.465045 28020 raft_consensus.cc:3060] T dd75d5dd5ce64d749e38e554d887a55e P ae18c8717e454fb7b55450c8309c8d31 [term 1 FOLLOWER]: Advancing to term 2
I20260710 13:26:19.469259 28020 raft_consensus.cc:515] T dd75d5dd5ce64d749e38e554d887a55e P ae18c8717e454fb7b55450c8309c8d31 [term 2 FOLLOWER]: Starting forced leader election with config: opid_index: -1 OBSOLETE_local: false peers { permanent_uuid: "fd13800e782442fcb8339f247695dd26" member_type: VOTER last_known_addr { host: "127.26.156.193" port: 44993 } } peers { permanent_uuid: "b60ca715d6d241c7a23b1f049ab76bd1" member_type: VOTER last_known_addr { host: "127.26.156.194" port: 39195 } } peers { permanent_uuid: "ae18c8717e454fb7b55450c8309c8d31" member_type: VOTER last_known_addr { host: "127.26.156.195" port: 43403 } }
I20260710 13:26:19.470721 28020 leader_election.cc:290] T dd75d5dd5ce64d749e38e554d887a55e P ae18c8717e454fb7b55450c8309c8d31 [CANDIDATE]: Term 2 election: Requested vote from peers fd13800e782442fcb8339f247695dd26 (127.26.156.193:44993), b60ca715d6d241c7a23b1f049ab76bd1 (127.26.156.194:39195)
I20260710 13:26:19.471458 27871 tablet_service.cc:1917] Received RequestConsensusVote() RPC: tablet_id: "dd75d5dd5ce64d749e38e554d887a55e" candidate_uuid: "ae18c8717e454fb7b55450c8309c8d31" candidate_term: 2 candidate_status { last_received { term: 1 index: 1 } } ignore_live_leader: true dest_uuid: "fd13800e782442fcb8339f247695dd26"
I20260710 13:26:19.471674 27946 tablet_service.cc:1917] Received RequestConsensusVote() RPC: tablet_id: "dd75d5dd5ce64d749e38e554d887a55e" candidate_uuid: "ae18c8717e454fb7b55450c8309c8d31" candidate_term: 2 candidate_status { last_received { term: 1 index: 1 } } ignore_live_leader: true dest_uuid: "b60ca715d6d241c7a23b1f049ab76bd1"
I20260710 13:26:19.472126 27871 raft_consensus.cc:3060] T dd75d5dd5ce64d749e38e554d887a55e P fd13800e782442fcb8339f247695dd26 [term 1 FOLLOWER]: Advancing to term 2
I20260710 13:26:19.472299 27946 raft_consensus.cc:3055] T dd75d5dd5ce64d749e38e554d887a55e P b60ca715d6d241c7a23b1f049ab76bd1 [term 1 LEADER]: Stepping down as leader of term 1
I20260710 13:26:19.472659 27946 raft_consensus.cc:740] T dd75d5dd5ce64d749e38e554d887a55e P b60ca715d6d241c7a23b1f049ab76bd1 [term 1 LEADER]: Becoming Follower/Learner. State: Replica: b60ca715d6d241c7a23b1f049ab76bd1, State: Running, Role: LEADER
I20260710 13:26:19.472896 28020 raft_consensus.cc:1275] T aea25f88b02644ea9c75e3d4e57ac4b8 P ae18c8717e454fb7b55450c8309c8d31 [term 2 FOLLOWER]: Refusing update from remote peer fd13800e782442fcb8339f247695dd26: Log matching property violated. Preceding OpId in replica: term: 1 index: 1. Preceding OpId from leader: term: 2 index: 2. (index mismatch)
I20260710 13:26:19.473348 27946 consensus_queue.cc:260] T dd75d5dd5ce64d749e38e554d887a55e P b60ca715d6d241c7a23b1f049ab76bd1 [NON_LEADER]: Queue going to NON_LEADER mode. State: All replicated index: 0, Majority replicated index: 1, Committed index: 1, Last appended: 1.1, Last appended by leader: 1, Current term: 1, Majority size: -1, State: 0, Mode: NON_LEADER, active raft config: opid_index: -1 OBSOLETE_local: false peers { permanent_uuid: "fd13800e782442fcb8339f247695dd26" member_type: VOTER last_known_addr { host: "127.26.156.193" port: 44993 } } peers { permanent_uuid: "b60ca715d6d241c7a23b1f049ab76bd1" member_type: VOTER last_known_addr { host: "127.26.156.194" port: 39195 } } peers { permanent_uuid: "ae18c8717e454fb7b55450c8309c8d31" member_type: VOTER last_known_addr { host: "127.26.156.195" port: 43403 } }
I20260710 13:26:19.474153 28097 consensus_queue.cc:1048] T aea25f88b02644ea9c75e3d4e57ac4b8 P fd13800e782442fcb8339f247695dd26 [LEADER]: Connected to new peer: Peer: permanent_uuid: "ae18c8717e454fb7b55450c8309c8d31" member_type: VOTER last_known_addr { host: "127.26.156.195" port: 43403 }, Status: LMP_MISMATCH, Last received: 0.0, Next index: 2, Last known committed idx: 1, Time since last communication: 0.000s
I20260710 13:26:19.474655 27946 raft_consensus.cc:3060] T dd75d5dd5ce64d749e38e554d887a55e P b60ca715d6d241c7a23b1f049ab76bd1 [term 1 FOLLOWER]: Advancing to term 2
I20260710 13:26:19.477960 27871 raft_consensus.cc:2468] T dd75d5dd5ce64d749e38e554d887a55e P fd13800e782442fcb8339f247695dd26 [term 2 FOLLOWER]: Leader election vote request: Granting yes vote for candidate ae18c8717e454fb7b55450c8309c8d31 in term 2.
I20260710 13:26:19.479135 27983 leader_election.cc:304] T dd75d5dd5ce64d749e38e554d887a55e P ae18c8717e454fb7b55450c8309c8d31 [CANDIDATE]: Term 2 election: Election decided. Result: candidate won. Election summary: received 2 responses out of 3 voters: 2 yes votes; 0 no votes. yes voters: ae18c8717e454fb7b55450c8309c8d31, fd13800e782442fcb8339f247695dd26; no voters: 
I20260710 13:26:19.479895 28100 raft_consensus.cc:2804] T dd75d5dd5ce64d749e38e554d887a55e P ae18c8717e454fb7b55450c8309c8d31 [term 2 FOLLOWER]: Leader election won for term 2
I20260710 13:26:19.480332 28100 raft_consensus.cc:697] T dd75d5dd5ce64d749e38e554d887a55e P ae18c8717e454fb7b55450c8309c8d31 [term 2 LEADER]: Becoming Leader. State: Replica: ae18c8717e454fb7b55450c8309c8d31, State: Running, Role: LEADER
I20260710 13:26:19.481047 27946 raft_consensus.cc:2468] T dd75d5dd5ce64d749e38e554d887a55e P b60ca715d6d241c7a23b1f049ab76bd1 [term 2 FOLLOWER]: Leader election vote request: Granting yes vote for candidate ae18c8717e454fb7b55450c8309c8d31 in term 2.
I20260710 13:26:19.481139 28100 consensus_queue.cc:237] T dd75d5dd5ce64d749e38e554d887a55e P ae18c8717e454fb7b55450c8309c8d31 [LEADER]: Queue going to LEADER mode. State: All replicated index: 0, Majority replicated index: 1, Committed index: 1, Last appended: 1.1, Last appended by leader: 1, Current term: 2, Majority size: 2, State: 0, Mode: LEADER, active raft config: opid_index: -1 OBSOLETE_local: false peers { permanent_uuid: "fd13800e782442fcb8339f247695dd26" member_type: VOTER last_known_addr { host: "127.26.156.193" port: 44993 } } peers { permanent_uuid: "b60ca715d6d241c7a23b1f049ab76bd1" member_type: VOTER last_known_addr { host: "127.26.156.194" port: 39195 } } peers { permanent_uuid: "ae18c8717e454fb7b55450c8309c8d31" member_type: VOTER last_known_addr { host: "127.26.156.195" port: 43403 } }
I20260710 13:26:19.486236 27946 raft_consensus.cc:1275] T aea25f88b02644ea9c75e3d4e57ac4b8 P b60ca715d6d241c7a23b1f049ab76bd1 [term 2 FOLLOWER]: Refusing update from remote peer fd13800e782442fcb8339f247695dd26: Log matching property violated. Preceding OpId in replica: term: 1 index: 1. Preceding OpId from leader: term: 2 index: 2. (index mismatch)
I20260710 13:26:19.487746 28097 consensus_queue.cc:1048] T aea25f88b02644ea9c75e3d4e57ac4b8 P fd13800e782442fcb8339f247695dd26 [LEADER]: Connected to new peer: Peer: permanent_uuid: "b60ca715d6d241c7a23b1f049ab76bd1" member_type: VOTER last_known_addr { host: "127.26.156.194" port: 39195 }, Status: LMP_MISMATCH, Last received: 0.0, Next index: 2, Last known committed idx: 1, Time since last communication: 0.000s
I20260710 13:26:19.489873 27768 catalog_manager.cc:5697] T dd75d5dd5ce64d749e38e554d887a55e P ae18c8717e454fb7b55450c8309c8d31 reported cstate change: term changed from 1 to 2, leader changed from b60ca715d6d241c7a23b1f049ab76bd1 (127.26.156.194) to ae18c8717e454fb7b55450c8309c8d31 (127.26.156.195). New cstate: current_term: 2 leader_uuid: "ae18c8717e454fb7b55450c8309c8d31" committed_config { opid_index: -1 OBSOLETE_local: false peers { permanent_uuid: "fd13800e782442fcb8339f247695dd26" member_type: VOTER last_known_addr { host: "127.26.156.193" port: 44993 } health_report { overall_health: UNKNOWN } } peers { permanent_uuid: "b60ca715d6d241c7a23b1f049ab76bd1" member_type: VOTER last_known_addr { host: "127.26.156.194" port: 39195 } health_report { overall_health: UNKNOWN } } peers { permanent_uuid: "ae18c8717e454fb7b55450c8309c8d31" member_type: VOTER last_known_addr { host: "127.26.156.195" port: 43403 } health_report { overall_health: HEALTHY } } }
I20260710 13:26:19.498027 27871 raft_consensus.cc:1275] T 9129010c01c1461bb47eb224c1956edc P fd13800e782442fcb8339f247695dd26 [term 2 FOLLOWER]: Refusing update from remote peer b60ca715d6d241c7a23b1f049ab76bd1: Log matching property violated. Preceding OpId in replica: term: 1 index: 1. Preceding OpId from leader: term: 2 index: 2. (index mismatch)
