I20260710 13:26:41.399669 28748 raft_consensus.cc:2955] T 463e3e1e1fa24d57ae96ba186076c8b0 P a66a05e5b293426abc0792a4eb1ef25d [term 1 FOLLOWER]: Committing config change with OpId 1.3: config changed from index 2 to 3, a66a05e5b293426abc0792a4eb1ef25d (127.26.151.196) changed from NON_VOTER to VOTER. New config: { opid_index: 3 OBSOLETE_local: false peers { permanent_uuid: "1137e4ca89064733b33684ebf990ada2" member_type: VOTER last_known_addr { host: "127.26.151.193" port: 41877 } } peers { permanent_uuid: "07efcc05c57145cb8efc6ca4b871e06a" member_type: VOTER last_known_addr { host: "127.26.151.194" port: 44993 } } peers { permanent_uuid: "55cf13d343704536980ecfb3219c3b9b" member_type: VOTER last_known_addr { host: "127.26.151.195" port: 41911 } attrs { replace: true } } peers { permanent_uuid: "a66a05e5b293426abc0792a4eb1ef25d" member_type: VOTER last_known_addr { host: "127.26.151.196" port: 42839 } attrs { promote: false } } }
I20260710 13:26:41.492036 28328 raft_consensus.cc:1275] T 0cc9af9f17a84123834df2621770e027 P 1137e4ca89064733b33684ebf990ada2 [term 1 FOLLOWER]: Refusing update from remote peer 07efcc05c57145cb8efc6ca4b871e06a: Log matching property violated. Preceding OpId in replica: term: 1 index: 2. Preceding OpId from leader: term: 1 index: 3. (index mismatch)
I20260710 13:26:41.494123 28746 raft_consensus.cc:2955] T 0cc9af9f17a84123834df2621770e027 P a66a05e5b293426abc0792a4eb1ef25d [term 1 FOLLOWER]: Committing config change with OpId 1.3: config changed from index 2 to 3, a66a05e5b293426abc0792a4eb1ef25d (127.26.151.196) changed from NON_VOTER to VOTER. New config: { opid_index: 3 OBSOLETE_local: false peers { permanent_uuid: "1137e4ca89064733b33684ebf990ada2" member_type: VOTER last_known_addr { host: "127.26.151.193" port: 41877 } attrs { replace: true } } peers { permanent_uuid: "07efcc05c57145cb8efc6ca4b871e06a" member_type: VOTER last_known_addr { host: "127.26.151.194" port: 44993 } } peers { permanent_uuid: "55cf13d343704536980ecfb3219c3b9b" member_type: VOTER last_known_addr { host: "127.26.151.195" port: 41911 } } peers { permanent_uuid: "a66a05e5b293426abc0792a4eb1ef25d" member_type: VOTER last_known_addr { host: "127.26.151.196" port: 42839 } attrs { promote: false } } }
I20260710 13:26:41.495574 28933 consensus_queue.cc:1048] T 0cc9af9f17a84123834df2621770e027 P 07efcc05c57145cb8efc6ca4b871e06a [LEADER]: Connected to new peer: Peer: permanent_uuid: "1137e4ca89064733b33684ebf990ada2" member_type: VOTER last_known_addr { host: "127.26.151.193" port: 41877 } attrs { replace: true }, Status: LMP_MISMATCH, Last received: 0.0, Next index: 3, Last known committed idx: 2, Time since last communication: 0.000s
I20260710 13:26:41.495059 28478 raft_consensus.cc:2955] T 463e3e1e1fa24d57ae96ba186076c8b0 P 55cf13d343704536980ecfb3219c3b9b [term 1 FOLLOWER]: Committing config change with OpId 1.3: config changed from index 2 to 3, a66a05e5b293426abc0792a4eb1ef25d (127.26.151.196) changed from NON_VOTER to VOTER. New config: { opid_index: 3 OBSOLETE_local: false peers { permanent_uuid: "1137e4ca89064733b33684ebf990ada2" member_type: VOTER last_known_addr { host: "127.26.151.193" port: 41877 } } peers { permanent_uuid: "07efcc05c57145cb8efc6ca4b871e06a" member_type: VOTER last_known_addr { host: "127.26.151.194" port: 44993 } } peers { permanent_uuid: "55cf13d343704536980ecfb3219c3b9b" member_type: VOTER last_known_addr { host: "127.26.151.195" port: 41911 } attrs { replace: true } } peers { permanent_uuid: "a66a05e5b293426abc0792a4eb1ef25d" member_type: VOTER last_known_addr { host: "127.26.151.196" port: 42839 } attrs { promote: false } } }
I20260710 13:26:41.503963 28328 raft_consensus.cc:2955] T 0cc9af9f17a84123834df2621770e027 P 1137e4ca89064733b33684ebf990ada2 [term 1 FOLLOWER]: Committing config change with OpId 1.3: config changed from index 2 to 3, a66a05e5b293426abc0792a4eb1ef25d (127.26.151.196) changed from NON_VOTER to VOTER. New config: { opid_index: 3 OBSOLETE_local: false peers { permanent_uuid: "1137e4ca89064733b33684ebf990ada2" member_type: VOTER last_known_addr { host: "127.26.151.193" port: 41877 } attrs { replace: true } } peers { permanent_uuid: "07efcc05c57145cb8efc6ca4b871e06a" member_type: VOTER last_known_addr { host: "127.26.151.194" port: 44993 } } peers { permanent_uuid: "55cf13d343704536980ecfb3219c3b9b" member_type: VOTER last_known_addr { host: "127.26.151.195" port: 41911 } } peers { permanent_uuid: "a66a05e5b293426abc0792a4eb1ef25d" member_type: VOTER last_known_addr { host: "127.26.151.196" port: 42839 } attrs { promote: false } } }
I20260710 13:26:41.504451 28225 catalog_manager.cc:5697] T 0cc9af9f17a84123834df2621770e027 P 07efcc05c57145cb8efc6ca4b871e06a reported cstate change: config changed from index 2 to 3, a66a05e5b293426abc0792a4eb1ef25d (127.26.151.196) changed from NON_VOTER to VOTER. New cstate: current_term: 1 leader_uuid: "07efcc05c57145cb8efc6ca4b871e06a" committed_config { opid_index: 3 OBSOLETE_local: false peers { permanent_uuid: "1137e4ca89064733b33684ebf990ada2" member_type: VOTER last_known_addr { host: "127.26.151.193" port: 41877 } attrs { replace: true } health_report { overall_health: UNKNOWN } } peers { permanent_uuid: "07efcc05c57145cb8efc6ca4b871e06a" member_type: VOTER last_known_addr { host: "127.26.151.194" port: 44993 } health_report { overall_health: HEALTHY } } peers { permanent_uuid: "55cf13d343704536980ecfb3219c3b9b" member_type: VOTER last_known_addr { host: "127.26.151.195" port: 41911 } health_report { overall_health: HEALTHY } } peers { permanent_uuid: "a66a05e5b293426abc0792a4eb1ef25d" member_type: VOTER last_known_addr { host: "127.26.151.196" port: 42839 } attrs { promote: false } health_report { overall_health: HEALTHY } } }
I20260710 13:26:41.509663 28227 catalog_manager.cc:5697] T 463e3e1e1fa24d57ae96ba186076c8b0 P 55cf13d343704536980ecfb3219c3b9b reported cstate change: config changed from index 2 to 3, a66a05e5b293426abc0792a4eb1ef25d (127.26.151.196) changed from NON_VOTER to VOTER. New cstate: current_term: 1 leader_uuid: "1137e4ca89064733b33684ebf990ada2" committed_config { opid_index: 3 OBSOLETE_local: false peers { permanent_uuid: "1137e4ca89064733b33684ebf990ada2" member_type: VOTER last_known_addr { host: "127.26.151.193" port: 41877 } } peers { permanent_uuid: "07efcc05c57145cb8efc6ca4b871e06a" member_type: VOTER last_known_addr { host: "127.26.151.194" port: 44993 } } peers { permanent_uuid: "55cf13d343704536980ecfb3219c3b9b" member_type: VOTER last_known_addr { host: "127.26.151.195" port: 41911 } attrs { replace: true } } peers { permanent_uuid: "a66a05e5b293426abc0792a4eb1ef25d" member_type: VOTER last_known_addr { host: "127.26.151.196" port: 42839 } attrs { promote: false } } }
I20260710 13:26:41.513271 28402 raft_consensus.cc:2955] T 463e3e1e1fa24d57ae96ba186076c8b0 P 07efcc05c57145cb8efc6ca4b871e06a [term 1 FOLLOWER]: Committing config change with OpId 1.3: config changed from index 2 to 3, a66a05e5b293426abc0792a4eb1ef25d (127.26.151.196) changed from NON_VOTER to VOTER. New config: { opid_index: 3 OBSOLETE_local: false peers { permanent_uuid: "1137e4ca89064733b33684ebf990ada2" member_type: VOTER last_known_addr { host: "127.26.151.193" port: 41877 } } peers { permanent_uuid: "07efcc05c57145cb8efc6ca4b871e06a" member_type: VOTER last_known_addr { host: "127.26.151.194" port: 44993 } } peers { permanent_uuid: "55cf13d343704536980ecfb3219c3b9b" member_type: VOTER last_known_addr { host: "127.26.151.195" port: 41911 } attrs { replace: true } } peers { permanent_uuid: "a66a05e5b293426abc0792a4eb1ef25d" member_type: VOTER last_known_addr { host: "127.26.151.196" port: 42839 } attrs { promote: false } } }
I20260710 13:26:41.532557 28328 consensus_queue.cc:237] T 463e3e1e1fa24d57ae96ba186076c8b0 P 1137e4ca89064733b33684ebf990ada2 [LEADER]: Queue going to LEADER mode. State: All replicated index: 0, Majority replicated index: 3, Committed index: 3, Last appended: 1.3, Last appended by leader: 0, Current term: 1, Majority size: 2, State: 0, Mode: LEADER, active raft config: opid_index: 4 OBSOLETE_local: false peers { permanent_uuid: "1137e4ca89064733b33684ebf990ada2" member_type: VOTER last_known_addr { host: "127.26.151.193" port: 41877 } } peers { permanent_uuid: "07efcc05c57145cb8efc6ca4b871e06a" member_type: VOTER last_known_addr { host: "127.26.151.194" port: 44993 } } peers { permanent_uuid: "a66a05e5b293426abc0792a4eb1ef25d" member_type: VOTER last_known_addr { host: "127.26.151.196" port: 42839 } attrs { promote: false } }
I20260710 13:26:41.538856 28404 consensus_queue.cc:237] T 0cc9af9f17a84123834df2621770e027 P 07efcc05c57145cb8efc6ca4b871e06a [LEADER]: Queue going to LEADER mode. State: All replicated index: 0, Majority replicated index: 3, Committed index: 3, Last appended: 1.3, Last appended by leader: 0, Current term: 1, Majority size: 2, State: 0, Mode: LEADER, active raft config: opid_index: 4 OBSOLETE_local: false peers { permanent_uuid: "07efcc05c57145cb8efc6ca4b871e06a" member_type: VOTER last_known_addr { host: "127.26.151.194" port: 44993 } } peers { permanent_uuid: "55cf13d343704536980ecfb3219c3b9b" member_type: VOTER last_known_addr { host: "127.26.151.195" port: 41911 } } peers { permanent_uuid: "a66a05e5b293426abc0792a4eb1ef25d" member_type: VOTER last_known_addr { host: "127.26.151.196" port: 42839 } attrs { promote: false } }
I20260710 13:26:41.539650 29049 ts_tablet_manager.cc:1929] T 2d433c14be8b424aaae2b09c0ea0a953 P 1137e4ca89064733b33684ebf990ada2: tablet deleted with delete type TABLET_DATA_TOMBSTONED: last-logged OpId 1.3
I20260710 13:26:41.540220 29049 log.cc:1199] T 2d433c14be8b424aaae2b09c0ea0a953 P 1137e4ca89064733b33684ebf990ada2: Deleting WAL directory at /tmp/dist-test-taskVxpxZF/test-tmp/auto_leader_rebalancer-test.0.LeaderRebalancerTest.AddTserver.1783689962022175-27231-0/minicluster-data/ts-0-root/wals/2d433c14be8b424aaae2b09c0ea0a953
I20260710 13:26:41.544564 28211 catalog_manager.cc:5028] TS 1137e4ca89064733b33684ebf990ada2 (127.26.151.193:41877): tablet 2d433c14be8b424aaae2b09c0ea0a953 (table test-workload [id=11253c08a24249d7b003def615cd98d9]) successfully deleted
I20260710 13:26:41.550395 28477 raft_consensus.cc:1275] T 0cc9af9f17a84123834df2621770e027 P 55cf13d343704536980ecfb3219c3b9b [term 1 FOLLOWER]: Refusing update from remote peer 07efcc05c57145cb8efc6ca4b871e06a: Log matching property violated. Preceding OpId in replica: term: 1 index: 3. Preceding OpId from leader: term: 1 index: 4. (index mismatch)
I20260710 13:26:41.552379 29047 consensus_queue.cc:1048] T 0cc9af9f17a84123834df2621770e027 P 07efcc05c57145cb8efc6ca4b871e06a [LEADER]: Connected to new peer: Peer: permanent_uuid: "55cf13d343704536980ecfb3219c3b9b" member_type: VOTER last_known_addr { host: "127.26.151.195" port: 41911 }, Status: LMP_MISMATCH, Last received: 0.0, Next index: 4, Last known committed idx: 3, Time since last communication: 0.001s
I20260710 13:26:41.560225 28749 raft_consensus.cc:1275] T 0cc9af9f17a84123834df2621770e027 P a66a05e5b293426abc0792a4eb1ef25d [term 1 FOLLOWER]: Refusing update from remote peer 07efcc05c57145cb8efc6ca4b871e06a: Log matching property violated. Preceding OpId in replica: term: 1 index: 3. Preceding OpId from leader: term: 1 index: 4. (index mismatch)
I20260710 13:26:41.562602 29051 raft_consensus.cc:2955] T 0cc9af9f17a84123834df2621770e027 P 07efcc05c57145cb8efc6ca4b871e06a [term 1 LEADER]: Committing config change with OpId 1.4: config changed from index 3 to 4, VOTER 1137e4ca89064733b33684ebf990ada2 (127.26.151.193) evicted. New config: { opid_index: 4 OBSOLETE_local: false peers { permanent_uuid: "07efcc05c57145cb8efc6ca4b871e06a" member_type: VOTER last_known_addr { host: "127.26.151.194" port: 44993 } } peers { permanent_uuid: "55cf13d343704536980ecfb3219c3b9b" member_type: VOTER last_known_addr { host: "127.26.151.195" port: 41911 } } peers { permanent_uuid: "a66a05e5b293426abc0792a4eb1ef25d" member_type: VOTER last_known_addr { host: "127.26.151.196" port: 42839 } attrs { promote: false } } }
I20260710 13:26:41.565567 29024 consensus_queue.cc:1048] T 0cc9af9f17a84123834df2621770e027 P 07efcc05c57145cb8efc6ca4b871e06a [LEADER]: Connected to new peer: Peer: permanent_uuid: "a66a05e5b293426abc0792a4eb1ef25d" member_type: VOTER last_known_addr { host: "127.26.151.196" port: 42839 } attrs { promote: false }, Status: LMP_MISMATCH, Last received: 0.0, Next index: 4, Last known committed idx: 3, Time since last communication: 0.000s
I20260710 13:26:41.571020 28749 raft_consensus.cc:2955] T 0cc9af9f17a84123834df2621770e027 P a66a05e5b293426abc0792a4eb1ef25d [term 1 FOLLOWER]: Committing config change with OpId 1.4: config changed from index 3 to 4, VOTER 1137e4ca89064733b33684ebf990ada2 (127.26.151.193) evicted. New config: { opid_index: 4 OBSOLETE_local: false peers { permanent_uuid: "07efcc05c57145cb8efc6ca4b871e06a" member_type: VOTER last_known_addr { host: "127.26.151.194" port: 44993 } } peers { permanent_uuid: "55cf13d343704536980ecfb3219c3b9b" member_type: VOTER last_known_addr { host: "127.26.151.195" port: 41911 } } peers { permanent_uuid: "a66a05e5b293426abc0792a4eb1ef25d" member_type: VOTER last_known_addr { host: "127.26.151.196" port: 42839 } attrs { promote: false } } }
I20260710 13:26:41.582537 28404 raft_consensus.cc:1275] T 463e3e1e1fa24d57ae96ba186076c8b0 P 07efcc05c57145cb8efc6ca4b871e06a [term 1 FOLLOWER]: Refusing update from remote peer 1137e4ca89064733b33684ebf990ada2: Log matching property violated. Preceding OpId in replica: term: 1 index: 3. Preceding OpId from leader: term: 1 index: 4. (index mismatch)
I20260710 13:26:41.585899 28477 raft_consensus.cc:2955] T 0cc9af9f17a84123834df2621770e027 P 55cf13d343704536980ecfb3219c3b9b [term 1 FOLLOWER]: Committing config change with OpId 1.4: config changed from index 3 to 4, VOTER 1137e4ca89064733b33684ebf990ada2 (127.26.151.193) evicted. New config: { opid_index: 4 OBSOLETE_local: false peers { permanent_uuid: "07efcc05c57145cb8efc6ca4b871e06a" member_type: VOTER last_known_addr { host: "127.26.151.194" port: 44993 } } peers { permanent_uuid: "55cf13d343704536980ecfb3219c3b9b" member_type: VOTER last_known_addr { host: "127.26.151.195" port: 41911 } } peers { permanent_uuid: "a66a05e5b293426abc0792a4eb1ef25d" member_type: VOTER last_known_addr { host: "127.26.151.196" port: 42839 } attrs { promote: false } } }
I20260710 13:26:41.588400 28227 catalog_manager.cc:5697] T 0cc9af9f17a84123834df2621770e027 P a66a05e5b293426abc0792a4eb1ef25d reported cstate change: config changed from index 3 to 4, VOTER 1137e4ca89064733b33684ebf990ada2 (127.26.151.193) evicted. New cstate: current_term: 1 leader_uuid: "07efcc05c57145cb8efc6ca4b871e06a" committed_config { opid_index: 4 OBSOLETE_local: false peers { permanent_uuid: "07efcc05c57145cb8efc6ca4b871e06a" member_type: VOTER last_known_addr { host: "127.26.151.194" port: 44993 } } peers { permanent_uuid: "55cf13d343704536980ecfb3219c3b9b" member_type: VOTER last_known_addr { host: "127.26.151.195" port: 41911 } } peers { permanent_uuid: "a66a05e5b293426abc0792a4eb1ef25d" member_type: VOTER last_known_addr { host: "127.26.151.196" port: 42839 } attrs { promote: false } } }
I20260710 13:26:41.589174 29033 consensus_queue.cc:1048] T 463e3e1e1fa24d57ae96ba186076c8b0 P 1137e4ca89064733b33684ebf990ada2 [LEADER]: Connected to new peer: Peer: permanent_uuid: "07efcc05c57145cb8efc6ca4b871e06a" member_type: VOTER last_known_addr { host: "127.26.151.194" port: 44993 }, Status: LMP_MISMATCH, Last received: 0.0, Next index: 4, Last known committed idx: 3, Time since last communication: 0.000s
I20260710 13:26:41.593989 28747 raft_consensus.cc:1275] T 463e3e1e1fa24d57ae96ba186076c8b0 P a66a05e5b293426abc0792a4eb1ef25d [term 1 FOLLOWER]: Refusing update from remote peer 1137e4ca89064733b33684ebf990ada2: Log matching property violated. Preceding OpId in replica: term: 1 index: 3. Preceding OpId from leader: term: 1 index: 4. (index mismatch)
I20260710 13:26:41.595988 29033 consensus_queue.cc:1048] T 463e3e1e1fa24d57ae96ba186076c8b0 P 1137e4ca89064733b33684ebf990ada2 [LEADER]: Connected to new peer: Peer: permanent_uuid: "a66a05e5b293426abc0792a4eb1ef25d" member_type: VOTER last_known_addr { host: "127.26.151.196" port: 42839 } attrs { promote: false }, Status: LMP_MISMATCH, Last received: 0.0, Next index: 4, Last known committed idx: 3, Time since last communication: 0.000s
I20260710 13:26:41.598160 28211 catalog_manager.cc:5210] ChangeConfig:REMOVE_PEER RPC for tablet 0cc9af9f17a84123834df2621770e027 with cas_config_opid_index 3: ChangeConfig:REMOVE_PEER succeeded (attempt 1)
I20260710 13:26:41.604264 28313 tablet_service.cc:1558] Processing DeleteTablet for tablet 0cc9af9f17a84123834df2621770e027 with delete_type TABLET_DATA_TOMBSTONED (TS 1137e4ca89064733b33684ebf990ada2 not found in new config with opid_index 4) from {username='slave'} at 127.0.0.1:53676
I20260710 13:26:41.605866 29049 tablet_replica.cc:333] T 0cc9af9f17a84123834df2621770e027 P 1137e4ca89064733b33684ebf990ada2: stopping tablet replica
I20260710 13:26:41.606837 29049 raft_consensus.cc:2243] T 0cc9af9f17a84123834df2621770e027 P 1137e4ca89064733b33684ebf990ada2 [term 1 FOLLOWER]: Raft consensus shutting down.
I20260710 13:26:41.607851 29049 raft_consensus.cc:2272] T 0cc9af9f17a84123834df2621770e027 P 1137e4ca89064733b33684ebf990ada2 [term 1 FOLLOWER]: Raft consensus is shut down!
I20260710 13:26:41.608184 29004 raft_consensus.cc:2955] T 463e3e1e1fa24d57ae96ba186076c8b0 P 1137e4ca89064733b33684ebf990ada2 [term 1 LEADER]: Committing config change with OpId 1.4: config changed from index 3 to 4, VOTER 55cf13d343704536980ecfb3219c3b9b (127.26.151.195) evicted. New config: { opid_index: 4 OBSOLETE_local: false peers { permanent_uuid: "1137e4ca89064733b33684ebf990ada2" member_type: VOTER last_known_addr { host: "127.26.151.193" port: 41877 } } peers { permanent_uuid: "07efcc05c57145cb8efc6ca4b871e06a" member_type: VOTER last_known_addr { host: "127.26.151.194" port: 44993 } } peers { permanent_uuid: "a66a05e5b293426abc0792a4eb1ef25d" member_type: VOTER last_known_addr { host: "127.26.151.196" port: 42839 } attrs { promote: false } } }
I20260710 13:26:41.612648 28747 raft_consensus.cc:2955] T 463e3e1e1fa24d57ae96ba186076c8b0 P a66a05e5b293426abc0792a4eb1ef25d [term 1 FOLLOWER]: Committing config change with OpId 1.4: config changed from index 3 to 4, VOTER 55cf13d343704536980ecfb3219c3b9b (127.26.151.195) evicted. New config: { opid_index: 4 OBSOLETE_local: false peers { permanent_uuid: "1137e4ca89064733b33684ebf990ada2" member_type: VOTER last_known_addr { host: "127.26.151.193" port: 41877 } } peers { permanent_uuid: "07efcc05c57145cb8efc6ca4b871e06a" member_type: VOTER last_known_addr { host: "127.26.151.194" port: 44993 } } peers { permanent_uuid: "a66a05e5b293426abc0792a4eb1ef25d" member_type: VOTER last_known_addr { host: "127.26.151.196" port: 42839 } attrs { promote: false } } }
I20260710 13:26:41.618358 28211 catalog_manager.cc:5210] ChangeConfig:REMOVE_PEER RPC for tablet 463e3e1e1fa24d57ae96ba186076c8b0 with cas_config_opid_index 3: ChangeConfig:REMOVE_PEER succeeded (attempt 1)
I20260710 13:26:41.617856 28404 raft_consensus.cc:2955] T 463e3e1e1fa24d57ae96ba186076c8b0 P 07efcc05c57145cb8efc6ca4b871e06a [term 1 FOLLOWER]: Committing config change with OpId 1.4: config changed from index 3 to 4, VOTER 55cf13d343704536980ecfb3219c3b9b (127.26.151.195) evicted. New config: { opid_index: 4 OBSOLETE_local: false peers { permanent_uuid: "1137e4ca89064733b33684ebf990ada2" member_type: VOTER last_known_addr { host: "127.26.151.193" port: 41877 } } peers { permanent_uuid: "07efcc05c57145cb8efc6ca4b871e06a" member_type: VOTER last_known_addr { host: "127.26.151.194" port: 44993 } } peers { permanent_uuid: "a66a05e5b293426abc0792a4eb1ef25d" member_type: VOTER last_known_addr { host: "127.26.151.196" port: 42839 } attrs { promote: false } } }
I20260710 13:26:41.617043 29049 ts_tablet_manager.cc:1916] T 0cc9af9f17a84123834df2621770e027 P 1137e4ca89064733b33684ebf990ada2: Deleting tablet data with delete state TABLET_DATA_TOMBSTONED
I20260710 13:26:41.624838 28225 catalog_manager.cc:5697] T 463e3e1e1fa24d57ae96ba186076c8b0 P 1137e4ca89064733b33684ebf990ada2 reported cstate change: config changed from index 3 to 4, VOTER 55cf13d343704536980ecfb3219c3b9b (127.26.151.195) evicted. New cstate: current_term: 1 leader_uuid: "1137e4ca89064733b33684ebf990ada2" committed_config { opid_index: 4 OBSOLETE_local: false peers { permanent_uuid: "1137e4ca89064733b33684ebf990ada2" member_type: VOTER last_known_addr { host: "127.26.151.193" port: 41877 } health_report { overall_health: HEALTHY } } peers { permanent_uuid: "07efcc05c57145cb8efc6ca4b871e06a" member_type: VOTER last_known_addr { host: "127.26.151.194" port: 44993 } health_report { overall_health: HEALTHY } } peers { permanent_uuid: "a66a05e5b293426abc0792a4eb1ef25d" member_type: VOTER last_known_addr { host: "127.26.151.196" port: 42839 } attrs { promote: false } health_report { overall_health: HEALTHY } } }
I20260710 13:26:41.635429 28461 tablet_service.cc:1558] Processing DeleteTablet for tablet 463e3e1e1fa24d57ae96ba186076c8b0 with delete_type TABLET_DATA_TOMBSTONED (TS 55cf13d343704536980ecfb3219c3b9b not found in new config with opid_index 4) from {username='slave'} at 127.0.0.1:55474
I20260710 13:26:41.641327 29059 tablet_replica.cc:333] T 463e3e1e1fa24d57ae96ba186076c8b0 P 55cf13d343704536980ecfb3219c3b9b: stopping tablet replica
I20260710 13:26:41.642508 29059 raft_consensus.cc:2243] T 463e3e1e1fa24d57ae96ba186076c8b0 P 55cf13d343704536980ecfb3219c3b9b [term 1 FOLLOWER]: Raft consensus shutting down.
I20260710 13:26:41.643399 29059 raft_consensus.cc:2272] T 463e3e1e1fa24d57ae96ba186076c8b0 P 55cf13d343704536980ecfb3219c3b9b [term 1 FOLLOWER]: Raft consensus is shut down!
I20260710 13:26:41.646797 29059 ts_tablet_manager.cc:1916] T 463e3e1e1fa24d57ae96ba186076c8b0 P 55cf13d343704536980ecfb3219c3b9b: Deleting tablet data with delete state TABLET_DATA_TOMBSTONED
I20260710 13:26:41.650023 29049 ts_tablet_manager.cc:1929] T 0cc9af9f17a84123834df2621770e027 P 1137e4ca89064733b33684ebf990ada2: tablet deleted with delete type TABLET_DATA_TOMBSTONED: last-logged OpId 1.3
I20260710 13:26:41.650424 29049 log.cc:1199] T 0cc9af9f17a84123834df2621770e027 P 1137e4ca89064733b33684ebf990ada2: Deleting WAL directory at /tmp/dist-test-taskVxpxZF/test-tmp/auto_leader_rebalancer-test.0.LeaderRebalancerTest.AddTserver.1783689962022175-27231-0/minicluster-data/ts-0-root/wals/0cc9af9f17a84123834df2621770e027
I20260710 13:26:41.651932 28211 catalog_manager.cc:5028] TS 1137e4ca89064733b33684ebf990ada2 (127.26.151.193:41877): tablet 0cc9af9f17a84123834df2621770e027 (table test-workload [id=11253c08a24249d7b003def615cd98d9]) successfully deleted
I20260710 13:26:41.659639 29059 ts_tablet_manager.cc:1929] T 463e3e1e1fa24d57ae96ba186076c8b0 P 55cf13d343704536980ecfb3219c3b9b: tablet deleted with delete type TABLET_DATA_TOMBSTONED: last-logged OpId 1.3
I20260710 13:26:41.660056 29059 log.cc:1199] T 463e3e1e1fa24d57ae96ba186076c8b0 P 55cf13d343704536980ecfb3219c3b9b: Deleting WAL directory at /tmp/dist-test-taskVxpxZF/test-tmp/auto_leader_rebalancer-test.0.LeaderRebalancerTest.AddTserver.1783689962022175-27231-0/minicluster-data/ts-2-root/wals/463e3e1e1fa24d57ae96ba186076c8b0
I20260710 13:26:41.661615 28213 catalog_manager.cc:5028] TS 55cf13d343704536980ecfb3219c3b9b (127.26.151.195:41911): tablet 463e3e1e1fa24d57ae96ba186076c8b0 (table test-workload [id=11253c08a24249d7b003def615cd98d9]) successfully deleted
I20260710 13:26:42.672103 28402 consensus_queue.cc:237] T 1f3b4d9737a740a29000ec6e511d34af P 07efcc05c57145cb8efc6ca4b871e06a [LEADER]: Queue going to LEADER mode. State: All replicated index: 0, Majority replicated index: 1, Committed index: 1, Last appended: 1.1, Last appended by leader: 0, Current term: 1, Majority size: 2, State: 0, Mode: LEADER, active raft config: opid_index: 2 OBSOLETE_local: false peers { permanent_uuid: "1137e4ca89064733b33684ebf990ada2" member_type: VOTER last_known_addr { host: "127.26.151.193" port: 41877 } } peers { permanent_uuid: "07efcc05c57145cb8efc6ca4b871e06a" member_type: VOTER last_known_addr { host: "127.26.151.194" port: 44993 } } peers { permanent_uuid: "55cf13d343704536980ecfb3219c3b9b" member_type: VOTER last_known_addr { host: "127.26.151.195" port: 41911 } attrs { replace: true } } peers { permanent_uuid: "a66a05e5b293426abc0792a4eb1ef25d" member_type: NON_VOTER last_known_addr { host: "127.26.151.196" port: 42839 } attrs { promote: true } }
I20260710 13:26:42.679608 28328 raft_consensus.cc:1275] T 1f3b4d9737a740a29000ec6e511d34af P 1137e4ca89064733b33684ebf990ada2 [term 1 FOLLOWER]: Refusing update from remote peer 07efcc05c57145cb8efc6ca4b871e06a: Log matching property violated. Preceding OpId in replica: term: 1 index: 1. Preceding OpId from leader: term: 1 index: 2. (index mismatch)
I20260710 13:26:42.679633 28477 raft_consensus.cc:1275] T 1f3b4d9737a740a29000ec6e511d34af P 55cf13d343704536980ecfb3219c3b9b [term 1 FOLLOWER]: Refusing update from remote peer 07efcc05c57145cb8efc6ca4b871e06a: Log matching property violated. Preceding OpId in replica: term: 1 index: 1. Preceding OpId from leader: term: 1 index: 2. (index mismatch)
W20260710 13:26:42.679850 28368 consensus_peers.cc:597] T 1f3b4d9737a740a29000ec6e511d34af P 07efcc05c57145cb8efc6ca4b871e06a -> Peer a66a05e5b293426abc0792a4eb1ef25d (127.26.151.196:42839): Couldn't send request to peer a66a05e5b293426abc0792a4eb1ef25d. Error code: TABLET_NOT_FOUND (6). Status: Not found: Tablet not found: 1f3b4d9737a740a29000ec6e511d34af. This is attempt 1: this message will repeat every 5th retry.
I20260710 13:26:42.681201 29060 consensus_queue.cc:1048] T 1f3b4d9737a740a29000ec6e511d34af P 07efcc05c57145cb8efc6ca4b871e06a [LEADER]: Connected to new peer: Peer: permanent_uuid: "55cf13d343704536980ecfb3219c3b9b" member_type: VOTER last_known_addr { host: "127.26.151.195" port: 41911 } attrs { replace: true }, Status: LMP_MISMATCH, Last received: 0.0, Next index: 2, Last known committed idx: 1, Time since last communication: 0.000s
I20260710 13:26:42.682052 29058 consensus_queue.cc:1048] T 1f3b4d9737a740a29000ec6e511d34af P 07efcc05c57145cb8efc6ca4b871e06a [LEADER]: Connected to new peer: Peer: permanent_uuid: "1137e4ca89064733b33684ebf990ada2" member_type: VOTER last_known_addr { host: "127.26.151.193" port: 41877 }, Status: LMP_MISMATCH, Last received: 0.0, Next index: 2, Last known committed idx: 1, Time since last communication: 0.000s
I20260710 13:26:42.690610 29057 raft_consensus.cc:2955] T 1f3b4d9737a740a29000ec6e511d34af P 07efcc05c57145cb8efc6ca4b871e06a [term 1 LEADER]: Committing config change with OpId 1.2: config changed from index -1 to 2, NON_VOTER a66a05e5b293426abc0792a4eb1ef25d (127.26.151.196) added. New config: { opid_index: 2 OBSOLETE_local: false peers { permanent_uuid: "1137e4ca89064733b33684ebf990ada2" member_type: VOTER last_known_addr { host: "127.26.151.193" port: 41877 } } peers { permanent_uuid: "07efcc05c57145cb8efc6ca4b871e06a" member_type: VOTER last_known_addr { host: "127.26.151.194" port: 44993 } } peers { permanent_uuid: "55cf13d343704536980ecfb3219c3b9b" member_type: VOTER last_known_addr { host: "127.26.151.195" port: 41911 } attrs { replace: true } } peers { permanent_uuid: "a66a05e5b293426abc0792a4eb1ef25d" member_type: NON_VOTER last_known_addr { host: "127.26.151.196" port: 42839 } attrs { promote: true } } }
I20260710 13:26:42.694063 28328 raft_consensus.cc:2955] T 1f3b4d9737a740a29000ec6e511d34af P 1137e4ca89064733b33684ebf990ada2 [term 1 FOLLOWER]: Committing config change with OpId 1.2: config changed from index -1 to 2, NON_VOTER a66a05e5b293426abc0792a4eb1ef25d (127.26.151.196) added. New config: { opid_index: 2 OBSOLETE_local: false peers { permanent_uuid: "1137e4ca89064733b33684ebf990ada2" member_type: VOTER last_known_addr { host: "127.26.151.193" port: 41877 } } peers { permanent_uuid: "07efcc05c57145cb8efc6ca4b871e06a" member_type: VOTER last_known_addr { host: "127.26.151.194" port: 44993 } } peers { permanent_uuid: "55cf13d343704536980ecfb3219c3b9b" member_type: VOTER last_known_addr { host: "127.26.151.195" port: 41911 } attrs { replace: true } } peers { permanent_uuid: "a66a05e5b293426abc0792a4eb1ef25d" member_type: NON_VOTER last_known_addr { host: "127.26.151.196" port: 42839 } attrs { promote: true } } }
I20260710 13:26:42.695642 28477 raft_consensus.cc:2955] T 1f3b4d9737a740a29000ec6e511d34af P 55cf13d343704536980ecfb3219c3b9b [term 1 FOLLOWER]: Committing config change with OpId 1.2: config changed from index -1 to 2, NON_VOTER a66a05e5b293426abc0792a4eb1ef25d (127.26.151.196) added. New config: { opid_index: 2 OBSOLETE_local: false peers { permanent_uuid: "1137e4ca89064733b33684ebf990ada2" member_type: VOTER last_known_addr { host: "127.26.151.193" port: 41877 } } peers { permanent_uuid: "07efcc05c57145cb8efc6ca4b871e06a" member_type: VOTER last_known_addr { host: "127.26.151.194" port: 44993 } } peers { permanent_uuid: "55cf13d343704536980ecfb3219c3b9b" member_type: VOTER last_known_addr { host: "127.26.151.195" port: 41911 } attrs { replace: true } } peers { permanent_uuid: "a66a05e5b293426abc0792a4eb1ef25d" member_type: NON_VOTER last_known_addr { host: "127.26.151.196" port: 42839 } attrs { promote: true } } }
I20260710 13:26:42.707002 28222 catalog_manager.cc:5697] T 1f3b4d9737a740a29000ec6e511d34af P 1137e4ca89064733b33684ebf990ada2 reported cstate change: config changed from index -1 to 2, NON_VOTER a66a05e5b293426abc0792a4eb1ef25d (127.26.151.196) added. New cstate: current_term: 1 leader_uuid: "07efcc05c57145cb8efc6ca4b871e06a" committed_config { opid_index: 2 OBSOLETE_local: false peers { permanent_uuid: "1137e4ca89064733b33684ebf990ada2" member_type: VOTER last_known_addr { host: "127.26.151.193" port: 41877 } } peers { permanent_uuid: "07efcc05c57145cb8efc6ca4b871e06a" member_type: VOTER last_known_addr { host: "127.26.151.194" port: 44993 } } peers { permanent_uuid: "55cf13d343704536980ecfb3219c3b9b" member_type: VOTER last_known_addr { host: "127.26.151.195" port: 41911 } attrs { replace: true } } peers { permanent_uuid: "a66a05e5b293426abc0792a4eb1ef25d" member_type: NON_VOTER last_known_addr { host: "127.26.151.196" port: 42839 } attrs { promote: true } } }
I20260710 13:26:42.709146 28328 consensus_queue.cc:237] T 7f95daacf881401abd440fddb9e2cbe1 P 1137e4ca89064733b33684ebf990ada2 [LEADER]: Queue going to LEADER mode. State: All replicated index: 0, Majority replicated index: 1, Committed index: 1, Last appended: 1.1, Last appended by leader: 0, Current term: 1, Majority size: 2, State: 0, Mode: LEADER, active raft config: opid_index: 2 OBSOLETE_local: false peers { permanent_uuid: "1137e4ca89064733b33684ebf990ada2" member_type: VOTER last_known_addr { host: "127.26.151.193" port: 41877 } } peers { permanent_uuid: "07efcc05c57145cb8efc6ca4b871e06a" member_type: VOTER last_known_addr { host: "127.26.151.194" port: 44993 } attrs { replace: true } } peers { permanent_uuid: "55cf13d343704536980ecfb3219c3b9b" member_type: VOTER last_known_addr { host: "127.26.151.195" port: 41911 } } peers { permanent_uuid: "a66a05e5b293426abc0792a4eb1ef25d" member_type: NON_VOTER last_known_addr { host: "127.26.151.196" port: 42839 } attrs { promote: true } }
W20260710 13:26:42.721454 28293 consensus_peers.cc:597] T 7f95daacf881401abd440fddb9e2cbe1 P 1137e4ca89064733b33684ebf990ada2 -> Peer a66a05e5b293426abc0792a4eb1ef25d (127.26.151.196:42839): Couldn't send request to peer a66a05e5b293426abc0792a4eb1ef25d. Error code: TABLET_NOT_FOUND (6). Status: Not found: Tablet not found: 7f95daacf881401abd440fddb9e2cbe1. This is attempt 1: this message will repeat every 5th retry.
I20260710 13:26:42.722000 28402 raft_consensus.cc:1275] T 7f95daacf881401abd440fddb9e2cbe1 P 07efcc05c57145cb8efc6ca4b871e06a [term 1 FOLLOWER]: Refusing update from remote peer 1137e4ca89064733b33684ebf990ada2: Log matching property violated. Preceding OpId in replica: term: 1 index: 1. Preceding OpId from leader: term: 1 index: 2. (index mismatch)
I20260710 13:26:42.723635 28477 raft_consensus.cc:1275] T 7f95daacf881401abd440fddb9e2cbe1 P 55cf13d343704536980ecfb3219c3b9b [term 1 FOLLOWER]: Refusing update from remote peer 1137e4ca89064733b33684ebf990ada2: Log matching property violated. Preceding OpId in replica: term: 1 index: 1. Preceding OpId from leader: term: 1 index: 2. (index mismatch)
I20260710 13:26:42.723814 29025 consensus_queue.cc:1048] T 7f95daacf881401abd440fddb9e2cbe1 P 1137e4ca89064733b33684ebf990ada2 [LEADER]: Connected to new peer: Peer: permanent_uuid: "07efcc05c57145cb8efc6ca4b871e06a" member_type: VOTER last_known_addr { host: "127.26.151.194" port: 44993 } attrs { replace: true }, Status: LMP_MISMATCH, Last received: 0.0, Next index: 2, Last known committed idx: 1, Time since last communication: 0.001s
I20260710 13:26:42.725392 29004 consensus_queue.cc:1048] T 7f95daacf881401abd440fddb9e2cbe1 P 1137e4ca89064733b33684ebf990ada2 [LEADER]: Connected to new peer: Peer: permanent_uuid: "55cf13d343704536980ecfb3219c3b9b" member_type: VOTER last_known_addr { host: "127.26.151.195" port: 41911 }, Status: LMP_MISMATCH, Last received: 0.0, Next index: 2, Last known committed idx: 1, Time since last communication: 0.001s
I20260710 13:26:42.738780 29004 raft_consensus.cc:2955] T 7f95daacf881401abd440fddb9e2cbe1 P 1137e4ca89064733b33684ebf990ada2 [term 1 LEADER]: Committing config change with OpId 1.2: config changed from index -1 to 2, NON_VOTER a66a05e5b293426abc0792a4eb1ef25d (127.26.151.196) added. New config: { opid_index: 2 OBSOLETE_local: false peers { permanent_uuid: "1137e4ca89064733b33684ebf990ada2" member_type: VOTER last_known_addr { host: "127.26.151.193" port: 41877 } } peers { permanent_uuid: "07efcc05c57145cb8efc6ca4b871e06a" member_type: VOTER last_known_addr { host: "127.26.151.194" port: 44993 } attrs { replace: true } } peers { permanent_uuid: "55cf13d343704536980ecfb3219c3b9b" member_type: VOTER last_known_addr { host: "127.26.151.195" port: 41911 } } peers { permanent_uuid: "a66a05e5b293426abc0792a4eb1ef25d" member_type: NON_VOTER last_known_addr { host: "127.26.151.196" port: 42839 } attrs { promote: true } } }
I20260710 13:26:42.740847 28402 raft_consensus.cc:2955] T 7f95daacf881401abd440fddb9e2cbe1 P 07efcc05c57145cb8efc6ca4b871e06a [term 1 FOLLOWER]: Committing config change with OpId 1.2: config changed from index -1 to 2, NON_VOTER a66a05e5b293426abc0792a4eb1ef25d (127.26.151.196) added. New config: { opid_index: 2 OBSOLETE_local: false peers { permanent_uuid: "1137e4ca89064733b33684ebf990ada2" member_type: VOTER last_known_addr { host: "127.26.151.193" port: 41877 } } peers { permanent_uuid: "07efcc05c57145cb8efc6ca4b871e06a" member_type: VOTER last_known_addr { host: "127.26.151.194" port: 44993 } attrs { replace: true } } peers { permanent_uuid: "55cf13d343704536980ecfb3219c3b9b" member_type: VOTER last_known_addr { host: "127.26.151.195" port: 41911 } } peers { permanent_uuid: "a66a05e5b293426abc0792a4eb1ef25d" member_type: NON_VOTER last_known_addr { host: "127.26.151.196" port: 42839 } attrs { promote: true } } }
I20260710 13:26:42.744025 28478 raft_consensus.cc:2955] T 7f95daacf881401abd440fddb9e2cbe1 P 55cf13d343704536980ecfb3219c3b9b [term 1 FOLLOWER]: Committing config change with OpId 1.2: config changed from index -1 to 2, NON_VOTER a66a05e5b293426abc0792a4eb1ef25d (127.26.151.196) added. New config: { opid_index: 2 OBSOLETE_local: false peers { permanent_uuid: "1137e4ca89064733b33684ebf990ada2" member_type: VOTER last_known_addr { host: "127.26.151.193" port: 41877 } } peers { permanent_uuid: "07efcc05c57145cb8efc6ca4b871e06a" member_type: VOTER last_known_addr { host: "127.26.151.194" port: 44993 } attrs { replace: true } } peers { permanent_uuid: "55cf13d343704536980ecfb3219c3b9b" member_type: VOTER last_known_addr { host: "127.26.151.195" port: 41911 } } peers { permanent_uuid: "a66a05e5b293426abc0792a4eb1ef25d" member_type: NON_VOTER last_known_addr { host: "127.26.151.196" port: 42839 } attrs { promote: true } } }
I20260710 13:26:42.762555 28225 catalog_manager.cc:5697] T 7f95daacf881401abd440fddb9e2cbe1 P 07efcc05c57145cb8efc6ca4b871e06a reported cstate change: config changed from index -1 to 2, NON_VOTER a66a05e5b293426abc0792a4eb1ef25d (127.26.151.196) added. New cstate: current_term: 1 leader_uuid: "1137e4ca89064733b33684ebf990ada2" committed_config { opid_index: 2 OBSOLETE_local: false peers { permanent_uuid: "1137e4ca89064733b33684ebf990ada2" member_type: VOTER last_known_addr { host: "127.26.151.193" port: 41877 } } peers { permanent_uuid: "07efcc05c57145cb8efc6ca4b871e06a" member_type: VOTER last_known_addr { host: "127.26.151.194" port: 44993 } attrs { replace: true } } peers { permanent_uuid: "55cf13d343704536980ecfb3219c3b9b" member_type: VOTER last_known_addr { host: "127.26.151.195" port: 41911 } } peers { permanent_uuid: "a66a05e5b293426abc0792a4eb1ef25d" member_type: NON_VOTER last_known_addr { host: "127.26.151.196" port: 42839 } attrs { promote: true } } }
I20260710 13:26:43.075433 29073 ts_tablet_manager.cc:933] T 1f3b4d9737a740a29000ec6e511d34af P a66a05e5b293426abc0792a4eb1ef25d: Initiating tablet copy from peer 07efcc05c57145cb8efc6ca4b871e06a (127.26.151.194:44993)
I20260710 13:26:43.077379 29073 tablet_copy_client.cc:323] T 1f3b4d9737a740a29000ec6e511d34af P a66a05e5b293426abc0792a4eb1ef25d: tablet copy: Beginning tablet copy session from remote peer at address 127.26.151.194:44993
I20260710 13:26:43.079360 28414 tablet_copy_service.cc:140] P 07efcc05c57145cb8efc6ca4b871e06a: Received BeginTabletCopySession request for tablet 1f3b4d9737a740a29000ec6e511d34af from peer a66a05e5b293426abc0792a4eb1ef25d ({username='slave'} at 127.0.0.1:50026)
I20260710 13:26:43.079859 28414 tablet_copy_service.cc:161] P 07efcc05c57145cb8efc6ca4b871e06a: Beginning new tablet copy session on tablet 1f3b4d9737a740a29000ec6e511d34af from peer a66a05e5b293426abc0792a4eb1ef25d at {username='slave'} at 127.0.0.1:50026: session id = a66a05e5b293426abc0792a4eb1ef25d-1f3b4d9737a740a29000ec6e511d34af
I20260710 13:26:43.085673 28414 tablet_copy_source_session.cc:215] T 1f3b4d9737a740a29000ec6e511d34af P 07efcc05c57145cb8efc6ca4b871e06a: Tablet Copy: opened 0 blocks and 1 log segments
I20260710 13:26:43.088637 29073 data_dirs.cc:400] Could only allocate 1 dirs of requested 3 for tablet 1f3b4d9737a740a29000ec6e511d34af. 1 dirs total, 0 dirs full, 0 dirs failed
I20260710 13:26:43.099718 29073 tablet_copy_client.cc:806] T 1f3b4d9737a740a29000ec6e511d34af P a66a05e5b293426abc0792a4eb1ef25d: tablet copy: Starting download of 0 data blocks...
I20260710 13:26:43.100328 29073 tablet_copy_client.cc:670] T 1f3b4d9737a740a29000ec6e511d34af P a66a05e5b293426abc0792a4eb1ef25d: tablet copy: Starting download of 1 WAL segments...
I20260710 13:26:43.104380 29073 tablet_copy_client.cc:538] T 1f3b4d9737a740a29000ec6e511d34af P a66a05e5b293426abc0792a4eb1ef25d: tablet copy: Tablet Copy complete. Replacing tablet superblock.
I20260710 13:26:43.111704 29073 tablet_bootstrap.cc:492] T 1f3b4d9737a740a29000ec6e511d34af P a66a05e5b293426abc0792a4eb1ef25d: Bootstrap starting.
I20260710 13:26:43.128798 29073 tablet_bootstrap.cc:492] T 1f3b4d9737a740a29000ec6e511d34af P a66a05e5b293426abc0792a4eb1ef25d: Bootstrap replayed 1/1 log segments. Stats: ops{read=2 overwritten=0 applied=2 ignored=0} inserts{seen=0 ignored=0} mutations{seen=0 ignored=0} orphaned_commits=0. Pending: 0 replicates
I20260710 13:26:43.129751 29073 tablet_bootstrap.cc:492] T 1f3b4d9737a740a29000ec6e511d34af P a66a05e5b293426abc0792a4eb1ef25d: Bootstrap complete.
I20260710 13:26:43.130380 29073 ts_tablet_manager.cc:1403] T 1f3b4d9737a740a29000ec6e511d34af P a66a05e5b293426abc0792a4eb1ef25d: Time spent bootstrapping tablet: real 0.019s	user 0.012s	sys 0.008s
I20260710 13:26:43.133312 29073 raft_consensus.cc:359] T 1f3b4d9737a740a29000ec6e511d34af P a66a05e5b293426abc0792a4eb1ef25d [term 1 LEARNER]: Replica starting. Triggering 0 pending ops. Active config: opid_index: 2 OBSOLETE_local: false peers { permanent_uuid: "1137e4ca89064733b33684ebf990ada2" member_type: VOTER last_known_addr { host: "127.26.151.193" port: 41877 } } peers { permanent_uuid: "07efcc05c57145cb8efc6ca4b871e06a" member_type: VOTER last_known_addr { host: "127.26.151.194" port: 44993 } } peers { permanent_uuid: "55cf13d343704536980ecfb3219c3b9b" member_type: VOTER last_known_addr { host: "127.26.151.195" port: 41911 } attrs { replace: true } } peers { permanent_uuid: "a66a05e5b293426abc0792a4eb1ef25d" member_type: NON_VOTER last_known_addr { host: "127.26.151.196" port: 42839 } attrs { promote: true } }
I20260710 13:26:43.134018 29073 raft_consensus.cc:740] T 1f3b4d9737a740a29000ec6e511d34af P a66a05e5b293426abc0792a4eb1ef25d [term 1 LEARNER]: Becoming Follower/Learner. State: Replica: a66a05e5b293426abc0792a4eb1ef25d, State: Initialized, Role: LEARNER
I20260710 13:26:43.134639 29073 consensus_queue.cc:260] T 1f3b4d9737a740a29000ec6e511d34af P a66a05e5b293426abc0792a4eb1ef25d [NON_LEADER]: Queue going to NON_LEADER mode. State: All replicated index: 0, Majority replicated index: 0, Committed index: 2, Last appended: 1.2, Last appended by leader: 2, Current term: 0, Majority size: -1, State: 0, Mode: NON_LEADER, active raft config: opid_index: 2 OBSOLETE_local: false peers { permanent_uuid: "1137e4ca89064733b33684ebf990ada2" member_type: VOTER last_known_addr { host: "127.26.151.193" port: 41877 } } peers { permanent_uuid: "07efcc05c57145cb8efc6ca4b871e06a" member_type: VOTER last_known_addr { host: "127.26.151.194" port: 44993 } } peers { permanent_uuid: "55cf13d343704536980ecfb3219c3b9b" member_type: VOTER last_known_addr { host: "127.26.151.195" port: 41911 } attrs { replace: true } } peers { permanent_uuid: "a66a05e5b293426abc0792a4eb1ef25d" member_type: NON_VOTER last_known_addr { host: "127.26.151.196" port: 42839 } attrs { promote: true } }
I20260710 13:26:43.138820 29073 ts_tablet_manager.cc:1434] T 1f3b4d9737a740a29000ec6e511d34af P a66a05e5b293426abc0792a4eb1ef25d: Time spent starting tablet: real 0.008s	user 0.006s	sys 0.001s
I20260710 13:26:43.140609 28414 tablet_copy_service.cc:342] P 07efcc05c57145cb8efc6ca4b871e06a: Request end of tablet copy session a66a05e5b293426abc0792a4eb1ef25d-1f3b4d9737a740a29000ec6e511d34af received from {username='slave'} at 127.0.0.1:50026
I20260710 13:26:43.141080 28414 tablet_copy_service.cc:434] P 07efcc05c57145cb8efc6ca4b871e06a: ending tablet copy session a66a05e5b293426abc0792a4eb1ef25d-1f3b4d9737a740a29000ec6e511d34af on tablet 1f3b4d9737a740a29000ec6e511d34af with peer a66a05e5b293426abc0792a4eb1ef25d
I20260710 13:26:43.342401 29073 ts_tablet_manager.cc:933] T 7f95daacf881401abd440fddb9e2cbe1 P a66a05e5b293426abc0792a4eb1ef25d: Initiating tablet copy from peer 1137e4ca89064733b33684ebf990ada2 (127.26.151.193:41877)
I20260710 13:26:43.343992 29073 tablet_copy_client.cc:323] T 7f95daacf881401abd440fddb9e2cbe1 P a66a05e5b293426abc0792a4eb1ef25d: tablet copy: Beginning tablet copy session from remote peer at address 127.26.151.193:41877
I20260710 13:26:43.345837 28338 tablet_copy_service.cc:140] P 1137e4ca89064733b33684ebf990ada2: Received BeginTabletCopySession request for tablet 7f95daacf881401abd440fddb9e2cbe1 from peer a66a05e5b293426abc0792a4eb1ef25d ({username='slave'} at 127.0.0.1:53696)
I20260710 13:26:43.346555 28338 tablet_copy_service.cc:161] P 1137e4ca89064733b33684ebf990ada2: Beginning new tablet copy session on tablet 7f95daacf881401abd440fddb9e2cbe1 from peer a66a05e5b293426abc0792a4eb1ef25d at {username='slave'} at 127.0.0.1:53696: session id = a66a05e5b293426abc0792a4eb1ef25d-7f95daacf881401abd440fddb9e2cbe1
I20260710 13:26:43.352017 28338 tablet_copy_source_session.cc:215] T 7f95daacf881401abd440fddb9e2cbe1 P 1137e4ca89064733b33684ebf990ada2: Tablet Copy: opened 0 blocks and 1 log segments
I20260710 13:26:43.355044 29073 data_dirs.cc:400] Could only allocate 1 dirs of requested 3 for tablet 7f95daacf881401abd440fddb9e2cbe1. 1 dirs total, 0 dirs full, 0 dirs failed
I20260710 13:26:43.371068 29073 tablet_copy_client.cc:806] T 7f95daacf881401abd440fddb9e2cbe1 P a66a05e5b293426abc0792a4eb1ef25d: tablet copy: Starting download of 0 data blocks...
I20260710 13:26:43.371662 29073 tablet_copy_client.cc:670] T 7f95daacf881401abd440fddb9e2cbe1 P a66a05e5b293426abc0792a4eb1ef25d: tablet copy: Starting download of 1 WAL segments...
I20260710 13:26:43.375279 29073 tablet_copy_client.cc:538] T 7f95daacf881401abd440fddb9e2cbe1 P a66a05e5b293426abc0792a4eb1ef25d: tablet copy: Tablet Copy complete. Replacing tablet superblock.
I20260710 13:26:43.383265 29073 tablet_bootstrap.cc:492] T 7f95daacf881401abd440fddb9e2cbe1 P a66a05e5b293426abc0792a4eb1ef25d: Bootstrap starting.
I20260710 13:26:43.401351 29073 tablet_bootstrap.cc:492] T 7f95daacf881401abd440fddb9e2cbe1 P a66a05e5b293426abc0792a4eb1ef25d: Bootstrap replayed 1/1 log segments. Stats: ops{read=2 overwritten=0 applied=2 ignored=0} inserts{seen=0 ignored=0} mutations{seen=0 ignored=0} orphaned_commits=0. Pending: 0 replicates
I20260710 13:26:43.402298 29073 tablet_bootstrap.cc:492] T 7f95daacf881401abd440fddb9e2cbe1 P a66a05e5b293426abc0792a4eb1ef25d: Bootstrap complete.
I20260710 13:26:43.402958 29073 ts_tablet_manager.cc:1403] T 7f95daacf881401abd440fddb9e2cbe1 P a66a05e5b293426abc0792a4eb1ef25d: Time spent bootstrapping tablet: real 0.020s	user 0.018s	sys 0.000s
I20260710 13:26:43.405908 29073 raft_consensus.cc:359] T 7f95daacf881401abd440fddb9e2cbe1 P a66a05e5b293426abc0792a4eb1ef25d [term 1 LEARNER]: Replica starting. Triggering 0 pending ops. Active config: opid_index: 2 OBSOLETE_local: false peers { permanent_uuid: "1137e4ca89064733b33684ebf990ada2" member_type: VOTER last_known_addr { host: "127.26.151.193" port: 41877 } } peers { permanent_uuid: "07efcc05c57145cb8efc6ca4b871e06a" member_type: VOTER last_known_addr { host: "127.26.151.194" port: 44993 } attrs { replace: true } } peers { permanent_uuid: "55cf13d343704536980ecfb3219c3b9b" member_type: VOTER last_known_addr { host: "127.26.151.195" port: 41911 } } peers { permanent_uuid: "a66a05e5b293426abc0792a4eb1ef25d" member_type: NON_VOTER last_known_addr { host: "127.26.151.196" port: 42839 } attrs { promote: true } }
I20260710 13:26:43.406569 29073 raft_consensus.cc:740] T 7f95daacf881401abd440fddb9e2cbe1 P a66a05e5b293426abc0792a4eb1ef25d [term 1 LEARNER]: Becoming Follower/Learner. State: Replica: a66a05e5b293426abc0792a4eb1ef25d, State: Initialized, Role: LEARNER
I20260710 13:26:43.407238 29073 consensus_queue.cc:260] T 7f95daacf881401abd440fddb9e2cbe1 P a66a05e5b293426abc0792a4eb1ef25d [NON_LEADER]: Queue going to NON_LEADER mode. State: All replicated index: 0, Majority replicated index: 0, Committed index: 2, Last appended: 1.2, Last appended by leader: 2, Current term: 0, Majority size: -1, State: 0, Mode: NON_LEADER, active raft config: opid_index: 2 OBSOLETE_local: false peers { permanent_uuid: "1137e4ca89064733b33684ebf990ada2" member_type: VOTER last_known_addr { host: "127.26.151.193" port: 41877 } } peers { permanent_uuid: "07efcc05c57145cb8efc6ca4b871e06a" member_type: VOTER last_known_addr { host: "127.26.151.194" port: 44993 } attrs { replace: true } } peers { permanent_uuid: "55cf13d343704536980ecfb3219c3b9b" member_type: VOTER last_known_addr { host: "127.26.151.195" port: 41911 } } peers { permanent_uuid: "a66a05e5b293426abc0792a4eb1ef25d" member_type: NON_VOTER last_known_addr { host: "127.26.151.196" port: 42839 } attrs { promote: true } }
I20260710 13:26:43.410576 29073 ts_tablet_manager.cc:1434] T 7f95daacf881401abd440fddb9e2cbe1 P a66a05e5b293426abc0792a4eb1ef25d: Time spent starting tablet: real 0.007s	user 0.007s	sys 0.000s
I20260710 13:26:43.412289 28338 tablet_copy_service.cc:342] P 1137e4ca89064733b33684ebf990ada2: Request end of tablet copy session a66a05e5b293426abc0792a4eb1ef25d-7f95daacf881401abd440fddb9e2cbe1 received from {username='slave'} at 127.0.0.1:53696
I20260710 13:26:43.412743 28338 tablet_copy_service.cc:434] P 1137e4ca89064733b33684ebf990ada2: ending tablet copy session a66a05e5b293426abc0792a4eb1ef25d-7f95daacf881401abd440fddb9e2cbe1 on tablet 7f95daacf881401abd440fddb9e2cbe1 with peer a66a05e5b293426abc0792a4eb1ef25d
I20260710 13:26:43.604523 28748 raft_consensus.cc:1217] T 1f3b4d9737a740a29000ec6e511d34af P a66a05e5b293426abc0792a4eb1ef25d [term 1 LEARNER]: Deduplicated request from leader. Original: 1.1->[1.2-1.2]   Dedup: 1.2->[]
I20260710 13:26:43.720021 28748 raft_consensus.cc:1217] T 7f95daacf881401abd440fddb9e2cbe1 P a66a05e5b293426abc0792a4eb1ef25d [term 1 LEARNER]: Deduplicated request from leader. Original: 1.1->[1.2-1.2]   Dedup: 1.2->[]
I20260710 13:26:44.090322 29082 raft_consensus.cc:1064] T 1f3b4d9737a740a29000ec6e511d34af P 07efcc05c57145cb8efc6ca4b871e06a: attempting to promote NON_VOTER a66a05e5b293426abc0792a4eb1ef25d to VOTER
I20260710 13:26:44.092254 29082 consensus_queue.cc:237] T 1f3b4d9737a740a29000ec6e511d34af P 07efcc05c57145cb8efc6ca4b871e06a [LEADER]: Queue going to LEADER mode. State: All replicated index: 0, Majority replicated index: 2, Committed index: 2, Last appended: 1.2, Last appended by leader: 0, Current term: 1, Majority size: 3, State: 0, Mode: LEADER, active raft config: opid_index: 3 OBSOLETE_local: false peers { permanent_uuid: "1137e4ca89064733b33684ebf990ada2" member_type: VOTER last_known_addr { host: "127.26.151.193" port: 41877 } } peers { permanent_uuid: "07efcc05c57145cb8efc6ca4b871e06a" member_type: VOTER last_known_addr { host: "127.26.151.194" port: 44993 } } peers { permanent_uuid: "55cf13d343704536980ecfb3219c3b9b" member_type: VOTER last_known_addr { host: "127.26.151.195" port: 41911 } attrs { replace: true } } peers { permanent_uuid: "a66a05e5b293426abc0792a4eb1ef25d" member_type: VOTER last_known_addr { host: "127.26.151.196" port: 42839 } attrs { promote: false } }
