I20260710 13:26:16.398125 28077 raft_consensus.cc:2804] T 32764136b06243cb924c9cb2f17940f7 P 7a910757b0994498bc71d0ea6459f4c3 [term 0 FOLLOWER]: Leader pre-election won for term 1
I20260710 13:26:16.382862 27962 leader_election.cc:304] T cc585735745a4f52ace66ec3d7e7d632 P b0b0d6d30b424820969a6e11d537c342 [CANDIDATE]: Term 1 pre-election: Election decided. Result: candidate lost. Election summary: received 3 responses out of 3 voters: 1 yes votes; 2 no votes. yes voters: b0b0d6d30b424820969a6e11d537c342; no voters: 49eba042f5fc42619df20dfd9175375f, 7a910757b0994498bc71d0ea6459f4c3
I20260710 13:26:16.399271 28077 raft_consensus.cc:493] T 32764136b06243cb924c9cb2f17940f7 P 7a910757b0994498bc71d0ea6459f4c3 [term 0 FOLLOWER]: Starting leader election (no leader contacted us within the election timeout)
I20260710 13:26:16.399685 28077 raft_consensus.cc:3060] T 32764136b06243cb924c9cb2f17940f7 P 7a910757b0994498bc71d0ea6459f4c3 [term 0 FOLLOWER]: Advancing to term 1
I20260710 13:26:16.400954 28082 raft_consensus.cc:2749] T cc585735745a4f52ace66ec3d7e7d632 P b0b0d6d30b424820969a6e11d537c342 [term 1 FOLLOWER]: Leader pre-election lost for term 1. Reason: could not achieve majority
I20260710 13:26:16.402789 28088 raft_consensus.cc:515] T aab32593efac42ca9d989f4ab6964b6c P b0b0d6d30b424820969a6e11d537c342 [term 1 FOLLOWER]: Starting leader election with config: opid_index: -1 OBSOLETE_local: false peers { permanent_uuid: "7a910757b0994498bc71d0ea6459f4c3" member_type: VOTER last_known_addr { host: "127.26.151.193" port: 41211 } } peers { permanent_uuid: "49eba042f5fc42619df20dfd9175375f" member_type: VOTER last_known_addr { host: "127.26.151.194" port: 44915 } } peers { permanent_uuid: "b0b0d6d30b424820969a6e11d537c342" member_type: VOTER last_known_addr { host: "127.26.151.195" port: 39803 } }
I20260710 13:26:16.375357 27888 leader_election.cc:304] T d01527fae70543d28326fd0e27885796 P 49eba042f5fc42619df20dfd9175375f [CANDIDATE]: Term 1 election: Election decided. Result: candidate won. Election summary: received 2 responses out of 3 voters: 2 yes votes; 0 no votes. yes voters: 49eba042f5fc42619df20dfd9175375f, b0b0d6d30b424820969a6e11d537c342; no voters: 
I20260710 13:26:16.402725 28089 consensus_queue.cc:237] T 37ac1a12603243e1adab74d9831f1fa1 P b0b0d6d30b424820969a6e11d537c342 [LEADER]: Queue going to LEADER mode. State: All replicated index: 0, Majority replicated index: 0, Committed index: 0, Last appended: 0.0, Last appended by leader: 0, Current term: 1, Majority size: 2, State: 0, Mode: LEADER, active raft config: opid_index: -1 OBSOLETE_local: false peers { permanent_uuid: "b0b0d6d30b424820969a6e11d537c342" member_type: VOTER last_known_addr { host: "127.26.151.195" port: 39803 } } peers { permanent_uuid: "49eba042f5fc42619df20dfd9175375f" member_type: VOTER last_known_addr { host: "127.26.151.194" port: 44915 } } peers { permanent_uuid: "7a910757b0994498bc71d0ea6459f4c3" member_type: VOTER last_known_addr { host: "127.26.151.193" port: 41211 } }
I20260710 13:26:16.404965 27888 leader_election.cc:304] T 32764136b06243cb924c9cb2f17940f7 P 49eba042f5fc42619df20dfd9175375f [CANDIDATE]: Term 1 pre-election: Election decided. Result: candidate won. Election summary: received 2 responses out of 3 voters: 2 yes votes; 0 no votes. yes voters: 49eba042f5fc42619df20dfd9175375f, b0b0d6d30b424820969a6e11d537c342; no voters: 
I20260710 13:26:16.406004 28044 raft_consensus.cc:2804] T d01527fae70543d28326fd0e27885796 P 49eba042f5fc42619df20dfd9175375f [term 1 FOLLOWER]: Leader election won for term 1
I20260710 13:26:16.407349 28077 raft_consensus.cc:515] T 32764136b06243cb924c9cb2f17940f7 P 7a910757b0994498bc71d0ea6459f4c3 [term 1 FOLLOWER]: Starting leader election with config: opid_index: -1 OBSOLETE_local: false peers { permanent_uuid: "7a910757b0994498bc71d0ea6459f4c3" member_type: VOTER last_known_addr { host: "127.26.151.193" port: 41211 } } peers { permanent_uuid: "49eba042f5fc42619df20dfd9175375f" member_type: VOTER last_known_addr { host: "127.26.151.194" port: 44915 } } peers { permanent_uuid: "b0b0d6d30b424820969a6e11d537c342" member_type: VOTER last_known_addr { host: "127.26.151.195" port: 39803 } }
I20260710 13:26:16.408969 27846 tablet_service.cc:1917] Received RequestConsensusVote() RPC: tablet_id: "668c16962c3b4c928186aa62985cbc6d" candidate_uuid: "49eba042f5fc42619df20dfd9175375f" candidate_term: 1 candidate_status { last_received { term: 0 index: 0 } } ignore_live_leader: false dest_uuid: "7a910757b0994498bc71d0ea6459f4c3"
I20260710 13:26:16.409590 27846 raft_consensus.cc:3060] T 668c16962c3b4c928186aa62985cbc6d P 7a910757b0994498bc71d0ea6459f4c3 [term 0 FOLLOWER]: Advancing to term 1
I20260710 13:26:16.410046 28077 leader_election.cc:290] T 32764136b06243cb924c9cb2f17940f7 P 7a910757b0994498bc71d0ea6459f4c3 [CANDIDATE]: Term 1 election: Requested vote from peers 49eba042f5fc42619df20dfd9175375f (127.26.151.194:44915), b0b0d6d30b424820969a6e11d537c342 (127.26.151.195:39803)
I20260710 13:26:16.410182 27847 tablet_service.cc:1917] Received RequestConsensusVote() RPC: tablet_id: "37ac1a12603243e1adab74d9831f1fa1" candidate_uuid: "49eba042f5fc42619df20dfd9175375f" candidate_term: 1 candidate_status { last_received { term: 0 index: 0 } } ignore_live_leader: false dest_uuid: "7a910757b0994498bc71d0ea6459f4c3"
I20260710 13:26:16.411053 27847 raft_consensus.cc:2393] T 37ac1a12603243e1adab74d9831f1fa1 P 7a910757b0994498bc71d0ea6459f4c3 [term 1 FOLLOWER]: Leader election vote request: Denying vote to candidate 49eba042f5fc42619df20dfd9175375f in current term 1: Already voted for candidate b0b0d6d30b424820969a6e11d537c342 in this term.
I20260710 13:26:16.412701 28088 leader_election.cc:290] T aab32593efac42ca9d989f4ab6964b6c P b0b0d6d30b424820969a6e11d537c342 [CANDIDATE]: Term 1 election: Requested vote from peers 7a910757b0994498bc71d0ea6459f4c3 (127.26.151.193:41211), 49eba042f5fc42619df20dfd9175375f (127.26.151.194:44915)
I20260710 13:26:16.386262 28065 leader_election.cc:290] T 37ac1a12603243e1adab74d9831f1fa1 P 49eba042f5fc42619df20dfd9175375f [CANDIDATE]: Term 1 election: Requested vote from peers b0b0d6d30b424820969a6e11d537c342 (127.26.151.195:39803), 7a910757b0994498bc71d0ea6459f4c3 (127.26.151.193:41211)
I20260710 13:26:16.415392 27847 tablet_service.cc:1917] Received RequestConsensusVote() RPC: tablet_id: "aab32593efac42ca9d989f4ab6964b6c" candidate_uuid: "b0b0d6d30b424820969a6e11d537c342" candidate_term: 1 candidate_status { last_received { term: 0 index: 0 } } ignore_live_leader: false dest_uuid: "7a910757b0994498bc71d0ea6459f4c3"
I20260710 13:26:16.415681 28057 raft_consensus.cc:2804] T 32764136b06243cb924c9cb2f17940f7 P 49eba042f5fc42619df20dfd9175375f [term 0 FOLLOWER]: Leader pre-election won for term 1
I20260710 13:26:16.416033 27847 raft_consensus.cc:3060] T aab32593efac42ca9d989f4ab6964b6c P 7a910757b0994498bc71d0ea6459f4c3 [term 0 FOLLOWER]: Advancing to term 1
I20260710 13:26:16.416273 28057 raft_consensus.cc:493] T 32764136b06243cb924c9cb2f17940f7 P 49eba042f5fc42619df20dfd9175375f [term 0 FOLLOWER]: Starting leader election (no leader contacted us within the election timeout)
I20260710 13:26:16.416760 28057 raft_consensus.cc:3060] T 32764136b06243cb924c9cb2f17940f7 P 49eba042f5fc42619df20dfd9175375f [term 0 FOLLOWER]: Advancing to term 1
I20260710 13:26:16.420686 27922 raft_consensus.cc:2468] T 95c6f53b8360443aa464253f6fd46fb2 P 49eba042f5fc42619df20dfd9175375f [term 1 FOLLOWER]: Leader election vote request: Granting yes vote for candidate 7a910757b0994498bc71d0ea6459f4c3 in term 1.
I20260710 13:26:16.400074 27962 leader_election.cc:304] T 6a63a63de487454b8df4f180bc1fb0e6 P b0b0d6d30b424820969a6e11d537c342 [CANDIDATE]: Term 1 pre-election: Election decided. Result: candidate lost. Election summary: received 3 responses out of 3 voters: 1 yes votes; 2 no votes. yes voters: b0b0d6d30b424820969a6e11d537c342; no voters: 49eba042f5fc42619df20dfd9175375f, 7a910757b0994498bc71d0ea6459f4c3
I20260710 13:26:16.425558 28088 raft_consensus.cc:3060] T 6a63a63de487454b8df4f180bc1fb0e6 P b0b0d6d30b424820969a6e11d537c342 [term 0 FOLLOWER]: Advancing to term 1
I20260710 13:26:16.427299 27923 tablet_service.cc:1917] Received RequestConsensusVote() RPC: tablet_id: "32764136b06243cb924c9cb2f17940f7" candidate_uuid: "7a910757b0994498bc71d0ea6459f4c3" candidate_term: 1 candidate_status { last_received { term: 0 index: 0 } } ignore_live_leader: false dest_uuid: "49eba042f5fc42619df20dfd9175375f"
I20260710 13:26:16.428221 28044 raft_consensus.cc:697] T d01527fae70543d28326fd0e27885796 P 49eba042f5fc42619df20dfd9175375f [term 1 LEADER]: Becoming Leader. State: Replica: 49eba042f5fc42619df20dfd9175375f, State: Running, Role: LEADER
I20260710 13:26:16.429194 28044 consensus_queue.cc:237] T d01527fae70543d28326fd0e27885796 P 49eba042f5fc42619df20dfd9175375f [LEADER]: Queue going to LEADER mode. State: All replicated index: 0, Majority replicated index: 0, Committed index: 0, Last appended: 0.0, Last appended by leader: 0, Current term: 1, Majority size: 2, State: 0, Mode: LEADER, active raft config: opid_index: -1 OBSOLETE_local: false peers { permanent_uuid: "7a910757b0994498bc71d0ea6459f4c3" member_type: VOTER last_known_addr { host: "127.26.151.193" port: 41211 } } peers { permanent_uuid: "49eba042f5fc42619df20dfd9175375f" member_type: VOTER last_known_addr { host: "127.26.151.194" port: 44915 } } peers { permanent_uuid: "b0b0d6d30b424820969a6e11d537c342" member_type: VOTER last_known_addr { host: "127.26.151.195" port: 39803 } }
I20260710 13:26:16.431728 27994 tablet_service.cc:1917] Received RequestConsensusVote() RPC: tablet_id: "32764136b06243cb924c9cb2f17940f7" candidate_uuid: "7a910757b0994498bc71d0ea6459f4c3" candidate_term: 1 candidate_status { last_received { term: 0 index: 0 } } ignore_live_leader: false dest_uuid: "b0b0d6d30b424820969a6e11d537c342"
I20260710 13:26:16.423122 27847 raft_consensus.cc:2468] T aab32593efac42ca9d989f4ab6964b6c P 7a910757b0994498bc71d0ea6459f4c3 [term 1 FOLLOWER]: Leader election vote request: Granting yes vote for candidate b0b0d6d30b424820969a6e11d537c342 in term 1.
I20260710 13:26:16.432471 27994 raft_consensus.cc:3060] T 32764136b06243cb924c9cb2f17940f7 P b0b0d6d30b424820969a6e11d537c342 [term 0 FOLLOWER]: Advancing to term 1
I20260710 13:26:16.434451 27813 leader_election.cc:304] T 95c6f53b8360443aa464253f6fd46fb2 P 7a910757b0994498bc71d0ea6459f4c3 [CANDIDATE]: Term 1 election: Election decided. Result: candidate won. Election summary: received 2 responses out of 3 voters: 2 yes votes; 0 no votes. yes voters: 7a910757b0994498bc71d0ea6459f4c3, b0b0d6d30b424820969a6e11d537c342; no voters: 
I20260710 13:26:16.435529 28077 raft_consensus.cc:2804] T 95c6f53b8360443aa464253f6fd46fb2 P 7a910757b0994498bc71d0ea6459f4c3 [term 1 FOLLOWER]: Leader election won for term 1
I20260710 13:26:16.436053 28077 raft_consensus.cc:697] T 95c6f53b8360443aa464253f6fd46fb2 P 7a910757b0994498bc71d0ea6459f4c3 [term 1 LEADER]: Becoming Leader. State: Replica: 7a910757b0994498bc71d0ea6459f4c3, State: Running, Role: LEADER
I20260710 13:26:16.432227 28057 raft_consensus.cc:515] T 32764136b06243cb924c9cb2f17940f7 P 49eba042f5fc42619df20dfd9175375f [term 1 FOLLOWER]: Starting leader election with config: opid_index: -1 OBSOLETE_local: false peers { permanent_uuid: "7a910757b0994498bc71d0ea6459f4c3" member_type: VOTER last_known_addr { host: "127.26.151.193" port: 41211 } } peers { permanent_uuid: "49eba042f5fc42619df20dfd9175375f" member_type: VOTER last_known_addr { host: "127.26.151.194" port: 44915 } } peers { permanent_uuid: "b0b0d6d30b424820969a6e11d537c342" member_type: VOTER last_known_addr { host: "127.26.151.195" port: 39803 } }
I20260710 13:26:16.425954 27846 raft_consensus.cc:2468] T 668c16962c3b4c928186aa62985cbc6d P 7a910757b0994498bc71d0ea6459f4c3 [term 1 FOLLOWER]: Leader election vote request: Granting yes vote for candidate 49eba042f5fc42619df20dfd9175375f in term 1.
I20260710 13:26:16.436939 28077 consensus_queue.cc:237] T 95c6f53b8360443aa464253f6fd46fb2 P 7a910757b0994498bc71d0ea6459f4c3 [LEADER]: Queue going to LEADER mode. State: All replicated index: 0, Majority replicated index: 0, Committed index: 0, Last appended: 0.0, Last appended by leader: 0, Current term: 1, Majority size: 2, State: 0, Mode: LEADER, active raft config: opid_index: -1 OBSOLETE_local: false peers { permanent_uuid: "7a910757b0994498bc71d0ea6459f4c3" member_type: VOTER last_known_addr { host: "127.26.151.193" port: 41211 } } peers { permanent_uuid: "49eba042f5fc42619df20dfd9175375f" member_type: VOTER last_known_addr { host: "127.26.151.194" port: 44915 } } peers { permanent_uuid: "b0b0d6d30b424820969a6e11d537c342" member_type: VOTER last_known_addr { host: "127.26.151.195" port: 39803 } }
I20260710 13:26:16.438639 27923 raft_consensus.cc:2393] T 32764136b06243cb924c9cb2f17940f7 P 49eba042f5fc42619df20dfd9175375f [term 1 FOLLOWER]: Leader election vote request: Denying vote to candidate 7a910757b0994498bc71d0ea6459f4c3 in current term 1: Already voted for candidate 49eba042f5fc42619df20dfd9175375f in this term.
I20260710 13:26:16.439088 28057 leader_election.cc:290] T 32764136b06243cb924c9cb2f17940f7 P 49eba042f5fc42619df20dfd9175375f [CANDIDATE]: Term 1 election: Requested vote from peers 7a910757b0994498bc71d0ea6459f4c3 (127.26.151.193:41211), b0b0d6d30b424820969a6e11d537c342 (127.26.151.195:39803)
I20260710 13:26:16.440984 27887 leader_election.cc:304] T 668c16962c3b4c928186aa62985cbc6d P 49eba042f5fc42619df20dfd9175375f [CANDIDATE]: Term 1 election: Election decided. Result: candidate won. Election summary: received 2 responses out of 3 voters: 2 yes votes; 0 no votes. yes voters: 49eba042f5fc42619df20dfd9175375f, 7a910757b0994498bc71d0ea6459f4c3; no voters: 
I20260710 13:26:16.441363 27846 tablet_service.cc:1917] Received RequestConsensusVote() RPC: tablet_id: "32764136b06243cb924c9cb2f17940f7" candidate_uuid: "49eba042f5fc42619df20dfd9175375f" candidate_term: 1 candidate_status { last_received { term: 0 index: 0 } } ignore_live_leader: false dest_uuid: "7a910757b0994498bc71d0ea6459f4c3"
I20260710 13:26:16.441911 28057 raft_consensus.cc:2804] T 668c16962c3b4c928186aa62985cbc6d P 49eba042f5fc42619df20dfd9175375f [term 1 FOLLOWER]: Leader election won for term 1
I20260710 13:26:16.442405 28057 raft_consensus.cc:697] T 668c16962c3b4c928186aa62985cbc6d P 49eba042f5fc42619df20dfd9175375f [term 1 LEADER]: Becoming Leader. State: Replica: 49eba042f5fc42619df20dfd9175375f, State: Running, Role: LEADER
I20260710 13:26:16.443276 28057 consensus_queue.cc:237] T 668c16962c3b4c928186aa62985cbc6d P 49eba042f5fc42619df20dfd9175375f [LEADER]: Queue going to LEADER mode. State: All replicated index: 0, Majority replicated index: 0, Committed index: 0, Last appended: 0.0, Last appended by leader: 0, Current term: 1, Majority size: 2, State: 0, Mode: LEADER, active raft config: opid_index: -1 OBSOLETE_local: false peers { permanent_uuid: "7a910757b0994498bc71d0ea6459f4c3" member_type: VOTER last_known_addr { host: "127.26.151.193" port: 41211 } } peers { permanent_uuid: "49eba042f5fc42619df20dfd9175375f" member_type: VOTER last_known_addr { host: "127.26.151.194" port: 44915 } } peers { permanent_uuid: "b0b0d6d30b424820969a6e11d537c342" member_type: VOTER last_known_addr { host: "127.26.151.195" port: 39803 } }
I20260710 13:26:16.442368 27846 raft_consensus.cc:2393] T 32764136b06243cb924c9cb2f17940f7 P 7a910757b0994498bc71d0ea6459f4c3 [term 1 FOLLOWER]: Leader election vote request: Denying vote to candidate 49eba042f5fc42619df20dfd9175375f in current term 1: Already voted for candidate 7a910757b0994498bc71d0ea6459f4c3 in this term.
I20260710 13:26:16.444519 27744 catalog_manager.cc:5697] T d01527fae70543d28326fd0e27885796 P 49eba042f5fc42619df20dfd9175375f reported cstate change: term changed from 0 to 1, leader changed from <none> to 49eba042f5fc42619df20dfd9175375f (127.26.151.194). New cstate: current_term: 1 leader_uuid: "49eba042f5fc42619df20dfd9175375f" committed_config { opid_index: -1 OBSOLETE_local: false peers { permanent_uuid: "7a910757b0994498bc71d0ea6459f4c3" member_type: VOTER last_known_addr { host: "127.26.151.193" port: 41211 } health_report { overall_health: UNKNOWN } } peers { permanent_uuid: "49eba042f5fc42619df20dfd9175375f" member_type: VOTER last_known_addr { host: "127.26.151.194" port: 44915 } health_report { overall_health: HEALTHY } } peers { permanent_uuid: "b0b0d6d30b424820969a6e11d537c342" member_type: VOTER last_known_addr { host: "127.26.151.195" port: 39803 } health_report { overall_health: UNKNOWN } } }
I20260710 13:26:16.446810 27923 tablet_service.cc:1917] Received RequestConsensusVote() RPC: tablet_id: "aab32593efac42ca9d989f4ab6964b6c" candidate_uuid: "b0b0d6d30b424820969a6e11d537c342" candidate_term: 1 candidate_status { last_received { term: 0 index: 0 } } ignore_live_leader: false dest_uuid: "49eba042f5fc42619df20dfd9175375f"
I20260710 13:26:16.447424 27923 raft_consensus.cc:3060] T aab32593efac42ca9d989f4ab6964b6c P 49eba042f5fc42619df20dfd9175375f [term 0 FOLLOWER]: Advancing to term 1
I20260710 13:26:16.448302 27996 tablet_service.cc:1917] Received RequestConsensusVote() RPC: tablet_id: "668c16962c3b4c928186aa62985cbc6d" candidate_uuid: "49eba042f5fc42619df20dfd9175375f" candidate_term: 1 candidate_status { last_received { term: 0 index: 0 } } ignore_live_leader: false dest_uuid: "b0b0d6d30b424820969a6e11d537c342"
I20260710 13:26:16.447407 27961 leader_election.cc:304] T aab32593efac42ca9d989f4ab6964b6c P b0b0d6d30b424820969a6e11d537c342 [CANDIDATE]: Term 1 election: Election decided. Result: candidate won. Election summary: received 2 responses out of 3 voters: 2 yes votes; 0 no votes. yes voters: 7a910757b0994498bc71d0ea6459f4c3, b0b0d6d30b424820969a6e11d537c342; no voters: 
I20260710 13:26:16.448621 27997 tablet_service.cc:1917] Received RequestConsensusVote() RPC: tablet_id: "37ac1a12603243e1adab74d9831f1fa1" candidate_uuid: "49eba042f5fc42619df20dfd9175375f" candidate_term: 1 candidate_status { last_received { term: 0 index: 0 } } ignore_live_leader: false dest_uuid: "b0b0d6d30b424820969a6e11d537c342"
I20260710 13:26:16.448873 27996 raft_consensus.cc:3060] T 668c16962c3b4c928186aa62985cbc6d P b0b0d6d30b424820969a6e11d537c342 [term 0 FOLLOWER]: Advancing to term 1
I20260710 13:26:16.449237 28089 raft_consensus.cc:2804] T aab32593efac42ca9d989f4ab6964b6c P b0b0d6d30b424820969a6e11d537c342 [term 1 FOLLOWER]: Leader election won for term 1
I20260710 13:26:16.449704 28089 raft_consensus.cc:697] T aab32593efac42ca9d989f4ab6964b6c P b0b0d6d30b424820969a6e11d537c342 [term 1 LEADER]: Becoming Leader. State: Replica: b0b0d6d30b424820969a6e11d537c342, State: Running, Role: LEADER
I20260710 13:26:16.450618 28046 raft_consensus.cc:493] T f58ad3a4437041f58187ef59ee68e97c P 7a910757b0994498bc71d0ea6459f4c3 [term 0 FOLLOWER]: Starting pre-election (no leader contacted us within the election timeout)
I20260710 13:26:16.450986 27997 tablet_service.cc:1917] Received RequestConsensusVote() RPC: tablet_id: "32764136b06243cb924c9cb2f17940f7" candidate_uuid: "49eba042f5fc42619df20dfd9175375f" candidate_term: 1 candidate_status { last_received { term: 0 index: 0 } } ignore_live_leader: false dest_uuid: "b0b0d6d30b424820969a6e11d537c342"
I20260710 13:26:16.450542 28089 consensus_queue.cc:237] T aab32593efac42ca9d989f4ab6964b6c P b0b0d6d30b424820969a6e11d537c342 [LEADER]: Queue going to LEADER mode. State: All replicated index: 0, Majority replicated index: 0, Committed index: 0, Last appended: 0.0, Last appended by leader: 0, Current term: 1, Majority size: 2, State: 0, Mode: LEADER, active raft config: opid_index: -1 OBSOLETE_local: false peers { permanent_uuid: "7a910757b0994498bc71d0ea6459f4c3" member_type: VOTER last_known_addr { host: "127.26.151.193" port: 41211 } } peers { permanent_uuid: "49eba042f5fc42619df20dfd9175375f" member_type: VOTER last_known_addr { host: "127.26.151.194" port: 44915 } } peers { permanent_uuid: "b0b0d6d30b424820969a6e11d537c342" member_type: VOTER last_known_addr { host: "127.26.151.195" port: 39803 } }
I20260710 13:26:16.451130 28046 raft_consensus.cc:515] T f58ad3a4437041f58187ef59ee68e97c P 7a910757b0994498bc71d0ea6459f4c3 [term 0 FOLLOWER]: Starting pre-election with config: opid_index: -1 OBSOLETE_local: false peers { permanent_uuid: "7a910757b0994498bc71d0ea6459f4c3" member_type: VOTER last_known_addr { host: "127.26.151.193" port: 41211 } } peers { permanent_uuid: "49eba042f5fc42619df20dfd9175375f" member_type: VOTER last_known_addr { host: "127.26.151.194" port: 44915 } } peers { permanent_uuid: "b0b0d6d30b424820969a6e11d537c342" member_type: VOTER last_known_addr { host: "127.26.151.195" port: 39803 } }
I20260710 13:26:16.452363 27888 leader_election.cc:304] T 37ac1a12603243e1adab74d9831f1fa1 P 49eba042f5fc42619df20dfd9175375f [CANDIDATE]: Term 1 election: Election decided. Result: candidate lost. Election summary: received 3 responses out of 3 voters: 1 yes votes; 2 no votes. yes voters: 49eba042f5fc42619df20dfd9175375f; no voters: 7a910757b0994498bc71d0ea6459f4c3, b0b0d6d30b424820969a6e11d537c342
I20260710 13:26:16.449103 27745 catalog_manager.cc:5697] T 37ac1a12603243e1adab74d9831f1fa1 P b0b0d6d30b424820969a6e11d537c342 reported cstate change: term changed from 0 to 1, leader changed from <none> to b0b0d6d30b424820969a6e11d537c342 (127.26.151.195). New cstate: current_term: 1 leader_uuid: "b0b0d6d30b424820969a6e11d537c342" committed_config { opid_index: -1 OBSOLETE_local: false peers { permanent_uuid: "b0b0d6d30b424820969a6e11d537c342" member_type: VOTER last_known_addr { host: "127.26.151.195" port: 39803 } health_report { overall_health: HEALTHY } } peers { permanent_uuid: "49eba042f5fc42619df20dfd9175375f" member_type: VOTER last_known_addr { host: "127.26.151.194" port: 44915 } health_report { overall_health: UNKNOWN } } peers { permanent_uuid: "7a910757b0994498bc71d0ea6459f4c3" member_type: VOTER last_known_addr { host: "127.26.151.193" port: 41211 } health_report { overall_health: UNKNOWN } } }
I20260710 13:26:16.454267 28046 leader_election.cc:290] T f58ad3a4437041f58187ef59ee68e97c P 7a910757b0994498bc71d0ea6459f4c3 [CANDIDATE]: Term 1 pre-election: Requested pre-vote from peers 49eba042f5fc42619df20dfd9175375f (127.26.151.194:44915), b0b0d6d30b424820969a6e11d537c342 (127.26.151.195:39803)
I20260710 13:26:16.455622 28088 raft_consensus.cc:2749] T 6a63a63de487454b8df4f180bc1fb0e6 P b0b0d6d30b424820969a6e11d537c342 [term 1 FOLLOWER]: Leader pre-election lost for term 1. Reason: could not achieve majority
I20260710 13:26:16.457690 27888 leader_election.cc:304] T 32764136b06243cb924c9cb2f17940f7 P 49eba042f5fc42619df20dfd9175375f [CANDIDATE]: Term 1 election: Election decided. Result: candidate lost. Election summary: received 3 responses out of 3 voters: 1 yes votes; 2 no votes. yes voters: 49eba042f5fc42619df20dfd9175375f; no voters: 7a910757b0994498bc71d0ea6459f4c3, b0b0d6d30b424820969a6e11d537c342
I20260710 13:26:16.458783 28092 raft_consensus.cc:2749] T 37ac1a12603243e1adab74d9831f1fa1 P 49eba042f5fc42619df20dfd9175375f [term 1 FOLLOWER]: Leader election lost for term 1. Reason: could not achieve majority
I20260710 13:26:16.459719 28092 raft_consensus.cc:2749] T 32764136b06243cb924c9cb2f17940f7 P 49eba042f5fc42619df20dfd9175375f [term 1 FOLLOWER]: Leader election lost for term 1. Reason: could not achieve majority
I20260710 13:26:16.468636 28044 consensus_queue.cc:1048] T 2b6feb0d7a214c0d916b977092c1345a P 49eba042f5fc42619df20dfd9175375f [LEADER]: Connected to new peer: Peer: permanent_uuid: "b0b0d6d30b424820969a6e11d537c342" member_type: VOTER last_known_addr { host: "127.26.151.195" port: 39803 }, Status: LMP_MISMATCH, Last received: 0.0, Next index: 1, Last known committed idx: 0, Time since last communication: 0.000s
I20260710 13:26:16.469626 27994 raft_consensus.cc:2468] T 32764136b06243cb924c9cb2f17940f7 P b0b0d6d30b424820969a6e11d537c342 [term 1 FOLLOWER]: Leader election vote request: Granting yes vote for candidate 7a910757b0994498bc71d0ea6459f4c3 in term 1.
I20260710 13:26:16.478296 27996 raft_consensus.cc:2468] T 668c16962c3b4c928186aa62985cbc6d P b0b0d6d30b424820969a6e11d537c342 [term 1 FOLLOWER]: Leader election vote request: Granting yes vote for candidate 49eba042f5fc42619df20dfd9175375f in term 1.
I20260710 13:26:16.479693 27813 leader_election.cc:304] T 32764136b06243cb924c9cb2f17940f7 P 7a910757b0994498bc71d0ea6459f4c3 [CANDIDATE]: Term 1 election: Election decided. Result: candidate won. Election summary: received 3 responses out of 3 voters: 2 yes votes; 1 no votes. yes voters: 7a910757b0994498bc71d0ea6459f4c3, b0b0d6d30b424820969a6e11d537c342; no voters: 49eba042f5fc42619df20dfd9175375f
I20260710 13:26:16.480104 27922 tablet_service.cc:1917] Received RequestConsensusVote() RPC: tablet_id: "f58ad3a4437041f58187ef59ee68e97c" candidate_uuid: "7a910757b0994498bc71d0ea6459f4c3" candidate_term: 1 candidate_status { last_received { term: 0 index: 0 } } ignore_live_leader: false dest_uuid: "49eba042f5fc42619df20dfd9175375f" is_pre_election: true
I20260710 13:26:16.480916 28077 raft_consensus.cc:2804] T 32764136b06243cb924c9cb2f17940f7 P 7a910757b0994498bc71d0ea6459f4c3 [term 1 FOLLOWER]: Leader election won for term 1
I20260710 13:26:16.481446 28077 raft_consensus.cc:697] T 32764136b06243cb924c9cb2f17940f7 P 7a910757b0994498bc71d0ea6459f4c3 [term 1 LEADER]: Becoming Leader. State: Replica: 7a910757b0994498bc71d0ea6459f4c3, State: Running, Role: LEADER
I20260710 13:26:16.481446 27995 tablet_service.cc:1917] Received RequestConsensusVote() RPC: tablet_id: "f58ad3a4437041f58187ef59ee68e97c" candidate_uuid: "7a910757b0994498bc71d0ea6459f4c3" candidate_term: 1 candidate_status { last_received { term: 0 index: 0 } } ignore_live_leader: false dest_uuid: "b0b0d6d30b424820969a6e11d537c342" is_pre_election: true
I20260710 13:26:16.482630 27995 raft_consensus.cc:2393] T f58ad3a4437041f58187ef59ee68e97c P b0b0d6d30b424820969a6e11d537c342 [term 1 FOLLOWER]: Leader pre-election vote request: Denying vote to candidate 7a910757b0994498bc71d0ea6459f4c3 in current term 1: Already voted for candidate 49eba042f5fc42619df20dfd9175375f in this term.
I20260710 13:26:16.482349 28077 consensus_queue.cc:237] T 32764136b06243cb924c9cb2f17940f7 P 7a910757b0994498bc71d0ea6459f4c3 [LEADER]: Queue going to LEADER mode. State: All replicated index: 0, Majority replicated index: 0, Committed index: 0, Last appended: 0.0, Last appended by leader: 0, Current term: 1, Majority size: 2, State: 0, Mode: LEADER, active raft config: opid_index: -1 OBSOLETE_local: false peers { permanent_uuid: "7a910757b0994498bc71d0ea6459f4c3" member_type: VOTER last_known_addr { host: "127.26.151.193" port: 41211 } } peers { permanent_uuid: "49eba042f5fc42619df20dfd9175375f" member_type: VOTER last_known_addr { host: "127.26.151.194" port: 44915 } } peers { permanent_uuid: "b0b0d6d30b424820969a6e11d537c342" member_type: VOTER last_known_addr { host: "127.26.151.195" port: 39803 } }
I20260710 13:26:16.485694 28046 raft_consensus.cc:493] T 2b6feb0d7a214c0d916b977092c1345a P 7a910757b0994498bc71d0ea6459f4c3 [term 0 FOLLOWER]: Starting pre-election (no leader contacted us within the election timeout)
I20260710 13:26:16.462366 27923 raft_consensus.cc:2468] T aab32593efac42ca9d989f4ab6964b6c P 49eba042f5fc42619df20dfd9175375f [term 1 FOLLOWER]: Leader election vote request: Granting yes vote for candidate b0b0d6d30b424820969a6e11d537c342 in term 1.
I20260710 13:26:16.486440 28046 raft_consensus.cc:515] T 2b6feb0d7a214c0d916b977092c1345a P 7a910757b0994498bc71d0ea6459f4c3 [term 0 FOLLOWER]: Starting pre-election with config: opid_index: -1 OBSOLETE_local: false peers { permanent_uuid: "7a910757b0994498bc71d0ea6459f4c3" member_type: VOTER last_known_addr { host: "127.26.151.193" port: 41211 } } peers { permanent_uuid: "49eba042f5fc42619df20dfd9175375f" member_type: VOTER last_known_addr { host: "127.26.151.194" port: 44915 } } peers { permanent_uuid: "b0b0d6d30b424820969a6e11d537c342" member_type: VOTER last_known_addr { host: "127.26.151.195" port: 39803 } }
I20260710 13:26:16.489183 28046 leader_election.cc:290] T 2b6feb0d7a214c0d916b977092c1345a P 7a910757b0994498bc71d0ea6459f4c3 [CANDIDATE]: Term 1 pre-election: Requested pre-vote from peers 49eba042f5fc42619df20dfd9175375f (127.26.151.194:44915), b0b0d6d30b424820969a6e11d537c342 (127.26.151.195:39803)
I20260710 13:26:16.495020 27813 leader_election.cc:304] T f58ad3a4437041f58187ef59ee68e97c P 7a910757b0994498bc71d0ea6459f4c3 [CANDIDATE]: Term 1 pre-election: Election decided. Result: candidate lost. Election summary: received 3 responses out of 3 voters: 1 yes votes; 2 no votes. yes voters: 7a910757b0994498bc71d0ea6459f4c3; no voters: 49eba042f5fc42619df20dfd9175375f, b0b0d6d30b424820969a6e11d537c342
I20260710 13:26:16.495934 28046 raft_consensus.cc:3060] T f58ad3a4437041f58187ef59ee68e97c P 7a910757b0994498bc71d0ea6459f4c3 [term 0 FOLLOWER]: Advancing to term 1
I20260710 13:26:16.485232 27745 catalog_manager.cc:5697] T cc585735745a4f52ace66ec3d7e7d632 P 7a910757b0994498bc71d0ea6459f4c3 reported cstate change: term changed from 0 to 1, leader changed from <none> to 7a910757b0994498bc71d0ea6459f4c3 (127.26.151.193). New cstate: current_term: 1 leader_uuid: "7a910757b0994498bc71d0ea6459f4c3" committed_config { opid_index: -1 OBSOLETE_local: false peers { permanent_uuid: "7a910757b0994498bc71d0ea6459f4c3" member_type: VOTER last_known_addr { host: "127.26.151.193" port: 41211 } health_report { overall_health: HEALTHY } } peers { permanent_uuid: "49eba042f5fc42619df20dfd9175375f" member_type: VOTER last_known_addr { host: "127.26.151.194" port: 44915 } health_report { overall_health: UNKNOWN } } peers { permanent_uuid: "b0b0d6d30b424820969a6e11d537c342" member_type: VOTER last_known_addr { host: "127.26.151.195" port: 39803 } health_report { overall_health: UNKNOWN } } }
I20260710 13:26:16.507995 28046 raft_consensus.cc:2749] T f58ad3a4437041f58187ef59ee68e97c P 7a910757b0994498bc71d0ea6459f4c3 [term 1 FOLLOWER]: Leader pre-election lost for term 1. Reason: could not achieve majority
I20260710 13:26:16.508914 27996 tablet_service.cc:1917] Received RequestConsensusVote() RPC: tablet_id: "2b6feb0d7a214c0d916b977092c1345a" candidate_uuid: "7a910757b0994498bc71d0ea6459f4c3" candidate_term: 1 candidate_status { last_received { term: 0 index: 0 } } ignore_live_leader: false dest_uuid: "b0b0d6d30b424820969a6e11d537c342" is_pre_election: true
I20260710 13:26:16.511412 27923 tablet_service.cc:1917] Received RequestConsensusVote() RPC: tablet_id: "2b6feb0d7a214c0d916b977092c1345a" candidate_uuid: "7a910757b0994498bc71d0ea6459f4c3" candidate_term: 1 candidate_status { last_received { term: 0 index: 0 } } ignore_live_leader: false dest_uuid: "49eba042f5fc42619df20dfd9175375f" is_pre_election: true
I20260710 13:26:16.511821 27847 raft_consensus.cc:3060] T 2b6feb0d7a214c0d916b977092c1345a P 7a910757b0994498bc71d0ea6459f4c3 [term 0 FOLLOWER]: Advancing to term 1
I20260710 13:26:16.513319 27744 catalog_manager.cc:5697] T 668c16962c3b4c928186aa62985cbc6d P 49eba042f5fc42619df20dfd9175375f reported cstate change: term changed from 0 to 1, leader changed from <none> to 49eba042f5fc42619df20dfd9175375f (127.26.151.194). New cstate: current_term: 1 leader_uuid: "49eba042f5fc42619df20dfd9175375f" committed_config { opid_index: -1 OBSOLETE_local: false peers { permanent_uuid: "7a910757b0994498bc71d0ea6459f4c3" member_type: VOTER last_known_addr { host: "127.26.151.193" port: 41211 } health_report { overall_health: UNKNOWN } } peers { permanent_uuid: "49eba042f5fc42619df20dfd9175375f" member_type: VOTER last_known_addr { host: "127.26.151.194" port: 44915 } health_report { overall_health: HEALTHY } } peers { permanent_uuid: "b0b0d6d30b424820969a6e11d537c342" member_type: VOTER last_known_addr { host: "127.26.151.195" port: 39803 } health_report { overall_health: UNKNOWN } } }
I20260710 13:26:16.516233 27813 leader_election.cc:304] T 2b6feb0d7a214c0d916b977092c1345a P 7a910757b0994498bc71d0ea6459f4c3 [CANDIDATE]: Term 1 pre-election: Election decided. Result: candidate lost. Election summary: received 3 responses out of 3 voters: 1 yes votes; 2 no votes. yes voters: 7a910757b0994498bc71d0ea6459f4c3; no voters: 49eba042f5fc42619df20dfd9175375f, b0b0d6d30b424820969a6e11d537c342
I20260710 13:26:16.524024 28046 raft_consensus.cc:2749] T 2b6feb0d7a214c0d916b977092c1345a P 7a910757b0994498bc71d0ea6459f4c3 [term 1 FOLLOWER]: Leader pre-election lost for term 1. Reason: could not achieve majority
I20260710 13:26:16.524658 28092 consensus_queue.cc:1048] T 2b6feb0d7a214c0d916b977092c1345a P 49eba042f5fc42619df20dfd9175375f [LEADER]: Connected to new peer: Peer: permanent_uuid: "7a910757b0994498bc71d0ea6459f4c3" member_type: VOTER last_known_addr { host: "127.26.151.193" port: 41211 }, Status: LMP_MISMATCH, Last received: 0.0, Next index: 1, Last known committed idx: 0, Time since last communication: 0.000s
I20260710 13:26:16.525650 27743 catalog_manager.cc:5697] T aab32593efac42ca9d989f4ab6964b6c P b0b0d6d30b424820969a6e11d537c342 reported cstate change: term changed from 0 to 1, leader changed from <none> to b0b0d6d30b424820969a6e11d537c342 (127.26.151.195). New cstate: current_term: 1 leader_uuid: "b0b0d6d30b424820969a6e11d537c342" committed_config { opid_index: -1 OBSOLETE_local: false peers { permanent_uuid: "7a910757b0994498bc71d0ea6459f4c3" member_type: VOTER last_known_addr { host: "127.26.151.193" port: 41211 } health_report { overall_health: UNKNOWN } } peers { permanent_uuid: "49eba042f5fc42619df20dfd9175375f" member_type: VOTER last_known_addr { host: "127.26.151.194" port: 44915 } health_report { overall_health: UNKNOWN } } peers { permanent_uuid: "b0b0d6d30b424820969a6e11d537c342" member_type: VOTER last_known_addr { host: "127.26.151.195" port: 39803 } health_report { overall_health: HEALTHY } } }
I20260710 13:26:16.535971 27744 catalog_manager.cc:5697] T 32764136b06243cb924c9cb2f17940f7 P 7a910757b0994498bc71d0ea6459f4c3 reported cstate change: term changed from 0 to 1, leader changed from <none> to 7a910757b0994498bc71d0ea6459f4c3 (127.26.151.193). New cstate: current_term: 1 leader_uuid: "7a910757b0994498bc71d0ea6459f4c3" committed_config { opid_index: -1 OBSOLETE_local: false peers { permanent_uuid: "7a910757b0994498bc71d0ea6459f4c3" member_type: VOTER last_known_addr { host: "127.26.151.193" port: 41211 } health_report { overall_health: HEALTHY } } peers { permanent_uuid: "49eba042f5fc42619df20dfd9175375f" member_type: VOTER last_known_addr { host: "127.26.151.194" port: 44915 } health_report { overall_health: UNKNOWN } } peers { permanent_uuid: "b0b0d6d30b424820969a6e11d537c342" member_type: VOTER last_known_addr { host: "127.26.151.195" port: 39803 } health_report { overall_health: UNKNOWN } } }
I20260710 13:26:16.538875 27744 catalog_manager.cc:5697] T 95c6f53b8360443aa464253f6fd46fb2 P 7a910757b0994498bc71d0ea6459f4c3 reported cstate change: term changed from 0 to 1, leader changed from <none> to 7a910757b0994498bc71d0ea6459f4c3 (127.26.151.193). New cstate: current_term: 1 leader_uuid: "7a910757b0994498bc71d0ea6459f4c3" committed_config { opid_index: -1 OBSOLETE_local: false peers { permanent_uuid: "7a910757b0994498bc71d0ea6459f4c3" member_type: VOTER last_known_addr { host: "127.26.151.193" port: 41211 } health_report { overall_health: HEALTHY } } peers { permanent_uuid: "49eba042f5fc42619df20dfd9175375f" member_type: VOTER last_known_addr { host: "127.26.151.194" port: 44915 } health_report { overall_health: UNKNOWN } } peers { permanent_uuid: "b0b0d6d30b424820969a6e11d537c342" member_type: VOTER last_known_addr { host: "127.26.151.195" port: 39803 } health_report { overall_health: UNKNOWN } } }
I20260710 13:26:16.562932 28092 consensus_queue.cc:1048] T f58ad3a4437041f58187ef59ee68e97c P 49eba042f5fc42619df20dfd9175375f [LEADER]: Connected to new peer: Peer: permanent_uuid: "7a910757b0994498bc71d0ea6459f4c3" member_type: VOTER last_known_addr { host: "127.26.151.193" port: 41211 }, Status: LMP_MISMATCH, Last received: 0.0, Next index: 1, Last known committed idx: 0, Time since last communication: 0.000s
I20260710 13:26:16.574712 28092 consensus_queue.cc:1048] T f58ad3a4437041f58187ef59ee68e97c P 49eba042f5fc42619df20dfd9175375f [LEADER]: Connected to new peer: Peer: permanent_uuid: "b0b0d6d30b424820969a6e11d537c342" member_type: VOTER last_known_addr { host: "127.26.151.195" port: 39803 }, Status: LMP_MISMATCH, Last received: 0.0, Next index: 1, Last known committed idx: 0, Time since last communication: 0.001s
I20260710 13:26:16.617739 27997 tablet_service.cc:2072] Received LeaderStepDown RPC: tablet_id: "37ac1a12603243e1adab74d9831f1fa1"
dest_uuid: "b0b0d6d30b424820969a6e11d537c342"
mode: GRACEFUL
new_leader_uuid: "7a910757b0994498bc71d0ea6459f4c3"
 from {username='slave'} at 127.0.0.1:39388
I20260710 13:26:16.618238 27997 raft_consensus.cc:606] T 37ac1a12603243e1adab74d9831f1fa1 P b0b0d6d30b424820969a6e11d537c342 [term 1 LEADER]: Received request to transfer leadership to TS 7a910757b0994498bc71d0ea6459f4c3
I20260710 13:26:16.631314 27923 tablet_service.cc:2072] Received LeaderStepDown RPC: tablet_id: "2b6feb0d7a214c0d916b977092c1345a"
dest_uuid: "49eba042f5fc42619df20dfd9175375f"
mode: GRACEFUL
new_leader_uuid: "7a910757b0994498bc71d0ea6459f4c3"
 from {username='slave'} at 127.0.0.1:57130
I20260710 13:26:16.631821 27923 raft_consensus.cc:606] T 2b6feb0d7a214c0d916b977092c1345a P 49eba042f5fc42619df20dfd9175375f [term 1 LEADER]: Received request to transfer leadership to TS 7a910757b0994498bc71d0ea6459f4c3
I20260710 13:26:16.637217 27923 tablet_service.cc:2072] Received LeaderStepDown RPC: tablet_id: "f58ad3a4437041f58187ef59ee68e97c"
dest_uuid: "49eba042f5fc42619df20dfd9175375f"
mode: GRACEFUL
new_leader_uuid: "7a910757b0994498bc71d0ea6459f4c3"
 from {username='slave'} at 127.0.0.1:57130
I20260710 13:26:16.637746 27923 raft_consensus.cc:606] T f58ad3a4437041f58187ef59ee68e97c P 49eba042f5fc42619df20dfd9175375f [term 1 LEADER]: Received request to transfer leadership to TS 7a910757b0994498bc71d0ea6459f4c3
I20260710 13:26:16.646011 27923 tablet_service.cc:2072] Received LeaderStepDown RPC: tablet_id: "668c16962c3b4c928186aa62985cbc6d"
dest_uuid: "49eba042f5fc42619df20dfd9175375f"
mode: GRACEFUL
new_leader_uuid: "7a910757b0994498bc71d0ea6459f4c3"
 from {username='slave'} at 127.0.0.1:57130
I20260710 13:26:16.646508 27923 raft_consensus.cc:606] T 668c16962c3b4c928186aa62985cbc6d P 49eba042f5fc42619df20dfd9175375f [term 1 LEADER]: Received request to transfer leadership to TS 7a910757b0994498bc71d0ea6459f4c3
I20260710 13:26:16.658461 27847 tablet_service.cc:2072] Received LeaderStepDown RPC: tablet_id: "6a63a63de487454b8df4f180bc1fb0e6"
dest_uuid: "7a910757b0994498bc71d0ea6459f4c3"
mode: GRACEFUL
new_leader_uuid: "49eba042f5fc42619df20dfd9175375f"
 from {username='slave'} at 127.0.0.1:33502
I20260710 13:26:16.658995 27847 raft_consensus.cc:606] T 6a63a63de487454b8df4f180bc1fb0e6 P 7a910757b0994498bc71d0ea6459f4c3 [term 1 LEADER]: Received request to transfer leadership to TS 49eba042f5fc42619df20dfd9175375f
I20260710 13:26:16.663970 27847 tablet_service.cc:2072] Received LeaderStepDown RPC: tablet_id: "32764136b06243cb924c9cb2f17940f7"
dest_uuid: "7a910757b0994498bc71d0ea6459f4c3"
mode: GRACEFUL
new_leader_uuid: "49eba042f5fc42619df20dfd9175375f"
 from {username='slave'} at 127.0.0.1:33502
I20260710 13:26:16.664492 27847 raft_consensus.cc:606] T 32764136b06243cb924c9cb2f17940f7 P 7a910757b0994498bc71d0ea6459f4c3 [term 1 LEADER]: Received request to transfer leadership to TS 49eba042f5fc42619df20dfd9175375f
I20260710 13:26:16.668371 28046 consensus_queue.cc:1048] T 6a63a63de487454b8df4f180bc1fb0e6 P 7a910757b0994498bc71d0ea6459f4c3 [LEADER]: Connected to new peer: Peer: permanent_uuid: "49eba042f5fc42619df20dfd9175375f" member_type: VOTER last_known_addr { host: "127.26.151.194" port: 44915 }, Status: LMP_MISMATCH, Last received: 0.0, Next index: 1, Last known committed idx: 0, Time since last communication: 0.000s
I20260710 13:26:16.670358 27997 tablet_service.cc:2072] Received LeaderStepDown RPC: tablet_id: "aab32593efac42ca9d989f4ab6964b6c"
dest_uuid: "b0b0d6d30b424820969a6e11d537c342"
mode: GRACEFUL
new_leader_uuid: "49eba042f5fc42619df20dfd9175375f"
 from {username='slave'} at 127.0.0.1:39388
I20260710 13:26:16.670897 27997 raft_consensus.cc:606] T aab32593efac42ca9d989f4ab6964b6c P b0b0d6d30b424820969a6e11d537c342 [term 1 LEADER]: Received request to transfer leadership to TS 49eba042f5fc42619df20dfd9175375f
I20260710 13:26:16.675830 28077 raft_consensus.cc:993] T 6a63a63de487454b8df4f180bc1fb0e6 P 7a910757b0994498bc71d0ea6459f4c3: : Instructing follower 49eba042f5fc42619df20dfd9175375f to start an election
I20260710 13:26:16.676229 28077 raft_consensus.cc:1081] T 6a63a63de487454b8df4f180bc1fb0e6 P 7a910757b0994498bc71d0ea6459f4c3 [term 1 LEADER]: Signalling peer 49eba042f5fc42619df20dfd9175375f to start an election
I20260710 13:26:16.676971 27847 tablet_service.cc:2072] Received LeaderStepDown RPC: tablet_id: "95c6f53b8360443aa464253f6fd46fb2"
dest_uuid: "7a910757b0994498bc71d0ea6459f4c3"
mode: GRACEFUL
new_leader_uuid: "49eba042f5fc42619df20dfd9175375f"
 from {username='slave'} at 127.0.0.1:33502
I20260710 13:26:16.678251 27847 raft_consensus.cc:606] T 95c6f53b8360443aa464253f6fd46fb2 P 7a910757b0994498bc71d0ea6459f4c3 [term 1 LEADER]: Received request to transfer leadership to TS 49eba042f5fc42619df20dfd9175375f
I20260710 13:26:16.679046 27922 tablet_service.cc:2044] Received Run Leader Election RPC: tablet_id: "6a63a63de487454b8df4f180bc1fb0e6"
dest_uuid: "49eba042f5fc42619df20dfd9175375f"
 from {username='slave'} at 127.0.0.1:57106
I20260710 13:26:16.679608 27922 raft_consensus.cc:493] T 6a63a63de487454b8df4f180bc1fb0e6 P 49eba042f5fc42619df20dfd9175375f [term 1 FOLLOWER]: Starting forced leader election (received explicit request)
I20260710 13:26:16.679976 27922 raft_consensus.cc:3060] T 6a63a63de487454b8df4f180bc1fb0e6 P 49eba042f5fc42619df20dfd9175375f [term 1 FOLLOWER]: Advancing to term 2
I20260710 13:26:16.681905 28046 consensus_queue.cc:1048] T 6a63a63de487454b8df4f180bc1fb0e6 P 7a910757b0994498bc71d0ea6459f4c3 [LEADER]: Connected to new peer: Peer: permanent_uuid: "b0b0d6d30b424820969a6e11d537c342" member_type: VOTER last_known_addr { host: "127.26.151.195" port: 39803 }, Status: LMP_MISMATCH, Last received: 0.0, Next index: 1, Last known committed idx: 0, Time since last communication: 0.000s
I20260710 13:26:16.684948 27918 tablet_service.cc:2072] Received LeaderStepDown RPC: tablet_id: "d01527fae70543d28326fd0e27885796"
dest_uuid: "49eba042f5fc42619df20dfd9175375f"
mode: GRACEFUL
new_leader_uuid: "b0b0d6d30b424820969a6e11d537c342"
 from {username='slave'} at 127.0.0.1:57130
I20260710 13:26:16.685544 27918 raft_consensus.cc:606] T d01527fae70543d28326fd0e27885796 P 49eba042f5fc42619df20dfd9175375f [term 1 LEADER]: Received request to transfer leadership to TS b0b0d6d30b424820969a6e11d537c342
I20260710 13:26:16.687064 27922 raft_consensus.cc:515] T 6a63a63de487454b8df4f180bc1fb0e6 P 49eba042f5fc42619df20dfd9175375f [term 2 FOLLOWER]: Starting forced leader election with config: opid_index: -1 OBSOLETE_local: false peers { permanent_uuid: "7a910757b0994498bc71d0ea6459f4c3" member_type: VOTER last_known_addr { host: "127.26.151.193" port: 41211 } } peers { permanent_uuid: "49eba042f5fc42619df20dfd9175375f" member_type: VOTER last_known_addr { host: "127.26.151.194" port: 44915 } } peers { permanent_uuid: "b0b0d6d30b424820969a6e11d537c342" member_type: VOTER last_known_addr { host: "127.26.151.195" port: 39803 } }
I20260710 13:26:16.688154 27923 raft_consensus.cc:1240] T 6a63a63de487454b8df4f180bc1fb0e6 P 49eba042f5fc42619df20dfd9175375f [term 2 FOLLOWER]: Rejecting Update request from peer 7a910757b0994498bc71d0ea6459f4c3 for earlier term 1. Current term is 2. Ops: []
I20260710 13:26:16.692641 27922 leader_election.cc:290] T 6a63a63de487454b8df4f180bc1fb0e6 P 49eba042f5fc42619df20dfd9175375f [CANDIDATE]: Term 2 election: Requested vote from peers 7a910757b0994498bc71d0ea6459f4c3 (127.26.151.193:41211), b0b0d6d30b424820969a6e11d537c342 (127.26.151.195:39803)
I20260710 13:26:16.693363 28046 consensus_queue.cc:1059] T 6a63a63de487454b8df4f180bc1fb0e6 P 7a910757b0994498bc71d0ea6459f4c3 [LEADER]: Peer responded invalid term: Peer: permanent_uuid: "49eba042f5fc42619df20dfd9175375f" member_type: VOTER last_known_addr { host: "127.26.151.194" port: 44915 }, Status: INVALID_TERM, Last received: 1.1, Next index: 2, Last known committed idx: 0, Time since last communication: 0.001s
I20260710 13:26:16.694134 27997 tablet_service.cc:1917] Received RequestConsensusVote() RPC: tablet_id: "6a63a63de487454b8df4f180bc1fb0e6" candidate_uuid: "49eba042f5fc42619df20dfd9175375f" candidate_term: 2 candidate_status { last_received { term: 1 index: 1 } } ignore_live_leader: true dest_uuid: "b0b0d6d30b424820969a6e11d537c342"
I20260710 13:26:16.694753 27997 raft_consensus.cc:3060] T 6a63a63de487454b8df4f180bc1fb0e6 P b0b0d6d30b424820969a6e11d537c342 [term 1 FOLLOWER]: Advancing to term 2
I20260710 13:26:16.695281 28077 raft_consensus.cc:3055] T 6a63a63de487454b8df4f180bc1fb0e6 P 7a910757b0994498bc71d0ea6459f4c3 [term 1 LEADER]: Stepping down as leader of term 1
I20260710 13:26:16.695554 27847 tablet_service.cc:1917] Received RequestConsensusVote() RPC: tablet_id: "6a63a63de487454b8df4f180bc1fb0e6" candidate_uuid: "49eba042f5fc42619df20dfd9175375f" candidate_term: 2 candidate_status { last_received { term: 1 index: 1 } } ignore_live_leader: true dest_uuid: "7a910757b0994498bc71d0ea6459f4c3"
I20260710 13:26:16.695659 28077 raft_consensus.cc:740] T 6a63a63de487454b8df4f180bc1fb0e6 P 7a910757b0994498bc71d0ea6459f4c3 [term 1 LEADER]: Becoming Follower/Learner. State: Replica: 7a910757b0994498bc71d0ea6459f4c3, State: Running, Role: LEADER
I20260710 13:26:16.696691 28077 consensus_queue.cc:260] T 6a63a63de487454b8df4f180bc1fb0e6 P 7a910757b0994498bc71d0ea6459f4c3 [NON_LEADER]: Queue going to NON_LEADER mode. State: All replicated index: 0, Majority replicated index: 1, Committed index: 1, Last appended: 1.1, Last appended by leader: 1, Current term: 1, Majority size: -1, State: 0, Mode: NON_LEADER, active raft config: opid_index: -1 OBSOLETE_local: false peers { permanent_uuid: "7a910757b0994498bc71d0ea6459f4c3" member_type: VOTER last_known_addr { host: "127.26.151.193" port: 41211 } } peers { permanent_uuid: "49eba042f5fc42619df20dfd9175375f" member_type: VOTER last_known_addr { host: "127.26.151.194" port: 44915 } } peers { permanent_uuid: "b0b0d6d30b424820969a6e11d537c342" member_type: VOTER last_known_addr { host: "127.26.151.195" port: 39803 } }
I20260710 13:26:16.697873 28077 raft_consensus.cc:3060] T 6a63a63de487454b8df4f180bc1fb0e6 P 7a910757b0994498bc71d0ea6459f4c3 [term 1 FOLLOWER]: Advancing to term 2
I20260710 13:26:16.700395 27997 raft_consensus.cc:2468] T 6a63a63de487454b8df4f180bc1fb0e6 P b0b0d6d30b424820969a6e11d537c342 [term 2 FOLLOWER]: Leader election vote request: Granting yes vote for candidate 49eba042f5fc42619df20dfd9175375f in term 2.
I20260710 13:26:16.701741 27888 leader_election.cc:304] T 6a63a63de487454b8df4f180bc1fb0e6 P 49eba042f5fc42619df20dfd9175375f [CANDIDATE]: Term 2 election: Election decided. Result: candidate won. Election summary: received 2 responses out of 3 voters: 2 yes votes; 0 no votes. yes voters: 49eba042f5fc42619df20dfd9175375f, b0b0d6d30b424820969a6e11d537c342; no voters: 
I20260710 13:26:16.702646 28092 raft_consensus.cc:2804] T 6a63a63de487454b8df4f180bc1fb0e6 P 49eba042f5fc42619df20dfd9175375f [term 2 FOLLOWER]: Leader election won for term 2
I20260710 13:26:16.703184 28092 raft_consensus.cc:697] T 6a63a63de487454b8df4f180bc1fb0e6 P 49eba042f5fc42619df20dfd9175375f [term 2 LEADER]: Becoming Leader. State: Replica: 49eba042f5fc42619df20dfd9175375f, State: Running, Role: LEADER
I20260710 13:26:16.704007 28092 consensus_queue.cc:237] T 6a63a63de487454b8df4f180bc1fb0e6 P 49eba042f5fc42619df20dfd9175375f [LEADER]: Queue going to LEADER mode. State: All replicated index: 0, Majority replicated index: 0, Committed index: 0, Last appended: 1.1, Last appended by leader: 1, Current term: 2, Majority size: 2, State: 0, Mode: LEADER, active raft config: opid_index: -1 OBSOLETE_local: false peers { permanent_uuid: "7a910757b0994498bc71d0ea6459f4c3" member_type: VOTER last_known_addr { host: "127.26.151.193" port: 41211 } } peers { permanent_uuid: "49eba042f5fc42619df20dfd9175375f" member_type: VOTER last_known_addr { host: "127.26.151.194" port: 44915 } } peers { permanent_uuid: "b0b0d6d30b424820969a6e11d537c342" member_type: VOTER last_known_addr { host: "127.26.151.195" port: 39803 } }
I20260710 13:26:16.708487 27847 raft_consensus.cc:2468] T 6a63a63de487454b8df4f180bc1fb0e6 P 7a910757b0994498bc71d0ea6459f4c3 [term 2 FOLLOWER]: Leader election vote request: Granting yes vote for candidate 49eba042f5fc42619df20dfd9175375f in term 2.
I20260710 13:26:16.711629 27745 catalog_manager.cc:5697] T 6a63a63de487454b8df4f180bc1fb0e6 P 49eba042f5fc42619df20dfd9175375f reported cstate change: term changed from 1 to 2, leader changed from 7a910757b0994498bc71d0ea6459f4c3 (127.26.151.193) to 49eba042f5fc42619df20dfd9175375f (127.26.151.194). New cstate: current_term: 2 leader_uuid: "49eba042f5fc42619df20dfd9175375f" committed_config { opid_index: -1 OBSOLETE_local: false peers { permanent_uuid: "7a910757b0994498bc71d0ea6459f4c3" member_type: VOTER last_known_addr { host: "127.26.151.193" port: 41211 } health_report { overall_health: UNKNOWN } } peers { permanent_uuid: "49eba042f5fc42619df20dfd9175375f" member_type: VOTER last_known_addr { host: "127.26.151.194" port: 44915 } health_report { overall_health: HEALTHY } } peers { permanent_uuid: "b0b0d6d30b424820969a6e11d537c342" member_type: VOTER last_known_addr { host: "127.26.151.195" port: 39803 } health_report { overall_health: UNKNOWN } } }
