I20260710 13:26:17.902179   962 ts_tablet_manager.cc:1434] T d4905284acd34b108cdfdd9907660caf P ea0516f843e443cd9314df6dc784524a: Time spent starting tablet: real 0.007s	user 0.006s	sys 0.000s
I20260710 13:26:17.903234   962 tablet_bootstrap.cc:492] T 9ad65e6933d74ce3836262e45512e4cd P ea0516f843e443cd9314df6dc784524a: Bootstrap starting.
I20260710 13:26:17.904912   963 tablet_bootstrap.cc:654] T 9ad65e6933d74ce3836262e45512e4cd P 22cda32604014127b1e7938e0a2fd9db: Neither blocks nor log segments found. Creating new log.
I20260710 13:26:17.908016   848 tablet_service.cc:1917] Received RequestConsensusVote() RPC: tablet_id: "d4905284acd34b108cdfdd9907660caf" candidate_uuid: "22cda32604014127b1e7938e0a2fd9db" candidate_term: 1 candidate_status { last_received { term: 0 index: 0 } } ignore_live_leader: false dest_uuid: "ea0516f843e443cd9314df6dc784524a" is_pre_election: true
I20260710 13:26:17.908993   848 raft_consensus.cc:2468] T d4905284acd34b108cdfdd9907660caf P ea0516f843e443cd9314df6dc784524a [term 0 FOLLOWER]: Leader pre-election vote request: Granting yes vote for candidate 22cda32604014127b1e7938e0a2fd9db in term 0.
I20260710 13:26:17.910492   962 tablet_bootstrap.cc:654] T 9ad65e6933d74ce3836262e45512e4cd P ea0516f843e443cd9314df6dc784524a: Neither blocks nor log segments found. Creating new log.
I20260710 13:26:17.910704   888 leader_election.cc:304] T d4905284acd34b108cdfdd9907660caf P 22cda32604014127b1e7938e0a2fd9db [CANDIDATE]: Term 1 pre-election: Election decided. Result: candidate won. Election summary: received 3 responses out of 3 voters: 2 yes votes; 1 no votes. yes voters: 22cda32604014127b1e7938e0a2fd9db, ea0516f843e443cd9314df6dc784524a; no voters: ccaf460592344f44b550401a9e9bb81c
I20260710 13:26:17.912955   967 raft_consensus.cc:2804] T d4905284acd34b108cdfdd9907660caf P 22cda32604014127b1e7938e0a2fd9db [term 0 FOLLOWER]: Leader pre-election won for term 1
I20260710 13:26:17.913410   967 raft_consensus.cc:493] T d4905284acd34b108cdfdd9907660caf P 22cda32604014127b1e7938e0a2fd9db [term 0 FOLLOWER]: Starting leader election (no leader contacted us within the election timeout)
I20260710 13:26:17.913837   967 raft_consensus.cc:3060] T d4905284acd34b108cdfdd9907660caf P 22cda32604014127b1e7938e0a2fd9db [term 0 FOLLOWER]: Advancing to term 1
I20260710 13:26:17.920809   965 consensus_queue.cc:260] T d9149d9f6dce4120b3843efbd6cb6898 P ccaf460592344f44b550401a9e9bb81c [NON_LEADER]: Queue going to NON_LEADER mode. State: All replicated index: 0, Majority replicated index: 0, Committed index: 0, Last appended: 0.0, Last appended by leader: 0, Current term: 0, Majority size: -1, State: 0, Mode: NON_LEADER, active raft config: opid_index: -1 OBSOLETE_local: false peers { permanent_uuid: "ccaf460592344f44b550401a9e9bb81c" member_type: VOTER last_known_addr { host: "127.31.212.65" port: 34635 } } peers { permanent_uuid: "ea0516f843e443cd9314df6dc784524a" member_type: VOTER last_known_addr { host: "127.31.212.66" port: 33543 } } peers { permanent_uuid: "22cda32604014127b1e7938e0a2fd9db" member_type: VOTER last_known_addr { host: "127.31.212.67" port: 43989 } }
I20260710 13:26:17.924543   967 raft_consensus.cc:515] T d4905284acd34b108cdfdd9907660caf P 22cda32604014127b1e7938e0a2fd9db [term 1 FOLLOWER]: Starting leader election with config: opid_index: -1 OBSOLETE_local: false peers { permanent_uuid: "ccaf460592344f44b550401a9e9bb81c" member_type: VOTER last_known_addr { host: "127.31.212.65" port: 34635 } } peers { permanent_uuid: "ea0516f843e443cd9314df6dc784524a" member_type: VOTER last_known_addr { host: "127.31.212.66" port: 33543 } } peers { permanent_uuid: "22cda32604014127b1e7938e0a2fd9db" member_type: VOTER last_known_addr { host: "127.31.212.67" port: 43989 } }
I20260710 13:26:17.927464   798 heartbeater.cc:499] Master 127.31.212.126:38829 was elected leader, sending a full tablet report...
I20260710 13:26:17.931380   773 tablet_service.cc:1917] Received RequestConsensusVote() RPC: tablet_id: "d4905284acd34b108cdfdd9907660caf" candidate_uuid: "22cda32604014127b1e7938e0a2fd9db" candidate_term: 1 candidate_status { last_received { term: 0 index: 0 } } ignore_live_leader: false dest_uuid: "ccaf460592344f44b550401a9e9bb81c"
I20260710 13:26:17.928194   965 ts_tablet_manager.cc:1434] T d9149d9f6dce4120b3843efbd6cb6898 P ccaf460592344f44b550401a9e9bb81c: Time spent starting tablet: real 0.038s	user 0.008s	sys 0.000s
W20260710 13:26:17.934254   885 leader_election.cc:343] T d4905284acd34b108cdfdd9907660caf P 22cda32604014127b1e7938e0a2fd9db [CANDIDATE]: Term 1 election: Tablet error from VoteRequest() call to peer ccaf460592344f44b550401a9e9bb81c (127.31.212.65:34635): Illegal state: must be running to vote when last-logged opid is not known
I20260710 13:26:17.934580   965 tablet_bootstrap.cc:492] T 9ad65e6933d74ce3836262e45512e4cd P ccaf460592344f44b550401a9e9bb81c: Bootstrap starting.
I20260710 13:26:17.936442   848 tablet_service.cc:1917] Received RequestConsensusVote() RPC: tablet_id: "d4905284acd34b108cdfdd9907660caf" candidate_uuid: "22cda32604014127b1e7938e0a2fd9db" candidate_term: 1 candidate_status { last_received { term: 0 index: 0 } } ignore_live_leader: false dest_uuid: "ea0516f843e443cd9314df6dc784524a"
I20260710 13:26:17.937059   848 raft_consensus.cc:3060] T d4905284acd34b108cdfdd9907660caf P ea0516f843e443cd9314df6dc784524a [term 0 FOLLOWER]: Advancing to term 1
I20260710 13:26:17.945786   965 tablet_bootstrap.cc:654] T 9ad65e6933d74ce3836262e45512e4cd P ccaf460592344f44b550401a9e9bb81c: Neither blocks nor log segments found. Creating new log.
I20260710 13:26:17.946349   848 raft_consensus.cc:2468] T d4905284acd34b108cdfdd9907660caf P ea0516f843e443cd9314df6dc784524a [term 1 FOLLOWER]: Leader election vote request: Granting yes vote for candidate 22cda32604014127b1e7938e0a2fd9db in term 1.
I20260710 13:26:17.947984   888 leader_election.cc:304] T d4905284acd34b108cdfdd9907660caf P 22cda32604014127b1e7938e0a2fd9db [CANDIDATE]: Term 1 election: Election decided. Result: candidate won. Election summary: received 3 responses out of 3 voters: 2 yes votes; 1 no votes. yes voters: 22cda32604014127b1e7938e0a2fd9db, ea0516f843e443cd9314df6dc784524a; no voters: ccaf460592344f44b550401a9e9bb81c
I20260710 13:26:17.961016   967 leader_election.cc:290] T d4905284acd34b108cdfdd9907660caf P 22cda32604014127b1e7938e0a2fd9db [CANDIDATE]: Term 1 election: Requested vote from peers ccaf460592344f44b550401a9e9bb81c (127.31.212.65:34635), ea0516f843e443cd9314df6dc784524a (127.31.212.66:33543)
I20260710 13:26:17.962038   967 raft_consensus.cc:2804] T d4905284acd34b108cdfdd9907660caf P 22cda32604014127b1e7938e0a2fd9db [term 1 FOLLOWER]: Leader election won for term 1
I20260710 13:26:17.962597   967 raft_consensus.cc:697] T d4905284acd34b108cdfdd9907660caf P 22cda32604014127b1e7938e0a2fd9db [term 1 LEADER]: Becoming Leader. State: Replica: 22cda32604014127b1e7938e0a2fd9db, State: Running, Role: LEADER
I20260710 13:26:17.967165   967 consensus_queue.cc:237] T d4905284acd34b108cdfdd9907660caf P 22cda32604014127b1e7938e0a2fd9db [LEADER]: Queue going to LEADER mode. State: All replicated index: 0, Majority replicated index: 0, Committed index: 0, Last appended: 0.0, Last appended by leader: 0, Current term: 1, Majority size: 2, State: 0, Mode: LEADER, active raft config: opid_index: -1 OBSOLETE_local: false peers { permanent_uuid: "ccaf460592344f44b550401a9e9bb81c" member_type: VOTER last_known_addr { host: "127.31.212.65" port: 34635 } } peers { permanent_uuid: "ea0516f843e443cd9314df6dc784524a" member_type: VOTER last_known_addr { host: "127.31.212.66" port: 33543 } } peers { permanent_uuid: "22cda32604014127b1e7938e0a2fd9db" member_type: VOTER last_known_addr { host: "127.31.212.67" port: 43989 } }
I20260710 13:26:17.968122   963 tablet_bootstrap.cc:492] T 9ad65e6933d74ce3836262e45512e4cd P 22cda32604014127b1e7938e0a2fd9db: No bootstrap required, opened a new log
I20260710 13:26:17.968284   962 tablet_bootstrap.cc:492] T 9ad65e6933d74ce3836262e45512e4cd P ea0516f843e443cd9314df6dc784524a: No bootstrap required, opened a new log
I20260710 13:26:17.969245   963 ts_tablet_manager.cc:1403] T 9ad65e6933d74ce3836262e45512e4cd P 22cda32604014127b1e7938e0a2fd9db: Time spent bootstrapping tablet: real 0.075s	user 0.017s	sys 0.050s
I20260710 13:26:17.969482   962 ts_tablet_manager.cc:1403] T 9ad65e6933d74ce3836262e45512e4cd P ea0516f843e443cd9314df6dc784524a: Time spent bootstrapping tablet: real 0.066s	user 0.024s	sys 0.040s
I20260710 13:26:17.972548   963 raft_consensus.cc:359] T 9ad65e6933d74ce3836262e45512e4cd P 22cda32604014127b1e7938e0a2fd9db [term 0 FOLLOWER]: Replica starting. Triggering 0 pending ops. Active config: opid_index: -1 OBSOLETE_local: false peers { permanent_uuid: "ccaf460592344f44b550401a9e9bb81c" member_type: VOTER last_known_addr { host: "127.31.212.65" port: 34635 } } peers { permanent_uuid: "ea0516f843e443cd9314df6dc784524a" member_type: VOTER last_known_addr { host: "127.31.212.66" port: 33543 } } peers { permanent_uuid: "22cda32604014127b1e7938e0a2fd9db" member_type: VOTER last_known_addr { host: "127.31.212.67" port: 43989 } }
I20260710 13:26:17.973493   963 raft_consensus.cc:385] T 9ad65e6933d74ce3836262e45512e4cd P 22cda32604014127b1e7938e0a2fd9db [term 0 FOLLOWER]: Consensus starting up: Expiring failure detector timer to make a prompt election more likely
I20260710 13:26:17.973954   963 raft_consensus.cc:740] T 9ad65e6933d74ce3836262e45512e4cd P 22cda32604014127b1e7938e0a2fd9db [term 0 FOLLOWER]: Becoming Follower/Learner. State: Replica: 22cda32604014127b1e7938e0a2fd9db, State: Initialized, Role: FOLLOWER
I20260710 13:26:17.973603   962 raft_consensus.cc:359] T 9ad65e6933d74ce3836262e45512e4cd P ea0516f843e443cd9314df6dc784524a [term 0 FOLLOWER]: Replica starting. Triggering 0 pending ops. Active config: opid_index: -1 OBSOLETE_local: false peers { permanent_uuid: "ccaf460592344f44b550401a9e9bb81c" member_type: VOTER last_known_addr { host: "127.31.212.65" port: 34635 } } peers { permanent_uuid: "ea0516f843e443cd9314df6dc784524a" member_type: VOTER last_known_addr { host: "127.31.212.66" port: 33543 } } peers { permanent_uuid: "22cda32604014127b1e7938e0a2fd9db" member_type: VOTER last_known_addr { host: "127.31.212.67" port: 43989 } }
I20260710 13:26:17.974599   962 raft_consensus.cc:385] T 9ad65e6933d74ce3836262e45512e4cd P ea0516f843e443cd9314df6dc784524a [term 0 FOLLOWER]: Consensus starting up: Expiring failure detector timer to make a prompt election more likely
I20260710 13:26:17.975003   962 raft_consensus.cc:740] T 9ad65e6933d74ce3836262e45512e4cd P ea0516f843e443cd9314df6dc784524a [term 0 FOLLOWER]: Becoming Follower/Learner. State: Replica: ea0516f843e443cd9314df6dc784524a, State: Initialized, Role: FOLLOWER
I20260710 13:26:17.975188   963 consensus_queue.cc:260] T 9ad65e6933d74ce3836262e45512e4cd P 22cda32604014127b1e7938e0a2fd9db [NON_LEADER]: Queue going to NON_LEADER mode. State: All replicated index: 0, Majority replicated index: 0, Committed index: 0, Last appended: 0.0, Last appended by leader: 0, Current term: 0, Majority size: -1, State: 0, Mode: NON_LEADER, active raft config: opid_index: -1 OBSOLETE_local: false peers { permanent_uuid: "ccaf460592344f44b550401a9e9bb81c" member_type: VOTER last_known_addr { host: "127.31.212.65" port: 34635 } } peers { permanent_uuid: "ea0516f843e443cd9314df6dc784524a" member_type: VOTER last_known_addr { host: "127.31.212.66" port: 33543 } } peers { permanent_uuid: "22cda32604014127b1e7938e0a2fd9db" member_type: VOTER last_known_addr { host: "127.31.212.67" port: 43989 } }
I20260710 13:26:17.975998   962 consensus_queue.cc:260] T 9ad65e6933d74ce3836262e45512e4cd P ea0516f843e443cd9314df6dc784524a [NON_LEADER]: Queue going to NON_LEADER mode. State: All replicated index: 0, Majority replicated index: 0, Committed index: 0, Last appended: 0.0, Last appended by leader: 0, Current term: 0, Majority size: -1, State: 0, Mode: NON_LEADER, active raft config: opid_index: -1 OBSOLETE_local: false peers { permanent_uuid: "ccaf460592344f44b550401a9e9bb81c" member_type: VOTER last_known_addr { host: "127.31.212.65" port: 34635 } } peers { permanent_uuid: "ea0516f843e443cd9314df6dc784524a" member_type: VOTER last_known_addr { host: "127.31.212.66" port: 33543 } } peers { permanent_uuid: "22cda32604014127b1e7938e0a2fd9db" member_type: VOTER last_known_addr { host: "127.31.212.67" port: 43989 } }
I20260710 13:26:17.978083   963 ts_tablet_manager.cc:1434] T 9ad65e6933d74ce3836262e45512e4cd P 22cda32604014127b1e7938e0a2fd9db: Time spent starting tablet: real 0.008s	user 0.006s	sys 0.001s
I20260710 13:26:17.978580   962 ts_tablet_manager.cc:1434] T 9ad65e6933d74ce3836262e45512e4cd P ea0516f843e443cd9314df6dc784524a: Time spent starting tablet: real 0.008s	user 0.007s	sys 0.000s
I20260710 13:26:17.979681   962 tablet_bootstrap.cc:492] T d9149d9f6dce4120b3843efbd6cb6898 P ea0516f843e443cd9314df6dc784524a: Bootstrap starting.
I20260710 13:26:17.979720   963 tablet_bootstrap.cc:492] T d07bf034baa847f98d70ecfbfa3d3fd9 P 22cda32604014127b1e7938e0a2fd9db: Bootstrap starting.
I20260710 13:26:17.986713   963 tablet_bootstrap.cc:654] T d07bf034baa847f98d70ecfbfa3d3fd9 P 22cda32604014127b1e7938e0a2fd9db: Neither blocks nor log segments found. Creating new log.
I20260710 13:26:17.988742   962 tablet_bootstrap.cc:654] T d9149d9f6dce4120b3843efbd6cb6898 P ea0516f843e443cd9314df6dc784524a: Neither blocks nor log segments found. Creating new log.
I20260710 13:26:17.994791   976 raft_consensus.cc:493] T 0fb4297f4e33439d9c6d6ce7f777224a P 22cda32604014127b1e7938e0a2fd9db [term 0 FOLLOWER]: Starting pre-election (no leader contacted us within the election timeout)
I20260710 13:26:17.995237   976 raft_consensus.cc:515] T 0fb4297f4e33439d9c6d6ce7f777224a P 22cda32604014127b1e7938e0a2fd9db [term 0 FOLLOWER]: Starting pre-election with config: opid_index: -1 OBSOLETE_local: false peers { permanent_uuid: "ea0516f843e443cd9314df6dc784524a" member_type: VOTER last_known_addr { host: "127.31.212.66" port: 33543 } } peers { permanent_uuid: "ccaf460592344f44b550401a9e9bb81c" member_type: VOTER last_known_addr { host: "127.31.212.65" port: 34635 } } peers { permanent_uuid: "22cda32604014127b1e7938e0a2fd9db" member_type: VOTER last_known_addr { host: "127.31.212.67" port: 43989 } }
I20260710 13:26:17.996757   965 tablet_bootstrap.cc:492] T 9ad65e6933d74ce3836262e45512e4cd P ccaf460592344f44b550401a9e9bb81c: No bootstrap required, opened a new log
I20260710 13:26:17.997211   976 leader_election.cc:290] T 0fb4297f4e33439d9c6d6ce7f777224a P 22cda32604014127b1e7938e0a2fd9db [CANDIDATE]: Term 1 pre-election: Requested pre-vote from peers ea0516f843e443cd9314df6dc784524a (127.31.212.66:33543), ccaf460592344f44b550401a9e9bb81c (127.31.212.65:34635)
I20260710 13:26:17.997330   965 ts_tablet_manager.cc:1403] T 9ad65e6933d74ce3836262e45512e4cd P ccaf460592344f44b550401a9e9bb81c: Time spent bootstrapping tablet: real 0.064s	user 0.018s	sys 0.019s
I20260710 13:26:17.998127   963 tablet_bootstrap.cc:492] T d07bf034baa847f98d70ecfbfa3d3fd9 P 22cda32604014127b1e7938e0a2fd9db: No bootstrap required, opened a new log
I20260710 13:26:17.998575   963 ts_tablet_manager.cc:1403] T d07bf034baa847f98d70ecfbfa3d3fd9 P 22cda32604014127b1e7938e0a2fd9db: Time spent bootstrapping tablet: real 0.019s	user 0.014s	sys 0.000s
I20260710 13:26:18.000473   965 raft_consensus.cc:359] T 9ad65e6933d74ce3836262e45512e4cd P ccaf460592344f44b550401a9e9bb81c [term 0 FOLLOWER]: Replica starting. Triggering 0 pending ops. Active config: opid_index: -1 OBSOLETE_local: false peers { permanent_uuid: "ccaf460592344f44b550401a9e9bb81c" member_type: VOTER last_known_addr { host: "127.31.212.65" port: 34635 } } peers { permanent_uuid: "ea0516f843e443cd9314df6dc784524a" member_type: VOTER last_known_addr { host: "127.31.212.66" port: 33543 } } peers { permanent_uuid: "22cda32604014127b1e7938e0a2fd9db" member_type: VOTER last_known_addr { host: "127.31.212.67" port: 43989 } }
I20260710 13:26:18.001240   965 raft_consensus.cc:385] T 9ad65e6933d74ce3836262e45512e4cd P ccaf460592344f44b550401a9e9bb81c [term 0 FOLLOWER]: Consensus starting up: Expiring failure detector timer to make a prompt election more likely
I20260710 13:26:18.001693   965 raft_consensus.cc:740] T 9ad65e6933d74ce3836262e45512e4cd P ccaf460592344f44b550401a9e9bb81c [term 0 FOLLOWER]: Becoming Follower/Learner. State: Replica: ccaf460592344f44b550401a9e9bb81c, State: Initialized, Role: FOLLOWER
I20260710 13:26:18.001857   963 raft_consensus.cc:359] T d07bf034baa847f98d70ecfbfa3d3fd9 P 22cda32604014127b1e7938e0a2fd9db [term 0 FOLLOWER]: Replica starting. Triggering 0 pending ops. Active config: opid_index: -1 OBSOLETE_local: false peers { permanent_uuid: "ccaf460592344f44b550401a9e9bb81c" member_type: VOTER last_known_addr { host: "127.31.212.65" port: 34635 } } peers { permanent_uuid: "ea0516f843e443cd9314df6dc784524a" member_type: VOTER last_known_addr { host: "127.31.212.66" port: 33543 } } peers { permanent_uuid: "22cda32604014127b1e7938e0a2fd9db" member_type: VOTER last_known_addr { host: "127.31.212.67" port: 43989 } }
I20260710 13:26:18.002163   773 tablet_service.cc:1917] Received RequestConsensusVote() RPC: tablet_id: "0fb4297f4e33439d9c6d6ce7f777224a" candidate_uuid: "22cda32604014127b1e7938e0a2fd9db" candidate_term: 1 candidate_status { last_received { term: 0 index: 0 } } ignore_live_leader: false dest_uuid: "ccaf460592344f44b550401a9e9bb81c" is_pre_election: true
I20260710 13:26:18.002693   963 raft_consensus.cc:385] T d07bf034baa847f98d70ecfbfa3d3fd9 P 22cda32604014127b1e7938e0a2fd9db [term 0 FOLLOWER]: Consensus starting up: Expiring failure detector timer to make a prompt election more likely
I20260710 13:26:18.002532   965 consensus_queue.cc:260] T 9ad65e6933d74ce3836262e45512e4cd P ccaf460592344f44b550401a9e9bb81c [NON_LEADER]: Queue going to NON_LEADER mode. State: All replicated index: 0, Majority replicated index: 0, Committed index: 0, Last appended: 0.0, Last appended by leader: 0, Current term: 0, Majority size: -1, State: 0, Mode: NON_LEADER, active raft config: opid_index: -1 OBSOLETE_local: false peers { permanent_uuid: "ccaf460592344f44b550401a9e9bb81c" member_type: VOTER last_known_addr { host: "127.31.212.65" port: 34635 } } peers { permanent_uuid: "ea0516f843e443cd9314df6dc784524a" member_type: VOTER last_known_addr { host: "127.31.212.66" port: 33543 } } peers { permanent_uuid: "22cda32604014127b1e7938e0a2fd9db" member_type: VOTER last_known_addr { host: "127.31.212.67" port: 43989 } }
I20260710 13:26:18.003443   963 raft_consensus.cc:740] T d07bf034baa847f98d70ecfbfa3d3fd9 P 22cda32604014127b1e7938e0a2fd9db [term 0 FOLLOWER]: Becoming Follower/Learner. State: Replica: 22cda32604014127b1e7938e0a2fd9db, State: Initialized, Role: FOLLOWER
I20260710 13:26:18.003152   669 catalog_manager.cc:5697] T d4905284acd34b108cdfdd9907660caf P 22cda32604014127b1e7938e0a2fd9db reported cstate change: term changed from 0 to 1, leader changed from <none> to 22cda32604014127b1e7938e0a2fd9db (127.31.212.67). New cstate: current_term: 1 leader_uuid: "22cda32604014127b1e7938e0a2fd9db" committed_config { opid_index: -1 OBSOLETE_local: false peers { permanent_uuid: "ccaf460592344f44b550401a9e9bb81c" member_type: VOTER last_known_addr { host: "127.31.212.65" port: 34635 } health_report { overall_health: UNKNOWN } } peers { permanent_uuid: "ea0516f843e443cd9314df6dc784524a" member_type: VOTER last_known_addr { host: "127.31.212.66" port: 33543 } health_report { overall_health: UNKNOWN } } peers { permanent_uuid: "22cda32604014127b1e7938e0a2fd9db" member_type: VOTER last_known_addr { host: "127.31.212.67" port: 43989 } health_report { overall_health: HEALTHY } } }
I20260710 13:26:18.004423   963 consensus_queue.cc:260] T d07bf034baa847f98d70ecfbfa3d3fd9 P 22cda32604014127b1e7938e0a2fd9db [NON_LEADER]: Queue going to NON_LEADER mode. State: All replicated index: 0, Majority replicated index: 0, Committed index: 0, Last appended: 0.0, Last appended by leader: 0, Current term: 0, Majority size: -1, State: 0, Mode: NON_LEADER, active raft config: opid_index: -1 OBSOLETE_local: false peers { permanent_uuid: "ccaf460592344f44b550401a9e9bb81c" member_type: VOTER last_known_addr { host: "127.31.212.65" port: 34635 } } peers { permanent_uuid: "ea0516f843e443cd9314df6dc784524a" member_type: VOTER last_known_addr { host: "127.31.212.66" port: 33543 } } peers { permanent_uuid: "22cda32604014127b1e7938e0a2fd9db" member_type: VOTER last_known_addr { host: "127.31.212.67" port: 43989 } }
I20260710 13:26:18.005013   965 ts_tablet_manager.cc:1434] T 9ad65e6933d74ce3836262e45512e4cd P ccaf460592344f44b550401a9e9bb81c: Time spent starting tablet: real 0.007s	user 0.008s	sys 0.000s
I20260710 13:26:18.006153   965 tablet_bootstrap.cc:492] T d07bf034baa847f98d70ecfbfa3d3fd9 P ccaf460592344f44b550401a9e9bb81c: Bootstrap starting.
I20260710 13:26:18.006966   963 ts_tablet_manager.cc:1434] T d07bf034baa847f98d70ecfbfa3d3fd9 P 22cda32604014127b1e7938e0a2fd9db: Time spent starting tablet: real 0.008s	user 0.005s	sys 0.004s
W20260710 13:26:18.006881   885 leader_election.cc:343] T 0fb4297f4e33439d9c6d6ce7f777224a P 22cda32604014127b1e7938e0a2fd9db [CANDIDATE]: Term 1 pre-election: Tablet error from VoteRequest() call to peer ccaf460592344f44b550401a9e9bb81c (127.31.212.65:34635): Illegal state: must be running to vote when last-logged opid is not known
I20260710 13:26:18.001266   848 tablet_service.cc:1917] Received RequestConsensusVote() RPC: tablet_id: "0fb4297f4e33439d9c6d6ce7f777224a" candidate_uuid: "22cda32604014127b1e7938e0a2fd9db" candidate_term: 1 candidate_status { last_received { term: 0 index: 0 } } ignore_live_leader: false dest_uuid: "ea0516f843e443cd9314df6dc784524a" is_pre_election: true
I20260710 13:26:18.008297   963 tablet_bootstrap.cc:492] T d9149d9f6dce4120b3843efbd6cb6898 P 22cda32604014127b1e7938e0a2fd9db: Bootstrap starting.
I20260710 13:26:18.008381   848 raft_consensus.cc:2468] T 0fb4297f4e33439d9c6d6ce7f777224a P ea0516f843e443cd9314df6dc784524a [term 0 FOLLOWER]: Leader pre-election vote request: Granting yes vote for candidate 22cda32604014127b1e7938e0a2fd9db in term 0.
I20260710 13:26:18.010067   888 leader_election.cc:304] T 0fb4297f4e33439d9c6d6ce7f777224a P 22cda32604014127b1e7938e0a2fd9db [CANDIDATE]: Term 1 pre-election: Election decided. Result: candidate won. Election summary: received 3 responses out of 3 voters: 2 yes votes; 1 no votes. yes voters: 22cda32604014127b1e7938e0a2fd9db, ea0516f843e443cd9314df6dc784524a; no voters: ccaf460592344f44b550401a9e9bb81c
I20260710 13:26:18.011225   976 raft_consensus.cc:2804] T 0fb4297f4e33439d9c6d6ce7f777224a P 22cda32604014127b1e7938e0a2fd9db [term 0 FOLLOWER]: Leader pre-election won for term 1
I20260710 13:26:18.011612   976 raft_consensus.cc:493] T 0fb4297f4e33439d9c6d6ce7f777224a P 22cda32604014127b1e7938e0a2fd9db [term 0 FOLLOWER]: Starting leader election (no leader contacted us within the election timeout)
I20260710 13:26:18.012001   976 raft_consensus.cc:3060] T 0fb4297f4e33439d9c6d6ce7f777224a P 22cda32604014127b1e7938e0a2fd9db [term 0 FOLLOWER]: Advancing to term 1
I20260710 13:26:18.015758   963 tablet_bootstrap.cc:654] T d9149d9f6dce4120b3843efbd6cb6898 P 22cda32604014127b1e7938e0a2fd9db: Neither blocks nor log segments found. Creating new log.
I20260710 13:26:18.016250   962 tablet_bootstrap.cc:492] T d9149d9f6dce4120b3843efbd6cb6898 P ea0516f843e443cd9314df6dc784524a: No bootstrap required, opened a new log
I20260710 13:26:18.016811   962 ts_tablet_manager.cc:1403] T d9149d9f6dce4120b3843efbd6cb6898 P ea0516f843e443cd9314df6dc784524a: Time spent bootstrapping tablet: real 0.037s	user 0.005s	sys 0.009s
I20260710 13:26:18.019747   976 raft_consensus.cc:515] T 0fb4297f4e33439d9c6d6ce7f777224a P 22cda32604014127b1e7938e0a2fd9db [term 1 FOLLOWER]: Starting leader election with config: opid_index: -1 OBSOLETE_local: false peers { permanent_uuid: "ea0516f843e443cd9314df6dc784524a" member_type: VOTER last_known_addr { host: "127.31.212.66" port: 33543 } } peers { permanent_uuid: "ccaf460592344f44b550401a9e9bb81c" member_type: VOTER last_known_addr { host: "127.31.212.65" port: 34635 } } peers { permanent_uuid: "22cda32604014127b1e7938e0a2fd9db" member_type: VOTER last_known_addr { host: "127.31.212.67" port: 43989 } }
I20260710 13:26:18.022672   848 tablet_service.cc:1917] Received RequestConsensusVote() RPC: tablet_id: "0fb4297f4e33439d9c6d6ce7f777224a" candidate_uuid: "22cda32604014127b1e7938e0a2fd9db" candidate_term: 1 candidate_status { last_received { term: 0 index: 0 } } ignore_live_leader: false dest_uuid: "ea0516f843e443cd9314df6dc784524a"
I20260710 13:26:18.023418   848 raft_consensus.cc:3060] T 0fb4297f4e33439d9c6d6ce7f777224a P ea0516f843e443cd9314df6dc784524a [term 0 FOLLOWER]: Advancing to term 1
I20260710 13:26:18.019903   962 raft_consensus.cc:359] T d9149d9f6dce4120b3843efbd6cb6898 P ea0516f843e443cd9314df6dc784524a [term 0 FOLLOWER]: Replica starting. Triggering 0 pending ops. Active config: opid_index: -1 OBSOLETE_local: false peers { permanent_uuid: "ccaf460592344f44b550401a9e9bb81c" member_type: VOTER last_known_addr { host: "127.31.212.65" port: 34635 } } peers { permanent_uuid: "ea0516f843e443cd9314df6dc784524a" member_type: VOTER last_known_addr { host: "127.31.212.66" port: 33543 } } peers { permanent_uuid: "22cda32604014127b1e7938e0a2fd9db" member_type: VOTER last_known_addr { host: "127.31.212.67" port: 43989 } }
I20260710 13:26:18.025882   962 raft_consensus.cc:385] T d9149d9f6dce4120b3843efbd6cb6898 P ea0516f843e443cd9314df6dc784524a [term 0 FOLLOWER]: Consensus starting up: Expiring failure detector timer to make a prompt election more likely
I20260710 13:26:18.026226   962 raft_consensus.cc:740] T d9149d9f6dce4120b3843efbd6cb6898 P ea0516f843e443cd9314df6dc784524a [term 0 FOLLOWER]: Becoming Follower/Learner. State: Replica: ea0516f843e443cd9314df6dc784524a, State: Initialized, Role: FOLLOWER
I20260710 13:26:18.027163   962 consensus_queue.cc:260] T d9149d9f6dce4120b3843efbd6cb6898 P ea0516f843e443cd9314df6dc784524a [NON_LEADER]: Queue going to NON_LEADER mode. State: All replicated index: 0, Majority replicated index: 0, Committed index: 0, Last appended: 0.0, Last appended by leader: 0, Current term: 0, Majority size: -1, State: 0, Mode: NON_LEADER, active raft config: opid_index: -1 OBSOLETE_local: false peers { permanent_uuid: "ccaf460592344f44b550401a9e9bb81c" member_type: VOTER last_known_addr { host: "127.31.212.65" port: 34635 } } peers { permanent_uuid: "ea0516f843e443cd9314df6dc784524a" member_type: VOTER last_known_addr { host: "127.31.212.66" port: 33543 } } peers { permanent_uuid: "22cda32604014127b1e7938e0a2fd9db" member_type: VOTER last_known_addr { host: "127.31.212.67" port: 43989 } }
I20260710 13:26:18.031314   848 raft_consensus.cc:2468] T 0fb4297f4e33439d9c6d6ce7f777224a P ea0516f843e443cd9314df6dc784524a [term 1 FOLLOWER]: Leader election vote request: Granting yes vote for candidate 22cda32604014127b1e7938e0a2fd9db in term 1.
I20260710 13:26:18.032810   888 leader_election.cc:304] T 0fb4297f4e33439d9c6d6ce7f777224a P 22cda32604014127b1e7938e0a2fd9db [CANDIDATE]: Term 1 election: Election decided. Result: candidate won. Election summary: received 2 responses out of 3 voters: 2 yes votes; 0 no votes. yes voters: 22cda32604014127b1e7938e0a2fd9db, ea0516f843e443cd9314df6dc784524a; no voters: 
I20260710 13:26:18.033244   965 tablet_bootstrap.cc:654] T d07bf034baa847f98d70ecfbfa3d3fd9 P ccaf460592344f44b550401a9e9bb81c: Neither blocks nor log segments found. Creating new log.
I20260710 13:26:18.033833   967 raft_consensus.cc:2804] T 0fb4297f4e33439d9c6d6ce7f777224a P 22cda32604014127b1e7938e0a2fd9db [term 1 FOLLOWER]: Leader election won for term 1
I20260710 13:26:18.036818   773 tablet_service.cc:1917] Received RequestConsensusVote() RPC: tablet_id: "0fb4297f4e33439d9c6d6ce7f777224a" candidate_uuid: "22cda32604014127b1e7938e0a2fd9db" candidate_term: 1 candidate_status { last_received { term: 0 index: 0 } } ignore_live_leader: false dest_uuid: "ccaf460592344f44b550401a9e9bb81c"
I20260710 13:26:18.039427   962 ts_tablet_manager.cc:1434] T d9149d9f6dce4120b3843efbd6cb6898 P ea0516f843e443cd9314df6dc784524a: Time spent starting tablet: real 0.022s	user 0.004s	sys 0.003s
W20260710 13:26:18.039484   885 leader_election.cc:343] T 0fb4297f4e33439d9c6d6ce7f777224a P 22cda32604014127b1e7938e0a2fd9db [CANDIDATE]: Term 1 election: Tablet error from VoteRequest() call to peer ccaf460592344f44b550401a9e9bb81c (127.31.212.65:34635): Illegal state: must be running to vote when last-logged opid is not known
I20260710 13:26:18.042038   967 raft_consensus.cc:697] T 0fb4297f4e33439d9c6d6ce7f777224a P 22cda32604014127b1e7938e0a2fd9db [term 1 LEADER]: Becoming Leader. State: Replica: 22cda32604014127b1e7938e0a2fd9db, State: Running, Role: LEADER
I20260710 13:26:18.042239   962 tablet_bootstrap.cc:492] T 61ee6ef5da5e455fb52fd185b5a591d6 P ea0516f843e443cd9314df6dc784524a: Bootstrap starting.
I20260710 13:26:18.041621   976 leader_election.cc:290] T 0fb4297f4e33439d9c6d6ce7f777224a P 22cda32604014127b1e7938e0a2fd9db [CANDIDATE]: Term 1 election: Requested vote from peers ea0516f843e443cd9314df6dc784524a (127.31.212.66:33543), ccaf460592344f44b550401a9e9bb81c (127.31.212.65:34635)
I20260710 13:26:18.043071   967 consensus_queue.cc:237] T 0fb4297f4e33439d9c6d6ce7f777224a P 22cda32604014127b1e7938e0a2fd9db [LEADER]: Queue going to LEADER mode. State: All replicated index: 0, Majority replicated index: 0, Committed index: 0, Last appended: 0.0, Last appended by leader: 0, Current term: 1, Majority size: 2, State: 0, Mode: LEADER, active raft config: opid_index: -1 OBSOLETE_local: false peers { permanent_uuid: "ea0516f843e443cd9314df6dc784524a" member_type: VOTER last_known_addr { host: "127.31.212.66" port: 33543 } } peers { permanent_uuid: "ccaf460592344f44b550401a9e9bb81c" member_type: VOTER last_known_addr { host: "127.31.212.65" port: 34635 } } peers { permanent_uuid: "22cda32604014127b1e7938e0a2fd9db" member_type: VOTER last_known_addr { host: "127.31.212.67" port: 43989 } }
I20260710 13:26:18.049810   963 tablet_bootstrap.cc:492] T d9149d9f6dce4120b3843efbd6cb6898 P 22cda32604014127b1e7938e0a2fd9db: No bootstrap required, opened a new log
I20260710 13:26:18.050504   963 ts_tablet_manager.cc:1403] T d9149d9f6dce4120b3843efbd6cb6898 P 22cda32604014127b1e7938e0a2fd9db: Time spent bootstrapping tablet: real 0.042s	user 0.017s	sys 0.016s
W20260710 13:26:18.052057   719 auto_rebalancer.cc:288] Could not retrieve cluster info: Service unavailable: Tablet not running
I20260710 13:26:18.054497   965 tablet_bootstrap.cc:492] T d07bf034baa847f98d70ecfbfa3d3fd9 P ccaf460592344f44b550401a9e9bb81c: No bootstrap required, opened a new log
I20260710 13:26:18.055058   965 ts_tablet_manager.cc:1403] T d07bf034baa847f98d70ecfbfa3d3fd9 P ccaf460592344f44b550401a9e9bb81c: Time spent bootstrapping tablet: real 0.049s	user 0.014s	sys 0.004s
I20260710 13:26:18.054637   963 raft_consensus.cc:359] T d9149d9f6dce4120b3843efbd6cb6898 P 22cda32604014127b1e7938e0a2fd9db [term 0 FOLLOWER]: Replica starting. Triggering 0 pending ops. Active config: opid_index: -1 OBSOLETE_local: false peers { permanent_uuid: "ccaf460592344f44b550401a9e9bb81c" member_type: VOTER last_known_addr { host: "127.31.212.65" port: 34635 } } peers { permanent_uuid: "ea0516f843e443cd9314df6dc784524a" member_type: VOTER last_known_addr { host: "127.31.212.66" port: 33543 } } peers { permanent_uuid: "22cda32604014127b1e7938e0a2fd9db" member_type: VOTER last_known_addr { host: "127.31.212.67" port: 43989 } }
I20260710 13:26:18.055671   963 raft_consensus.cc:385] T d9149d9f6dce4120b3843efbd6cb6898 P 22cda32604014127b1e7938e0a2fd9db [term 0 FOLLOWER]: Consensus starting up: Expiring failure detector timer to make a prompt election more likely
I20260710 13:26:18.056083   963 raft_consensus.cc:740] T d9149d9f6dce4120b3843efbd6cb6898 P 22cda32604014127b1e7938e0a2fd9db [term 0 FOLLOWER]: Becoming Follower/Learner. State: Replica: 22cda32604014127b1e7938e0a2fd9db, State: Initialized, Role: FOLLOWER
I20260710 13:26:18.056443   962 tablet_bootstrap.cc:654] T 61ee6ef5da5e455fb52fd185b5a591d6 P ea0516f843e443cd9314df6dc784524a: Neither blocks nor log segments found. Creating new log.
I20260710 13:26:18.057322   963 consensus_queue.cc:260] T d9149d9f6dce4120b3843efbd6cb6898 P 22cda32604014127b1e7938e0a2fd9db [NON_LEADER]: Queue going to NON_LEADER mode. State: All replicated index: 0, Majority replicated index: 0, Committed index: 0, Last appended: 0.0, Last appended by leader: 0, Current term: 0, Majority size: -1, State: 0, Mode: NON_LEADER, active raft config: opid_index: -1 OBSOLETE_local: false peers { permanent_uuid: "ccaf460592344f44b550401a9e9bb81c" member_type: VOTER last_known_addr { host: "127.31.212.65" port: 34635 } } peers { permanent_uuid: "ea0516f843e443cd9314df6dc784524a" member_type: VOTER last_known_addr { host: "127.31.212.66" port: 33543 } } peers { permanent_uuid: "22cda32604014127b1e7938e0a2fd9db" member_type: VOTER last_known_addr { host: "127.31.212.67" port: 43989 } }
I20260710 13:26:18.059082   965 raft_consensus.cc:359] T d07bf034baa847f98d70ecfbfa3d3fd9 P ccaf460592344f44b550401a9e9bb81c [term 0 FOLLOWER]: Replica starting. Triggering 0 pending ops. Active config: opid_index: -1 OBSOLETE_local: false peers { permanent_uuid: "ccaf460592344f44b550401a9e9bb81c" member_type: VOTER last_known_addr { host: "127.31.212.65" port: 34635 } } peers { permanent_uuid: "ea0516f843e443cd9314df6dc784524a" member_type: VOTER last_known_addr { host: "127.31.212.66" port: 33543 } } peers { permanent_uuid: "22cda32604014127b1e7938e0a2fd9db" member_type: VOTER last_known_addr { host: "127.31.212.67" port: 43989 } }
I20260710 13:26:18.059881   965 raft_consensus.cc:385] T d07bf034baa847f98d70ecfbfa3d3fd9 P ccaf460592344f44b550401a9e9bb81c [term 0 FOLLOWER]: Consensus starting up: Expiring failure detector timer to make a prompt election more likely
I20260710 13:26:18.060278   965 raft_consensus.cc:740] T d07bf034baa847f98d70ecfbfa3d3fd9 P ccaf460592344f44b550401a9e9bb81c [term 0 FOLLOWER]: Becoming Follower/Learner. State: Replica: ccaf460592344f44b550401a9e9bb81c, State: Initialized, Role: FOLLOWER
I20260710 13:26:18.060467   963 ts_tablet_manager.cc:1434] T d9149d9f6dce4120b3843efbd6cb6898 P 22cda32604014127b1e7938e0a2fd9db: Time spent starting tablet: real 0.010s	user 0.010s	sys 0.000s
I20260710 13:26:18.061971   963 tablet_bootstrap.cc:492] T 61ee6ef5da5e455fb52fd185b5a591d6 P 22cda32604014127b1e7938e0a2fd9db: Bootstrap starting.
I20260710 13:26:18.061574   965 consensus_queue.cc:260] T d07bf034baa847f98d70ecfbfa3d3fd9 P ccaf460592344f44b550401a9e9bb81c [NON_LEADER]: Queue going to NON_LEADER mode. State: All replicated index: 0, Majority replicated index: 0, Committed index: 0, Last appended: 0.0, Last appended by leader: 0, Current term: 0, Majority size: -1, State: 0, Mode: NON_LEADER, active raft config: opid_index: -1 OBSOLETE_local: false peers { permanent_uuid: "ccaf460592344f44b550401a9e9bb81c" member_type: VOTER last_known_addr { host: "127.31.212.65" port: 34635 } } peers { permanent_uuid: "ea0516f843e443cd9314df6dc784524a" member_type: VOTER last_known_addr { host: "127.31.212.66" port: 33543 } } peers { permanent_uuid: "22cda32604014127b1e7938e0a2fd9db" member_type: VOTER last_known_addr { host: "127.31.212.67" port: 43989 } }
I20260710 13:26:18.067135   965 ts_tablet_manager.cc:1434] T d07bf034baa847f98d70ecfbfa3d3fd9 P ccaf460592344f44b550401a9e9bb81c: Time spent starting tablet: real 0.012s	user 0.008s	sys 0.000s
I20260710 13:26:18.068110   965 tablet_bootstrap.cc:492] T 61ee6ef5da5e455fb52fd185b5a591d6 P ccaf460592344f44b550401a9e9bb81c: Bootstrap starting.
I20260710 13:26:18.070650   963 tablet_bootstrap.cc:654] T 61ee6ef5da5e455fb52fd185b5a591d6 P 22cda32604014127b1e7938e0a2fd9db: Neither blocks nor log segments found. Creating new log.
I20260710 13:26:18.073500   962 tablet_bootstrap.cc:492] T 61ee6ef5da5e455fb52fd185b5a591d6 P ea0516f843e443cd9314df6dc784524a: No bootstrap required, opened a new log
I20260710 13:26:18.074015   962 ts_tablet_manager.cc:1403] T 61ee6ef5da5e455fb52fd185b5a591d6 P ea0516f843e443cd9314df6dc784524a: Time spent bootstrapping tablet: real 0.032s	user 0.003s	sys 0.016s
I20260710 13:26:18.075553   670 catalog_manager.cc:5697] T 0fb4297f4e33439d9c6d6ce7f777224a P 22cda32604014127b1e7938e0a2fd9db reported cstate change: term changed from 0 to 1, leader changed from <none> to 22cda32604014127b1e7938e0a2fd9db (127.31.212.67). New cstate: current_term: 1 leader_uuid: "22cda32604014127b1e7938e0a2fd9db" committed_config { opid_index: -1 OBSOLETE_local: false peers { permanent_uuid: "ea0516f843e443cd9314df6dc784524a" member_type: VOTER last_known_addr { host: "127.31.212.66" port: 33543 } health_report { overall_health: UNKNOWN } } peers { permanent_uuid: "ccaf460592344f44b550401a9e9bb81c" member_type: VOTER last_known_addr { host: "127.31.212.65" port: 34635 } health_report { overall_health: UNKNOWN } } peers { permanent_uuid: "22cda32604014127b1e7938e0a2fd9db" member_type: VOTER last_known_addr { host: "127.31.212.67" port: 43989 } health_report { overall_health: HEALTHY } } }
I20260710 13:26:18.077251   962 raft_consensus.cc:359] T 61ee6ef5da5e455fb52fd185b5a591d6 P ea0516f843e443cd9314df6dc784524a [term 0 FOLLOWER]: Replica starting. Triggering 0 pending ops. Active config: opid_index: -1 OBSOLETE_local: false peers { permanent_uuid: "ccaf460592344f44b550401a9e9bb81c" member_type: VOTER last_known_addr { host: "127.31.212.65" port: 34635 } } peers { permanent_uuid: "ea0516f843e443cd9314df6dc784524a" member_type: VOTER last_known_addr { host: "127.31.212.66" port: 33543 } } peers { permanent_uuid: "22cda32604014127b1e7938e0a2fd9db" member_type: VOTER last_known_addr { host: "127.31.212.67" port: 43989 } }
I20260710 13:26:18.081120   962 raft_consensus.cc:385] T 61ee6ef5da5e455fb52fd185b5a591d6 P ea0516f843e443cd9314df6dc784524a [term 0 FOLLOWER]: Consensus starting up: Expiring failure detector timer to make a prompt election more likely
I20260710 13:26:18.081467   962 raft_consensus.cc:740] T 61ee6ef5da5e455fb52fd185b5a591d6 P ea0516f843e443cd9314df6dc784524a [term 0 FOLLOWER]: Becoming Follower/Learner. State: Replica: ea0516f843e443cd9314df6dc784524a, State: Initialized, Role: FOLLOWER
I20260710 13:26:18.082381   965 tablet_bootstrap.cc:654] T 61ee6ef5da5e455fb52fd185b5a591d6 P ccaf460592344f44b550401a9e9bb81c: Neither blocks nor log segments found. Creating new log.
I20260710 13:26:18.082468   962 consensus_queue.cc:260] T 61ee6ef5da5e455fb52fd185b5a591d6 P ea0516f843e443cd9314df6dc784524a [NON_LEADER]: Queue going to NON_LEADER mode. State: All replicated index: 0, Majority replicated index: 0, Committed index: 0, Last appended: 0.0, Last appended by leader: 0, Current term: 0, Majority size: -1, State: 0, Mode: NON_LEADER, active raft config: opid_index: -1 OBSOLETE_local: false peers { permanent_uuid: "ccaf460592344f44b550401a9e9bb81c" member_type: VOTER last_known_addr { host: "127.31.212.65" port: 34635 } } peers { permanent_uuid: "ea0516f843e443cd9314df6dc784524a" member_type: VOTER last_known_addr { host: "127.31.212.66" port: 33543 } } peers { permanent_uuid: "22cda32604014127b1e7938e0a2fd9db" member_type: VOTER last_known_addr { host: "127.31.212.67" port: 43989 } }
I20260710 13:26:18.085095   974 raft_consensus.cc:493] T d07bf034baa847f98d70ecfbfa3d3fd9 P ccaf460592344f44b550401a9e9bb81c [term 0 FOLLOWER]: Starting pre-election (no leader contacted us within the election timeout)
I20260710 13:26:18.085615   974 raft_consensus.cc:515] T d07bf034baa847f98d70ecfbfa3d3fd9 P ccaf460592344f44b550401a9e9bb81c [term 0 FOLLOWER]: Starting pre-election with config: opid_index: -1 OBSOLETE_local: false peers { permanent_uuid: "ccaf460592344f44b550401a9e9bb81c" member_type: VOTER last_known_addr { host: "127.31.212.65" port: 34635 } } peers { permanent_uuid: "ea0516f843e443cd9314df6dc784524a" member_type: VOTER last_known_addr { host: "127.31.212.66" port: 33543 } } peers { permanent_uuid: "22cda32604014127b1e7938e0a2fd9db" member_type: VOTER last_known_addr { host: "127.31.212.67" port: 43989 } }
I20260710 13:26:18.118340   963 tablet_bootstrap.cc:492] T 61ee6ef5da5e455fb52fd185b5a591d6 P 22cda32604014127b1e7938e0a2fd9db: No bootstrap required, opened a new log
I20260710 13:26:18.119271   963 ts_tablet_manager.cc:1403] T 61ee6ef5da5e455fb52fd185b5a591d6 P 22cda32604014127b1e7938e0a2fd9db: Time spent bootstrapping tablet: real 0.058s	user 0.019s	sys 0.009s
I20260710 13:26:18.118474   962 ts_tablet_manager.cc:1434] T 61ee6ef5da5e455fb52fd185b5a591d6 P ea0516f843e443cd9314df6dc784524a: Time spent starting tablet: real 0.044s	user 0.007s	sys 0.014s
I20260710 13:26:18.121411   962 tablet_bootstrap.cc:492] T 9c6ead9456d44b37b08507fd8533a786 P ea0516f843e443cd9314df6dc784524a: Bootstrap starting.
I20260710 13:26:18.122834   963 raft_consensus.cc:359] T 61ee6ef5da5e455fb52fd185b5a591d6 P 22cda32604014127b1e7938e0a2fd9db [term 0 FOLLOWER]: Replica starting. Triggering 0 pending ops. Active config: opid_index: -1 OBSOLETE_local: false peers { permanent_uuid: "ccaf460592344f44b550401a9e9bb81c" member_type: VOTER last_known_addr { host: "127.31.212.65" port: 34635 } } peers { permanent_uuid: "ea0516f843e443cd9314df6dc784524a" member_type: VOTER last_known_addr { host: "127.31.212.66" port: 33543 } } peers { permanent_uuid: "22cda32604014127b1e7938e0a2fd9db" member_type: VOTER last_known_addr { host: "127.31.212.67" port: 43989 } }
I20260710 13:26:18.123943   963 raft_consensus.cc:385] T 61ee6ef5da5e455fb52fd185b5a591d6 P 22cda32604014127b1e7938e0a2fd9db [term 0 FOLLOWER]: Consensus starting up: Expiring failure detector timer to make a prompt election more likely
I20260710 13:26:18.124307   963 raft_consensus.cc:740] T 61ee6ef5da5e455fb52fd185b5a591d6 P 22cda32604014127b1e7938e0a2fd9db [term 0 FOLLOWER]: Becoming Follower/Learner. State: Replica: 22cda32604014127b1e7938e0a2fd9db, State: Initialized, Role: FOLLOWER
I20260710 13:26:18.133720   963 consensus_queue.cc:260] T 61ee6ef5da5e455fb52fd185b5a591d6 P 22cda32604014127b1e7938e0a2fd9db [NON_LEADER]: Queue going to NON_LEADER mode. State: All replicated index: 0, Majority replicated index: 0, Committed index: 0, Last appended: 0.0, Last appended by leader: 0, Current term: 0, Majority size: -1, State: 0, Mode: NON_LEADER, active raft config: opid_index: -1 OBSOLETE_local: false peers { permanent_uuid: "ccaf460592344f44b550401a9e9bb81c" member_type: VOTER last_known_addr { host: "127.31.212.65" port: 34635 } } peers { permanent_uuid: "ea0516f843e443cd9314df6dc784524a" member_type: VOTER last_known_addr { host: "127.31.212.66" port: 33543 } } peers { permanent_uuid: "22cda32604014127b1e7938e0a2fd9db" member_type: VOTER last_known_addr { host: "127.31.212.67" port: 43989 } }
I20260710 13:26:18.136026   963 ts_tablet_manager.cc:1434] T 61ee6ef5da5e455fb52fd185b5a591d6 P 22cda32604014127b1e7938e0a2fd9db: Time spent starting tablet: real 0.016s	user 0.004s	sys 0.004s
I20260710 13:26:18.137036   963 tablet_bootstrap.cc:492] T 9c6ead9456d44b37b08507fd8533a786 P 22cda32604014127b1e7938e0a2fd9db: Bootstrap starting.
I20260710 13:26:18.143412   963 tablet_bootstrap.cc:654] T 9c6ead9456d44b37b08507fd8533a786 P 22cda32604014127b1e7938e0a2fd9db: Neither blocks nor log segments found. Creating new log.
I20260710 13:26:18.143565   848 tablet_service.cc:1917] Received RequestConsensusVote() RPC: tablet_id: "d07bf034baa847f98d70ecfbfa3d3fd9" candidate_uuid: "ccaf460592344f44b550401a9e9bb81c" candidate_term: 1 candidate_status { last_received { term: 0 index: 0 } } ignore_live_leader: false dest_uuid: "ea0516f843e443cd9314df6dc784524a" is_pre_election: true
W20260710 13:26:18.145362   739 leader_election.cc:343] T d07bf034baa847f98d70ecfbfa3d3fd9 P ccaf460592344f44b550401a9e9bb81c [CANDIDATE]: Term 1 pre-election: Tablet error from VoteRequest() call to peer ea0516f843e443cd9314df6dc784524a (127.31.212.66:33543): Illegal state: must be running to vote when last-logged opid is not known
I20260710 13:26:18.146768   974 leader_election.cc:290] T d07bf034baa847f98d70ecfbfa3d3fd9 P ccaf460592344f44b550401a9e9bb81c [CANDIDATE]: Term 1 pre-election: Requested pre-vote from peers ea0516f843e443cd9314df6dc784524a (127.31.212.66:33543), 22cda32604014127b1e7938e0a2fd9db (127.31.212.67:43989)
I20260710 13:26:18.148340   963 tablet_bootstrap.cc:492] T 9c6ead9456d44b37b08507fd8533a786 P 22cda32604014127b1e7938e0a2fd9db: No bootstrap required, opened a new log
I20260710 13:26:18.148890   963 ts_tablet_manager.cc:1403] T 9c6ead9456d44b37b08507fd8533a786 P 22cda32604014127b1e7938e0a2fd9db: Time spent bootstrapping tablet: real 0.012s	user 0.006s	sys 0.004s
I20260710 13:26:18.151189   963 raft_consensus.cc:359] T 9c6ead9456d44b37b08507fd8533a786 P 22cda32604014127b1e7938e0a2fd9db [term 0 FOLLOWER]: Replica starting. Triggering 0 pending ops. Active config: opid_index: -1 OBSOLETE_local: false peers { permanent_uuid: "ccaf460592344f44b550401a9e9bb81c" member_type: VOTER last_known_addr { host: "127.31.212.65" port: 34635 } } peers { permanent_uuid: "ea0516f843e443cd9314df6dc784524a" member_type: VOTER last_known_addr { host: "127.31.212.66" port: 33543 } } peers { permanent_uuid: "22cda32604014127b1e7938e0a2fd9db" member_type: VOTER last_known_addr { host: "127.31.212.67" port: 43989 } }
I20260710 13:26:18.151921   963 raft_consensus.cc:385] T 9c6ead9456d44b37b08507fd8533a786 P 22cda32604014127b1e7938e0a2fd9db [term 0 FOLLOWER]: Consensus starting up: Expiring failure detector timer to make a prompt election more likely
I20260710 13:26:18.152217   963 raft_consensus.cc:740] T 9c6ead9456d44b37b08507fd8533a786 P 22cda32604014127b1e7938e0a2fd9db [term 0 FOLLOWER]: Becoming Follower/Learner. State: Replica: 22cda32604014127b1e7938e0a2fd9db, State: Initialized, Role: FOLLOWER
I20260710 13:26:18.153043   963 consensus_queue.cc:260] T 9c6ead9456d44b37b08507fd8533a786 P 22cda32604014127b1e7938e0a2fd9db [NON_LEADER]: Queue going to NON_LEADER mode. State: All replicated index: 0, Majority replicated index: 0, Committed index: 0, Last appended: 0.0, Last appended by leader: 0, Current term: 0, Majority size: -1, State: 0, Mode: NON_LEADER, active raft config: opid_index: -1 OBSOLETE_local: false peers { permanent_uuid: "ccaf460592344f44b550401a9e9bb81c" member_type: VOTER last_known_addr { host: "127.31.212.65" port: 34635 } } peers { permanent_uuid: "ea0516f843e443cd9314df6dc784524a" member_type: VOTER last_known_addr { host: "127.31.212.66" port: 33543 } } peers { permanent_uuid: "22cda32604014127b1e7938e0a2fd9db" member_type: VOTER last_known_addr { host: "127.31.212.67" port: 43989 } }
I20260710 13:26:18.154456   965 tablet_bootstrap.cc:492] T 61ee6ef5da5e455fb52fd185b5a591d6 P ccaf460592344f44b550401a9e9bb81c: No bootstrap required, opened a new log
I20260710 13:26:18.132797   987 raft_consensus.cc:493] T d9149d9f6dce4120b3843efbd6cb6898 P ccaf460592344f44b550401a9e9bb81c [term 0 FOLLOWER]: Starting pre-election (no leader contacted us within the election timeout)
I20260710 13:26:18.130633   962 tablet_bootstrap.cc:654] T 9c6ead9456d44b37b08507fd8533a786 P ea0516f843e443cd9314df6dc784524a: Neither blocks nor log segments found. Creating new log.
I20260710 13:26:18.155988   987 raft_consensus.cc:515] T d9149d9f6dce4120b3843efbd6cb6898 P ccaf460592344f44b550401a9e9bb81c [term 0 FOLLOWER]: Starting pre-election with config: opid_index: -1 OBSOLETE_local: false peers { permanent_uuid: "ccaf460592344f44b550401a9e9bb81c" member_type: VOTER last_known_addr { host: "127.31.212.65" port: 34635 } } peers { permanent_uuid: "ea0516f843e443cd9314df6dc784524a" member_type: VOTER last_known_addr { host: "127.31.212.66" port: 33543 } } peers { permanent_uuid: "22cda32604014127b1e7938e0a2fd9db" member_type: VOTER last_known_addr { host: "127.31.212.67" port: 43989 } }
I20260710 13:26:18.158260   987 leader_election.cc:290] T d9149d9f6dce4120b3843efbd6cb6898 P ccaf460592344f44b550401a9e9bb81c [CANDIDATE]: Term 1 pre-election: Requested pre-vote from peers ea0516f843e443cd9314df6dc784524a (127.31.212.66:33543), 22cda32604014127b1e7938e0a2fd9db (127.31.212.67:43989)
I20260710 13:26:18.155124   963 ts_tablet_manager.cc:1434] T 9c6ead9456d44b37b08507fd8533a786 P 22cda32604014127b1e7938e0a2fd9db: Time spent starting tablet: real 0.006s	user 0.003s	sys 0.001s
I20260710 13:26:18.155994   965 ts_tablet_manager.cc:1403] T 61ee6ef5da5e455fb52fd185b5a591d6 P ccaf460592344f44b550401a9e9bb81c: Time spent bootstrapping tablet: real 0.088s	user 0.008s	sys 0.004s
I20260710 13:26:18.159641   963 tablet_bootstrap.cc:492] T 78030349a40e4dc193b2bf55cb6b61c2 P 22cda32604014127b1e7938e0a2fd9db: Bootstrap starting.
I20260710 13:26:18.161752   848 tablet_service.cc:1917] Received RequestConsensusVote() RPC: tablet_id: "d9149d9f6dce4120b3843efbd6cb6898" candidate_uuid: "ccaf460592344f44b550401a9e9bb81c" candidate_term: 1 candidate_status { last_received { term: 0 index: 0 } } ignore_live_leader: false dest_uuid: "ea0516f843e443cd9314df6dc784524a" is_pre_election: true
I20260710 13:26:18.162461   848 raft_consensus.cc:2468] T d9149d9f6dce4120b3843efbd6cb6898 P ea0516f843e443cd9314df6dc784524a [term 0 FOLLOWER]: Leader pre-election vote request: Granting yes vote for candidate ccaf460592344f44b550401a9e9bb81c in term 0.
I20260710 13:26:18.163754   739 leader_election.cc:304] T d9149d9f6dce4120b3843efbd6cb6898 P ccaf460592344f44b550401a9e9bb81c [CANDIDATE]: Term 1 pre-election: Election decided. Result: candidate won. Election summary: received 2 responses out of 3 voters: 2 yes votes; 0 no votes. yes voters: ccaf460592344f44b550401a9e9bb81c, ea0516f843e443cd9314df6dc784524a; no voters: 
I20260710 13:26:18.164597   987 raft_consensus.cc:2804] T d9149d9f6dce4120b3843efbd6cb6898 P ccaf460592344f44b550401a9e9bb81c [term 0 FOLLOWER]: Leader pre-election won for term 1
