I20260710 13:26:04.125563 27495 raft_consensus.cc:493] T fada2283b7f4481895166a318baa8ff8 P a3ad1bd4646e45d0a8f332cbd995d3d6 [term 0 FOLLOWER]: Starting leader election (no leader contacted us within the election timeout)
I20260710 13:26:04.125870 27495 raft_consensus.cc:3060] T fada2283b7f4481895166a318baa8ff8 P a3ad1bd4646e45d0a8f332cbd995d3d6 [term 0 FOLLOWER]: Advancing to term 1
W20260710 13:26:04.125811 27265 leader_election.cc:343] T cdd39787cce24cd79da52fc85c22e791 P a3ad1bd4646e45d0a8f332cbd995d3d6 [CANDIDATE]: Term 1 pre-election: Tablet error from VoteRequest() call to peer b09cf6891ded4930a5672b78d047f8b6 (127.26.135.67:43523): Illegal state: must be running to vote when last-logged opid is not known
I20260710 13:26:04.119405 27491 raft_consensus.cc:359] T a0bc99586708437db49b330a0eea960b P a3ad1bd4646e45d0a8f332cbd995d3d6 [term 0 FOLLOWER]: Replica starting. Triggering 0 pending ops. Active config: opid_index: -1 OBSOLETE_local: false peers { permanent_uuid: "a3ad1bd4646e45d0a8f332cbd995d3d6" member_type: VOTER last_known_addr { host: "127.26.135.65" port: 42103 } } peers { permanent_uuid: "f62b96e8d45749c5b9c91fe23329a2a0" member_type: VOTER last_known_addr { host: "127.26.135.66" port: 44051 } } peers { permanent_uuid: "b09cf6891ded4930a5672b78d047f8b6" member_type: VOTER last_known_addr { host: "127.26.135.67" port: 43523 } }
I20260710 13:26:04.127938 27499 raft_consensus.cc:515] T 9c3489b2e51640f7abdb200685f341b9 P b09cf6891ded4930a5672b78d047f8b6 [term 1 FOLLOWER]: Starting leader election with config: opid_index: -1 OBSOLETE_local: false peers { permanent_uuid: "a3ad1bd4646e45d0a8f332cbd995d3d6" member_type: VOTER last_known_addr { host: "127.26.135.65" port: 42103 } } peers { permanent_uuid: "b09cf6891ded4930a5672b78d047f8b6" member_type: VOTER last_known_addr { host: "127.26.135.67" port: 43523 } } peers { permanent_uuid: "f62b96e8d45749c5b9c91fe23329a2a0" member_type: VOTER last_known_addr { host: "127.26.135.66" port: 44051 } }
I20260710 13:26:04.130963 27499 leader_election.cc:290] T 9c3489b2e51640f7abdb200685f341b9 P b09cf6891ded4930a5672b78d047f8b6 [CANDIDATE]: Term 1 election: Requested vote from peers a3ad1bd4646e45d0a8f332cbd995d3d6 (127.26.135.65:42103), f62b96e8d45749c5b9c91fe23329a2a0 (127.26.135.66:44051)
I20260710 13:26:04.131916 27515 raft_consensus.cc:515] T cdd39787cce24cd79da52fc85c22e791 P a3ad1bd4646e45d0a8f332cbd995d3d6 [term 1 FOLLOWER]: Starting leader election with config: opid_index: -1 OBSOLETE_local: false peers { permanent_uuid: "a3ad1bd4646e45d0a8f332cbd995d3d6" member_type: VOTER last_known_addr { host: "127.26.135.65" port: 42103 } } peers { permanent_uuid: "f62b96e8d45749c5b9c91fe23329a2a0" member_type: VOTER last_known_addr { host: "127.26.135.66" port: 44051 } } peers { permanent_uuid: "b09cf6891ded4930a5672b78d047f8b6" member_type: VOTER last_known_addr { host: "127.26.135.67" port: 43523 } }
I20260710 13:26:04.132115 27375 tablet_service.cc:1917] Received RequestConsensusVote() RPC: tablet_id: "9c3489b2e51640f7abdb200685f341b9" candidate_uuid: "b09cf6891ded4930a5672b78d047f8b6" candidate_term: 1 candidate_status { last_received { term: 0 index: 0 } } ignore_live_leader: false dest_uuid: "f62b96e8d45749c5b9c91fe23329a2a0"
I20260710 13:26:04.132222 27492 tablet_bootstrap.cc:492] T 9c33b9f8eb9c410a942194c98b5ba4c8 P b09cf6891ded4930a5672b78d047f8b6: No bootstrap required, opened a new log
I20260710 13:26:04.133526 27492 ts_tablet_manager.cc:1403] T 9c33b9f8eb9c410a942194c98b5ba4c8 P b09cf6891ded4930a5672b78d047f8b6: Time spent bootstrapping tablet: real 0.096s	user 0.007s	sys 0.021s
W20260710 13:26:04.134234 27414 leader_election.cc:343] T 9c3489b2e51640f7abdb200685f341b9 P b09cf6891ded4930a5672b78d047f8b6 [CANDIDATE]: Term 1 election: Tablet error from VoteRequest() call to peer f62b96e8d45749c5b9c91fe23329a2a0 (127.26.135.66:44051): Illegal state: must be running to vote when last-logged opid is not known
I20260710 13:26:04.132870 27491 raft_consensus.cc:385] T a0bc99586708437db49b330a0eea960b P a3ad1bd4646e45d0a8f332cbd995d3d6 [term 0 FOLLOWER]: Consensus starting up: Expiring failure detector timer to make a prompt election more likely
I20260710 13:26:04.135761 27491 raft_consensus.cc:740] T a0bc99586708437db49b330a0eea960b P a3ad1bd4646e45d0a8f332cbd995d3d6 [term 0 FOLLOWER]: Becoming Follower/Learner. State: Replica: a3ad1bd4646e45d0a8f332cbd995d3d6, State: Initialized, Role: FOLLOWER
I20260710 13:26:04.136682 27299 tablet_service.cc:1917] Received RequestConsensusVote() RPC: tablet_id: "9c3489b2e51640f7abdb200685f341b9" candidate_uuid: "b09cf6891ded4930a5672b78d047f8b6" candidate_term: 1 candidate_status { last_received { term: 0 index: 0 } } ignore_live_leader: false dest_uuid: "a3ad1bd4646e45d0a8f332cbd995d3d6"
I20260710 13:26:04.137240 27299 raft_consensus.cc:3060] T 9c3489b2e51640f7abdb200685f341b9 P a3ad1bd4646e45d0a8f332cbd995d3d6 [term 0 FOLLOWER]: Advancing to term 1
I20260710 13:26:04.137056 27491 consensus_queue.cc:260] T a0bc99586708437db49b330a0eea960b P a3ad1bd4646e45d0a8f332cbd995d3d6 [NON_LEADER]: Queue going to NON_LEADER mode. State: All replicated index: 0, Majority replicated index: 0, Committed index: 0, Last appended: 0.0, Last appended by leader: 0, Current term: 0, Majority size: -1, State: 0, Mode: NON_LEADER, active raft config: opid_index: -1 OBSOLETE_local: false peers { permanent_uuid: "a3ad1bd4646e45d0a8f332cbd995d3d6" member_type: VOTER last_known_addr { host: "127.26.135.65" port: 42103 } } peers { permanent_uuid: "f62b96e8d45749c5b9c91fe23329a2a0" member_type: VOTER last_known_addr { host: "127.26.135.66" port: 44051 } } peers { permanent_uuid: "b09cf6891ded4930a5672b78d047f8b6" member_type: VOTER last_known_addr { host: "127.26.135.67" port: 43523 } }
I20260710 13:26:04.138628 27374 raft_consensus.cc:2468] T 77198330953546e2aa98fd074a75f797 P f62b96e8d45749c5b9c91fe23329a2a0 [term 1 FOLLOWER]: Leader election vote request: Granting yes vote for candidate b09cf6891ded4930a5672b78d047f8b6 in term 1.
I20260710 13:26:04.143077 27414 leader_election.cc:304] T 77198330953546e2aa98fd074a75f797 P b09cf6891ded4930a5672b78d047f8b6 [CANDIDATE]: Term 1 election: Election decided. Result: candidate won. Election summary: received 2 responses out of 3 voters: 2 yes votes; 0 no votes. yes voters: b09cf6891ded4930a5672b78d047f8b6, f62b96e8d45749c5b9c91fe23329a2a0; no voters: 
I20260710 13:26:04.143479 27495 raft_consensus.cc:515] T fada2283b7f4481895166a318baa8ff8 P a3ad1bd4646e45d0a8f332cbd995d3d6 [term 1 FOLLOWER]: Starting leader election with config: opid_index: -1 OBSOLETE_local: false peers { permanent_uuid: "a3ad1bd4646e45d0a8f332cbd995d3d6" member_type: VOTER last_known_addr { host: "127.26.135.65" port: 42103 } } peers { permanent_uuid: "f62b96e8d45749c5b9c91fe23329a2a0" member_type: VOTER last_known_addr { host: "127.26.135.66" port: 44051 } } peers { permanent_uuid: "b09cf6891ded4930a5672b78d047f8b6" member_type: VOTER last_known_addr { host: "127.26.135.67" port: 43523 } }
I20260710 13:26:04.144749 27374 tablet_service.cc:1917] Received RequestConsensusVote() RPC: tablet_id: "cdd39787cce24cd79da52fc85c22e791" candidate_uuid: "a3ad1bd4646e45d0a8f332cbd995d3d6" candidate_term: 1 candidate_status { last_received { term: 0 index: 0 } } ignore_live_leader: false dest_uuid: "f62b96e8d45749c5b9c91fe23329a2a0"
I20260710 13:26:04.146832 27515 leader_election.cc:290] T cdd39787cce24cd79da52fc85c22e791 P a3ad1bd4646e45d0a8f332cbd995d3d6 [CANDIDATE]: Term 1 election: Requested vote from peers f62b96e8d45749c5b9c91fe23329a2a0 (127.26.135.66:44051), b09cf6891ded4930a5672b78d047f8b6 (127.26.135.67:43523)
I20260710 13:26:04.148116 27374 raft_consensus.cc:3060] T cdd39787cce24cd79da52fc85c22e791 P f62b96e8d45749c5b9c91fe23329a2a0 [term 0 FOLLOWER]: Advancing to term 1
I20260710 13:26:04.150166 27300 raft_consensus.cc:2468] T 77198330953546e2aa98fd074a75f797 P a3ad1bd4646e45d0a8f332cbd995d3d6 [term 1 FOLLOWER]: Leader election vote request: Granting yes vote for candidate b09cf6891ded4930a5672b78d047f8b6 in term 1.
I20260710 13:26:04.146747 27499 raft_consensus.cc:2804] T 77198330953546e2aa98fd074a75f797 P b09cf6891ded4930a5672b78d047f8b6 [term 1 FOLLOWER]: Leader election won for term 1
I20260710 13:26:04.146719 27495 leader_election.cc:290] T fada2283b7f4481895166a318baa8ff8 P a3ad1bd4646e45d0a8f332cbd995d3d6 [CANDIDATE]: Term 1 election: Requested vote from peers f62b96e8d45749c5b9c91fe23329a2a0 (127.26.135.66:44051), b09cf6891ded4930a5672b78d047f8b6 (127.26.135.67:43523)
I20260710 13:26:04.151327 27499 raft_consensus.cc:697] T 77198330953546e2aa98fd074a75f797 P b09cf6891ded4930a5672b78d047f8b6 [term 1 LEADER]: Becoming Leader. State: Replica: b09cf6891ded4930a5672b78d047f8b6, State: Running, Role: LEADER
I20260710 13:26:04.150683 27299 raft_consensus.cc:2468] T 9c3489b2e51640f7abdb200685f341b9 P a3ad1bd4646e45d0a8f332cbd995d3d6 [term 1 FOLLOWER]: Leader election vote request: Granting yes vote for candidate b09cf6891ded4930a5672b78d047f8b6 in term 1.
I20260710 13:26:04.147761 27492 raft_consensus.cc:359] T 9c33b9f8eb9c410a942194c98b5ba4c8 P b09cf6891ded4930a5672b78d047f8b6 [term 0 FOLLOWER]: Replica starting. Triggering 0 pending ops. Active config: opid_index: -1 OBSOLETE_local: false peers { permanent_uuid: "a3ad1bd4646e45d0a8f332cbd995d3d6" member_type: VOTER last_known_addr { host: "127.26.135.65" port: 42103 } } peers { permanent_uuid: "f62b96e8d45749c5b9c91fe23329a2a0" member_type: VOTER last_known_addr { host: "127.26.135.66" port: 44051 } } peers { permanent_uuid: "b09cf6891ded4930a5672b78d047f8b6" member_type: VOTER last_known_addr { host: "127.26.135.67" port: 43523 } }
I20260710 13:26:04.154034 27492 raft_consensus.cc:385] T 9c33b9f8eb9c410a942194c98b5ba4c8 P b09cf6891ded4930a5672b78d047f8b6 [term 0 FOLLOWER]: Consensus starting up: Expiring failure detector timer to make a prompt election more likely
I20260710 13:26:04.154417 27492 raft_consensus.cc:740] T 9c33b9f8eb9c410a942194c98b5ba4c8 P b09cf6891ded4930a5672b78d047f8b6 [term 0 FOLLOWER]: Becoming Follower/Learner. State: Replica: b09cf6891ded4930a5672b78d047f8b6, State: Initialized, Role: FOLLOWER
I20260710 13:26:04.155601 27499 consensus_queue.cc:237] T 77198330953546e2aa98fd074a75f797 P b09cf6891ded4930a5672b78d047f8b6 [LEADER]: Queue going to LEADER mode. State: All replicated index: 0, Majority replicated index: 0, Committed index: 0, Last appended: 0.0, Last appended by leader: 0, Current term: 1, Majority size: 2, State: 0, Mode: LEADER, active raft config: opid_index: -1 OBSOLETE_local: false peers { permanent_uuid: "a3ad1bd4646e45d0a8f332cbd995d3d6" member_type: VOTER last_known_addr { host: "127.26.135.65" port: 42103 } } peers { permanent_uuid: "f62b96e8d45749c5b9c91fe23329a2a0" member_type: VOTER last_known_addr { host: "127.26.135.66" port: 44051 } } peers { permanent_uuid: "b09cf6891ded4930a5672b78d047f8b6" member_type: VOTER last_known_addr { host: "127.26.135.67" port: 43523 } }
I20260710 13:26:04.159657 27492 consensus_queue.cc:260] T 9c33b9f8eb9c410a942194c98b5ba4c8 P b09cf6891ded4930a5672b78d047f8b6 [NON_LEADER]: Queue going to NON_LEADER mode. State: All replicated index: 0, Majority replicated index: 0, Committed index: 0, Last appended: 0.0, Last appended by leader: 0, Current term: 0, Majority size: -1, State: 0, Mode: NON_LEADER, active raft config: opid_index: -1 OBSOLETE_local: false peers { permanent_uuid: "a3ad1bd4646e45d0a8f332cbd995d3d6" member_type: VOTER last_known_addr { host: "127.26.135.65" port: 42103 } } peers { permanent_uuid: "f62b96e8d45749c5b9c91fe23329a2a0" member_type: VOTER last_known_addr { host: "127.26.135.66" port: 44051 } } peers { permanent_uuid: "b09cf6891ded4930a5672b78d047f8b6" member_type: VOTER last_known_addr { host: "127.26.135.67" port: 43523 } }
I20260710 13:26:04.159193 27491 ts_tablet_manager.cc:1434] T a0bc99586708437db49b330a0eea960b P a3ad1bd4646e45d0a8f332cbd995d3d6: Time spent starting tablet: real 0.054s	user 0.008s	sys 0.006s
I20260710 13:26:04.160715 27374 raft_consensus.cc:2468] T cdd39787cce24cd79da52fc85c22e791 P f62b96e8d45749c5b9c91fe23329a2a0 [term 1 FOLLOWER]: Leader election vote request: Granting yes vote for candidate a3ad1bd4646e45d0a8f332cbd995d3d6 in term 1.
I20260710 13:26:04.163053 27491 tablet_bootstrap.cc:492] T 1f028c4ce3e04e22bd44de1cc4c8dbe4 P a3ad1bd4646e45d0a8f332cbd995d3d6: Bootstrap starting.
I20260710 13:26:04.164017 27492 ts_tablet_manager.cc:1434] T 9c33b9f8eb9c410a942194c98b5ba4c8 P b09cf6891ded4930a5672b78d047f8b6: Time spent starting tablet: real 0.030s	user 0.007s	sys 0.002s
I20260710 13:26:04.164180 27493 tablet_bootstrap.cc:492] T 9c33b9f8eb9c410a942194c98b5ba4c8 P f62b96e8d45749c5b9c91fe23329a2a0: No bootstrap required, opened a new log
I20260710 13:26:04.164853 27493 ts_tablet_manager.cc:1403] T 9c33b9f8eb9c410a942194c98b5ba4c8 P f62b96e8d45749c5b9c91fe23329a2a0: Time spent bootstrapping tablet: real 0.115s	user 0.023s	sys 0.002s
I20260710 13:26:04.165017 27492 tablet_bootstrap.cc:492] T 540faa4b0f07450f86a0506a8959ad04 P b09cf6891ded4930a5672b78d047f8b6: Bootstrap starting.
I20260710 13:26:04.168323 27500 raft_consensus.cc:493] T a0bc99586708437db49b330a0eea960b P f62b96e8d45749c5b9c91fe23329a2a0 [term 0 FOLLOWER]: Starting pre-election (no leader contacted us within the election timeout)
I20260710 13:26:04.169020 27500 raft_consensus.cc:515] T a0bc99586708437db49b330a0eea960b P f62b96e8d45749c5b9c91fe23329a2a0 [term 0 FOLLOWER]: Starting pre-election with config: opid_index: -1 OBSOLETE_local: false peers { permanent_uuid: "a3ad1bd4646e45d0a8f332cbd995d3d6" member_type: VOTER last_known_addr { host: "127.26.135.65" port: 42103 } } peers { permanent_uuid: "f62b96e8d45749c5b9c91fe23329a2a0" member_type: VOTER last_known_addr { host: "127.26.135.66" port: 44051 } } peers { permanent_uuid: "b09cf6891ded4930a5672b78d047f8b6" member_type: VOTER last_known_addr { host: "127.26.135.67" port: 43523 } }
I20260710 13:26:04.176530 27520 raft_consensus.cc:493] T a0bc99586708437db49b330a0eea960b P a3ad1bd4646e45d0a8f332cbd995d3d6 [term 0 FOLLOWER]: Starting pre-election (no leader contacted us within the election timeout)
I20260710 13:26:04.178524 27520 raft_consensus.cc:515] T a0bc99586708437db49b330a0eea960b P a3ad1bd4646e45d0a8f332cbd995d3d6 [term 0 FOLLOWER]: Starting pre-election with config: opid_index: -1 OBSOLETE_local: false peers { permanent_uuid: "a3ad1bd4646e45d0a8f332cbd995d3d6" member_type: VOTER last_known_addr { host: "127.26.135.65" port: 42103 } } peers { permanent_uuid: "f62b96e8d45749c5b9c91fe23329a2a0" member_type: VOTER last_known_addr { host: "127.26.135.66" port: 44051 } } peers { permanent_uuid: "b09cf6891ded4930a5672b78d047f8b6" member_type: VOTER last_known_addr { host: "127.26.135.67" port: 43523 } }
I20260710 13:26:04.188664 27500 leader_election.cc:290] T a0bc99586708437db49b330a0eea960b P f62b96e8d45749c5b9c91fe23329a2a0 [CANDIDATE]: Term 1 pre-election: Requested pre-vote from peers a3ad1bd4646e45d0a8f332cbd995d3d6 (127.26.135.65:42103), b09cf6891ded4930a5672b78d047f8b6 (127.26.135.67:43523)
I20260710 13:26:04.188869 27493 raft_consensus.cc:359] T 9c33b9f8eb9c410a942194c98b5ba4c8 P f62b96e8d45749c5b9c91fe23329a2a0 [term 0 FOLLOWER]: Replica starting. Triggering 0 pending ops. Active config: opid_index: -1 OBSOLETE_local: false peers { permanent_uuid: "a3ad1bd4646e45d0a8f332cbd995d3d6" member_type: VOTER last_known_addr { host: "127.26.135.65" port: 42103 } } peers { permanent_uuid: "f62b96e8d45749c5b9c91fe23329a2a0" member_type: VOTER last_known_addr { host: "127.26.135.66" port: 44051 } } peers { permanent_uuid: "b09cf6891ded4930a5672b78d047f8b6" member_type: VOTER last_known_addr { host: "127.26.135.67" port: 43523 } }
I20260710 13:26:04.189828 27493 raft_consensus.cc:385] T 9c33b9f8eb9c410a942194c98b5ba4c8 P f62b96e8d45749c5b9c91fe23329a2a0 [term 0 FOLLOWER]: Consensus starting up: Expiring failure detector timer to make a prompt election more likely
I20260710 13:26:04.190173 27493 raft_consensus.cc:740] T 9c33b9f8eb9c410a942194c98b5ba4c8 P f62b96e8d45749c5b9c91fe23329a2a0 [term 0 FOLLOWER]: Becoming Follower/Learner. State: Replica: f62b96e8d45749c5b9c91fe23329a2a0, State: Initialized, Role: FOLLOWER
I20260710 13:26:04.196272 27491 tablet_bootstrap.cc:654] T 1f028c4ce3e04e22bd44de1cc4c8dbe4 P a3ad1bd4646e45d0a8f332cbd995d3d6: Neither blocks nor log segments found. Creating new log.
I20260710 13:26:04.197379 27520 leader_election.cc:290] T a0bc99586708437db49b330a0eea960b P a3ad1bd4646e45d0a8f332cbd995d3d6 [CANDIDATE]: Term 1 pre-election: Requested pre-vote from peers f62b96e8d45749c5b9c91fe23329a2a0 (127.26.135.66:44051), b09cf6891ded4930a5672b78d047f8b6 (127.26.135.67:43523)
I20260710 13:26:04.196272 27492 tablet_bootstrap.cc:654] T 540faa4b0f07450f86a0506a8959ad04 P b09cf6891ded4930a5672b78d047f8b6: Neither blocks nor log segments found. Creating new log.
I20260710 13:26:04.197110 27493 consensus_queue.cc:260] T 9c33b9f8eb9c410a942194c98b5ba4c8 P f62b96e8d45749c5b9c91fe23329a2a0 [NON_LEADER]: Queue going to NON_LEADER mode. State: All replicated index: 0, Majority replicated index: 0, Committed index: 0, Last appended: 0.0, Last appended by leader: 0, Current term: 0, Majority size: -1, State: 0, Mode: NON_LEADER, active raft config: opid_index: -1 OBSOLETE_local: false peers { permanent_uuid: "a3ad1bd4646e45d0a8f332cbd995d3d6" member_type: VOTER last_known_addr { host: "127.26.135.65" port: 42103 } } peers { permanent_uuid: "f62b96e8d45749c5b9c91fe23329a2a0" member_type: VOTER last_known_addr { host: "127.26.135.66" port: 44051 } } peers { permanent_uuid: "b09cf6891ded4930a5672b78d047f8b6" member_type: VOTER last_known_addr { host: "127.26.135.67" port: 43523 } }
I20260710 13:26:04.214038 27493 ts_tablet_manager.cc:1434] T 9c33b9f8eb9c410a942194c98b5ba4c8 P f62b96e8d45749c5b9c91fe23329a2a0: Time spent starting tablet: real 0.049s	user 0.010s	sys 0.000s
I20260710 13:26:04.215155 27493 tablet_bootstrap.cc:492] T fada2283b7f4481895166a318baa8ff8 P f62b96e8d45749c5b9c91fe23329a2a0: Bootstrap starting.
I20260710 13:26:04.231025 27448 tablet_service.cc:1917] Received RequestConsensusVote() RPC: tablet_id: "fada2283b7f4481895166a318baa8ff8" candidate_uuid: "a3ad1bd4646e45d0a8f332cbd995d3d6" candidate_term: 1 candidate_status { last_received { term: 0 index: 0 } } ignore_live_leader: false dest_uuid: "b09cf6891ded4930a5672b78d047f8b6"
I20260710 13:26:04.231814 27448 raft_consensus.cc:3060] T fada2283b7f4481895166a318baa8ff8 P b09cf6891ded4930a5672b78d047f8b6 [term 0 FOLLOWER]: Advancing to term 1
I20260710 13:26:04.237453 27412 leader_election.cc:304] T 9c3489b2e51640f7abdb200685f341b9 P b09cf6891ded4930a5672b78d047f8b6 [CANDIDATE]: Term 1 election: Election decided. Result: candidate won. Election summary: received 3 responses out of 3 voters: 2 yes votes; 1 no votes. yes voters: a3ad1bd4646e45d0a8f332cbd995d3d6, b09cf6891ded4930a5672b78d047f8b6; no voters: f62b96e8d45749c5b9c91fe23329a2a0
I20260710 13:26:04.238658 27499 raft_consensus.cc:2804] T 9c3489b2e51640f7abdb200685f341b9 P b09cf6891ded4930a5672b78d047f8b6 [term 1 FOLLOWER]: Leader election won for term 1
I20260710 13:26:04.236490 27449 tablet_service.cc:1917] Received RequestConsensusVote() RPC: tablet_id: "cdd39787cce24cd79da52fc85c22e791" candidate_uuid: "a3ad1bd4646e45d0a8f332cbd995d3d6" candidate_term: 1 candidate_status { last_received { term: 0 index: 0 } } ignore_live_leader: false dest_uuid: "b09cf6891ded4930a5672b78d047f8b6"
I20260710 13:26:04.239197 27499 raft_consensus.cc:697] T 9c3489b2e51640f7abdb200685f341b9 P b09cf6891ded4930a5672b78d047f8b6 [term 1 LEADER]: Becoming Leader. State: Replica: b09cf6891ded4930a5672b78d047f8b6, State: Running, Role: LEADER
I20260710 13:26:04.240033 27499 consensus_queue.cc:237] T 9c3489b2e51640f7abdb200685f341b9 P b09cf6891ded4930a5672b78d047f8b6 [LEADER]: Queue going to LEADER mode. State: All replicated index: 0, Majority replicated index: 0, Committed index: 0, Last appended: 0.0, Last appended by leader: 0, Current term: 1, Majority size: 2, State: 0, Mode: LEADER, active raft config: opid_index: -1 OBSOLETE_local: false peers { permanent_uuid: "a3ad1bd4646e45d0a8f332cbd995d3d6" member_type: VOTER last_known_addr { host: "127.26.135.65" port: 42103 } } peers { permanent_uuid: "b09cf6891ded4930a5672b78d047f8b6" member_type: VOTER last_known_addr { host: "127.26.135.67" port: 43523 } } peers { permanent_uuid: "f62b96e8d45749c5b9c91fe23329a2a0" member_type: VOTER last_known_addr { host: "127.26.135.66" port: 44051 } }
I20260710 13:26:04.242039 27449 tablet_service.cc:1917] Received RequestConsensusVote() RPC: tablet_id: "a0bc99586708437db49b330a0eea960b" candidate_uuid: "a3ad1bd4646e45d0a8f332cbd995d3d6" candidate_term: 1 candidate_status { last_received { term: 0 index: 0 } } ignore_live_leader: false dest_uuid: "b09cf6891ded4930a5672b78d047f8b6" is_pre_election: true
W20260710 13:26:04.243566 27265 leader_election.cc:343] T cdd39787cce24cd79da52fc85c22e791 P a3ad1bd4646e45d0a8f332cbd995d3d6 [CANDIDATE]: Term 1 election: Tablet error from VoteRequest() call to peer b09cf6891ded4930a5672b78d047f8b6 (127.26.135.67:43523): Illegal state: must be running to vote when last-logged opid is not known
I20260710 13:26:04.245193 27374 tablet_service.cc:1917] Received RequestConsensusVote() RPC: tablet_id: "fada2283b7f4481895166a318baa8ff8" candidate_uuid: "a3ad1bd4646e45d0a8f332cbd995d3d6" candidate_term: 1 candidate_status { last_received { term: 0 index: 0 } } ignore_live_leader: false dest_uuid: "f62b96e8d45749c5b9c91fe23329a2a0"
I20260710 13:26:04.246655 27375 tablet_service.cc:1917] Received RequestConsensusVote() RPC: tablet_id: "a0bc99586708437db49b330a0eea960b" candidate_uuid: "a3ad1bd4646e45d0a8f332cbd995d3d6" candidate_term: 1 candidate_status { last_received { term: 0 index: 0 } } ignore_live_leader: false dest_uuid: "f62b96e8d45749c5b9c91fe23329a2a0" is_pre_election: true
I20260710 13:26:04.247252 27375 raft_consensus.cc:2468] T a0bc99586708437db49b330a0eea960b P f62b96e8d45749c5b9c91fe23329a2a0 [term 0 FOLLOWER]: Leader pre-election vote request: Granting yes vote for candidate a3ad1bd4646e45d0a8f332cbd995d3d6 in term 0.
I20260710 13:26:04.240871 27448 raft_consensus.cc:2468] T fada2283b7f4481895166a318baa8ff8 P b09cf6891ded4930a5672b78d047f8b6 [term 1 FOLLOWER]: Leader election vote request: Granting yes vote for candidate a3ad1bd4646e45d0a8f332cbd995d3d6 in term 1.
I20260710 13:26:04.253741 27197 catalog_manager.cc:5697] T 77198330953546e2aa98fd074a75f797 P b09cf6891ded4930a5672b78d047f8b6 reported cstate change: term changed from 0 to 1, leader changed from <none> to b09cf6891ded4930a5672b78d047f8b6 (127.26.135.67). New cstate: current_term: 1 leader_uuid: "b09cf6891ded4930a5672b78d047f8b6" committed_config { opid_index: -1 OBSOLETE_local: false peers { permanent_uuid: "a3ad1bd4646e45d0a8f332cbd995d3d6" member_type: VOTER last_known_addr { host: "127.26.135.65" port: 42103 } health_report { overall_health: UNKNOWN } } peers { permanent_uuid: "f62b96e8d45749c5b9c91fe23329a2a0" member_type: VOTER last_known_addr { host: "127.26.135.66" port: 44051 } health_report { overall_health: UNKNOWN } } peers { permanent_uuid: "b09cf6891ded4930a5672b78d047f8b6" member_type: VOTER last_known_addr { host: "127.26.135.67" port: 43523 } health_report { overall_health: HEALTHY } } }
I20260710 13:26:04.256798 27491 tablet_bootstrap.cc:492] T 1f028c4ce3e04e22bd44de1cc4c8dbe4 P a3ad1bd4646e45d0a8f332cbd995d3d6: No bootstrap required, opened a new log
I20260710 13:26:04.257249 27491 ts_tablet_manager.cc:1403] T 1f028c4ce3e04e22bd44de1cc4c8dbe4 P a3ad1bd4646e45d0a8f332cbd995d3d6: Time spent bootstrapping tablet: real 0.095s	user 0.024s	sys 0.010s
I20260710 13:26:04.252840 27493 tablet_bootstrap.cc:654] T fada2283b7f4481895166a318baa8ff8 P f62b96e8d45749c5b9c91fe23329a2a0: Neither blocks nor log segments found. Creating new log.
I20260710 13:26:04.244963 27265 leader_election.cc:304] T cdd39787cce24cd79da52fc85c22e791 P a3ad1bd4646e45d0a8f332cbd995d3d6 [CANDIDATE]: Term 1 election: Election decided. Result: candidate won. Election summary: received 3 responses out of 3 voters: 2 yes votes; 1 no votes. yes voters: a3ad1bd4646e45d0a8f332cbd995d3d6, f62b96e8d45749c5b9c91fe23329a2a0; no voters: b09cf6891ded4930a5672b78d047f8b6
I20260710 13:26:04.258608 27520 raft_consensus.cc:2804] T cdd39787cce24cd79da52fc85c22e791 P a3ad1bd4646e45d0a8f332cbd995d3d6 [term 1 FOLLOWER]: Leader election won for term 1
I20260710 13:26:04.259333 27520 raft_consensus.cc:697] T cdd39787cce24cd79da52fc85c22e791 P a3ad1bd4646e45d0a8f332cbd995d3d6 [term 1 LEADER]: Becoming Leader. State: Replica: a3ad1bd4646e45d0a8f332cbd995d3d6, State: Running, Role: LEADER
W20260710 13:26:04.259404 27265 leader_election.cc:343] T a0bc99586708437db49b330a0eea960b P a3ad1bd4646e45d0a8f332cbd995d3d6 [CANDIDATE]: Term 1 pre-election: Tablet error from VoteRequest() call to peer b09cf6891ded4930a5672b78d047f8b6 (127.26.135.67:43523): Illegal state: must be running to vote when last-logged opid is not known
W20260710 13:26:04.265164 27265 leader_election.cc:343] T fada2283b7f4481895166a318baa8ff8 P a3ad1bd4646e45d0a8f332cbd995d3d6 [CANDIDATE]: Term 1 election: Tablet error from VoteRequest() call to peer f62b96e8d45749c5b9c91fe23329a2a0 (127.26.135.66:44051): Illegal state: must be running to vote when last-logged opid is not known
I20260710 13:26:04.265810 27265 leader_election.cc:304] T a0bc99586708437db49b330a0eea960b P a3ad1bd4646e45d0a8f332cbd995d3d6 [CANDIDATE]: Term 1 pre-election: Election decided. Result: candidate won. Election summary: received 3 responses out of 3 voters: 2 yes votes; 1 no votes. yes voters: a3ad1bd4646e45d0a8f332cbd995d3d6, f62b96e8d45749c5b9c91fe23329a2a0; no voters: b09cf6891ded4930a5672b78d047f8b6
I20260710 13:26:04.266772 27495 raft_consensus.cc:2804] T a0bc99586708437db49b330a0eea960b P a3ad1bd4646e45d0a8f332cbd995d3d6 [term 0 FOLLOWER]: Leader pre-election won for term 1
I20260710 13:26:04.267086 27495 raft_consensus.cc:493] T a0bc99586708437db49b330a0eea960b P a3ad1bd4646e45d0a8f332cbd995d3d6 [term 0 FOLLOWER]: Starting leader election (no leader contacted us within the election timeout)
I20260710 13:26:04.260612 27520 consensus_queue.cc:237] T cdd39787cce24cd79da52fc85c22e791 P a3ad1bd4646e45d0a8f332cbd995d3d6 [LEADER]: Queue going to LEADER mode. State: All replicated index: 0, Majority replicated index: 0, Committed index: 0, Last appended: 0.0, Last appended by leader: 0, Current term: 1, Majority size: 2, State: 0, Mode: LEADER, active raft config: opid_index: -1 OBSOLETE_local: false peers { permanent_uuid: "a3ad1bd4646e45d0a8f332cbd995d3d6" member_type: VOTER last_known_addr { host: "127.26.135.65" port: 42103 } } peers { permanent_uuid: "f62b96e8d45749c5b9c91fe23329a2a0" member_type: VOTER last_known_addr { host: "127.26.135.66" port: 44051 } } peers { permanent_uuid: "b09cf6891ded4930a5672b78d047f8b6" member_type: VOTER last_known_addr { host: "127.26.135.67" port: 43523 } }
I20260710 13:26:04.267419 27495 raft_consensus.cc:3060] T a0bc99586708437db49b330a0eea960b P a3ad1bd4646e45d0a8f332cbd995d3d6 [term 0 FOLLOWER]: Advancing to term 1
I20260710 13:26:04.274986 27491 raft_consensus.cc:359] T 1f028c4ce3e04e22bd44de1cc4c8dbe4 P a3ad1bd4646e45d0a8f332cbd995d3d6 [term 0 FOLLOWER]: Replica starting. Triggering 0 pending ops. Active config: opid_index: -1 OBSOLETE_local: false peers { permanent_uuid: "a3ad1bd4646e45d0a8f332cbd995d3d6" member_type: VOTER last_known_addr { host: "127.26.135.65" port: 42103 } } peers { permanent_uuid: "f62b96e8d45749c5b9c91fe23329a2a0" member_type: VOTER last_known_addr { host: "127.26.135.66" port: 44051 } } peers { permanent_uuid: "b09cf6891ded4930a5672b78d047f8b6" member_type: VOTER last_known_addr { host: "127.26.135.67" port: 43523 } }
I20260710 13:26:04.278242 27491 raft_consensus.cc:385] T 1f028c4ce3e04e22bd44de1cc4c8dbe4 P a3ad1bd4646e45d0a8f332cbd995d3d6 [term 0 FOLLOWER]: Consensus starting up: Expiring failure detector timer to make a prompt election more likely
I20260710 13:26:04.285316 27491 raft_consensus.cc:740] T 1f028c4ce3e04e22bd44de1cc4c8dbe4 P a3ad1bd4646e45d0a8f332cbd995d3d6 [term 0 FOLLOWER]: Becoming Follower/Learner. State: Replica: a3ad1bd4646e45d0a8f332cbd995d3d6, State: Initialized, Role: FOLLOWER
I20260710 13:26:04.286011 27491 consensus_queue.cc:260] T 1f028c4ce3e04e22bd44de1cc4c8dbe4 P a3ad1bd4646e45d0a8f332cbd995d3d6 [NON_LEADER]: Queue going to NON_LEADER mode. State: All replicated index: 0, Majority replicated index: 0, Committed index: 0, Last appended: 0.0, Last appended by leader: 0, Current term: 0, Majority size: -1, State: 0, Mode: NON_LEADER, active raft config: opid_index: -1 OBSOLETE_local: false peers { permanent_uuid: "a3ad1bd4646e45d0a8f332cbd995d3d6" member_type: VOTER last_known_addr { host: "127.26.135.65" port: 42103 } } peers { permanent_uuid: "f62b96e8d45749c5b9c91fe23329a2a0" member_type: VOTER last_known_addr { host: "127.26.135.66" port: 44051 } } peers { permanent_uuid: "b09cf6891ded4930a5672b78d047f8b6" member_type: VOTER last_known_addr { host: "127.26.135.67" port: 43523 } }
I20260710 13:26:04.278868 27495 raft_consensus.cc:515] T a0bc99586708437db49b330a0eea960b P a3ad1bd4646e45d0a8f332cbd995d3d6 [term 1 FOLLOWER]: Starting leader election with config: opid_index: -1 OBSOLETE_local: false peers { permanent_uuid: "a3ad1bd4646e45d0a8f332cbd995d3d6" member_type: VOTER last_known_addr { host: "127.26.135.65" port: 42103 } } peers { permanent_uuid: "f62b96e8d45749c5b9c91fe23329a2a0" member_type: VOTER last_known_addr { host: "127.26.135.66" port: 44051 } } peers { permanent_uuid: "b09cf6891ded4930a5672b78d047f8b6" member_type: VOTER last_known_addr { host: "127.26.135.67" port: 43523 } }
I20260710 13:26:04.289458 27491 ts_tablet_manager.cc:1434] T 1f028c4ce3e04e22bd44de1cc4c8dbe4 P a3ad1bd4646e45d0a8f332cbd995d3d6: Time spent starting tablet: real 0.031s	user 0.005s	sys 0.002s
I20260710 13:26:04.290838 27495 leader_election.cc:290] T a0bc99586708437db49b330a0eea960b P a3ad1bd4646e45d0a8f332cbd995d3d6 [CANDIDATE]: Term 1 election: Requested vote from peers f62b96e8d45749c5b9c91fe23329a2a0 (127.26.135.66:44051), b09cf6891ded4930a5672b78d047f8b6 (127.26.135.67:43523)
I20260710 13:26:04.290747 27448 tablet_service.cc:1917] Received RequestConsensusVote() RPC: tablet_id: "a0bc99586708437db49b330a0eea960b" candidate_uuid: "f62b96e8d45749c5b9c91fe23329a2a0" candidate_term: 1 candidate_status { last_received { term: 0 index: 0 } } ignore_live_leader: false dest_uuid: "b09cf6891ded4930a5672b78d047f8b6" is_pre_election: true
I20260710 13:26:04.283368 27265 leader_election.cc:304] T fada2283b7f4481895166a318baa8ff8 P a3ad1bd4646e45d0a8f332cbd995d3d6 [CANDIDATE]: Term 1 election: Election decided. Result: candidate won. Election summary: received 3 responses out of 3 voters: 2 yes votes; 1 no votes. yes voters: a3ad1bd4646e45d0a8f332cbd995d3d6, b09cf6891ded4930a5672b78d047f8b6; no voters: f62b96e8d45749c5b9c91fe23329a2a0
I20260710 13:26:04.290373 27491 tablet_bootstrap.cc:492] T 9c33b9f8eb9c410a942194c98b5ba4c8 P a3ad1bd4646e45d0a8f332cbd995d3d6: Bootstrap starting.
I20260710 13:26:04.297727 27495 raft_consensus.cc:2804] T fada2283b7f4481895166a318baa8ff8 P a3ad1bd4646e45d0a8f332cbd995d3d6 [term 1 FOLLOWER]: Leader election won for term 1
I20260710 13:26:04.301244 27299 tablet_service.cc:1917] Received RequestConsensusVote() RPC: tablet_id: "a0bc99586708437db49b330a0eea960b" candidate_uuid: "f62b96e8d45749c5b9c91fe23329a2a0" candidate_term: 1 candidate_status { last_received { term: 0 index: 0 } } ignore_live_leader: false dest_uuid: "a3ad1bd4646e45d0a8f332cbd995d3d6" is_pre_election: true
I20260710 13:26:04.301848 27492 tablet_bootstrap.cc:492] T 540faa4b0f07450f86a0506a8959ad04 P b09cf6891ded4930a5672b78d047f8b6: No bootstrap required, opened a new log
I20260710 13:26:04.299961 27495 raft_consensus.cc:697] T fada2283b7f4481895166a318baa8ff8 P a3ad1bd4646e45d0a8f332cbd995d3d6 [term 1 LEADER]: Becoming Leader. State: Replica: a3ad1bd4646e45d0a8f332cbd995d3d6, State: Running, Role: LEADER
I20260710 13:26:04.301952 27448 tablet_service.cc:1917] Received RequestConsensusVote() RPC: tablet_id: "a0bc99586708437db49b330a0eea960b" candidate_uuid: "a3ad1bd4646e45d0a8f332cbd995d3d6" candidate_term: 1 candidate_status { last_received { term: 0 index: 0 } } ignore_live_leader: false dest_uuid: "b09cf6891ded4930a5672b78d047f8b6"
W20260710 13:26:04.305208 27340 leader_election.cc:343] T a0bc99586708437db49b330a0eea960b P f62b96e8d45749c5b9c91fe23329a2a0 [CANDIDATE]: Term 1 pre-election: Tablet error from VoteRequest() call to peer b09cf6891ded4930a5672b78d047f8b6 (127.26.135.67:43523): Illegal state: must be running to vote when last-logged opid is not known
I20260710 13:26:04.306727 27375 tablet_service.cc:1917] Received RequestConsensusVote() RPC: tablet_id: "a0bc99586708437db49b330a0eea960b" candidate_uuid: "a3ad1bd4646e45d0a8f332cbd995d3d6" candidate_term: 1 candidate_status { last_received { term: 0 index: 0 } } ignore_live_leader: false dest_uuid: "f62b96e8d45749c5b9c91fe23329a2a0"
I20260710 13:26:04.307394 27375 raft_consensus.cc:3060] T a0bc99586708437db49b330a0eea960b P f62b96e8d45749c5b9c91fe23329a2a0 [term 0 FOLLOWER]: Advancing to term 1
I20260710 13:26:04.307955 27299 raft_consensus.cc:2393] T a0bc99586708437db49b330a0eea960b P a3ad1bd4646e45d0a8f332cbd995d3d6 [term 1 FOLLOWER]: Leader pre-election vote request: Denying vote to candidate f62b96e8d45749c5b9c91fe23329a2a0 in current term 1: Already voted for candidate a3ad1bd4646e45d0a8f332cbd995d3d6 in this term.
I20260710 13:26:04.308821 27495 consensus_queue.cc:237] T fada2283b7f4481895166a318baa8ff8 P a3ad1bd4646e45d0a8f332cbd995d3d6 [LEADER]: Queue going to LEADER mode. State: All replicated index: 0, Majority replicated index: 0, Committed index: 0, Last appended: 0.0, Last appended by leader: 0, Current term: 1, Majority size: 2, State: 0, Mode: LEADER, active raft config: opid_index: -1 OBSOLETE_local: false peers { permanent_uuid: "a3ad1bd4646e45d0a8f332cbd995d3d6" member_type: VOTER last_known_addr { host: "127.26.135.65" port: 42103 } } peers { permanent_uuid: "f62b96e8d45749c5b9c91fe23329a2a0" member_type: VOTER last_known_addr { host: "127.26.135.66" port: 44051 } } peers { permanent_uuid: "b09cf6891ded4930a5672b78d047f8b6" member_type: VOTER last_known_addr { host: "127.26.135.67" port: 43523 } }
I20260710 13:26:04.309677 27492 ts_tablet_manager.cc:1403] T 540faa4b0f07450f86a0506a8959ad04 P b09cf6891ded4930a5672b78d047f8b6: Time spent bootstrapping tablet: real 0.145s	user 0.028s	sys 0.020s
I20260710 13:26:04.310572 27338 leader_election.cc:304] T a0bc99586708437db49b330a0eea960b P f62b96e8d45749c5b9c91fe23329a2a0 [CANDIDATE]: Term 1 pre-election: Election decided. Result: candidate lost. Election summary: received 3 responses out of 3 voters: 1 yes votes; 2 no votes. yes voters: f62b96e8d45749c5b9c91fe23329a2a0; no voters: a3ad1bd4646e45d0a8f332cbd995d3d6, b09cf6891ded4930a5672b78d047f8b6
W20260710 13:26:04.311772 27265 leader_election.cc:343] T a0bc99586708437db49b330a0eea960b P a3ad1bd4646e45d0a8f332cbd995d3d6 [CANDIDATE]: Term 1 election: Tablet error from VoteRequest() call to peer b09cf6891ded4930a5672b78d047f8b6 (127.26.135.67:43523): Illegal state: must be running to vote when last-logged opid is not known
I20260710 13:26:04.322798 27493 tablet_bootstrap.cc:492] T fada2283b7f4481895166a318baa8ff8 P f62b96e8d45749c5b9c91fe23329a2a0: No bootstrap required, opened a new log
I20260710 13:26:04.323997 27493 ts_tablet_manager.cc:1403] T fada2283b7f4481895166a318baa8ff8 P f62b96e8d45749c5b9c91fe23329a2a0: Time spent bootstrapping tablet: real 0.109s	user 0.011s	sys 0.012s
I20260710 13:26:04.323876 27194 catalog_manager.cc:5697] T cdd39787cce24cd79da52fc85c22e791 P a3ad1bd4646e45d0a8f332cbd995d3d6 reported cstate change: term changed from 0 to 1, leader changed from <none> to a3ad1bd4646e45d0a8f332cbd995d3d6 (127.26.135.65). New cstate: current_term: 1 leader_uuid: "a3ad1bd4646e45d0a8f332cbd995d3d6" committed_config { opid_index: -1 OBSOLETE_local: false peers { permanent_uuid: "a3ad1bd4646e45d0a8f332cbd995d3d6" member_type: VOTER last_known_addr { host: "127.26.135.65" port: 42103 } health_report { overall_health: HEALTHY } } peers { permanent_uuid: "f62b96e8d45749c5b9c91fe23329a2a0" member_type: VOTER last_known_addr { host: "127.26.135.66" port: 44051 } health_report { overall_health: UNKNOWN } } peers { permanent_uuid: "b09cf6891ded4930a5672b78d047f8b6" member_type: VOTER last_known_addr { host: "127.26.135.67" port: 43523 } health_report { overall_health: UNKNOWN } } }
I20260710 13:26:04.330484 27493 raft_consensus.cc:359] T fada2283b7f4481895166a318baa8ff8 P f62b96e8d45749c5b9c91fe23329a2a0 [term 0 FOLLOWER]: Replica starting. Triggering 0 pending ops. Active config: opid_index: -1 OBSOLETE_local: false peers { permanent_uuid: "a3ad1bd4646e45d0a8f332cbd995d3d6" member_type: VOTER last_known_addr { host: "127.26.135.65" port: 42103 } } peers { permanent_uuid: "f62b96e8d45749c5b9c91fe23329a2a0" member_type: VOTER last_known_addr { host: "127.26.135.66" port: 44051 } } peers { permanent_uuid: "b09cf6891ded4930a5672b78d047f8b6" member_type: VOTER last_known_addr { host: "127.26.135.67" port: 43523 } }
I20260710 13:26:04.331185 27493 raft_consensus.cc:385] T fada2283b7f4481895166a318baa8ff8 P f62b96e8d45749c5b9c91fe23329a2a0 [term 0 FOLLOWER]: Consensus starting up: Expiring failure detector timer to make a prompt election more likely
I20260710 13:26:04.331463 27493 raft_consensus.cc:740] T fada2283b7f4481895166a318baa8ff8 P f62b96e8d45749c5b9c91fe23329a2a0 [term 0 FOLLOWER]: Becoming Follower/Learner. State: Replica: f62b96e8d45749c5b9c91fe23329a2a0, State: Initialized, Role: FOLLOWER
I20260710 13:26:04.332245 27375 raft_consensus.cc:2468] T a0bc99586708437db49b330a0eea960b P f62b96e8d45749c5b9c91fe23329a2a0 [term 1 FOLLOWER]: Leader election vote request: Granting yes vote for candidate a3ad1bd4646e45d0a8f332cbd995d3d6 in term 1.
I20260710 13:26:04.332175 27493 consensus_queue.cc:260] T fada2283b7f4481895166a318baa8ff8 P f62b96e8d45749c5b9c91fe23329a2a0 [NON_LEADER]: Queue going to NON_LEADER mode. State: All replicated index: 0, Majority replicated index: 0, Committed index: 0, Last appended: 0.0, Last appended by leader: 0, Current term: 0, Majority size: -1, State: 0, Mode: NON_LEADER, active raft config: opid_index: -1 OBSOLETE_local: false peers { permanent_uuid: "a3ad1bd4646e45d0a8f332cbd995d3d6" member_type: VOTER last_known_addr { host: "127.26.135.65" port: 42103 } } peers { permanent_uuid: "f62b96e8d45749c5b9c91fe23329a2a0" member_type: VOTER last_known_addr { host: "127.26.135.66" port: 44051 } } peers { permanent_uuid: "b09cf6891ded4930a5672b78d047f8b6" member_type: VOTER last_known_addr { host: "127.26.135.67" port: 43523 } }
I20260710 13:26:04.332947 27500 raft_consensus.cc:2749] T a0bc99586708437db49b330a0eea960b P f62b96e8d45749c5b9c91fe23329a2a0 [term 1 FOLLOWER]: Leader pre-election lost for term 1. Reason: could not achieve majority
I20260710 13:26:04.341390 27500 raft_consensus.cc:493] T fada2283b7f4481895166a318baa8ff8 P f62b96e8d45749c5b9c91fe23329a2a0 [term 0 FOLLOWER]: Starting pre-election (no leader contacted us within the election timeout)
I20260710 13:26:04.341642 27491 tablet_bootstrap.cc:654] T 9c33b9f8eb9c410a942194c98b5ba4c8 P a3ad1bd4646e45d0a8f332cbd995d3d6: Neither blocks nor log segments found. Creating new log.
I20260710 13:26:04.342022 27500 raft_consensus.cc:515] T fada2283b7f4481895166a318baa8ff8 P f62b96e8d45749c5b9c91fe23329a2a0 [term 0 FOLLOWER]: Starting pre-election with config: opid_index: -1 OBSOLETE_local: false peers { permanent_uuid: "a3ad1bd4646e45d0a8f332cbd995d3d6" member_type: VOTER last_known_addr { host: "127.26.135.65" port: 42103 } } peers { permanent_uuid: "f62b96e8d45749c5b9c91fe23329a2a0" member_type: VOTER last_known_addr { host: "127.26.135.66" port: 44051 } } peers { permanent_uuid: "b09cf6891ded4930a5672b78d047f8b6" member_type: VOTER last_known_addr { host: "127.26.135.67" port: 43523 } }
I20260710 13:26:04.345358 27299 tablet_service.cc:1917] Received RequestConsensusVote() RPC: tablet_id: "fada2283b7f4481895166a318baa8ff8" candidate_uuid: "f62b96e8d45749c5b9c91fe23329a2a0" candidate_term: 1 candidate_status { last_received { term: 0 index: 0 } } ignore_live_leader: false dest_uuid: "a3ad1bd4646e45d0a8f332cbd995d3d6" is_pre_election: true
I20260710 13:26:04.345981 27448 tablet_service.cc:1917] Received RequestConsensusVote() RPC: tablet_id: "fada2283b7f4481895166a318baa8ff8" candidate_uuid: "f62b96e8d45749c5b9c91fe23329a2a0" candidate_term: 1 candidate_status { last_received { term: 0 index: 0 } } ignore_live_leader: false dest_uuid: "b09cf6891ded4930a5672b78d047f8b6" is_pre_election: true
I20260710 13:26:04.347677 27448 raft_consensus.cc:2393] T fada2283b7f4481895166a318baa8ff8 P b09cf6891ded4930a5672b78d047f8b6 [term 1 FOLLOWER]: Leader pre-election vote request: Denying vote to candidate f62b96e8d45749c5b9c91fe23329a2a0 in current term 1: Already voted for candidate a3ad1bd4646e45d0a8f332cbd995d3d6 in this term.
I20260710 13:26:04.349259 27340 leader_election.cc:304] T fada2283b7f4481895166a318baa8ff8 P f62b96e8d45749c5b9c91fe23329a2a0 [CANDIDATE]: Term 1 pre-election: Election decided. Result: candidate lost. Election summary: received 3 responses out of 3 voters: 1 yes votes; 2 no votes. yes voters: f62b96e8d45749c5b9c91fe23329a2a0; no voters: a3ad1bd4646e45d0a8f332cbd995d3d6, b09cf6891ded4930a5672b78d047f8b6
I20260710 13:26:04.350203 27265 leader_election.cc:304] T a0bc99586708437db49b330a0eea960b P a3ad1bd4646e45d0a8f332cbd995d3d6 [CANDIDATE]: Term 1 election: Election decided. Result: candidate won. Election summary: received 3 responses out of 3 voters: 2 yes votes; 1 no votes. yes voters: a3ad1bd4646e45d0a8f332cbd995d3d6, f62b96e8d45749c5b9c91fe23329a2a0; no voters: b09cf6891ded4930a5672b78d047f8b6
I20260710 13:26:04.351017 27495 raft_consensus.cc:2804] T a0bc99586708437db49b330a0eea960b P a3ad1bd4646e45d0a8f332cbd995d3d6 [term 1 FOLLOWER]: Leader election won for term 1
I20260710 13:26:04.351729 27495 raft_consensus.cc:697] T a0bc99586708437db49b330a0eea960b P a3ad1bd4646e45d0a8f332cbd995d3d6 [term 1 LEADER]: Becoming Leader. State: Replica: a3ad1bd4646e45d0a8f332cbd995d3d6, State: Running, Role: LEADER
I20260710 13:26:04.352556 27495 consensus_queue.cc:237] T a0bc99586708437db49b330a0eea960b P a3ad1bd4646e45d0a8f332cbd995d3d6 [LEADER]: Queue going to LEADER mode. State: All replicated index: 0, Majority replicated index: 0, Committed index: 0, Last appended: 0.0, Last appended by leader: 0, Current term: 1, Majority size: 2, State: 0, Mode: LEADER, active raft config: opid_index: -1 OBSOLETE_local: false peers { permanent_uuid: "a3ad1bd4646e45d0a8f332cbd995d3d6" member_type: VOTER last_known_addr { host: "127.26.135.65" port: 42103 } } peers { permanent_uuid: "f62b96e8d45749c5b9c91fe23329a2a0" member_type: VOTER last_known_addr { host: "127.26.135.66" port: 44051 } } peers { permanent_uuid: "b09cf6891ded4930a5672b78d047f8b6" member_type: VOTER last_known_addr { host: "127.26.135.67" port: 43523 } }
I20260710 13:26:04.333900 27492 raft_consensus.cc:359] T 540faa4b0f07450f86a0506a8959ad04 P b09cf6891ded4930a5672b78d047f8b6 [term 0 FOLLOWER]: Replica starting. Triggering 0 pending ops. Active config: opid_index: -1 OBSOLETE_local: false peers { permanent_uuid: "a3ad1bd4646e45d0a8f332cbd995d3d6" member_type: VOTER last_known_addr { host: "127.26.135.65" port: 42103 } } peers { permanent_uuid: "f62b96e8d45749c5b9c91fe23329a2a0" member_type: VOTER last_known_addr { host: "127.26.135.66" port: 44051 } } peers { permanent_uuid: "b09cf6891ded4930a5672b78d047f8b6" member_type: VOTER last_known_addr { host: "127.26.135.67" port: 43523 } }
I20260710 13:26:04.353570 27492 raft_consensus.cc:385] T 540faa4b0f07450f86a0506a8959ad04 P b09cf6891ded4930a5672b78d047f8b6 [term 0 FOLLOWER]: Consensus starting up: Expiring failure detector timer to make a prompt election more likely
I20260710 13:26:04.353876 27492 raft_consensus.cc:740] T 540faa4b0f07450f86a0506a8959ad04 P b09cf6891ded4930a5672b78d047f8b6 [term 0 FOLLOWER]: Becoming Follower/Learner. State: Replica: b09cf6891ded4930a5672b78d047f8b6, State: Initialized, Role: FOLLOWER
I20260710 13:26:04.354588 27492 consensus_queue.cc:260] T 540faa4b0f07450f86a0506a8959ad04 P b09cf6891ded4930a5672b78d047f8b6 [NON_LEADER]: Queue going to NON_LEADER mode. State: All replicated index: 0, Majority replicated index: 0, Committed index: 0, Last appended: 0.0, Last appended by leader: 0, Current term: 0, Majority size: -1, State: 0, Mode: NON_LEADER, active raft config: opid_index: -1 OBSOLETE_local: false peers { permanent_uuid: "a3ad1bd4646e45d0a8f332cbd995d3d6" member_type: VOTER last_known_addr { host: "127.26.135.65" port: 42103 } } peers { permanent_uuid: "f62b96e8d45749c5b9c91fe23329a2a0" member_type: VOTER last_known_addr { host: "127.26.135.66" port: 44051 } } peers { permanent_uuid: "b09cf6891ded4930a5672b78d047f8b6" member_type: VOTER last_known_addr { host: "127.26.135.67" port: 43523 } }
I20260710 13:26:04.346421 27500 leader_election.cc:290] T fada2283b7f4481895166a318baa8ff8 P f62b96e8d45749c5b9c91fe23329a2a0 [CANDIDATE]: Term 1 pre-election: Requested pre-vote from peers a3ad1bd4646e45d0a8f332cbd995d3d6 (127.26.135.65:42103), b09cf6891ded4930a5672b78d047f8b6 (127.26.135.67:43523)
I20260710 13:26:04.357131 27493 ts_tablet_manager.cc:1434] T fada2283b7f4481895166a318baa8ff8 P f62b96e8d45749c5b9c91fe23329a2a0: Time spent starting tablet: real 0.033s	user 0.017s	sys 0.011s
I20260710 13:26:04.358124 27493 tablet_bootstrap.cc:492] T eb868b64560743c5a55316cd6b8b356c P f62b96e8d45749c5b9c91fe23329a2a0: Bootstrap starting.
I20260710 13:26:04.356225 27532 raft_consensus.cc:3060] T fada2283b7f4481895166a318baa8ff8 P f62b96e8d45749c5b9c91fe23329a2a0 [term 0 FOLLOWER]: Advancing to term 1
I20260710 13:26:04.364153 27493 tablet_bootstrap.cc:654] T eb868b64560743c5a55316cd6b8b356c P f62b96e8d45749c5b9c91fe23329a2a0: Neither blocks nor log segments found. Creating new log.
I20260710 13:26:04.369915 27491 tablet_bootstrap.cc:492] T 9c33b9f8eb9c410a942194c98b5ba4c8 P a3ad1bd4646e45d0a8f332cbd995d3d6: No bootstrap required, opened a new log
I20260710 13:26:04.370637 27491 ts_tablet_manager.cc:1403] T 9c33b9f8eb9c410a942194c98b5ba4c8 P a3ad1bd4646e45d0a8f332cbd995d3d6: Time spent bootstrapping tablet: real 0.080s	user 0.016s	sys 0.003s
I20260710 13:26:04.370814 27492 ts_tablet_manager.cc:1434] T 540faa4b0f07450f86a0506a8959ad04 P b09cf6891ded4930a5672b78d047f8b6: Time spent starting tablet: real 0.051s	user 0.005s	sys 0.002s
I20260710 13:26:04.371946 27492 tablet_bootstrap.cc:492] T cdd39787cce24cd79da52fc85c22e791 P b09cf6891ded4930a5672b78d047f8b6: Bootstrap starting.
I20260710 13:26:04.374173 27491 raft_consensus.cc:359] T 9c33b9f8eb9c410a942194c98b5ba4c8 P a3ad1bd4646e45d0a8f332cbd995d3d6 [term 0 FOLLOWER]: Replica starting. Triggering 0 pending ops. Active config: opid_index: -1 OBSOLETE_local: false peers { permanent_uuid: "a3ad1bd4646e45d0a8f332cbd995d3d6" member_type: VOTER last_known_addr { host: "127.26.135.65" port: 42103 } } peers { permanent_uuid: "f62b96e8d45749c5b9c91fe23329a2a0" member_type: VOTER last_known_addr { host: "127.26.135.66" port: 44051 } } peers { permanent_uuid: "b09cf6891ded4930a5672b78d047f8b6" member_type: VOTER last_known_addr { host: "127.26.135.67" port: 43523 } }
I20260710 13:26:04.374969 27491 raft_consensus.cc:385] T 9c33b9f8eb9c410a942194c98b5ba4c8 P a3ad1bd4646e45d0a8f332cbd995d3d6 [term 0 FOLLOWER]: Consensus starting up: Expiring failure detector timer to make a prompt election more likely
I20260710 13:26:04.375311 27491 raft_consensus.cc:740] T 9c33b9f8eb9c410a942194c98b5ba4c8 P a3ad1bd4646e45d0a8f332cbd995d3d6 [term 0 FOLLOWER]: Becoming Follower/Learner. State: Replica: a3ad1bd4646e45d0a8f332cbd995d3d6, State: Initialized, Role: FOLLOWER
I20260710 13:26:04.375633 27493 tablet_bootstrap.cc:492] T eb868b64560743c5a55316cd6b8b356c P f62b96e8d45749c5b9c91fe23329a2a0: No bootstrap required, opened a new log
I20260710 13:26:04.376076 27493 ts_tablet_manager.cc:1403] T eb868b64560743c5a55316cd6b8b356c P f62b96e8d45749c5b9c91fe23329a2a0: Time spent bootstrapping tablet: real 0.018s	user 0.011s	sys 0.005s
I20260710 13:26:04.376220 27491 consensus_queue.cc:260] T 9c33b9f8eb9c410a942194c98b5ba4c8 P a3ad1bd4646e45d0a8f332cbd995d3d6 [NON_LEADER]: Queue going to NON_LEADER mode. State: All replicated index: 0, Majority replicated index: 0, Committed index: 0, Last appended: 0.0, Last appended by leader: 0, Current term: 0, Majority size: -1, State: 0, Mode: NON_LEADER, active raft config: opid_index: -1 OBSOLETE_local: false peers { permanent_uuid: "a3ad1bd4646e45d0a8f332cbd995d3d6" member_type: VOTER last_known_addr { host: "127.26.135.65" port: 42103 } } peers { permanent_uuid: "f62b96e8d45749c5b9c91fe23329a2a0" member_type: VOTER last_known_addr { host: "127.26.135.66" port: 44051 } } peers { permanent_uuid: "b09cf6891ded4930a5672b78d047f8b6" member_type: VOTER last_known_addr { host: "127.26.135.67" port: 43523 } }
I20260710 13:26:04.379042 27491 ts_tablet_manager.cc:1434] T 9c33b9f8eb9c410a942194c98b5ba4c8 P a3ad1bd4646e45d0a8f332cbd995d3d6: Time spent starting tablet: real 0.008s	user 0.006s	sys 0.000s
I20260710 13:26:04.378975 27493 raft_consensus.cc:359] T eb868b64560743c5a55316cd6b8b356c P f62b96e8d45749c5b9c91fe23329a2a0 [term 0 FOLLOWER]: Replica starting. Triggering 0 pending ops. Active config: opid_index: -1 OBSOLETE_local: false peers { permanent_uuid: "a3ad1bd4646e45d0a8f332cbd995d3d6" member_type: VOTER last_known_addr { host: "127.26.135.65" port: 42103 } } peers { permanent_uuid: "f62b96e8d45749c5b9c91fe23329a2a0" member_type: VOTER last_known_addr { host: "127.26.135.66" port: 44051 } } peers { permanent_uuid: "b09cf6891ded4930a5672b78d047f8b6" member_type: VOTER last_known_addr { host: "127.26.135.67" port: 43523 } }
