I20260710 13:15:51.020556  1242 ts_tablet_manager.cc:1434] T 569b8f6442d548d19010314cb088ad2c P 8cc32533cad840d4a10fc639245d046d: Time spent starting tablet: real 0.008s	user 0.004s	sys 0.004s
I20260710 13:15:51.020702  1241 tablet_bootstrap.cc:654] T 2f1ddc8d3be4427e8463c8a77ae43777 P bbe38556b18a45dea9f0d3b6448a6a46: Neither blocks nor log segments found. Creating new log.
I20260710 13:15:51.021490  1242 tablet_bootstrap.cc:492] T 0e1e5ee9ac5a4ca092a04ef3f45a1e35 P 8cc32533cad840d4a10fc639245d046d: Bootstrap starting.
I20260710 13:15:51.029358  1245 raft_consensus.cc:493] T ffdf12f467bb4095b163f1db01f765d8 P bbe38556b18a45dea9f0d3b6448a6a46 [term 0 FOLLOWER]: Starting pre-election (no leader contacted us within the election timeout)
I20260710 13:15:51.029806  1242 tablet_bootstrap.cc:654] T 0e1e5ee9ac5a4ca092a04ef3f45a1e35 P 8cc32533cad840d4a10fc639245d046d: Neither blocks nor log segments found. Creating new log.
I20260710 13:15:51.029883  1245 raft_consensus.cc:515] T ffdf12f467bb4095b163f1db01f765d8 P bbe38556b18a45dea9f0d3b6448a6a46 [term 0 FOLLOWER]: Starting pre-election with config: opid_index: -1 OBSOLETE_local: false peers { permanent_uuid: "bbe38556b18a45dea9f0d3b6448a6a46" member_type: VOTER last_known_addr { host: "127.0.107.195" port: 44043 } } peers { permanent_uuid: "a2ba2648ba344cb3861d49eb20ba3725" member_type: VOTER last_known_addr { host: "127.0.107.194" port: 43899 } } peers { permanent_uuid: "8cc32533cad840d4a10fc639245d046d" member_type: VOTER last_known_addr { host: "127.0.107.193" port: 42711 } }
I20260710 13:15:51.032891  1246 raft_consensus.cc:493] T 576b7bc4a4bb4e1997d90ba37b514e29 P a2ba2648ba344cb3861d49eb20ba3725 [term 0 FOLLOWER]: Starting pre-election (no leader contacted us within the election timeout)
I20260710 13:15:51.045212  1246 raft_consensus.cc:515] T 576b7bc4a4bb4e1997d90ba37b514e29 P a2ba2648ba344cb3861d49eb20ba3725 [term 0 FOLLOWER]: Starting pre-election with config: opid_index: -1 OBSOLETE_local: false peers { permanent_uuid: "8cc32533cad840d4a10fc639245d046d" member_type: VOTER last_known_addr { host: "127.0.107.193" port: 42711 } } peers { permanent_uuid: "a2ba2648ba344cb3861d49eb20ba3725" member_type: VOTER last_known_addr { host: "127.0.107.194" port: 43899 } } peers { permanent_uuid: "bbe38556b18a45dea9f0d3b6448a6a46" member_type: VOTER last_known_addr { host: "127.0.107.195" port: 44043 } }
I20260710 13:15:51.052410  1240 tablet_bootstrap.cc:492] T eb3349a9d54247a0bfacbbdde8340a0a P a2ba2648ba344cb3861d49eb20ba3725: No bootstrap required, opened a new log
I20260710 13:15:51.052855  1240 ts_tablet_manager.cc:1403] T eb3349a9d54247a0bfacbbdde8340a0a P a2ba2648ba344cb3861d49eb20ba3725: Time spent bootstrapping tablet: real 0.043s	user 0.009s	sys 0.031s
I20260710 13:15:51.053211  1246 leader_election.cc:290] T 576b7bc4a4bb4e1997d90ba37b514e29 P a2ba2648ba344cb3861d49eb20ba3725 [CANDIDATE]: Term 1 pre-election: Requested pre-vote from peers 8cc32533cad840d4a10fc639245d046d (127.0.107.193:42711), bbe38556b18a45dea9f0d3b6448a6a46 (127.0.107.195:44043)
I20260710 13:15:51.053823  1246 raft_consensus.cc:493] T 569b8f6442d548d19010314cb088ad2c P a2ba2648ba344cb3861d49eb20ba3725 [term 0 FOLLOWER]: Starting pre-election (no leader contacted us within the election timeout)
I20260710 13:15:51.054332  1246 raft_consensus.cc:515] T 569b8f6442d548d19010314cb088ad2c P a2ba2648ba344cb3861d49eb20ba3725 [term 0 FOLLOWER]: Starting pre-election with config: opid_index: -1 OBSOLETE_local: false peers { permanent_uuid: "8cc32533cad840d4a10fc639245d046d" member_type: VOTER last_known_addr { host: "127.0.107.193" port: 42711 } } peers { permanent_uuid: "a2ba2648ba344cb3861d49eb20ba3725" member_type: VOTER last_known_addr { host: "127.0.107.194" port: 43899 } } peers { permanent_uuid: "bbe38556b18a45dea9f0d3b6448a6a46" member_type: VOTER last_known_addr { host: "127.0.107.195" port: 44043 } }
I20260710 13:15:51.054997  1240 raft_consensus.cc:359] T eb3349a9d54247a0bfacbbdde8340a0a P a2ba2648ba344cb3861d49eb20ba3725 [term 0 FOLLOWER]: Replica starting. Triggering 0 pending ops. Active config: opid_index: -1 OBSOLETE_local: false peers { permanent_uuid: "8cc32533cad840d4a10fc639245d046d" member_type: VOTER last_known_addr { host: "127.0.107.193" port: 42711 } } peers { permanent_uuid: "a2ba2648ba344cb3861d49eb20ba3725" member_type: VOTER last_known_addr { host: "127.0.107.194" port: 43899 } } peers { permanent_uuid: "bbe38556b18a45dea9f0d3b6448a6a46" member_type: VOTER last_known_addr { host: "127.0.107.195" port: 44043 } }
I20260710 13:15:51.055578  1240 raft_consensus.cc:385] T eb3349a9d54247a0bfacbbdde8340a0a P a2ba2648ba344cb3861d49eb20ba3725 [term 0 FOLLOWER]: Consensus starting up: Expiring failure detector timer to make a prompt election more likely
I20260710 13:15:51.055820  1240 raft_consensus.cc:740] T eb3349a9d54247a0bfacbbdde8340a0a P a2ba2648ba344cb3861d49eb20ba3725 [term 0 FOLLOWER]: Becoming Follower/Learner. State: Replica: a2ba2648ba344cb3861d49eb20ba3725, State: Initialized, Role: FOLLOWER
I20260710 13:15:51.056440  1240 consensus_queue.cc:260] T eb3349a9d54247a0bfacbbdde8340a0a P a2ba2648ba344cb3861d49eb20ba3725 [NON_LEADER]: Queue going to NON_LEADER mode. State: All replicated index: 0, Majority replicated index: 0, Committed index: 0, Last appended: 0.0, Last appended by leader: 0, Current term: 0, Majority size: -1, State: 0, Mode: NON_LEADER, active raft config: opid_index: -1 OBSOLETE_local: false peers { permanent_uuid: "8cc32533cad840d4a10fc639245d046d" member_type: VOTER last_known_addr { host: "127.0.107.193" port: 42711 } } peers { permanent_uuid: "a2ba2648ba344cb3861d49eb20ba3725" member_type: VOTER last_known_addr { host: "127.0.107.194" port: 43899 } } peers { permanent_uuid: "bbe38556b18a45dea9f0d3b6448a6a46" member_type: VOTER last_known_addr { host: "127.0.107.195" port: 44043 } }
I20260710 13:15:51.056627  1246 leader_election.cc:290] T 569b8f6442d548d19010314cb088ad2c P a2ba2648ba344cb3861d49eb20ba3725 [CANDIDATE]: Term 1 pre-election: Requested pre-vote from peers 8cc32533cad840d4a10fc639245d046d (127.0.107.193:42711), bbe38556b18a45dea9f0d3b6448a6a46 (127.0.107.195:44043)
I20260710 13:15:51.032601  1245 leader_election.cc:290] T ffdf12f467bb4095b163f1db01f765d8 P bbe38556b18a45dea9f0d3b6448a6a46 [CANDIDATE]: Term 1 pre-election: Requested pre-vote from peers a2ba2648ba344cb3861d49eb20ba3725 (127.0.107.194:43899), 8cc32533cad840d4a10fc639245d046d (127.0.107.193:42711)
I20260710 13:15:51.058178  1240 ts_tablet_manager.cc:1434] T eb3349a9d54247a0bfacbbdde8340a0a P a2ba2648ba344cb3861d49eb20ba3725: Time spent starting tablet: real 0.005s	user 0.004s	sys 0.000s
I20260710 13:15:51.071463  1240 tablet_bootstrap.cc:492] T 2f1ddc8d3be4427e8463c8a77ae43777 P a2ba2648ba344cb3861d49eb20ba3725: Bootstrap starting.
I20260710 13:15:51.079900  1240 tablet_bootstrap.cc:654] T 2f1ddc8d3be4427e8463c8a77ae43777 P a2ba2648ba344cb3861d49eb20ba3725: Neither blocks nor log segments found. Creating new log.
I20260710 13:15:51.088631  1250 raft_consensus.cc:493] T ffdf12f467bb4095b163f1db01f765d8 P 8cc32533cad840d4a10fc639245d046d [term 0 FOLLOWER]: Starting pre-election (no leader contacted us within the election timeout)
I20260710 13:15:51.089149  1250 raft_consensus.cc:515] T ffdf12f467bb4095b163f1db01f765d8 P 8cc32533cad840d4a10fc639245d046d [term 0 FOLLOWER]: Starting pre-election with config: opid_index: -1 OBSOLETE_local: false peers { permanent_uuid: "bbe38556b18a45dea9f0d3b6448a6a46" member_type: VOTER last_known_addr { host: "127.0.107.195" port: 44043 } } peers { permanent_uuid: "a2ba2648ba344cb3861d49eb20ba3725" member_type: VOTER last_known_addr { host: "127.0.107.194" port: 43899 } } peers { permanent_uuid: "8cc32533cad840d4a10fc639245d046d" member_type: VOTER last_known_addr { host: "127.0.107.193" port: 42711 } }
I20260710 13:15:51.095271  1250 leader_election.cc:290] T ffdf12f467bb4095b163f1db01f765d8 P 8cc32533cad840d4a10fc639245d046d [CANDIDATE]: Term 1 pre-election: Requested pre-vote from peers bbe38556b18a45dea9f0d3b6448a6a46 (127.0.107.195:44043), a2ba2648ba344cb3861d49eb20ba3725 (127.0.107.194:43899)
I20260710 13:15:51.102376  1245 raft_consensus.cc:493] T 0e1e5ee9ac5a4ca092a04ef3f45a1e35 P bbe38556b18a45dea9f0d3b6448a6a46 [term 0 FOLLOWER]: Starting pre-election (no leader contacted us within the election timeout)
I20260710 13:15:51.102959  1245 raft_consensus.cc:515] T 0e1e5ee9ac5a4ca092a04ef3f45a1e35 P bbe38556b18a45dea9f0d3b6448a6a46 [term 0 FOLLOWER]: Starting pre-election with config: opid_index: -1 OBSOLETE_local: false peers { permanent_uuid: "8cc32533cad840d4a10fc639245d046d" member_type: VOTER last_known_addr { host: "127.0.107.193" port: 42711 } } peers { permanent_uuid: "a2ba2648ba344cb3861d49eb20ba3725" member_type: VOTER last_known_addr { host: "127.0.107.194" port: 43899 } } peers { permanent_uuid: "bbe38556b18a45dea9f0d3b6448a6a46" member_type: VOTER last_known_addr { host: "127.0.107.195" port: 44043 } }
I20260710 13:15:51.105103  1245 leader_election.cc:290] T 0e1e5ee9ac5a4ca092a04ef3f45a1e35 P bbe38556b18a45dea9f0d3b6448a6a46 [CANDIDATE]: Term 1 pre-election: Requested pre-vote from peers 8cc32533cad840d4a10fc639245d046d (127.0.107.193:42711), a2ba2648ba344cb3861d49eb20ba3725 (127.0.107.194:43899)
I20260710 13:15:51.107139  1126 tablet_service.cc:1917] Received RequestConsensusVote() RPC: tablet_id: "ffdf12f467bb4095b163f1db01f765d8" candidate_uuid: "bbe38556b18a45dea9f0d3b6448a6a46" candidate_term: 1 candidate_status { last_received { term: 0 index: 0 } } ignore_live_leader: false dest_uuid: "a2ba2648ba344cb3861d49eb20ba3725" is_pre_election: true
I20260710 13:15:51.108991  1125 tablet_service.cc:1917] Received RequestConsensusVote() RPC: tablet_id: "0e1e5ee9ac5a4ca092a04ef3f45a1e35" candidate_uuid: "bbe38556b18a45dea9f0d3b6448a6a46" candidate_term: 1 candidate_status { last_received { term: 0 index: 0 } } ignore_live_leader: false dest_uuid: "a2ba2648ba344cb3861d49eb20ba3725" is_pre_election: true
I20260710 13:15:51.109831  1125 raft_consensus.cc:2468] T 0e1e5ee9ac5a4ca092a04ef3f45a1e35 P a2ba2648ba344cb3861d49eb20ba3725 [term 0 FOLLOWER]: Leader pre-election vote request: Granting yes vote for candidate bbe38556b18a45dea9f0d3b6448a6a46 in term 0.
W20260710 13:15:51.119486  1165 leader_election.cc:343] T ffdf12f467bb4095b163f1db01f765d8 P bbe38556b18a45dea9f0d3b6448a6a46 [CANDIDATE]: Term 1 pre-election: Tablet error from VoteRequest() call to peer a2ba2648ba344cb3861d49eb20ba3725 (127.0.107.194:43899): Illegal state: must be running to vote when last-logged opid is not known
I20260710 13:15:51.120263  1165 leader_election.cc:304] T 0e1e5ee9ac5a4ca092a04ef3f45a1e35 P bbe38556b18a45dea9f0d3b6448a6a46 [CANDIDATE]: Term 1 pre-election: Election decided. Result: candidate won. Election summary: received 2 responses out of 3 voters: 2 yes votes; 0 no votes. yes voters: a2ba2648ba344cb3861d49eb20ba3725, bbe38556b18a45dea9f0d3b6448a6a46; no voters: 
I20260710 13:15:51.123850  1241 tablet_bootstrap.cc:492] T 2f1ddc8d3be4427e8463c8a77ae43777 P bbe38556b18a45dea9f0d3b6448a6a46: No bootstrap required, opened a new log
I20260710 13:15:51.139807  1245 raft_consensus.cc:2804] T 0e1e5ee9ac5a4ca092a04ef3f45a1e35 P bbe38556b18a45dea9f0d3b6448a6a46 [term 0 FOLLOWER]: Leader pre-election won for term 1
I20260710 13:15:51.140233  1245 raft_consensus.cc:493] T 0e1e5ee9ac5a4ca092a04ef3f45a1e35 P bbe38556b18a45dea9f0d3b6448a6a46 [term 0 FOLLOWER]: Starting leader election (no leader contacted us within the election timeout)
I20260710 13:15:51.140615  1245 raft_consensus.cc:3060] T 0e1e5ee9ac5a4ca092a04ef3f45a1e35 P bbe38556b18a45dea9f0d3b6448a6a46 [term 0 FOLLOWER]: Advancing to term 1
I20260710 13:15:51.148995  1245 raft_consensus.cc:515] T 0e1e5ee9ac5a4ca092a04ef3f45a1e35 P bbe38556b18a45dea9f0d3b6448a6a46 [term 1 FOLLOWER]: Starting leader election with config: opid_index: -1 OBSOLETE_local: false peers { permanent_uuid: "8cc32533cad840d4a10fc639245d046d" member_type: VOTER last_known_addr { host: "127.0.107.193" port: 42711 } } peers { permanent_uuid: "a2ba2648ba344cb3861d49eb20ba3725" member_type: VOTER last_known_addr { host: "127.0.107.194" port: 43899 } } peers { permanent_uuid: "bbe38556b18a45dea9f0d3b6448a6a46" member_type: VOTER last_known_addr { host: "127.0.107.195" port: 44043 } }
I20260710 13:15:51.150910  1245 leader_election.cc:290] T 0e1e5ee9ac5a4ca092a04ef3f45a1e35 P bbe38556b18a45dea9f0d3b6448a6a46 [CANDIDATE]: Term 1 election: Requested vote from peers 8cc32533cad840d4a10fc639245d046d (127.0.107.193:42711), a2ba2648ba344cb3861d49eb20ba3725 (127.0.107.194:43899)
I20260710 13:15:51.153076  1125 tablet_service.cc:1917] Received RequestConsensusVote() RPC: tablet_id: "0e1e5ee9ac5a4ca092a04ef3f45a1e35" candidate_uuid: "bbe38556b18a45dea9f0d3b6448a6a46" candidate_term: 1 candidate_status { last_received { term: 0 index: 0 } } ignore_live_leader: false dest_uuid: "a2ba2648ba344cb3861d49eb20ba3725"
I20260710 13:15:51.153622  1125 raft_consensus.cc:3060] T 0e1e5ee9ac5a4ca092a04ef3f45a1e35 P a2ba2648ba344cb3861d49eb20ba3725 [term 0 FOLLOWER]: Advancing to term 1
I20260710 13:15:51.160919  1125 raft_consensus.cc:2468] T 0e1e5ee9ac5a4ca092a04ef3f45a1e35 P a2ba2648ba344cb3861d49eb20ba3725 [term 1 FOLLOWER]: Leader election vote request: Granting yes vote for candidate bbe38556b18a45dea9f0d3b6448a6a46 in term 1.
I20260710 13:15:51.173005  1258 raft_consensus.cc:493] T eb3349a9d54247a0bfacbbdde8340a0a P a2ba2648ba344cb3861d49eb20ba3725 [term 0 FOLLOWER]: Starting pre-election (no leader contacted us within the election timeout)
I20260710 13:15:51.173524  1258 raft_consensus.cc:515] T eb3349a9d54247a0bfacbbdde8340a0a P a2ba2648ba344cb3861d49eb20ba3725 [term 0 FOLLOWER]: Starting pre-election with config: opid_index: -1 OBSOLETE_local: false peers { permanent_uuid: "8cc32533cad840d4a10fc639245d046d" member_type: VOTER last_known_addr { host: "127.0.107.193" port: 42711 } } peers { permanent_uuid: "a2ba2648ba344cb3861d49eb20ba3725" member_type: VOTER last_known_addr { host: "127.0.107.194" port: 43899 } } peers { permanent_uuid: "bbe38556b18a45dea9f0d3b6448a6a46" member_type: VOTER last_known_addr { host: "127.0.107.195" port: 44043 } }
I20260710 13:15:51.124435  1241 ts_tablet_manager.cc:1403] T 2f1ddc8d3be4427e8463c8a77ae43777 P bbe38556b18a45dea9f0d3b6448a6a46: Time spent bootstrapping tablet: real 0.111s	user 0.012s	sys 0.007s
I20260710 13:15:51.176395  1258 leader_election.cc:290] T eb3349a9d54247a0bfacbbdde8340a0a P a2ba2648ba344cb3861d49eb20ba3725 [CANDIDATE]: Term 1 pre-election: Requested pre-vote from peers 8cc32533cad840d4a10fc639245d046d (127.0.107.193:42711), bbe38556b18a45dea9f0d3b6448a6a46 (127.0.107.195:44043)
I20260710 13:15:51.181478  1165 leader_election.cc:304] T 0e1e5ee9ac5a4ca092a04ef3f45a1e35 P bbe38556b18a45dea9f0d3b6448a6a46 [CANDIDATE]: Term 1 election: Election decided. Result: candidate won. Election summary: received 2 responses out of 3 voters: 2 yes votes; 0 no votes. yes voters: a2ba2648ba344cb3861d49eb20ba3725, bbe38556b18a45dea9f0d3b6448a6a46; no voters: 
I20260710 13:15:51.182971  1051 tablet_service.cc:1917] Received RequestConsensusVote() RPC: tablet_id: "ffdf12f467bb4095b163f1db01f765d8" candidate_uuid: "bbe38556b18a45dea9f0d3b6448a6a46" candidate_term: 1 candidate_status { last_received { term: 0 index: 0 } } ignore_live_leader: false dest_uuid: "8cc32533cad840d4a10fc639245d046d" is_pre_election: true
I20260710 13:15:51.183859  1051 raft_consensus.cc:2468] T ffdf12f467bb4095b163f1db01f765d8 P 8cc32533cad840d4a10fc639245d046d [term 0 FOLLOWER]: Leader pre-election vote request: Granting yes vote for candidate bbe38556b18a45dea9f0d3b6448a6a46 in term 0.
I20260710 13:15:51.184459  1200 tablet_service.cc:1917] Received RequestConsensusVote() RPC: tablet_id: "ffdf12f467bb4095b163f1db01f765d8" candidate_uuid: "8cc32533cad840d4a10fc639245d046d" candidate_term: 1 candidate_status { last_received { term: 0 index: 0 } } ignore_live_leader: false dest_uuid: "bbe38556b18a45dea9f0d3b6448a6a46" is_pre_election: true
I20260710 13:15:51.185168  1200 raft_consensus.cc:2468] T ffdf12f467bb4095b163f1db01f765d8 P bbe38556b18a45dea9f0d3b6448a6a46 [term 0 FOLLOWER]: Leader pre-election vote request: Granting yes vote for candidate 8cc32533cad840d4a10fc639245d046d in term 0.
I20260710 13:15:51.185096  1050 tablet_service.cc:1917] Received RequestConsensusVote() RPC: tablet_id: "0e1e5ee9ac5a4ca092a04ef3f45a1e35" candidate_uuid: "bbe38556b18a45dea9f0d3b6448a6a46" candidate_term: 1 candidate_status { last_received { term: 0 index: 0 } } ignore_live_leader: false dest_uuid: "8cc32533cad840d4a10fc639245d046d" is_pre_election: true
I20260710 13:15:51.185917  1245 raft_consensus.cc:2804] T 0e1e5ee9ac5a4ca092a04ef3f45a1e35 P bbe38556b18a45dea9f0d3b6448a6a46 [term 1 FOLLOWER]: Leader election won for term 1
I20260710 13:15:51.186879  1016 leader_election.cc:304] T ffdf12f467bb4095b163f1db01f765d8 P 8cc32533cad840d4a10fc639245d046d [CANDIDATE]: Term 1 pre-election: Election decided. Result: candidate won. Election summary: received 2 responses out of 3 voters: 2 yes votes; 0 no votes. yes voters: 8cc32533cad840d4a10fc639245d046d, bbe38556b18a45dea9f0d3b6448a6a46; no voters: 
I20260710 13:15:51.186924  1049 tablet_service.cc:1917] Received RequestConsensusVote() RPC: tablet_id: "0e1e5ee9ac5a4ca092a04ef3f45a1e35" candidate_uuid: "bbe38556b18a45dea9f0d3b6448a6a46" candidate_term: 1 candidate_status { last_received { term: 0 index: 0 } } ignore_live_leader: false dest_uuid: "8cc32533cad840d4a10fc639245d046d"
I20260710 13:15:51.187765  1250 raft_consensus.cc:2804] T ffdf12f467bb4095b163f1db01f765d8 P 8cc32533cad840d4a10fc639245d046d [term 0 FOLLOWER]: Leader pre-election won for term 1
I20260710 13:15:51.188112  1250 raft_consensus.cc:493] T ffdf12f467bb4095b163f1db01f765d8 P 8cc32533cad840d4a10fc639245d046d [term 0 FOLLOWER]: Starting leader election (no leader contacted us within the election timeout)
I20260710 13:15:51.185380  1125 tablet_service.cc:1917] Received RequestConsensusVote() RPC: tablet_id: "ffdf12f467bb4095b163f1db01f765d8" candidate_uuid: "8cc32533cad840d4a10fc639245d046d" candidate_term: 1 candidate_status { last_received { term: 0 index: 0 } } ignore_live_leader: false dest_uuid: "a2ba2648ba344cb3861d49eb20ba3725" is_pre_election: true
I20260710 13:15:51.188459  1250 raft_consensus.cc:3060] T ffdf12f467bb4095b163f1db01f765d8 P 8cc32533cad840d4a10fc639245d046d [term 0 FOLLOWER]: Advancing to term 1
W20260710 13:15:51.189296  1165 leader_election.cc:343] T 0e1e5ee9ac5a4ca092a04ef3f45a1e35 P bbe38556b18a45dea9f0d3b6448a6a46 [CANDIDATE]: Term 1 election: Tablet error from VoteRequest() call to peer 8cc32533cad840d4a10fc639245d046d (127.0.107.193:42711): Illegal state: must be running to vote when last-logged opid is not known
I20260710 13:15:51.180562  1241 raft_consensus.cc:359] T 2f1ddc8d3be4427e8463c8a77ae43777 P bbe38556b18a45dea9f0d3b6448a6a46 [term 0 FOLLOWER]: Replica starting. Triggering 0 pending ops. Active config: opid_index: -1 OBSOLETE_local: false peers { permanent_uuid: "8cc32533cad840d4a10fc639245d046d" member_type: VOTER last_known_addr { host: "127.0.107.193" port: 42711 } } peers { permanent_uuid: "a2ba2648ba344cb3861d49eb20ba3725" member_type: VOTER last_known_addr { host: "127.0.107.194" port: 43899 } } peers { permanent_uuid: "bbe38556b18a45dea9f0d3b6448a6a46" member_type: VOTER last_known_addr { host: "127.0.107.195" port: 44043 } }
I20260710 13:15:51.190166  1050 tablet_service.cc:1917] Received RequestConsensusVote() RPC: tablet_id: "576b7bc4a4bb4e1997d90ba37b514e29" candidate_uuid: "a2ba2648ba344cb3861d49eb20ba3725" candidate_term: 1 candidate_status { last_received { term: 0 index: 0 } } ignore_live_leader: false dest_uuid: "8cc32533cad840d4a10fc639245d046d" is_pre_election: true
I20260710 13:15:51.190392  1165 leader_election.cc:304] T ffdf12f467bb4095b163f1db01f765d8 P bbe38556b18a45dea9f0d3b6448a6a46 [CANDIDATE]: Term 1 pre-election: Election decided. Result: candidate won. Election summary: received 3 responses out of 3 voters: 2 yes votes; 1 no votes. yes voters: 8cc32533cad840d4a10fc639245d046d, bbe38556b18a45dea9f0d3b6448a6a46; no voters: a2ba2648ba344cb3861d49eb20ba3725
I20260710 13:15:51.192037  1240 tablet_bootstrap.cc:492] T 2f1ddc8d3be4427e8463c8a77ae43777 P a2ba2648ba344cb3861d49eb20ba3725: No bootstrap required, opened a new log
I20260710 13:15:51.192234  1050 tablet_service.cc:1917] Received RequestConsensusVote() RPC: tablet_id: "569b8f6442d548d19010314cb088ad2c" candidate_uuid: "a2ba2648ba344cb3861d49eb20ba3725" candidate_term: 1 candidate_status { last_received { term: 0 index: 0 } } ignore_live_leader: false dest_uuid: "8cc32533cad840d4a10fc639245d046d" is_pre_election: true
I20260710 13:15:51.193089  1050 raft_consensus.cc:2468] T 569b8f6442d548d19010314cb088ad2c P 8cc32533cad840d4a10fc639245d046d [term 0 FOLLOWER]: Leader pre-election vote request: Granting yes vote for candidate a2ba2648ba344cb3861d49eb20ba3725 in term 0.
I20260710 13:15:51.190140  1241 raft_consensus.cc:385] T 2f1ddc8d3be4427e8463c8a77ae43777 P bbe38556b18a45dea9f0d3b6448a6a46 [term 0 FOLLOWER]: Consensus starting up: Expiring failure detector timer to make a prompt election more likely
I20260710 13:15:51.194542  1241 raft_consensus.cc:740] T 2f1ddc8d3be4427e8463c8a77ae43777 P bbe38556b18a45dea9f0d3b6448a6a46 [term 0 FOLLOWER]: Becoming Follower/Learner. State: Replica: bbe38556b18a45dea9f0d3b6448a6a46, State: Initialized, Role: FOLLOWER
I20260710 13:15:51.195207  1050 tablet_service.cc:1917] Received RequestConsensusVote() RPC: tablet_id: "eb3349a9d54247a0bfacbbdde8340a0a" candidate_uuid: "a2ba2648ba344cb3861d49eb20ba3725" candidate_term: 1 candidate_status { last_received { term: 0 index: 0 } } ignore_live_leader: false dest_uuid: "8cc32533cad840d4a10fc639245d046d" is_pre_election: true
I20260710 13:15:51.195514  1241 consensus_queue.cc:260] T 2f1ddc8d3be4427e8463c8a77ae43777 P bbe38556b18a45dea9f0d3b6448a6a46 [NON_LEADER]: Queue going to NON_LEADER mode. State: All replicated index: 0, Majority replicated index: 0, Committed index: 0, Last appended: 0.0, Last appended by leader: 0, Current term: 0, Majority size: -1, State: 0, Mode: NON_LEADER, active raft config: opid_index: -1 OBSOLETE_local: false peers { permanent_uuid: "8cc32533cad840d4a10fc639245d046d" member_type: VOTER last_known_addr { host: "127.0.107.193" port: 42711 } } peers { permanent_uuid: "a2ba2648ba344cb3861d49eb20ba3725" member_type: VOTER last_known_addr { host: "127.0.107.194" port: 43899 } } peers { permanent_uuid: "bbe38556b18a45dea9f0d3b6448a6a46" member_type: VOTER last_known_addr { host: "127.0.107.195" port: 44043 } }
W20260710 13:15:51.197089  1091 leader_election.cc:343] T 576b7bc4a4bb4e1997d90ba37b514e29 P a2ba2648ba344cb3861d49eb20ba3725 [CANDIDATE]: Term 1 pre-election: Tablet error from VoteRequest() call to peer 8cc32533cad840d4a10fc639245d046d (127.0.107.193:42711): Illegal state: must be running to vote when last-logged opid is not known
I20260710 13:15:51.198015  1091 leader_election.cc:304] T 569b8f6442d548d19010314cb088ad2c P a2ba2648ba344cb3861d49eb20ba3725 [CANDIDATE]: Term 1 pre-election: Election decided. Result: candidate won. Election summary: received 2 responses out of 3 voters: 2 yes votes; 0 no votes. yes voters: 8cc32533cad840d4a10fc639245d046d, a2ba2648ba344cb3861d49eb20ba3725; no voters: 
I20260710 13:15:51.198376  1266 raft_consensus.cc:2804] T ffdf12f467bb4095b163f1db01f765d8 P bbe38556b18a45dea9f0d3b6448a6a46 [term 0 FOLLOWER]: Leader pre-election won for term 1
I20260710 13:15:51.198215  1250 raft_consensus.cc:515] T ffdf12f467bb4095b163f1db01f765d8 P 8cc32533cad840d4a10fc639245d046d [term 1 FOLLOWER]: Starting leader election with config: opid_index: -1 OBSOLETE_local: false peers { permanent_uuid: "bbe38556b18a45dea9f0d3b6448a6a46" member_type: VOTER last_known_addr { host: "127.0.107.195" port: 44043 } } peers { permanent_uuid: "a2ba2648ba344cb3861d49eb20ba3725" member_type: VOTER last_known_addr { host: "127.0.107.194" port: 43899 } } peers { permanent_uuid: "8cc32533cad840d4a10fc639245d046d" member_type: VOTER last_known_addr { host: "127.0.107.193" port: 42711 } }
I20260710 13:15:51.198757  1266 raft_consensus.cc:493] T ffdf12f467bb4095b163f1db01f765d8 P bbe38556b18a45dea9f0d3b6448a6a46 [term 0 FOLLOWER]: Starting leader election (no leader contacted us within the election timeout)
I20260710 13:15:51.198849  1258 raft_consensus.cc:2804] T 569b8f6442d548d19010314cb088ad2c P a2ba2648ba344cb3861d49eb20ba3725 [term 0 FOLLOWER]: Leader pre-election won for term 1
I20260710 13:15:51.192510  1240 ts_tablet_manager.cc:1403] T 2f1ddc8d3be4427e8463c8a77ae43777 P a2ba2648ba344cb3861d49eb20ba3725: Time spent bootstrapping tablet: real 0.121s	user 0.038s	sys 0.070s
I20260710 13:15:51.199141  1266 raft_consensus.cc:3060] T ffdf12f467bb4095b163f1db01f765d8 P bbe38556b18a45dea9f0d3b6448a6a46 [term 0 FOLLOWER]: Advancing to term 1
I20260710 13:15:51.199353  1258 raft_consensus.cc:493] T 569b8f6442d548d19010314cb088ad2c P a2ba2648ba344cb3861d49eb20ba3725 [term 0 FOLLOWER]: Starting leader election (no leader contacted us within the election timeout)
I20260710 13:15:51.199819  1258 raft_consensus.cc:3060] T 569b8f6442d548d19010314cb088ad2c P a2ba2648ba344cb3861d49eb20ba3725 [term 0 FOLLOWER]: Advancing to term 1
I20260710 13:15:51.202173  1240 raft_consensus.cc:359] T 2f1ddc8d3be4427e8463c8a77ae43777 P a2ba2648ba344cb3861d49eb20ba3725 [term 0 FOLLOWER]: Replica starting. Triggering 0 pending ops. Active config: opid_index: -1 OBSOLETE_local: false peers { permanent_uuid: "8cc32533cad840d4a10fc639245d046d" member_type: VOTER last_known_addr { host: "127.0.107.193" port: 42711 } } peers { permanent_uuid: "a2ba2648ba344cb3861d49eb20ba3725" member_type: VOTER last_known_addr { host: "127.0.107.194" port: 43899 } } peers { permanent_uuid: "bbe38556b18a45dea9f0d3b6448a6a46" member_type: VOTER last_known_addr { host: "127.0.107.195" port: 44043 } }
I20260710 13:15:51.202888  1240 raft_consensus.cc:385] T 2f1ddc8d3be4427e8463c8a77ae43777 P a2ba2648ba344cb3861d49eb20ba3725 [term 0 FOLLOWER]: Consensus starting up: Expiring failure detector timer to make a prompt election more likely
I20260710 13:15:51.203179  1240 raft_consensus.cc:740] T 2f1ddc8d3be4427e8463c8a77ae43777 P a2ba2648ba344cb3861d49eb20ba3725 [term 0 FOLLOWER]: Becoming Follower/Learner. State: Replica: a2ba2648ba344cb3861d49eb20ba3725, State: Initialized, Role: FOLLOWER
I20260710 13:15:51.203899  1240 consensus_queue.cc:260] T 2f1ddc8d3be4427e8463c8a77ae43777 P a2ba2648ba344cb3861d49eb20ba3725 [NON_LEADER]: Queue going to NON_LEADER mode. State: All replicated index: 0, Majority replicated index: 0, Committed index: 0, Last appended: 0.0, Last appended by leader: 0, Current term: 0, Majority size: -1, State: 0, Mode: NON_LEADER, active raft config: opid_index: -1 OBSOLETE_local: false peers { permanent_uuid: "8cc32533cad840d4a10fc639245d046d" member_type: VOTER last_known_addr { host: "127.0.107.193" port: 42711 } } peers { permanent_uuid: "a2ba2648ba344cb3861d49eb20ba3725" member_type: VOTER last_known_addr { host: "127.0.107.194" port: 43899 } } peers { permanent_uuid: "bbe38556b18a45dea9f0d3b6448a6a46" member_type: VOTER last_known_addr { host: "127.0.107.195" port: 44043 } }
I20260710 13:15:51.204727  1245 raft_consensus.cc:697] T 0e1e5ee9ac5a4ca092a04ef3f45a1e35 P bbe38556b18a45dea9f0d3b6448a6a46 [term 1 LEADER]: Becoming Leader. State: Replica: bbe38556b18a45dea9f0d3b6448a6a46, State: Running, Role: LEADER
I20260710 13:15:51.207032  1242 tablet_bootstrap.cc:492] T 0e1e5ee9ac5a4ca092a04ef3f45a1e35 P 8cc32533cad840d4a10fc639245d046d: No bootstrap required, opened a new log
I20260710 13:15:51.206053  1240 ts_tablet_manager.cc:1434] T 2f1ddc8d3be4427e8463c8a77ae43777 P a2ba2648ba344cb3861d49eb20ba3725: Time spent starting tablet: real 0.007s	user 0.002s	sys 0.004s
I20260710 13:15:51.207558  1242 ts_tablet_manager.cc:1403] T 0e1e5ee9ac5a4ca092a04ef3f45a1e35 P 8cc32533cad840d4a10fc639245d046d: Time spent bootstrapping tablet: real 0.186s	user 0.021s	sys 0.057s
I20260710 13:15:51.207486  1258 raft_consensus.cc:515] T 569b8f6442d548d19010314cb088ad2c P a2ba2648ba344cb3861d49eb20ba3725 [term 1 FOLLOWER]: Starting leader election with config: opid_index: -1 OBSOLETE_local: false peers { permanent_uuid: "8cc32533cad840d4a10fc639245d046d" member_type: VOTER last_known_addr { host: "127.0.107.193" port: 42711 } } peers { permanent_uuid: "a2ba2648ba344cb3861d49eb20ba3725" member_type: VOTER last_known_addr { host: "127.0.107.194" port: 43899 } } peers { permanent_uuid: "bbe38556b18a45dea9f0d3b6448a6a46" member_type: VOTER last_known_addr { host: "127.0.107.195" port: 44043 } }
I20260710 13:15:51.208130  1240 tablet_bootstrap.cc:492] T ffdf12f467bb4095b163f1db01f765d8 P a2ba2648ba344cb3861d49eb20ba3725: Bootstrap starting.
I20260710 13:15:51.207594  1245 consensus_queue.cc:237] T 0e1e5ee9ac5a4ca092a04ef3f45a1e35 P bbe38556b18a45dea9f0d3b6448a6a46 [LEADER]: Queue going to LEADER mode. State: All replicated index: 0, Majority replicated index: 0, Committed index: 0, Last appended: 0.0, Last appended by leader: 0, Current term: 1, Majority size: 2, State: 0, Mode: LEADER, active raft config: opid_index: -1 OBSOLETE_local: false peers { permanent_uuid: "8cc32533cad840d4a10fc639245d046d" member_type: VOTER last_known_addr { host: "127.0.107.193" port: 42711 } } peers { permanent_uuid: "a2ba2648ba344cb3861d49eb20ba3725" member_type: VOTER last_known_addr { host: "127.0.107.194" port: 43899 } } peers { permanent_uuid: "bbe38556b18a45dea9f0d3b6448a6a46" member_type: VOTER last_known_addr { host: "127.0.107.195" port: 44043 } }
I20260710 13:15:51.209663  1258 leader_election.cc:290] T 569b8f6442d548d19010314cb088ad2c P a2ba2648ba344cb3861d49eb20ba3725 [CANDIDATE]: Term 1 election: Requested vote from peers 8cc32533cad840d4a10fc639245d046d (127.0.107.193:42711), bbe38556b18a45dea9f0d3b6448a6a46 (127.0.107.195:44043)
W20260710 13:15:51.198885  1091 leader_election.cc:343] T eb3349a9d54247a0bfacbbdde8340a0a P a2ba2648ba344cb3861d49eb20ba3725 [CANDIDATE]: Term 1 pre-election: Tablet error from VoteRequest() call to peer 8cc32533cad840d4a10fc639245d046d (127.0.107.193:42711): Illegal state: must be running to vote when last-logged opid is not known
I20260710 13:15:51.209959  1200 tablet_service.cc:1917] Received RequestConsensusVote() RPC: tablet_id: "ffdf12f467bb4095b163f1db01f765d8" candidate_uuid: "8cc32533cad840d4a10fc639245d046d" candidate_term: 1 candidate_status { last_received { term: 0 index: 0 } } ignore_live_leader: false dest_uuid: "bbe38556b18a45dea9f0d3b6448a6a46"
W20260710 13:15:51.206646  1165 leader_election.cc:343] T 0e1e5ee9ac5a4ca092a04ef3f45a1e35 P bbe38556b18a45dea9f0d3b6448a6a46 [CANDIDATE]: Term 1 pre-election: Tablet error from VoteRequest() call to peer 8cc32533cad840d4a10fc639245d046d (127.0.107.193:42711): Illegal state: must be running to vote when last-logged opid is not known
I20260710 13:15:51.212132  1125 tablet_service.cc:1917] Received RequestConsensusVote() RPC: tablet_id: "ffdf12f467bb4095b163f1db01f765d8" candidate_uuid: "8cc32533cad840d4a10fc639245d046d" candidate_term: 1 candidate_status { last_received { term: 0 index: 0 } } ignore_live_leader: false dest_uuid: "a2ba2648ba344cb3861d49eb20ba3725"
W20260710 13:15:51.213665  1016 leader_election.cc:343] T ffdf12f467bb4095b163f1db01f765d8 P 8cc32533cad840d4a10fc639245d046d [CANDIDATE]: Term 1 pre-election: Tablet error from VoteRequest() call to peer a2ba2648ba344cb3861d49eb20ba3725 (127.0.107.194:43899): Illegal state: must be running to vote when last-logged opid is not known
I20260710 13:15:51.213963  1268 raft_consensus.cc:493] T 569b8f6442d548d19010314cb088ad2c P 8cc32533cad840d4a10fc639245d046d [term 0 FOLLOWER]: Starting pre-election (no leader contacted us within the election timeout)
I20260710 13:15:51.214454  1268 raft_consensus.cc:515] T 569b8f6442d548d19010314cb088ad2c P 8cc32533cad840d4a10fc639245d046d [term 0 FOLLOWER]: Starting pre-election with config: opid_index: -1 OBSOLETE_local: false peers { permanent_uuid: "8cc32533cad840d4a10fc639245d046d" member_type: VOTER last_known_addr { host: "127.0.107.193" port: 42711 } } peers { permanent_uuid: "a2ba2648ba344cb3861d49eb20ba3725" member_type: VOTER last_known_addr { host: "127.0.107.194" port: 43899 } } peers { permanent_uuid: "bbe38556b18a45dea9f0d3b6448a6a46" member_type: VOTER last_known_addr { host: "127.0.107.195" port: 44043 } }
W20260710 13:15:51.215677  1016 leader_election.cc:343] T ffdf12f467bb4095b163f1db01f765d8 P 8cc32533cad840d4a10fc639245d046d [CANDIDATE]: Term 1 election: Tablet error from VoteRequest() call to peer a2ba2648ba344cb3861d49eb20ba3725 (127.0.107.194:43899): Illegal state: must be running to vote when last-logged opid is not known
I20260710 13:15:51.216441  1268 leader_election.cc:290] T 569b8f6442d548d19010314cb088ad2c P 8cc32533cad840d4a10fc639245d046d [CANDIDATE]: Term 1 pre-election: Requested pre-vote from peers a2ba2648ba344cb3861d49eb20ba3725 (127.0.107.194:43899), bbe38556b18a45dea9f0d3b6448a6a46 (127.0.107.195:44043)
I20260710 13:15:51.217538  1125 tablet_service.cc:1917] Received RequestConsensusVote() RPC: tablet_id: "569b8f6442d548d19010314cb088ad2c" candidate_uuid: "8cc32533cad840d4a10fc639245d046d" candidate_term: 1 candidate_status { last_received { term: 0 index: 0 } } ignore_live_leader: false dest_uuid: "a2ba2648ba344cb3861d49eb20ba3725" is_pre_election: true
I20260710 13:15:51.218456  1125 raft_consensus.cc:2393] T 569b8f6442d548d19010314cb088ad2c P a2ba2648ba344cb3861d49eb20ba3725 [term 1 FOLLOWER]: Leader pre-election vote request: Denying vote to candidate 8cc32533cad840d4a10fc639245d046d in current term 1: Already voted for candidate a2ba2648ba344cb3861d49eb20ba3725 in this term.
I20260710 13:15:51.218636  1242 raft_consensus.cc:359] T 0e1e5ee9ac5a4ca092a04ef3f45a1e35 P 8cc32533cad840d4a10fc639245d046d [term 0 FOLLOWER]: Replica starting. Triggering 0 pending ops. Active config: opid_index: -1 OBSOLETE_local: false peers { permanent_uuid: "8cc32533cad840d4a10fc639245d046d" member_type: VOTER last_known_addr { host: "127.0.107.193" port: 42711 } } peers { permanent_uuid: "a2ba2648ba344cb3861d49eb20ba3725" member_type: VOTER last_known_addr { host: "127.0.107.194" port: 43899 } } peers { permanent_uuid: "bbe38556b18a45dea9f0d3b6448a6a46" member_type: VOTER last_known_addr { host: "127.0.107.195" port: 44043 } }
I20260710 13:15:51.219347  1242 raft_consensus.cc:385] T 0e1e5ee9ac5a4ca092a04ef3f45a1e35 P 8cc32533cad840d4a10fc639245d046d [term 0 FOLLOWER]: Consensus starting up: Expiring failure detector timer to make a prompt election more likely
I20260710 13:15:51.219635  1242 raft_consensus.cc:740] T 0e1e5ee9ac5a4ca092a04ef3f45a1e35 P 8cc32533cad840d4a10fc639245d046d [term 0 FOLLOWER]: Becoming Follower/Learner. State: Replica: 8cc32533cad840d4a10fc639245d046d, State: Initialized, Role: FOLLOWER
I20260710 13:15:51.219084  1240 tablet_bootstrap.cc:654] T ffdf12f467bb4095b163f1db01f765d8 P a2ba2648ba344cb3861d49eb20ba3725: Neither blocks nor log segments found. Creating new log.
I20260710 13:15:51.220666  1050 tablet_service.cc:1917] Received RequestConsensusVote() RPC: tablet_id: "569b8f6442d548d19010314cb088ad2c" candidate_uuid: "a2ba2648ba344cb3861d49eb20ba3725" candidate_term: 1 candidate_status { last_received { term: 0 index: 0 } } ignore_live_leader: false dest_uuid: "8cc32533cad840d4a10fc639245d046d"
I20260710 13:15:51.221199  1199 tablet_service.cc:1917] Received RequestConsensusVote() RPC: tablet_id: "569b8f6442d548d19010314cb088ad2c" candidate_uuid: "8cc32533cad840d4a10fc639245d046d" candidate_term: 1 candidate_status { last_received { term: 0 index: 0 } } ignore_live_leader: false dest_uuid: "bbe38556b18a45dea9f0d3b6448a6a46" is_pre_election: true
I20260710 13:15:51.221259  1050 raft_consensus.cc:3060] T 569b8f6442d548d19010314cb088ad2c P 8cc32533cad840d4a10fc639245d046d [term 0 FOLLOWER]: Advancing to term 1
W20260710 13:15:51.223924  1016 leader_election.cc:343] T 569b8f6442d548d19010314cb088ad2c P 8cc32533cad840d4a10fc639245d046d [CANDIDATE]: Term 1 pre-election: Tablet error from VoteRequest() call to peer bbe38556b18a45dea9f0d3b6448a6a46 (127.0.107.195:44043): Illegal state: must be running to vote when last-logged opid is not known
I20260710 13:15:51.205024  1250 leader_election.cc:290] T ffdf12f467bb4095b163f1db01f765d8 P 8cc32533cad840d4a10fc639245d046d [CANDIDATE]: Term 1 election: Requested vote from peers bbe38556b18a45dea9f0d3b6448a6a46 (127.0.107.195:44043), a2ba2648ba344cb3861d49eb20ba3725 (127.0.107.194:43899)
I20260710 13:15:51.223263  1198 tablet_service.cc:1917] Received RequestConsensusVote() RPC: tablet_id: "576b7bc4a4bb4e1997d90ba37b514e29" candidate_uuid: "a2ba2648ba344cb3861d49eb20ba3725" candidate_term: 1 candidate_status { last_received { term: 0 index: 0 } } ignore_live_leader: false dest_uuid: "bbe38556b18a45dea9f0d3b6448a6a46" is_pre_election: true
I20260710 13:15:51.225191  1198 raft_consensus.cc:2468] T 576b7bc4a4bb4e1997d90ba37b514e29 P bbe38556b18a45dea9f0d3b6448a6a46 [term 0 FOLLOWER]: Leader pre-election vote request: Granting yes vote for candidate a2ba2648ba344cb3861d49eb20ba3725 in term 0.
I20260710 13:15:51.229888  1091 leader_election.cc:304] T 576b7bc4a4bb4e1997d90ba37b514e29 P a2ba2648ba344cb3861d49eb20ba3725 [CANDIDATE]: Term 1 pre-election: Election decided. Result: candidate won. Election summary: received 3 responses out of 3 voters: 2 yes votes; 1 no votes. yes voters: a2ba2648ba344cb3861d49eb20ba3725, bbe38556b18a45dea9f0d3b6448a6a46; no voters: 8cc32533cad840d4a10fc639245d046d
I20260710 13:15:51.230934  1198 tablet_service.cc:1917] Received RequestConsensusVote() RPC: tablet_id: "569b8f6442d548d19010314cb088ad2c" candidate_uuid: "a2ba2648ba344cb3861d49eb20ba3725" candidate_term: 1 candidate_status { last_received { term: 0 index: 0 } } ignore_live_leader: false dest_uuid: "bbe38556b18a45dea9f0d3b6448a6a46" is_pre_election: true
I20260710 13:15:51.228817  1266 raft_consensus.cc:515] T ffdf12f467bb4095b163f1db01f765d8 P bbe38556b18a45dea9f0d3b6448a6a46 [term 1 FOLLOWER]: Starting leader election with config: opid_index: -1 OBSOLETE_local: false peers { permanent_uuid: "bbe38556b18a45dea9f0d3b6448a6a46" member_type: VOTER last_known_addr { host: "127.0.107.195" port: 44043 } } peers { permanent_uuid: "a2ba2648ba344cb3861d49eb20ba3725" member_type: VOTER last_known_addr { host: "127.0.107.194" port: 43899 } } peers { permanent_uuid: "8cc32533cad840d4a10fc639245d046d" member_type: VOTER last_known_addr { host: "127.0.107.193" port: 42711 } }
I20260710 13:15:51.235046  1200 raft_consensus.cc:2393] T ffdf12f467bb4095b163f1db01f765d8 P bbe38556b18a45dea9f0d3b6448a6a46 [term 1 FOLLOWER]: Leader election vote request: Denying vote to candidate 8cc32533cad840d4a10fc639245d046d in current term 1: Already voted for candidate bbe38556b18a45dea9f0d3b6448a6a46 in this term.
I20260710 13:15:51.234944  1199 tablet_service.cc:1917] Received RequestConsensusVote() RPC: tablet_id: "eb3349a9d54247a0bfacbbdde8340a0a" candidate_uuid: "a2ba2648ba344cb3861d49eb20ba3725" candidate_term: 1 candidate_status { last_received { term: 0 index: 0 } } ignore_live_leader: false dest_uuid: "bbe38556b18a45dea9f0d3b6448a6a46" is_pre_election: true
I20260710 13:15:51.236297  1197 tablet_service.cc:1917] Received RequestConsensusVote() RPC: tablet_id: "569b8f6442d548d19010314cb088ad2c" candidate_uuid: "a2ba2648ba344cb3861d49eb20ba3725" candidate_term: 1 candidate_status { last_received { term: 0 index: 0 } } ignore_live_leader: false dest_uuid: "bbe38556b18a45dea9f0d3b6448a6a46"
I20260710 13:15:51.224589  1242 consensus_queue.cc:260] T 0e1e5ee9ac5a4ca092a04ef3f45a1e35 P 8cc32533cad840d4a10fc639245d046d [NON_LEADER]: Queue going to NON_LEADER mode. State: All replicated index: 0, Majority replicated index: 0, Committed index: 0, Last appended: 0.0, Last appended by leader: 0, Current term: 0, Majority size: -1, State: 0, Mode: NON_LEADER, active raft config: opid_index: -1 OBSOLETE_local: false peers { permanent_uuid: "8cc32533cad840d4a10fc639245d046d" member_type: VOTER last_known_addr { host: "127.0.107.193" port: 42711 } } peers { permanent_uuid: "a2ba2648ba344cb3861d49eb20ba3725" member_type: VOTER last_known_addr { host: "127.0.107.194" port: 43899 } } peers { permanent_uuid: "bbe38556b18a45dea9f0d3b6448a6a46" member_type: VOTER last_known_addr { host: "127.0.107.195" port: 44043 } }
I20260710 13:15:51.238336  1250 raft_consensus.cc:493] T 0e1e5ee9ac5a4ca092a04ef3f45a1e35 P 8cc32533cad840d4a10fc639245d046d [term 0 FOLLOWER]: Starting pre-election (no leader contacted us within the election timeout)
I20260710 13:15:51.238886  1125 tablet_service.cc:1917] Received RequestConsensusVote() RPC: tablet_id: "ffdf12f467bb4095b163f1db01f765d8" candidate_uuid: "bbe38556b18a45dea9f0d3b6448a6a46" candidate_term: 1 candidate_status { last_received { term: 0 index: 0 } } ignore_live_leader: false dest_uuid: "a2ba2648ba344cb3861d49eb20ba3725"
I20260710 13:15:51.238763  1250 raft_consensus.cc:515] T 0e1e5ee9ac5a4ca092a04ef3f45a1e35 P 8cc32533cad840d4a10fc639245d046d [term 0 FOLLOWER]: Starting pre-election with config: opid_index: -1 OBSOLETE_local: false peers { permanent_uuid: "8cc32533cad840d4a10fc639245d046d" member_type: VOTER last_known_addr { host: "127.0.107.193" port: 42711 } } peers { permanent_uuid: "a2ba2648ba344cb3861d49eb20ba3725" member_type: VOTER last_known_addr { host: "127.0.107.194" port: 43899 } } peers { permanent_uuid: "bbe38556b18a45dea9f0d3b6448a6a46" member_type: VOTER last_known_addr { host: "127.0.107.195" port: 44043 } }
I20260710 13:15:51.239569  1266 leader_election.cc:290] T ffdf12f467bb4095b163f1db01f765d8 P bbe38556b18a45dea9f0d3b6448a6a46 [CANDIDATE]: Term 1 election: Requested vote from peers a2ba2648ba344cb3861d49eb20ba3725 (127.0.107.194:43899), 8cc32533cad840d4a10fc639245d046d (127.0.107.193:42711)
I20260710 13:15:51.240084  1051 tablet_service.cc:1917] Received RequestConsensusVote() RPC: tablet_id: "ffdf12f467bb4095b163f1db01f765d8" candidate_uuid: "bbe38556b18a45dea9f0d3b6448a6a46" candidate_term: 1 candidate_status { last_received { term: 0 index: 0 } } ignore_live_leader: false dest_uuid: "8cc32533cad840d4a10fc639245d046d"
I20260710 13:15:51.232532  1258 raft_consensus.cc:2804] T 576b7bc4a4bb4e1997d90ba37b514e29 P a2ba2648ba344cb3861d49eb20ba3725 [term 0 FOLLOWER]: Leader pre-election won for term 1
I20260710 13:15:51.240864  1051 raft_consensus.cc:2393] T ffdf12f467bb4095b163f1db01f765d8 P 8cc32533cad840d4a10fc639245d046d [term 1 FOLLOWER]: Leader election vote request: Denying vote to candidate bbe38556b18a45dea9f0d3b6448a6a46 in current term 1: Already voted for candidate 8cc32533cad840d4a10fc639245d046d in this term.
I20260710 13:15:51.240936  1241 ts_tablet_manager.cc:1434] T 2f1ddc8d3be4427e8463c8a77ae43777 P bbe38556b18a45dea9f0d3b6448a6a46: Time spent starting tablet: real 0.064s	user 0.007s	sys 0.013s
I20260710 13:15:51.240823  1258 raft_consensus.cc:493] T 576b7bc4a4bb4e1997d90ba37b514e29 P a2ba2648ba344cb3861d49eb20ba3725 [term 0 FOLLOWER]: Starting leader election (no leader contacted us within the election timeout)
I20260710 13:15:51.241441  1258 raft_consensus.cc:3060] T 576b7bc4a4bb4e1997d90ba37b514e29 P a2ba2648ba344cb3861d49eb20ba3725 [term 0 FOLLOWER]: Advancing to term 1
I20260710 13:15:51.242079  1241 tablet_bootstrap.cc:492] T eb3349a9d54247a0bfacbbdde8340a0a P bbe38556b18a45dea9f0d3b6448a6a46: Bootstrap starting.
W20260710 13:15:51.242811  1165 leader_election.cc:343] T ffdf12f467bb4095b163f1db01f765d8 P bbe38556b18a45dea9f0d3b6448a6a46 [CANDIDATE]: Term 1 election: Tablet error from VoteRequest() call to peer a2ba2648ba344cb3861d49eb20ba3725 (127.0.107.194:43899): Illegal state: must be running to vote when last-logged opid is not known
I20260710 13:15:51.243232  1165 leader_election.cc:304] T ffdf12f467bb4095b163f1db01f765d8 P bbe38556b18a45dea9f0d3b6448a6a46 [CANDIDATE]: Term 1 election: Election decided. Result: candidate lost. Election summary: received 3 responses out of 3 voters: 1 yes votes; 2 no votes. yes voters: bbe38556b18a45dea9f0d3b6448a6a46; no voters: 8cc32533cad840d4a10fc639245d046d, a2ba2648ba344cb3861d49eb20ba3725
W20260710 13:15:51.243891   997 auto_rebalancer.cc:288] Could not retrieve cluster info: Service unavailable: Tablet not running
I20260710 13:15:51.243988  1266 raft_consensus.cc:2749] T ffdf12f467bb4095b163f1db01f765d8 P bbe38556b18a45dea9f0d3b6448a6a46 [term 1 FOLLOWER]: Leader election lost for term 1. Reason: could not achieve majority
I20260710 13:15:51.248498  1258 raft_consensus.cc:515] T 576b7bc4a4bb4e1997d90ba37b514e29 P a2ba2648ba344cb3861d49eb20ba3725 [term 1 FOLLOWER]: Starting leader election with config: opid_index: -1 OBSOLETE_local: false peers { permanent_uuid: "8cc32533cad840d4a10fc639245d046d" member_type: VOTER last_known_addr { host: "127.0.107.193" port: 42711 } } peers { permanent_uuid: "a2ba2648ba344cb3861d49eb20ba3725" member_type: VOTER last_known_addr { host: "127.0.107.194" port: 43899 } } peers { permanent_uuid: "bbe38556b18a45dea9f0d3b6448a6a46" member_type: VOTER last_known_addr { host: "127.0.107.195" port: 44043 } }
I20260710 13:15:51.249468  1241 tablet_bootstrap.cc:654] T eb3349a9d54247a0bfacbbdde8340a0a P bbe38556b18a45dea9f0d3b6448a6a46: Neither blocks nor log segments found. Creating new log.
I20260710 13:15:51.232281  1016 leader_election.cc:304] T 569b8f6442d548d19010314cb088ad2c P 8cc32533cad840d4a10fc639245d046d [CANDIDATE]: Term 1 pre-election: Election decided. Result: candidate lost. Election summary: received 3 responses out of 3 voters: 1 yes votes; 2 no votes. yes voters: 8cc32533cad840d4a10fc639245d046d; no voters: a2ba2648ba344cb3861d49eb20ba3725, bbe38556b18a45dea9f0d3b6448a6a46
I20260710 13:15:51.250965  1250 leader_election.cc:290] T 0e1e5ee9ac5a4ca092a04ef3f45a1e35 P 8cc32533cad840d4a10fc639245d046d [CANDIDATE]: Term 1 pre-election: Requested pre-vote from peers a2ba2648ba344cb3861d49eb20ba3725 (127.0.107.194:43899), bbe38556b18a45dea9f0d3b6448a6a46 (127.0.107.195:44043)
W20260710 13:15:51.249919  1091 leader_election.cc:343] T 569b8f6442d548d19010314cb088ad2c P a2ba2648ba344cb3861d49eb20ba3725 [CANDIDATE]: Term 1 pre-election: Tablet error from VoteRequest() call to peer bbe38556b18a45dea9f0d3b6448a6a46 (127.0.107.195:44043): Illegal state: must be running to vote when last-logged opid is not known
I20260710 13:15:51.248732   946 catalog_manager.cc:5697] T 0e1e5ee9ac5a4ca092a04ef3f45a1e35 P bbe38556b18a45dea9f0d3b6448a6a46 reported cstate change: term changed from 0 to 1, leader changed from <none> to bbe38556b18a45dea9f0d3b6448a6a46 (127.0.107.195). New cstate: current_term: 1 leader_uuid: "bbe38556b18a45dea9f0d3b6448a6a46" committed_config { opid_index: -1 OBSOLETE_local: false peers { permanent_uuid: "8cc32533cad840d4a10fc639245d046d" member_type: VOTER last_known_addr { host: "127.0.107.193" port: 42711 } health_report { overall_health: UNKNOWN } } peers { permanent_uuid: "a2ba2648ba344cb3861d49eb20ba3725" member_type: VOTER last_known_addr { host: "127.0.107.194" port: 43899 } health_report { overall_health: UNKNOWN } } peers { permanent_uuid: "bbe38556b18a45dea9f0d3b6448a6a46" member_type: VOTER last_known_addr { host: "127.0.107.195" port: 44043 } health_report { overall_health: HEALTHY } } }
W20260710 13:15:51.252592  1091 leader_election.cc:343] T eb3349a9d54247a0bfacbbdde8340a0a P a2ba2648ba344cb3861d49eb20ba3725 [CANDIDATE]: Term 1 pre-election: Tablet error from VoteRequest() call to peer bbe38556b18a45dea9f0d3b6448a6a46 (127.0.107.195:44043): Illegal state: must be running to vote when last-logged opid is not known
I20260710 13:15:51.252782  1199 tablet_service.cc:1917] Received RequestConsensusVote() RPC: tablet_id: "0e1e5ee9ac5a4ca092a04ef3f45a1e35" candidate_uuid: "8cc32533cad840d4a10fc639245d046d" candidate_term: 1 candidate_status { last_received { term: 0 index: 0 } } ignore_live_leader: false dest_uuid: "bbe38556b18a45dea9f0d3b6448a6a46" is_pre_election: true
I20260710 13:15:51.252339  1050 raft_consensus.cc:2468] T 569b8f6442d548d19010314cb088ad2c P 8cc32533cad840d4a10fc639245d046d [term 1 FOLLOWER]: Leader election vote request: Granting yes vote for candidate a2ba2648ba344cb3861d49eb20ba3725 in term 1.
I20260710 13:15:51.254029  1125 tablet_service.cc:1917] Received RequestConsensusVote() RPC: tablet_id: "0e1e5ee9ac5a4ca092a04ef3f45a1e35" candidate_uuid: "8cc32533cad840d4a10fc639245d046d" candidate_term: 1 candidate_status { last_received { term: 0 index: 0 } } ignore_live_leader: false dest_uuid: "a2ba2648ba344cb3861d49eb20ba3725" is_pre_election: true
I20260710 13:15:51.254802  1125 raft_consensus.cc:2393] T 0e1e5ee9ac5a4ca092a04ef3f45a1e35 P a2ba2648ba344cb3861d49eb20ba3725 [term 1 FOLLOWER]: Leader pre-election vote request: Denying vote to candidate 8cc32533cad840d4a10fc639245d046d in current term 1: Already voted for candidate bbe38556b18a45dea9f0d3b6448a6a46 in this term.
I20260710 13:15:51.255254  1258 leader_election.cc:290] T 576b7bc4a4bb4e1997d90ba37b514e29 P a2ba2648ba344cb3861d49eb20ba3725 [CANDIDATE]: Term 1 election: Requested vote from peers 8cc32533cad840d4a10fc639245d046d (127.0.107.193:42711), bbe38556b18a45dea9f0d3b6448a6a46 (127.0.107.195:44043)
I20260710 13:15:51.255410  1268 raft_consensus.cc:2749] T 569b8f6442d548d19010314cb088ad2c P 8cc32533cad840d4a10fc639245d046d [term 1 FOLLOWER]: Leader pre-election lost for term 1. Reason: could not achieve majority
I20260710 13:15:51.254040  1016 leader_election.cc:304] T ffdf12f467bb4095b163f1db01f765d8 P 8cc32533cad840d4a10fc639245d046d [CANDIDATE]: Term 1 election: Election decided. Result: candidate lost. Election summary: received 3 responses out of 3 voters: 1 yes votes; 2 no votes. yes voters: 8cc32533cad840d4a10fc639245d046d; no voters: a2ba2648ba344cb3861d49eb20ba3725, bbe38556b18a45dea9f0d3b6448a6a46
