I20260710 13:16:03.591173  1540 leader_election.cc:304] T bc6fcbaeee994b6da7dd95d82ac5505c P bad4032c05234b44b75fe2c718f356b1 [CANDIDATE]: Term 1 pre-election: Election decided. Result: candidate lost. Election summary: received 3 responses out of 3 voters: 1 yes votes; 2 no votes. yes voters: bad4032c05234b44b75fe2c718f356b1; no voters: 0db7464ecf4e4443ae5b324d31bde623, 8cfcfc806bd24ed5873e2af6ed592a91
I20260710 13:16:03.591437  1766 consensus_queue.cc:260] T d12b506255604db0b61aa747958c45de P 0db7464ecf4e4443ae5b324d31bde623 [NON_LEADER]: Queue going to NON_LEADER mode. State: All replicated index: 0, Majority replicated index: 0, Committed index: 0, Last appended: 0.0, Last appended by leader: 0, Current term: 0, Majority size: -1, State: 0, Mode: NON_LEADER, active raft config: opid_index: -1 OBSOLETE_local: false peers { permanent_uuid: "bad4032c05234b44b75fe2c718f356b1" member_type: VOTER last_known_addr { host: "127.0.107.193" port: 39057 } } peers { permanent_uuid: "8cfcfc806bd24ed5873e2af6ed592a91" member_type: VOTER last_known_addr { host: "127.0.107.194" port: 41921 } } peers { permanent_uuid: "0db7464ecf4e4443ae5b324d31bde623" member_type: VOTER last_known_addr { host: "127.0.107.195" port: 42365 } }
I20260710 13:16:03.594218  1766 ts_tablet_manager.cc:1434] T d12b506255604db0b61aa747958c45de P 0db7464ecf4e4443ae5b324d31bde623: Time spent starting tablet: real 0.015s	user 0.008s	sys 0.000s
I20260710 13:16:03.595579  1814 raft_consensus.cc:3060] T bc6fcbaeee994b6da7dd95d82ac5505c P bad4032c05234b44b75fe2c718f356b1 [term 0 FOLLOWER]: Advancing to term 1
I20260710 13:16:03.591162  1777 leader_election.cc:290] T bc6fcbaeee994b6da7dd95d82ac5505c P bad4032c05234b44b75fe2c718f356b1 [CANDIDATE]: Term 1 pre-election: Requested pre-vote from peers 8cfcfc806bd24ed5873e2af6ed592a91 (127.0.107.194:41921), 0db7464ecf4e4443ae5b324d31bde623 (127.0.107.195:42365)
I20260710 13:16:03.601567  1766 tablet_bootstrap.cc:492] T ce03d9c4a7934a45bc5093eee7099cd4 P 0db7464ecf4e4443ae5b324d31bde623: Bootstrap starting.
I20260710 13:16:03.610240  1766 tablet_bootstrap.cc:654] T ce03d9c4a7934a45bc5093eee7099cd4 P 0db7464ecf4e4443ae5b324d31bde623: Neither blocks nor log segments found. Creating new log.
I20260710 13:16:03.617502  1768 tablet_bootstrap.cc:492] T ed2004c709cb408fae2f76cdd674b8e8 P bad4032c05234b44b75fe2c718f356b1: No bootstrap required, opened a new log
I20260710 13:16:03.618034  1768 ts_tablet_manager.cc:1403] T ed2004c709cb408fae2f76cdd674b8e8 P bad4032c05234b44b75fe2c718f356b1: Time spent bootstrapping tablet: real 0.046s	user 0.016s	sys 0.025s
I20260710 13:16:03.618146  1767 tablet_bootstrap.cc:492] T b705313b7d2b422b8fa44f5cdef8fa70 P 8cfcfc806bd24ed5873e2af6ed592a91: No bootstrap required, opened a new log
I20260710 13:16:03.618351  1814 raft_consensus.cc:2749] T bc6fcbaeee994b6da7dd95d82ac5505c P bad4032c05234b44b75fe2c718f356b1 [term 1 FOLLOWER]: Leader pre-election lost for term 1. Reason: could not achieve majority
I20260710 13:16:03.618813  1767 ts_tablet_manager.cc:1403] T b705313b7d2b422b8fa44f5cdef8fa70 P 8cfcfc806bd24ed5873e2af6ed592a91: Time spent bootstrapping tablet: real 0.057s	user 0.027s	sys 0.017s
I20260710 13:16:03.620754  1768 raft_consensus.cc:359] T ed2004c709cb408fae2f76cdd674b8e8 P bad4032c05234b44b75fe2c718f356b1 [term 0 FOLLOWER]: Replica starting. Triggering 0 pending ops. Active config: opid_index: -1 OBSOLETE_local: false peers { permanent_uuid: "bad4032c05234b44b75fe2c718f356b1" member_type: VOTER last_known_addr { host: "127.0.107.193" port: 39057 } } peers { permanent_uuid: "8cfcfc806bd24ed5873e2af6ed592a91" member_type: VOTER last_known_addr { host: "127.0.107.194" port: 41921 } } peers { permanent_uuid: "0db7464ecf4e4443ae5b324d31bde623" member_type: VOTER last_known_addr { host: "127.0.107.195" port: 42365 } }
I20260710 13:16:03.621316  1768 raft_consensus.cc:385] T ed2004c709cb408fae2f76cdd674b8e8 P bad4032c05234b44b75fe2c718f356b1 [term 0 FOLLOWER]: Consensus starting up: Expiring failure detector timer to make a prompt election more likely
I20260710 13:16:03.621568  1768 raft_consensus.cc:740] T ed2004c709cb408fae2f76cdd674b8e8 P bad4032c05234b44b75fe2c718f356b1 [term 0 FOLLOWER]: Becoming Follower/Learner. State: Replica: bad4032c05234b44b75fe2c718f356b1, State: Initialized, Role: FOLLOWER
I20260710 13:16:03.622191  1768 consensus_queue.cc:260] T ed2004c709cb408fae2f76cdd674b8e8 P bad4032c05234b44b75fe2c718f356b1 [NON_LEADER]: Queue going to NON_LEADER mode. State: All replicated index: 0, Majority replicated index: 0, Committed index: 0, Last appended: 0.0, Last appended by leader: 0, Current term: 0, Majority size: -1, State: 0, Mode: NON_LEADER, active raft config: opid_index: -1 OBSOLETE_local: false peers { permanent_uuid: "bad4032c05234b44b75fe2c718f356b1" member_type: VOTER last_known_addr { host: "127.0.107.193" port: 39057 } } peers { permanent_uuid: "8cfcfc806bd24ed5873e2af6ed592a91" member_type: VOTER last_known_addr { host: "127.0.107.194" port: 41921 } } peers { permanent_uuid: "0db7464ecf4e4443ae5b324d31bde623" member_type: VOTER last_known_addr { host: "127.0.107.195" port: 42365 } }
I20260710 13:16:03.622277  1767 raft_consensus.cc:359] T b705313b7d2b422b8fa44f5cdef8fa70 P 8cfcfc806bd24ed5873e2af6ed592a91 [term 0 FOLLOWER]: Replica starting. Triggering 0 pending ops. Active config: opid_index: -1 OBSOLETE_local: false peers { permanent_uuid: "bad4032c05234b44b75fe2c718f356b1" member_type: VOTER last_known_addr { host: "127.0.107.193" port: 39057 } } peers { permanent_uuid: "8cfcfc806bd24ed5873e2af6ed592a91" member_type: VOTER last_known_addr { host: "127.0.107.194" port: 41921 } } peers { permanent_uuid: "0db7464ecf4e4443ae5b324d31bde623" member_type: VOTER last_known_addr { host: "127.0.107.195" port: 42365 } }
I20260710 13:16:03.623170  1767 raft_consensus.cc:385] T b705313b7d2b422b8fa44f5cdef8fa70 P 8cfcfc806bd24ed5873e2af6ed592a91 [term 0 FOLLOWER]: Consensus starting up: Expiring failure detector timer to make a prompt election more likely
I20260710 13:16:03.623509  1767 raft_consensus.cc:740] T b705313b7d2b422b8fa44f5cdef8fa70 P 8cfcfc806bd24ed5873e2af6ed592a91 [term 0 FOLLOWER]: Becoming Follower/Learner. State: Replica: 8cfcfc806bd24ed5873e2af6ed592a91, State: Initialized, Role: FOLLOWER
I20260710 13:16:03.624168  1768 ts_tablet_manager.cc:1434] T ed2004c709cb408fae2f76cdd674b8e8 P bad4032c05234b44b75fe2c718f356b1: Time spent starting tablet: real 0.006s	user 0.002s	sys 0.000s
I20260710 13:16:03.625068  1768 tablet_bootstrap.cc:492] T d3ff8fdd6fa04429b8f24a550d08db0c P bad4032c05234b44b75fe2c718f356b1: Bootstrap starting.
I20260710 13:16:03.624449  1767 consensus_queue.cc:260] T b705313b7d2b422b8fa44f5cdef8fa70 P 8cfcfc806bd24ed5873e2af6ed592a91 [NON_LEADER]: Queue going to NON_LEADER mode. State: All replicated index: 0, Majority replicated index: 0, Committed index: 0, Last appended: 0.0, Last appended by leader: 0, Current term: 0, Majority size: -1, State: 0, Mode: NON_LEADER, active raft config: opid_index: -1 OBSOLETE_local: false peers { permanent_uuid: "bad4032c05234b44b75fe2c718f356b1" member_type: VOTER last_known_addr { host: "127.0.107.193" port: 39057 } } peers { permanent_uuid: "8cfcfc806bd24ed5873e2af6ed592a91" member_type: VOTER last_known_addr { host: "127.0.107.194" port: 41921 } } peers { permanent_uuid: "0db7464ecf4e4443ae5b324d31bde623" member_type: VOTER last_known_addr { host: "127.0.107.195" port: 42365 } }
I20260710 13:16:03.626399  1777 raft_consensus.cc:493] T 359ba4ef9af44f25b18ae85c93e6ed4c P bad4032c05234b44b75fe2c718f356b1 [term 0 FOLLOWER]: Starting pre-election (no leader contacted us within the election timeout)
I20260710 13:16:03.626854  1777 raft_consensus.cc:515] T 359ba4ef9af44f25b18ae85c93e6ed4c P bad4032c05234b44b75fe2c718f356b1 [term 0 FOLLOWER]: Starting pre-election with config: opid_index: -1 OBSOLETE_local: false peers { permanent_uuid: "bad4032c05234b44b75fe2c718f356b1" member_type: VOTER last_known_addr { host: "127.0.107.193" port: 39057 } } peers { permanent_uuid: "8cfcfc806bd24ed5873e2af6ed592a91" member_type: VOTER last_known_addr { host: "127.0.107.194" port: 41921 } } peers { permanent_uuid: "0db7464ecf4e4443ae5b324d31bde623" member_type: VOTER last_known_addr { host: "127.0.107.195" port: 42365 } }
I20260710 13:16:03.628909  1777 leader_election.cc:290] T 359ba4ef9af44f25b18ae85c93e6ed4c P bad4032c05234b44b75fe2c718f356b1 [CANDIDATE]: Term 1 pre-election: Requested pre-vote from peers 8cfcfc806bd24ed5873e2af6ed592a91 (127.0.107.194:41921), 0db7464ecf4e4443ae5b324d31bde623 (127.0.107.195:42365)
I20260710 13:16:03.629547  1767 ts_tablet_manager.cc:1434] T b705313b7d2b422b8fa44f5cdef8fa70 P 8cfcfc806bd24ed5873e2af6ed592a91: Time spent starting tablet: real 0.010s	user 0.009s	sys 0.000s
I20260710 13:16:03.630434  1767 tablet_bootstrap.cc:492] T 46d53429adc5420d8cd694a5f6740d0b P 8cfcfc806bd24ed5873e2af6ed592a91: Bootstrap starting.
I20260710 13:16:03.630520  1726 tablet_service.cc:1917] Received RequestConsensusVote() RPC: tablet_id: "359ba4ef9af44f25b18ae85c93e6ed4c" candidate_uuid: "bad4032c05234b44b75fe2c718f356b1" candidate_term: 1 candidate_status { last_received { term: 0 index: 0 } } ignore_live_leader: false dest_uuid: "0db7464ecf4e4443ae5b324d31bde623" is_pre_election: true
I20260710 13:16:03.630887  1652 tablet_service.cc:1917] Received RequestConsensusVote() RPC: tablet_id: "359ba4ef9af44f25b18ae85c93e6ed4c" candidate_uuid: "bad4032c05234b44b75fe2c718f356b1" candidate_term: 1 candidate_status { last_received { term: 0 index: 0 } } ignore_live_leader: false dest_uuid: "8cfcfc806bd24ed5873e2af6ed592a91" is_pre_election: true
I20260710 13:16:03.631106  1726 raft_consensus.cc:2468] T 359ba4ef9af44f25b18ae85c93e6ed4c P 0db7464ecf4e4443ae5b324d31bde623 [term 0 FOLLOWER]: Leader pre-election vote request: Granting yes vote for candidate bad4032c05234b44b75fe2c718f356b1 in term 0.
I20260710 13:16:03.631851  1768 tablet_bootstrap.cc:654] T d3ff8fdd6fa04429b8f24a550d08db0c P bad4032c05234b44b75fe2c718f356b1: Neither blocks nor log segments found. Creating new log.
I20260710 13:16:03.632428  1543 leader_election.cc:304] T 359ba4ef9af44f25b18ae85c93e6ed4c P bad4032c05234b44b75fe2c718f356b1 [CANDIDATE]: Term 1 pre-election: Election decided. Result: candidate won. Election summary: received 2 responses out of 3 voters: 2 yes votes; 0 no votes. yes voters: 0db7464ecf4e4443ae5b324d31bde623, bad4032c05234b44b75fe2c718f356b1; no voters: 
W20260710 13:16:03.633118  1540 leader_election.cc:343] T 359ba4ef9af44f25b18ae85c93e6ed4c P bad4032c05234b44b75fe2c718f356b1 [CANDIDATE]: Term 1 pre-election: Tablet error from VoteRequest() call to peer 8cfcfc806bd24ed5873e2af6ed592a91 (127.0.107.194:41921): Illegal state: must be running to vote when last-logged opid is not known
I20260710 13:16:03.633244  1777 raft_consensus.cc:2804] T 359ba4ef9af44f25b18ae85c93e6ed4c P bad4032c05234b44b75fe2c718f356b1 [term 0 FOLLOWER]: Leader pre-election won for term 1
I20260710 13:16:03.633616  1777 raft_consensus.cc:493] T 359ba4ef9af44f25b18ae85c93e6ed4c P bad4032c05234b44b75fe2c718f356b1 [term 0 FOLLOWER]: Starting leader election (no leader contacted us within the election timeout)
I20260710 13:16:03.633958  1777 raft_consensus.cc:3060] T 359ba4ef9af44f25b18ae85c93e6ed4c P bad4032c05234b44b75fe2c718f356b1 [term 0 FOLLOWER]: Advancing to term 1
I20260710 13:16:03.637173  1767 tablet_bootstrap.cc:654] T 46d53429adc5420d8cd694a5f6740d0b P 8cfcfc806bd24ed5873e2af6ed592a91: Neither blocks nor log segments found. Creating new log.
I20260710 13:16:03.641471  1777 raft_consensus.cc:515] T 359ba4ef9af44f25b18ae85c93e6ed4c P bad4032c05234b44b75fe2c718f356b1 [term 1 FOLLOWER]: Starting leader election with config: opid_index: -1 OBSOLETE_local: false peers { permanent_uuid: "bad4032c05234b44b75fe2c718f356b1" member_type: VOTER last_known_addr { host: "127.0.107.193" port: 39057 } } peers { permanent_uuid: "8cfcfc806bd24ed5873e2af6ed592a91" member_type: VOTER last_known_addr { host: "127.0.107.194" port: 41921 } } peers { permanent_uuid: "0db7464ecf4e4443ae5b324d31bde623" member_type: VOTER last_known_addr { host: "127.0.107.195" port: 42365 } }
I20260710 13:16:03.645053  1726 tablet_service.cc:1917] Received RequestConsensusVote() RPC: tablet_id: "359ba4ef9af44f25b18ae85c93e6ed4c" candidate_uuid: "bad4032c05234b44b75fe2c718f356b1" candidate_term: 1 candidate_status { last_received { term: 0 index: 0 } } ignore_live_leader: false dest_uuid: "0db7464ecf4e4443ae5b324d31bde623"
I20260710 13:16:03.645802  1726 raft_consensus.cc:3060] T 359ba4ef9af44f25b18ae85c93e6ed4c P 0db7464ecf4e4443ae5b324d31bde623 [term 0 FOLLOWER]: Advancing to term 1
I20260710 13:16:03.646272  1652 tablet_service.cc:1917] Received RequestConsensusVote() RPC: tablet_id: "359ba4ef9af44f25b18ae85c93e6ed4c" candidate_uuid: "bad4032c05234b44b75fe2c718f356b1" candidate_term: 1 candidate_status { last_received { term: 0 index: 0 } } ignore_live_leader: false dest_uuid: "8cfcfc806bd24ed5873e2af6ed592a91"
W20260710 13:16:03.648118  1540 leader_election.cc:343] T 359ba4ef9af44f25b18ae85c93e6ed4c P bad4032c05234b44b75fe2c718f356b1 [CANDIDATE]: Term 1 election: Tablet error from VoteRequest() call to peer 8cfcfc806bd24ed5873e2af6ed592a91 (127.0.107.194:41921): Illegal state: must be running to vote when last-logged opid is not known
I20260710 13:16:03.651870  1767 tablet_bootstrap.cc:492] T 46d53429adc5420d8cd694a5f6740d0b P 8cfcfc806bd24ed5873e2af6ed592a91: No bootstrap required, opened a new log
I20260710 13:16:03.652312  1767 ts_tablet_manager.cc:1403] T 46d53429adc5420d8cd694a5f6740d0b P 8cfcfc806bd24ed5873e2af6ed592a91: Time spent bootstrapping tablet: real 0.022s	user 0.009s	sys 0.006s
I20260710 13:16:03.652958  1771 raft_consensus.cc:493] T b705313b7d2b422b8fa44f5cdef8fa70 P 0db7464ecf4e4443ae5b324d31bde623 [term 0 FOLLOWER]: Starting pre-election (no leader contacted us within the election timeout)
I20260710 13:16:03.653390  1771 raft_consensus.cc:515] T b705313b7d2b422b8fa44f5cdef8fa70 P 0db7464ecf4e4443ae5b324d31bde623 [term 0 FOLLOWER]: Starting pre-election with config: opid_index: -1 OBSOLETE_local: false peers { permanent_uuid: "bad4032c05234b44b75fe2c718f356b1" member_type: VOTER last_known_addr { host: "127.0.107.193" port: 39057 } } peers { permanent_uuid: "8cfcfc806bd24ed5873e2af6ed592a91" member_type: VOTER last_known_addr { host: "127.0.107.194" port: 41921 } } peers { permanent_uuid: "0db7464ecf4e4443ae5b324d31bde623" member_type: VOTER last_known_addr { host: "127.0.107.195" port: 42365 } }
I20260710 13:16:03.654872  1767 raft_consensus.cc:359] T 46d53429adc5420d8cd694a5f6740d0b P 8cfcfc806bd24ed5873e2af6ed592a91 [term 0 FOLLOWER]: Replica starting. Triggering 0 pending ops. Active config: opid_index: -1 OBSOLETE_local: false peers { permanent_uuid: "bad4032c05234b44b75fe2c718f356b1" member_type: VOTER last_known_addr { host: "127.0.107.193" port: 39057 } } peers { permanent_uuid: "8cfcfc806bd24ed5873e2af6ed592a91" member_type: VOTER last_known_addr { host: "127.0.107.194" port: 41921 } } peers { permanent_uuid: "0db7464ecf4e4443ae5b324d31bde623" member_type: VOTER last_known_addr { host: "127.0.107.195" port: 42365 } }
I20260710 13:16:03.655369  1771 leader_election.cc:290] T b705313b7d2b422b8fa44f5cdef8fa70 P 0db7464ecf4e4443ae5b324d31bde623 [CANDIDATE]: Term 1 pre-election: Requested pre-vote from peers bad4032c05234b44b75fe2c718f356b1 (127.0.107.193:39057), 8cfcfc806bd24ed5873e2af6ed592a91 (127.0.107.194:41921)
I20260710 13:16:03.655530  1767 raft_consensus.cc:385] T 46d53429adc5420d8cd694a5f6740d0b P 8cfcfc806bd24ed5873e2af6ed592a91 [term 0 FOLLOWER]: Consensus starting up: Expiring failure detector timer to make a prompt election more likely
I20260710 13:16:03.655800  1767 raft_consensus.cc:740] T 46d53429adc5420d8cd694a5f6740d0b P 8cfcfc806bd24ed5873e2af6ed592a91 [term 0 FOLLOWER]: Becoming Follower/Learner. State: Replica: 8cfcfc806bd24ed5873e2af6ed592a91, State: Initialized, Role: FOLLOWER
I20260710 13:16:03.656582  1767 consensus_queue.cc:260] T 46d53429adc5420d8cd694a5f6740d0b P 8cfcfc806bd24ed5873e2af6ed592a91 [NON_LEADER]: Queue going to NON_LEADER mode. State: All replicated index: 0, Majority replicated index: 0, Committed index: 0, Last appended: 0.0, Last appended by leader: 0, Current term: 0, Majority size: -1, State: 0, Mode: NON_LEADER, active raft config: opid_index: -1 OBSOLETE_local: false peers { permanent_uuid: "bad4032c05234b44b75fe2c718f356b1" member_type: VOTER last_known_addr { host: "127.0.107.193" port: 39057 } } peers { permanent_uuid: "8cfcfc806bd24ed5873e2af6ed592a91" member_type: VOTER last_known_addr { host: "127.0.107.194" port: 41921 } } peers { permanent_uuid: "0db7464ecf4e4443ae5b324d31bde623" member_type: VOTER last_known_addr { host: "127.0.107.195" port: 42365 } }
I20260710 13:16:03.657081  1652 tablet_service.cc:1917] Received RequestConsensusVote() RPC: tablet_id: "b705313b7d2b422b8fa44f5cdef8fa70" candidate_uuid: "0db7464ecf4e4443ae5b324d31bde623" candidate_term: 1 candidate_status { last_received { term: 0 index: 0 } } ignore_live_leader: false dest_uuid: "8cfcfc806bd24ed5873e2af6ed592a91" is_pre_election: true
I20260710 13:16:03.658362  1652 raft_consensus.cc:2468] T b705313b7d2b422b8fa44f5cdef8fa70 P 8cfcfc806bd24ed5873e2af6ed592a91 [term 0 FOLLOWER]: Leader pre-election vote request: Granting yes vote for candidate 0db7464ecf4e4443ae5b324d31bde623 in term 0.
I20260710 13:16:03.658730  1767 ts_tablet_manager.cc:1434] T 46d53429adc5420d8cd694a5f6740d0b P 8cfcfc806bd24ed5873e2af6ed592a91: Time spent starting tablet: real 0.006s	user 0.007s	sys 0.000s
I20260710 13:16:03.658905  1766 tablet_bootstrap.cc:492] T ce03d9c4a7934a45bc5093eee7099cd4 P 0db7464ecf4e4443ae5b324d31bde623: No bootstrap required, opened a new log
I20260710 13:16:03.659289  1766 ts_tablet_manager.cc:1403] T ce03d9c4a7934a45bc5093eee7099cd4 P 0db7464ecf4e4443ae5b324d31bde623: Time spent bootstrapping tablet: real 0.058s	user 0.019s	sys 0.002s
I20260710 13:16:03.659618  1767 tablet_bootstrap.cc:492] T c2e9299c37b4454a85b299c0119f1984 P 8cfcfc806bd24ed5873e2af6ed592a91: Bootstrap starting.
I20260710 13:16:03.659842  1689 leader_election.cc:304] T b705313b7d2b422b8fa44f5cdef8fa70 P 0db7464ecf4e4443ae5b324d31bde623 [CANDIDATE]: Term 1 pre-election: Election decided. Result: candidate won. Election summary: received 2 responses out of 3 voters: 2 yes votes; 0 no votes. yes voters: 0db7464ecf4e4443ae5b324d31bde623, 8cfcfc806bd24ed5873e2af6ed592a91; no voters: 
I20260710 13:16:03.661634  1766 raft_consensus.cc:359] T ce03d9c4a7934a45bc5093eee7099cd4 P 0db7464ecf4e4443ae5b324d31bde623 [term 0 FOLLOWER]: Replica starting. Triggering 0 pending ops. Active config: opid_index: -1 OBSOLETE_local: false peers { permanent_uuid: "bad4032c05234b44b75fe2c718f356b1" member_type: VOTER last_known_addr { host: "127.0.107.193" port: 39057 } } peers { permanent_uuid: "8cfcfc806bd24ed5873e2af6ed592a91" member_type: VOTER last_known_addr { host: "127.0.107.194" port: 41921 } } peers { permanent_uuid: "0db7464ecf4e4443ae5b324d31bde623" member_type: VOTER last_known_addr { host: "127.0.107.195" port: 42365 } }
I20260710 13:16:03.662295  1766 raft_consensus.cc:385] T ce03d9c4a7934a45bc5093eee7099cd4 P 0db7464ecf4e4443ae5b324d31bde623 [term 0 FOLLOWER]: Consensus starting up: Expiring failure detector timer to make a prompt election more likely
I20260710 13:16:03.662560  1766 raft_consensus.cc:740] T ce03d9c4a7934a45bc5093eee7099cd4 P 0db7464ecf4e4443ae5b324d31bde623 [term 0 FOLLOWER]: Becoming Follower/Learner. State: Replica: 0db7464ecf4e4443ae5b324d31bde623, State: Initialized, Role: FOLLOWER
I20260710 13:16:03.663895  1726 raft_consensus.cc:2468] T 359ba4ef9af44f25b18ae85c93e6ed4c P 0db7464ecf4e4443ae5b324d31bde623 [term 1 FOLLOWER]: Leader election vote request: Granting yes vote for candidate bad4032c05234b44b75fe2c718f356b1 in term 1.
I20260710 13:16:03.664963  1771 raft_consensus.cc:2804] T b705313b7d2b422b8fa44f5cdef8fa70 P 0db7464ecf4e4443ae5b324d31bde623 [term 0 FOLLOWER]: Leader pre-election won for term 1
I20260710 13:16:03.665001  1543 leader_election.cc:304] T 359ba4ef9af44f25b18ae85c93e6ed4c P bad4032c05234b44b75fe2c718f356b1 [CANDIDATE]: Term 1 election: Election decided. Result: candidate won. Election summary: received 3 responses out of 3 voters: 2 yes votes; 1 no votes. yes voters: 0db7464ecf4e4443ae5b324d31bde623, bad4032c05234b44b75fe2c718f356b1; no voters: 8cfcfc806bd24ed5873e2af6ed592a91
I20260710 13:16:03.665691  1771 raft_consensus.cc:493] T b705313b7d2b422b8fa44f5cdef8fa70 P 0db7464ecf4e4443ae5b324d31bde623 [term 0 FOLLOWER]: Starting leader election (no leader contacted us within the election timeout)
I20260710 13:16:03.665781  1777 leader_election.cc:290] T 359ba4ef9af44f25b18ae85c93e6ed4c P bad4032c05234b44b75fe2c718f356b1 [CANDIDATE]: Term 1 election: Requested vote from peers 8cfcfc806bd24ed5873e2af6ed592a91 (127.0.107.194:41921), 0db7464ecf4e4443ae5b324d31bde623 (127.0.107.195:42365)
I20260710 13:16:03.666251  1771 raft_consensus.cc:3060] T b705313b7d2b422b8fa44f5cdef8fa70 P 0db7464ecf4e4443ae5b324d31bde623 [term 0 FOLLOWER]: Advancing to term 1
I20260710 13:16:03.666505  1777 raft_consensus.cc:2804] T 359ba4ef9af44f25b18ae85c93e6ed4c P bad4032c05234b44b75fe2c718f356b1 [term 1 FOLLOWER]: Leader election won for term 1
I20260710 13:16:03.667080  1777 raft_consensus.cc:697] T 359ba4ef9af44f25b18ae85c93e6ed4c P bad4032c05234b44b75fe2c718f356b1 [term 1 LEADER]: Becoming Leader. State: Replica: bad4032c05234b44b75fe2c718f356b1, State: Running, Role: LEADER
I20260710 13:16:03.657744  1577 tablet_service.cc:1917] Received RequestConsensusVote() RPC: tablet_id: "b705313b7d2b422b8fa44f5cdef8fa70" candidate_uuid: "0db7464ecf4e4443ae5b324d31bde623" candidate_term: 1 candidate_status { last_received { term: 0 index: 0 } } ignore_live_leader: false dest_uuid: "bad4032c05234b44b75fe2c718f356b1" is_pre_election: true
I20260710 13:16:03.668764  1766 consensus_queue.cc:260] T ce03d9c4a7934a45bc5093eee7099cd4 P 0db7464ecf4e4443ae5b324d31bde623 [NON_LEADER]: Queue going to NON_LEADER mode. State: All replicated index: 0, Majority replicated index: 0, Committed index: 0, Last appended: 0.0, Last appended by leader: 0, Current term: 0, Majority size: -1, State: 0, Mode: NON_LEADER, active raft config: opid_index: -1 OBSOLETE_local: false peers { permanent_uuid: "bad4032c05234b44b75fe2c718f356b1" member_type: VOTER last_known_addr { host: "127.0.107.193" port: 39057 } } peers { permanent_uuid: "8cfcfc806bd24ed5873e2af6ed592a91" member_type: VOTER last_known_addr { host: "127.0.107.194" port: 41921 } } peers { permanent_uuid: "0db7464ecf4e4443ae5b324d31bde623" member_type: VOTER last_known_addr { host: "127.0.107.195" port: 42365 } }
W20260710 13:16:03.670475  1692 leader_election.cc:343] T b705313b7d2b422b8fa44f5cdef8fa70 P 0db7464ecf4e4443ae5b324d31bde623 [CANDIDATE]: Term 1 pre-election: Tablet error from VoteRequest() call to peer bad4032c05234b44b75fe2c718f356b1 (127.0.107.193:39057): Illegal state: must be running to vote when last-logged opid is not known
I20260710 13:16:03.670562  1777 consensus_queue.cc:237] T 359ba4ef9af44f25b18ae85c93e6ed4c P bad4032c05234b44b75fe2c718f356b1 [LEADER]: Queue going to LEADER mode. State: All replicated index: 0, Majority replicated index: 0, Committed index: 0, Last appended: 0.0, Last appended by leader: 0, Current term: 1, Majority size: 2, State: 0, Mode: LEADER, active raft config: opid_index: -1 OBSOLETE_local: false peers { permanent_uuid: "bad4032c05234b44b75fe2c718f356b1" member_type: VOTER last_known_addr { host: "127.0.107.193" port: 39057 } } peers { permanent_uuid: "8cfcfc806bd24ed5873e2af6ed592a91" member_type: VOTER last_known_addr { host: "127.0.107.194" port: 41921 } } peers { permanent_uuid: "0db7464ecf4e4443ae5b324d31bde623" member_type: VOTER last_known_addr { host: "127.0.107.195" port: 42365 } }
I20260710 13:16:03.675513  1766 ts_tablet_manager.cc:1434] T ce03d9c4a7934a45bc5093eee7099cd4 P 0db7464ecf4e4443ae5b324d31bde623: Time spent starting tablet: real 0.016s	user 0.007s	sys 0.000s
I20260710 13:16:03.676481  1766 tablet_bootstrap.cc:492] T 68f41ec10c9a4e7fb264988c7f27c3cf P 0db7464ecf4e4443ae5b324d31bde623: Bootstrap starting.
I20260710 13:16:03.665357  1767 tablet_bootstrap.cc:654] T c2e9299c37b4454a85b299c0119f1984 P 8cfcfc806bd24ed5873e2af6ed592a91: Neither blocks nor log segments found. Creating new log.
I20260710 13:16:03.682323  1766 tablet_bootstrap.cc:654] T 68f41ec10c9a4e7fb264988c7f27c3cf P 0db7464ecf4e4443ae5b324d31bde623: Neither blocks nor log segments found. Creating new log.
I20260710 13:16:03.685688  1771 raft_consensus.cc:515] T b705313b7d2b422b8fa44f5cdef8fa70 P 0db7464ecf4e4443ae5b324d31bde623 [term 1 FOLLOWER]: Starting leader election with config: opid_index: -1 OBSOLETE_local: false peers { permanent_uuid: "bad4032c05234b44b75fe2c718f356b1" member_type: VOTER last_known_addr { host: "127.0.107.193" port: 39057 } } peers { permanent_uuid: "8cfcfc806bd24ed5873e2af6ed592a91" member_type: VOTER last_known_addr { host: "127.0.107.194" port: 41921 } } peers { permanent_uuid: "0db7464ecf4e4443ae5b324d31bde623" member_type: VOTER last_known_addr { host: "127.0.107.195" port: 42365 } }
I20260710 13:16:03.692306  1771 leader_election.cc:290] T b705313b7d2b422b8fa44f5cdef8fa70 P 0db7464ecf4e4443ae5b324d31bde623 [CANDIDATE]: Term 1 election: Requested vote from peers bad4032c05234b44b75fe2c718f356b1 (127.0.107.193:39057), 8cfcfc806bd24ed5873e2af6ed592a91 (127.0.107.194:41921)
I20260710 13:16:03.693821  1652 tablet_service.cc:1917] Received RequestConsensusVote() RPC: tablet_id: "b705313b7d2b422b8fa44f5cdef8fa70" candidate_uuid: "0db7464ecf4e4443ae5b324d31bde623" candidate_term: 1 candidate_status { last_received { term: 0 index: 0 } } ignore_live_leader: false dest_uuid: "8cfcfc806bd24ed5873e2af6ed592a91"
I20260710 13:16:03.693863  1577 tablet_service.cc:1917] Received RequestConsensusVote() RPC: tablet_id: "b705313b7d2b422b8fa44f5cdef8fa70" candidate_uuid: "0db7464ecf4e4443ae5b324d31bde623" candidate_term: 1 candidate_status { last_received { term: 0 index: 0 } } ignore_live_leader: false dest_uuid: "bad4032c05234b44b75fe2c718f356b1"
I20260710 13:16:03.694521  1767 tablet_bootstrap.cc:492] T c2e9299c37b4454a85b299c0119f1984 P 8cfcfc806bd24ed5873e2af6ed592a91: No bootstrap required, opened a new log
I20260710 13:16:03.694564  1652 raft_consensus.cc:3060] T b705313b7d2b422b8fa44f5cdef8fa70 P 8cfcfc806bd24ed5873e2af6ed592a91 [term 0 FOLLOWER]: Advancing to term 1
I20260710 13:16:03.695065  1767 ts_tablet_manager.cc:1403] T c2e9299c37b4454a85b299c0119f1984 P 8cfcfc806bd24ed5873e2af6ed592a91: Time spent bootstrapping tablet: real 0.036s	user 0.010s	sys 0.000s
W20260710 13:16:03.695793  1692 leader_election.cc:343] T b705313b7d2b422b8fa44f5cdef8fa70 P 0db7464ecf4e4443ae5b324d31bde623 [CANDIDATE]: Term 1 election: Tablet error from VoteRequest() call to peer bad4032c05234b44b75fe2c718f356b1 (127.0.107.193:39057): Illegal state: must be running to vote when last-logged opid is not known
I20260710 13:16:03.699260  1473 catalog_manager.cc:5697] T 359ba4ef9af44f25b18ae85c93e6ed4c P bad4032c05234b44b75fe2c718f356b1 reported cstate change: term changed from 0 to 1, leader changed from <none> to bad4032c05234b44b75fe2c718f356b1 (127.0.107.193). New cstate: current_term: 1 leader_uuid: "bad4032c05234b44b75fe2c718f356b1" committed_config { opid_index: -1 OBSOLETE_local: false peers { permanent_uuid: "bad4032c05234b44b75fe2c718f356b1" member_type: VOTER last_known_addr { host: "127.0.107.193" port: 39057 } health_report { overall_health: HEALTHY } } peers { permanent_uuid: "8cfcfc806bd24ed5873e2af6ed592a91" member_type: VOTER last_known_addr { host: "127.0.107.194" port: 41921 } health_report { overall_health: UNKNOWN } } peers { permanent_uuid: "0db7464ecf4e4443ae5b324d31bde623" member_type: VOTER last_known_addr { host: "127.0.107.195" port: 42365 } health_report { overall_health: UNKNOWN } } }
I20260710 13:16:03.700486  1767 raft_consensus.cc:359] T c2e9299c37b4454a85b299c0119f1984 P 8cfcfc806bd24ed5873e2af6ed592a91 [term 0 FOLLOWER]: Replica starting. Triggering 0 pending ops. Active config: opid_index: -1 OBSOLETE_local: false peers { permanent_uuid: "bad4032c05234b44b75fe2c718f356b1" member_type: VOTER last_known_addr { host: "127.0.107.193" port: 39057 } } peers { permanent_uuid: "8cfcfc806bd24ed5873e2af6ed592a91" member_type: VOTER last_known_addr { host: "127.0.107.194" port: 41921 } } peers { permanent_uuid: "0db7464ecf4e4443ae5b324d31bde623" member_type: VOTER last_known_addr { host: "127.0.107.195" port: 42365 } }
I20260710 13:16:03.701160  1767 raft_consensus.cc:385] T c2e9299c37b4454a85b299c0119f1984 P 8cfcfc806bd24ed5873e2af6ed592a91 [term 0 FOLLOWER]: Consensus starting up: Expiring failure detector timer to make a prompt election more likely
I20260710 13:16:03.701458  1767 raft_consensus.cc:740] T c2e9299c37b4454a85b299c0119f1984 P 8cfcfc806bd24ed5873e2af6ed592a91 [term 0 FOLLOWER]: Becoming Follower/Learner. State: Replica: 8cfcfc806bd24ed5873e2af6ed592a91, State: Initialized, Role: FOLLOWER
I20260710 13:16:03.701716  1652 raft_consensus.cc:2468] T b705313b7d2b422b8fa44f5cdef8fa70 P 8cfcfc806bd24ed5873e2af6ed592a91 [term 1 FOLLOWER]: Leader election vote request: Granting yes vote for candidate 0db7464ecf4e4443ae5b324d31bde623 in term 1.
I20260710 13:16:03.703094  1689 leader_election.cc:304] T b705313b7d2b422b8fa44f5cdef8fa70 P 0db7464ecf4e4443ae5b324d31bde623 [CANDIDATE]: Term 1 election: Election decided. Result: candidate won. Election summary: received 3 responses out of 3 voters: 2 yes votes; 1 no votes. yes voters: 0db7464ecf4e4443ae5b324d31bde623, 8cfcfc806bd24ed5873e2af6ed592a91; no voters: bad4032c05234b44b75fe2c718f356b1
I20260710 13:16:03.705245  1766 tablet_bootstrap.cc:492] T 68f41ec10c9a4e7fb264988c7f27c3cf P 0db7464ecf4e4443ae5b324d31bde623: No bootstrap required, opened a new log
I20260710 13:16:03.705793  1766 ts_tablet_manager.cc:1403] T 68f41ec10c9a4e7fb264988c7f27c3cf P 0db7464ecf4e4443ae5b324d31bde623: Time spent bootstrapping tablet: real 0.030s	user 0.019s	sys 0.006s
I20260710 13:16:03.705235  1767 consensus_queue.cc:260] T c2e9299c37b4454a85b299c0119f1984 P 8cfcfc806bd24ed5873e2af6ed592a91 [NON_LEADER]: Queue going to NON_LEADER mode. State: All replicated index: 0, Majority replicated index: 0, Committed index: 0, Last appended: 0.0, Last appended by leader: 0, Current term: 0, Majority size: -1, State: 0, Mode: NON_LEADER, active raft config: opid_index: -1 OBSOLETE_local: false peers { permanent_uuid: "bad4032c05234b44b75fe2c718f356b1" member_type: VOTER last_known_addr { host: "127.0.107.193" port: 39057 } } peers { permanent_uuid: "8cfcfc806bd24ed5873e2af6ed592a91" member_type: VOTER last_known_addr { host: "127.0.107.194" port: 41921 } } peers { permanent_uuid: "0db7464ecf4e4443ae5b324d31bde623" member_type: VOTER last_known_addr { host: "127.0.107.195" port: 42365 } }
I20260710 13:16:03.707154  1768 tablet_bootstrap.cc:492] T d3ff8fdd6fa04429b8f24a550d08db0c P bad4032c05234b44b75fe2c718f356b1: No bootstrap required, opened a new log
I20260710 13:16:03.707574  1768 ts_tablet_manager.cc:1403] T d3ff8fdd6fa04429b8f24a550d08db0c P bad4032c05234b44b75fe2c718f356b1: Time spent bootstrapping tablet: real 0.083s	user 0.026s	sys 0.031s
I20260710 13:16:03.708539  1766 raft_consensus.cc:359] T 68f41ec10c9a4e7fb264988c7f27c3cf P 0db7464ecf4e4443ae5b324d31bde623 [term 0 FOLLOWER]: Replica starting. Triggering 0 pending ops. Active config: opid_index: -1 OBSOLETE_local: false peers { permanent_uuid: "bad4032c05234b44b75fe2c718f356b1" member_type: VOTER last_known_addr { host: "127.0.107.193" port: 39057 } } peers { permanent_uuid: "8cfcfc806bd24ed5873e2af6ed592a91" member_type: VOTER last_known_addr { host: "127.0.107.194" port: 41921 } } peers { permanent_uuid: "0db7464ecf4e4443ae5b324d31bde623" member_type: VOTER last_known_addr { host: "127.0.107.195" port: 42365 } }
I20260710 13:16:03.709246  1766 raft_consensus.cc:385] T 68f41ec10c9a4e7fb264988c7f27c3cf P 0db7464ecf4e4443ae5b324d31bde623 [term 0 FOLLOWER]: Consensus starting up: Expiring failure detector timer to make a prompt election more likely
I20260710 13:16:03.709519  1766 raft_consensus.cc:740] T 68f41ec10c9a4e7fb264988c7f27c3cf P 0db7464ecf4e4443ae5b324d31bde623 [term 0 FOLLOWER]: Becoming Follower/Learner. State: Replica: 0db7464ecf4e4443ae5b324d31bde623, State: Initialized, Role: FOLLOWER
I20260710 13:16:03.709983  1768 raft_consensus.cc:359] T d3ff8fdd6fa04429b8f24a550d08db0c P bad4032c05234b44b75fe2c718f356b1 [term 0 FOLLOWER]: Replica starting. Triggering 0 pending ops. Active config: opid_index: -1 OBSOLETE_local: false peers { permanent_uuid: "0db7464ecf4e4443ae5b324d31bde623" member_type: VOTER last_known_addr { host: "127.0.107.195" port: 42365 } } peers { permanent_uuid: "bad4032c05234b44b75fe2c718f356b1" member_type: VOTER last_known_addr { host: "127.0.107.193" port: 39057 } } peers { permanent_uuid: "8cfcfc806bd24ed5873e2af6ed592a91" member_type: VOTER last_known_addr { host: "127.0.107.194" port: 41921 } }
I20260710 13:16:03.710212  1766 consensus_queue.cc:260] T 68f41ec10c9a4e7fb264988c7f27c3cf P 0db7464ecf4e4443ae5b324d31bde623 [NON_LEADER]: Queue going to NON_LEADER mode. State: All replicated index: 0, Majority replicated index: 0, Committed index: 0, Last appended: 0.0, Last appended by leader: 0, Current term: 0, Majority size: -1, State: 0, Mode: NON_LEADER, active raft config: opid_index: -1 OBSOLETE_local: false peers { permanent_uuid: "bad4032c05234b44b75fe2c718f356b1" member_type: VOTER last_known_addr { host: "127.0.107.193" port: 39057 } } peers { permanent_uuid: "8cfcfc806bd24ed5873e2af6ed592a91" member_type: VOTER last_known_addr { host: "127.0.107.194" port: 41921 } } peers { permanent_uuid: "0db7464ecf4e4443ae5b324d31bde623" member_type: VOTER last_known_addr { host: "127.0.107.195" port: 42365 } }
I20260710 13:16:03.710623  1768 raft_consensus.cc:385] T d3ff8fdd6fa04429b8f24a550d08db0c P bad4032c05234b44b75fe2c718f356b1 [term 0 FOLLOWER]: Consensus starting up: Expiring failure detector timer to make a prompt election more likely
I20260710 13:16:03.710981  1768 raft_consensus.cc:740] T d3ff8fdd6fa04429b8f24a550d08db0c P bad4032c05234b44b75fe2c718f356b1 [term 0 FOLLOWER]: Becoming Follower/Learner. State: Replica: bad4032c05234b44b75fe2c718f356b1, State: Initialized, Role: FOLLOWER
I20260710 13:16:03.711614  1768 consensus_queue.cc:260] T d3ff8fdd6fa04429b8f24a550d08db0c P bad4032c05234b44b75fe2c718f356b1 [NON_LEADER]: Queue going to NON_LEADER mode. State: All replicated index: 0, Majority replicated index: 0, Committed index: 0, Last appended: 0.0, Last appended by leader: 0, Current term: 0, Majority size: -1, State: 0, Mode: NON_LEADER, active raft config: opid_index: -1 OBSOLETE_local: false peers { permanent_uuid: "0db7464ecf4e4443ae5b324d31bde623" member_type: VOTER last_known_addr { host: "127.0.107.195" port: 42365 } } peers { permanent_uuid: "bad4032c05234b44b75fe2c718f356b1" member_type: VOTER last_known_addr { host: "127.0.107.193" port: 39057 } } peers { permanent_uuid: "8cfcfc806bd24ed5873e2af6ed592a91" member_type: VOTER last_known_addr { host: "127.0.107.194" port: 41921 } }
I20260710 13:16:03.712324  1766 ts_tablet_manager.cc:1434] T 68f41ec10c9a4e7fb264988c7f27c3cf P 0db7464ecf4e4443ae5b324d31bde623: Time spent starting tablet: real 0.006s	user 0.006s	sys 0.000s
I20260710 13:16:03.713266  1773 raft_consensus.cc:2804] T b705313b7d2b422b8fa44f5cdef8fa70 P 0db7464ecf4e4443ae5b324d31bde623 [term 1 FOLLOWER]: Leader election won for term 1
I20260710 13:16:03.713482  1768 ts_tablet_manager.cc:1434] T d3ff8fdd6fa04429b8f24a550d08db0c P bad4032c05234b44b75fe2c718f356b1: Time spent starting tablet: real 0.006s	user 0.006s	sys 0.001s
I20260710 13:16:03.713773  1773 raft_consensus.cc:697] T b705313b7d2b422b8fa44f5cdef8fa70 P 0db7464ecf4e4443ae5b324d31bde623 [term 1 LEADER]: Becoming Leader. State: Replica: 0db7464ecf4e4443ae5b324d31bde623, State: Running, Role: LEADER
I20260710 13:16:03.714349  1768 tablet_bootstrap.cc:492] T 92eaf31392d94985aeca0884ce66f189 P bad4032c05234b44b75fe2c718f356b1: Bootstrap starting.
I20260710 13:16:03.714593  1773 consensus_queue.cc:237] T b705313b7d2b422b8fa44f5cdef8fa70 P 0db7464ecf4e4443ae5b324d31bde623 [LEADER]: Queue going to LEADER mode. State: All replicated index: 0, Majority replicated index: 0, Committed index: 0, Last appended: 0.0, Last appended by leader: 0, Current term: 1, Majority size: 2, State: 0, Mode: LEADER, active raft config: opid_index: -1 OBSOLETE_local: false peers { permanent_uuid: "bad4032c05234b44b75fe2c718f356b1" member_type: VOTER last_known_addr { host: "127.0.107.193" port: 39057 } } peers { permanent_uuid: "8cfcfc806bd24ed5873e2af6ed592a91" member_type: VOTER last_known_addr { host: "127.0.107.194" port: 41921 } } peers { permanent_uuid: "0db7464ecf4e4443ae5b324d31bde623" member_type: VOTER last_known_addr { host: "127.0.107.195" port: 42365 } }
I20260710 13:16:03.715436  1766 tablet_bootstrap.cc:492] T 46d53429adc5420d8cd694a5f6740d0b P 0db7464ecf4e4443ae5b324d31bde623: Bootstrap starting.
I20260710 13:16:03.720216  1768 tablet_bootstrap.cc:654] T 92eaf31392d94985aeca0884ce66f189 P bad4032c05234b44b75fe2c718f356b1: Neither blocks nor log segments found. Creating new log.
I20260710 13:16:03.721360  1766 tablet_bootstrap.cc:654] T 46d53429adc5420d8cd694a5f6740d0b P 0db7464ecf4e4443ae5b324d31bde623: Neither blocks nor log segments found. Creating new log.
I20260710 13:16:03.725504  1767 ts_tablet_manager.cc:1434] T c2e9299c37b4454a85b299c0119f1984 P 8cfcfc806bd24ed5873e2af6ed592a91: Time spent starting tablet: real 0.030s	user 0.008s	sys 0.000s
I20260710 13:16:03.730635  1766 tablet_bootstrap.cc:492] T 46d53429adc5420d8cd694a5f6740d0b P 0db7464ecf4e4443ae5b324d31bde623: No bootstrap required, opened a new log
I20260710 13:16:03.731281  1766 ts_tablet_manager.cc:1403] T 46d53429adc5420d8cd694a5f6740d0b P 0db7464ecf4e4443ae5b324d31bde623: Time spent bootstrapping tablet: real 0.016s	user 0.010s	sys 0.004s
I20260710 13:16:03.735302  1767 tablet_bootstrap.cc:492] T ed2004c709cb408fae2f76cdd674b8e8 P 8cfcfc806bd24ed5873e2af6ed592a91: Bootstrap starting.
I20260710 13:16:03.735842  1766 raft_consensus.cc:359] T 46d53429adc5420d8cd694a5f6740d0b P 0db7464ecf4e4443ae5b324d31bde623 [term 0 FOLLOWER]: Replica starting. Triggering 0 pending ops. Active config: opid_index: -1 OBSOLETE_local: false peers { permanent_uuid: "bad4032c05234b44b75fe2c718f356b1" member_type: VOTER last_known_addr { host: "127.0.107.193" port: 39057 } } peers { permanent_uuid: "8cfcfc806bd24ed5873e2af6ed592a91" member_type: VOTER last_known_addr { host: "127.0.107.194" port: 41921 } } peers { permanent_uuid: "0db7464ecf4e4443ae5b324d31bde623" member_type: VOTER last_known_addr { host: "127.0.107.195" port: 42365 } }
I20260710 13:16:03.736517  1766 raft_consensus.cc:385] T 46d53429adc5420d8cd694a5f6740d0b P 0db7464ecf4e4443ae5b324d31bde623 [term 0 FOLLOWER]: Consensus starting up: Expiring failure detector timer to make a prompt election more likely
I20260710 13:16:03.736615  1768 tablet_bootstrap.cc:492] T 92eaf31392d94985aeca0884ce66f189 P bad4032c05234b44b75fe2c718f356b1: No bootstrap required, opened a new log
I20260710 13:16:03.736948  1766 raft_consensus.cc:740] T 46d53429adc5420d8cd694a5f6740d0b P 0db7464ecf4e4443ae5b324d31bde623 [term 0 FOLLOWER]: Becoming Follower/Learner. State: Replica: 0db7464ecf4e4443ae5b324d31bde623, State: Initialized, Role: FOLLOWER
I20260710 13:16:03.737154  1768 ts_tablet_manager.cc:1403] T 92eaf31392d94985aeca0884ce66f189 P bad4032c05234b44b75fe2c718f356b1: Time spent bootstrapping tablet: real 0.023s	user 0.019s	sys 0.003s
I20260710 13:16:03.737962  1766 consensus_queue.cc:260] T 46d53429adc5420d8cd694a5f6740d0b P 0db7464ecf4e4443ae5b324d31bde623 [NON_LEADER]: Queue going to NON_LEADER mode. State: All replicated index: 0, Majority replicated index: 0, Committed index: 0, Last appended: 0.0, Last appended by leader: 0, Current term: 0, Majority size: -1, State: 0, Mode: NON_LEADER, active raft config: opid_index: -1 OBSOLETE_local: false peers { permanent_uuid: "bad4032c05234b44b75fe2c718f356b1" member_type: VOTER last_known_addr { host: "127.0.107.193" port: 39057 } } peers { permanent_uuid: "8cfcfc806bd24ed5873e2af6ed592a91" member_type: VOTER last_known_addr { host: "127.0.107.194" port: 41921 } } peers { permanent_uuid: "0db7464ecf4e4443ae5b324d31bde623" member_type: VOTER last_known_addr { host: "127.0.107.195" port: 42365 } }
I20260710 13:16:03.739688  1768 raft_consensus.cc:359] T 92eaf31392d94985aeca0884ce66f189 P bad4032c05234b44b75fe2c718f356b1 [term 0 FOLLOWER]: Replica starting. Triggering 0 pending ops. Active config: opid_index: -1 OBSOLETE_local: false peers { permanent_uuid: "bad4032c05234b44b75fe2c718f356b1" member_type: VOTER last_known_addr { host: "127.0.107.193" port: 39057 } } peers { permanent_uuid: "8cfcfc806bd24ed5873e2af6ed592a91" member_type: VOTER last_known_addr { host: "127.0.107.194" port: 41921 } } peers { permanent_uuid: "0db7464ecf4e4443ae5b324d31bde623" member_type: VOTER last_known_addr { host: "127.0.107.195" port: 42365 } }
I20260710 13:16:03.740305  1768 raft_consensus.cc:385] T 92eaf31392d94985aeca0884ce66f189 P bad4032c05234b44b75fe2c718f356b1 [term 0 FOLLOWER]: Consensus starting up: Expiring failure detector timer to make a prompt election more likely
I20260710 13:16:03.740563  1768 raft_consensus.cc:740] T 92eaf31392d94985aeca0884ce66f189 P bad4032c05234b44b75fe2c718f356b1 [term 0 FOLLOWER]: Becoming Follower/Learner. State: Replica: bad4032c05234b44b75fe2c718f356b1, State: Initialized, Role: FOLLOWER
I20260710 13:16:03.740703  1766 ts_tablet_manager.cc:1434] T 46d53429adc5420d8cd694a5f6740d0b P 0db7464ecf4e4443ae5b324d31bde623: Time spent starting tablet: real 0.009s	user 0.007s	sys 0.000s
I20260710 13:16:03.741066  1767 tablet_bootstrap.cc:654] T ed2004c709cb408fae2f76cdd674b8e8 P 8cfcfc806bd24ed5873e2af6ed592a91: Neither blocks nor log segments found. Creating new log.
I20260710 13:16:03.741258  1768 consensus_queue.cc:260] T 92eaf31392d94985aeca0884ce66f189 P bad4032c05234b44b75fe2c718f356b1 [NON_LEADER]: Queue going to NON_LEADER mode. State: All replicated index: 0, Majority replicated index: 0, Committed index: 0, Last appended: 0.0, Last appended by leader: 0, Current term: 0, Majority size: -1, State: 0, Mode: NON_LEADER, active raft config: opid_index: -1 OBSOLETE_local: false peers { permanent_uuid: "bad4032c05234b44b75fe2c718f356b1" member_type: VOTER last_known_addr { host: "127.0.107.193" port: 39057 } } peers { permanent_uuid: "8cfcfc806bd24ed5873e2af6ed592a91" member_type: VOTER last_known_addr { host: "127.0.107.194" port: 41921 } } peers { permanent_uuid: "0db7464ecf4e4443ae5b324d31bde623" member_type: VOTER last_known_addr { host: "127.0.107.195" port: 42365 } }
I20260710 13:16:03.743441  1766 tablet_bootstrap.cc:492] T 2860d55717f54f88abce61aa8d14dce2 P 0db7464ecf4e4443ae5b324d31bde623: Bootstrap starting.
I20260710 13:16:03.743616  1768 ts_tablet_manager.cc:1434] T 92eaf31392d94985aeca0884ce66f189 P bad4032c05234b44b75fe2c718f356b1: Time spent starting tablet: real 0.006s	user 0.003s	sys 0.002s
I20260710 13:16:03.744416  1768 tablet_bootstrap.cc:492] T 590a98dfe52e4116b2c564b8885304fc P bad4032c05234b44b75fe2c718f356b1: Bootstrap starting.
I20260710 13:16:03.747977  1472 catalog_manager.cc:5697] T b705313b7d2b422b8fa44f5cdef8fa70 P 0db7464ecf4e4443ae5b324d31bde623 reported cstate change: term changed from 0 to 1, leader changed from <none> to 0db7464ecf4e4443ae5b324d31bde623 (127.0.107.195). New cstate: current_term: 1 leader_uuid: "0db7464ecf4e4443ae5b324d31bde623" committed_config { opid_index: -1 OBSOLETE_local: false peers { permanent_uuid: "bad4032c05234b44b75fe2c718f356b1" member_type: VOTER last_known_addr { host: "127.0.107.193" port: 39057 } health_report { overall_health: UNKNOWN } } peers { permanent_uuid: "8cfcfc806bd24ed5873e2af6ed592a91" member_type: VOTER last_known_addr { host: "127.0.107.194" port: 41921 } health_report { overall_health: UNKNOWN } } peers { permanent_uuid: "0db7464ecf4e4443ae5b324d31bde623" member_type: VOTER last_known_addr { host: "127.0.107.195" port: 42365 } health_report { overall_health: HEALTHY } } }
I20260710 13:16:03.749506  1766 tablet_bootstrap.cc:654] T 2860d55717f54f88abce61aa8d14dce2 P 0db7464ecf4e4443ae5b324d31bde623: Neither blocks nor log segments found. Creating new log.
I20260710 13:16:03.749665  1768 tablet_bootstrap.cc:654] T 590a98dfe52e4116b2c564b8885304fc P bad4032c05234b44b75fe2c718f356b1: Neither blocks nor log segments found. Creating new log.
I20260710 13:16:03.752152  1767 tablet_bootstrap.cc:492] T ed2004c709cb408fae2f76cdd674b8e8 P 8cfcfc806bd24ed5873e2af6ed592a91: No bootstrap required, opened a new log
I20260710 13:16:03.752601  1767 ts_tablet_manager.cc:1403] T ed2004c709cb408fae2f76cdd674b8e8 P 8cfcfc806bd24ed5873e2af6ed592a91: Time spent bootstrapping tablet: real 0.018s	user 0.011s	sys 0.004s
I20260710 13:16:03.759946  1767 raft_consensus.cc:359] T ed2004c709cb408fae2f76cdd674b8e8 P 8cfcfc806bd24ed5873e2af6ed592a91 [term 0 FOLLOWER]: Replica starting. Triggering 0 pending ops. Active config: opid_index: -1 OBSOLETE_local: false peers { permanent_uuid: "bad4032c05234b44b75fe2c718f356b1" member_type: VOTER last_known_addr { host: "127.0.107.193" port: 39057 } } peers { permanent_uuid: "8cfcfc806bd24ed5873e2af6ed592a91" member_type: VOTER last_known_addr { host: "127.0.107.194" port: 41921 } } peers { permanent_uuid: "0db7464ecf4e4443ae5b324d31bde623" member_type: VOTER last_known_addr { host: "127.0.107.195" port: 42365 } }
I20260710 13:16:03.760586  1767 raft_consensus.cc:385] T ed2004c709cb408fae2f76cdd674b8e8 P 8cfcfc806bd24ed5873e2af6ed592a91 [term 0 FOLLOWER]: Consensus starting up: Expiring failure detector timer to make a prompt election more likely
I20260710 13:16:03.760881  1767 raft_consensus.cc:740] T ed2004c709cb408fae2f76cdd674b8e8 P 8cfcfc806bd24ed5873e2af6ed592a91 [term 0 FOLLOWER]: Becoming Follower/Learner. State: Replica: 8cfcfc806bd24ed5873e2af6ed592a91, State: Initialized, Role: FOLLOWER
I20260710 13:16:03.760977  1766 tablet_bootstrap.cc:492] T 2860d55717f54f88abce61aa8d14dce2 P 0db7464ecf4e4443ae5b324d31bde623: No bootstrap required, opened a new log
I20260710 13:16:03.760914  1768 tablet_bootstrap.cc:492] T 590a98dfe52e4116b2c564b8885304fc P bad4032c05234b44b75fe2c718f356b1: No bootstrap required, opened a new log
I20260710 13:16:03.761629  1768 ts_tablet_manager.cc:1403] T 590a98dfe52e4116b2c564b8885304fc P bad4032c05234b44b75fe2c718f356b1: Time spent bootstrapping tablet: real 0.017s	user 0.016s	sys 0.000s
I20260710 13:16:03.761629  1766 ts_tablet_manager.cc:1403] T 2860d55717f54f88abce61aa8d14dce2 P 0db7464ecf4e4443ae5b324d31bde623: Time spent bootstrapping tablet: real 0.018s	user 0.011s	sys 0.006s
I20260710 13:16:03.761858  1767 consensus_queue.cc:260] T ed2004c709cb408fae2f76cdd674b8e8 P 8cfcfc806bd24ed5873e2af6ed592a91 [NON_LEADER]: Queue going to NON_LEADER mode. State: All replicated index: 0, Majority replicated index: 0, Committed index: 0, Last appended: 0.0, Last appended by leader: 0, Current term: 0, Majority size: -1, State: 0, Mode: NON_LEADER, active raft config: opid_index: -1 OBSOLETE_local: false peers { permanent_uuid: "bad4032c05234b44b75fe2c718f356b1" member_type: VOTER last_known_addr { host: "127.0.107.193" port: 39057 } } peers { permanent_uuid: "8cfcfc806bd24ed5873e2af6ed592a91" member_type: VOTER last_known_addr { host: "127.0.107.194" port: 41921 } } peers { permanent_uuid: "0db7464ecf4e4443ae5b324d31bde623" member_type: VOTER last_known_addr { host: "127.0.107.195" port: 42365 } }
I20260710 13:16:03.764142  1768 raft_consensus.cc:359] T 590a98dfe52e4116b2c564b8885304fc P bad4032c05234b44b75fe2c718f356b1 [term 0 FOLLOWER]: Replica starting. Triggering 0 pending ops. Active config: opid_index: -1 OBSOLETE_local: false peers { permanent_uuid: "bad4032c05234b44b75fe2c718f356b1" member_type: VOTER last_known_addr { host: "127.0.107.193" port: 39057 } } peers { permanent_uuid: "8cfcfc806bd24ed5873e2af6ed592a91" member_type: VOTER last_known_addr { host: "127.0.107.194" port: 41921 } } peers { permanent_uuid: "0db7464ecf4e4443ae5b324d31bde623" member_type: VOTER last_known_addr { host: "127.0.107.195" port: 42365 } }
I20260710 13:16:03.764863  1768 raft_consensus.cc:385] T 590a98dfe52e4116b2c564b8885304fc P bad4032c05234b44b75fe2c718f356b1 [term 0 FOLLOWER]: Consensus starting up: Expiring failure detector timer to make a prompt election more likely
I20260710 13:16:03.764293  1766 raft_consensus.cc:359] T 2860d55717f54f88abce61aa8d14dce2 P 0db7464ecf4e4443ae5b324d31bde623 [term 0 FOLLOWER]: Replica starting. Triggering 0 pending ops. Active config: opid_index: -1 OBSOLETE_local: false peers { permanent_uuid: "bad4032c05234b44b75fe2c718f356b1" member_type: VOTER last_known_addr { host: "127.0.107.193" port: 39057 } } peers { permanent_uuid: "8cfcfc806bd24ed5873e2af6ed592a91" member_type: VOTER last_known_addr { host: "127.0.107.194" port: 41921 } } peers { permanent_uuid: "0db7464ecf4e4443ae5b324d31bde623" member_type: VOTER last_known_addr { host: "127.0.107.195" port: 42365 } }
I20260710 13:16:03.765138  1768 raft_consensus.cc:740] T 590a98dfe52e4116b2c564b8885304fc P bad4032c05234b44b75fe2c718f356b1 [term 0 FOLLOWER]: Becoming Follower/Learner. State: Replica: bad4032c05234b44b75fe2c718f356b1, State: Initialized, Role: FOLLOWER
I20260710 13:16:03.765331  1766 raft_consensus.cc:385] T 2860d55717f54f88abce61aa8d14dce2 P 0db7464ecf4e4443ae5b324d31bde623 [term 0 FOLLOWER]: Consensus starting up: Expiring failure detector timer to make a prompt election more likely
I20260710 13:16:03.765848  1766 raft_consensus.cc:740] T 2860d55717f54f88abce61aa8d14dce2 P 0db7464ecf4e4443ae5b324d31bde623 [term 0 FOLLOWER]: Becoming Follower/Learner. State: Replica: 0db7464ecf4e4443ae5b324d31bde623, State: Initialized, Role: FOLLOWER
