[==========] Running 8 tests from 2 test suites.
[----------] Global test environment set-up.
[----------] 6 tests from LeaderRebalancerTest
[ RUN      ] LeaderRebalancerTest.FunctionalTestForDivided
WARNING: Logging before InitGoogleLogging() is written to STDERR
I20260710 13:25:58.348021 27542 internal_mini_cluster.cc:156] Creating distributed mini masters. Addrs: 127.26.229.190:39035
I20260710 13:25:58.349563 27542 env_posix.cc:2285] Not raising this process' open files per process limit of 1048576; it is already as high as it can go
I20260710 13:25:58.350626 27542 file_cache.cc:504] Constructed file cache file cache with capacity 419430
W20260710 13:25:58.367659 27551 instance_detector.cc:116] could not retrieve OpenStack instance metadata: Network error: curl error: HTTP response code said error: The requested URL returned error: 404
W20260710 13:25:58.367697 27548 instance_detector.cc:116] could not retrieve AWS instance metadata: Network error: curl error: HTTP response code said error: The requested URL returned error: 404
W20260710 13:25:58.367705 27549 instance_detector.cc:116] could not retrieve Azure instance metadata: Network error: curl error: HTTP response code said error: The requested URL returned error: 404
W20260710 13:25:59.588181 27550 instance_detector.cc:116] could not retrieve GCE instance metadata: Timed out: curl timeout: Timeout was reached: Resolving timed out after 1218 milliseconds
I20260710 13:25:59.588291 27542 server_base.cc:1056] Not found: could not retrieve instance metadata: unable to detect cloud type of this node, probably running in non-cloud environment
I20260710 13:25:59.589553 27542 hybrid_clock.cc:584] initializing the hybrid clock with 'system_unsync' time source
W20260710 13:25:59.589779 27542 system_unsync_time.cc:38] NTP support is disabled. Clock error bounds will not be accurate. This configuration is not suitable for distributed clusters.
I20260710 13:25:59.590013 27542 hybrid_clock.cc:648] HybridClock initialized: now 1783689959589980 us; error 0 us; skew 500 ppm
I20260710 13:25:59.590802 27542 server_base.cc:861] Flag tcmalloc_max_total_thread_cache_bytes is not working since tcmalloc is not enabled.
I20260710 13:25:59.597057 27542 webserver.cc:533] Webserver started at http://127.26.229.190:40623/ using document root <none> and password file <none>
I20260710 13:25:59.597963 27542 fs_manager.cc:362] Metadata directory not provided
I20260710 13:25:59.598160 27542 fs_manager.cc:368] Using write-ahead log directory (fs_wal_dir) as metadata directory
I20260710 13:25:59.598593 27542 server_base.cc:909] This appears to be a new deployment of Kudu; creating new FS layout
I20260710 13:25:59.611390 27542 fs_manager.cc:1068] Generated new instance metadata in path /tmp/dist-test-taskYwnmjb/test-tmp/auto_leader_rebalancer-test.0.LeaderRebalancerTest.FunctionalTestForDivided.1783689958181860-27542-0/minicluster-data/master-0-root/instance:
uuid: "aefbefa556d645969f535f5e7708c458"
format_stamp: "Formatted at 2026-07-10 13:25:59 on dist-test-slave-mn35"
I20260710 13:25:59.619346 27542 fs_manager.cc:696] Time spent creating directory manager: real 0.007s	user 0.008s	sys 0.000s
I20260710 13:25:59.624506 27557 log_block_manager.cc:4127] Time spent loading block containers with low live blocks: real 0.000s	user 0.000s	sys 0.000s
I20260710 13:25:59.625749 27542 fs_manager.cc:730] Time spent opening block manager: real 0.003s	user 0.002s	sys 0.000s
I20260710 13:25:59.626183 27542 fs_manager.cc:647] Opened local filesystem: /tmp/dist-test-taskYwnmjb/test-tmp/auto_leader_rebalancer-test.0.LeaderRebalancerTest.FunctionalTestForDivided.1783689958181860-27542-0/minicluster-data/master-0-root
uuid: "aefbefa556d645969f535f5e7708c458"
format_stamp: "Formatted at 2026-07-10 13:25:59 on dist-test-slave-mn35"
I20260710 13:25:59.626531 27542 fs_report.cc:389] FS layout report
--------------------
wal directory: /tmp/dist-test-taskYwnmjb/test-tmp/auto_leader_rebalancer-test.0.LeaderRebalancerTest.FunctionalTestForDivided.1783689958181860-27542-0/minicluster-data/master-0-root
metadata directory: /tmp/dist-test-taskYwnmjb/test-tmp/auto_leader_rebalancer-test.0.LeaderRebalancerTest.FunctionalTestForDivided.1783689958181860-27542-0/minicluster-data/master-0-root
1 data directories: /tmp/dist-test-taskYwnmjb/test-tmp/auto_leader_rebalancer-test.0.LeaderRebalancerTest.FunctionalTestForDivided.1783689958181860-27542-0/minicluster-data/master-0-root/data
Total live blocks: 0
Total live bytes: 0
Total live bytes (after alignment): 0
Total number of LBM containers: 0 (0 full)
Did not check for missing blocks
Did not check for orphaned blocks
Total full LBM containers with extra space: 0 (0 repaired)
Total full LBM container extra space in bytes: 0 (0 repaired)
Total incomplete LBM containers: 0 (0 repaired)
Total LBM partial records: 0 (0 repaired)
Total corrupted LBM metadata records in RocksDB: 0 (0 repaired)
I20260710 13:25:59.678002 27542 rpc_server.cc:225] running with OpenSSL 1.1.1  11 Sep 2018
I20260710 13:25:59.679522 27542 env_posix.cc:2285] Not raising this process' running threads per effective uid limit of 18446744073709551615; it is already as high as it can go
I20260710 13:25:59.679999 27542 kserver.cc:163] Server-wide thread pool size limit: 3276
I20260710 13:25:59.752836 27542 rpc_server.cc:307] RPC server started. Bound to: 127.26.229.190:39035
I20260710 13:25:59.752903 27608 acceptor_pool.cc:272] collecting diagnostics on the listening RPC socket 127.26.229.190:39035 every 8 connection(s)
I20260710 13:25:59.760490 27609 data_dirs.cc:400] Could only allocate 1 dirs of requested 3 for tablet 00000000000000000000000000000000. 1 dirs total, 0 dirs full, 0 dirs failed
I20260710 13:25:59.782249 27609 tablet_bootstrap.cc:492] T 00000000000000000000000000000000 P aefbefa556d645969f535f5e7708c458: Bootstrap starting.
I20260710 13:25:59.788221 27609 tablet_bootstrap.cc:654] T 00000000000000000000000000000000 P aefbefa556d645969f535f5e7708c458: Neither blocks nor log segments found. Creating new log.
I20260710 13:25:59.790095 27609 log.cc:826] T 00000000000000000000000000000000 P aefbefa556d645969f535f5e7708c458: Log is configured to *not* fsync() on all Append() calls
I20260710 13:25:59.794782 27609 tablet_bootstrap.cc:492] T 00000000000000000000000000000000 P aefbefa556d645969f535f5e7708c458: No bootstrap required, opened a new log
I20260710 13:25:59.815459 27609 raft_consensus.cc:359] T 00000000000000000000000000000000 P aefbefa556d645969f535f5e7708c458 [term 0 FOLLOWER]: Replica starting. Triggering 0 pending ops. Active config: opid_index: -1 OBSOLETE_local: true peers { permanent_uuid: "aefbefa556d645969f535f5e7708c458" member_type: VOTER }
I20260710 13:25:59.816030 27609 raft_consensus.cc:385] T 00000000000000000000000000000000 P aefbefa556d645969f535f5e7708c458 [term 0 FOLLOWER]: Consensus starting up: Expiring failure detector timer to make a prompt election more likely
I20260710 13:25:59.816229 27609 raft_consensus.cc:740] T 00000000000000000000000000000000 P aefbefa556d645969f535f5e7708c458 [term 0 FOLLOWER]: Becoming Follower/Learner. State: Replica: aefbefa556d645969f535f5e7708c458, State: Initialized, Role: FOLLOWER
I20260710 13:25:59.817076 27609 consensus_queue.cc:260] T 00000000000000000000000000000000 P aefbefa556d645969f535f5e7708c458 [NON_LEADER]: Queue going to NON_LEADER mode. State: All replicated index: 0, Majority replicated index: 0, Committed index: 0, Last appended: 0.0, Last appended by leader: 0, Current term: 0, Majority size: -1, State: 0, Mode: NON_LEADER, active raft config: opid_index: -1 OBSOLETE_local: true peers { permanent_uuid: "aefbefa556d645969f535f5e7708c458" member_type: VOTER }
I20260710 13:25:59.817574 27609 raft_consensus.cc:399] T 00000000000000000000000000000000 P aefbefa556d645969f535f5e7708c458 [term 0 FOLLOWER]: Only one voter in the Raft config. Triggering election immediately
I20260710 13:25:59.817915 27609 raft_consensus.cc:493] T 00000000000000000000000000000000 P aefbefa556d645969f535f5e7708c458 [term 0 FOLLOWER]: Starting leader election (initial election of a single-replica configuration)
I20260710 13:25:59.818321 27609 raft_consensus.cc:3060] T 00000000000000000000000000000000 P aefbefa556d645969f535f5e7708c458 [term 0 FOLLOWER]: Advancing to term 1
I20260710 13:25:59.822727 27609 raft_consensus.cc:515] T 00000000000000000000000000000000 P aefbefa556d645969f535f5e7708c458 [term 1 FOLLOWER]: Starting leader election with config: opid_index: -1 OBSOLETE_local: true peers { permanent_uuid: "aefbefa556d645969f535f5e7708c458" member_type: VOTER }
I20260710 13:25:59.823743 27609 leader_election.cc:304] T 00000000000000000000000000000000 P aefbefa556d645969f535f5e7708c458 [CANDIDATE]: Term 1 election: Election decided. Result: candidate won. Election summary: received 1 responses out of 1 voters: 1 yes votes; 0 no votes. yes voters: aefbefa556d645969f535f5e7708c458; no voters: 
I20260710 13:25:59.825498 27609 leader_election.cc:290] T 00000000000000000000000000000000 P aefbefa556d645969f535f5e7708c458 [CANDIDATE]: Term 1 election: Requested vote from peers 
I20260710 13:25:59.825901 27612 raft_consensus.cc:2804] T 00000000000000000000000000000000 P aefbefa556d645969f535f5e7708c458 [term 1 FOLLOWER]: Leader election won for term 1
I20260710 13:25:59.828706 27612 raft_consensus.cc:697] T 00000000000000000000000000000000 P aefbefa556d645969f535f5e7708c458 [term 1 LEADER]: Becoming Leader. State: Replica: aefbefa556d645969f535f5e7708c458, State: Running, Role: LEADER
I20260710 13:25:59.829679 27612 consensus_queue.cc:237] T 00000000000000000000000000000000 P aefbefa556d645969f535f5e7708c458 [LEADER]: Queue going to LEADER mode. State: All replicated index: 0, Majority replicated index: 0, Committed index: 0, Last appended: 0.0, Last appended by leader: 0, Current term: 1, Majority size: 1, State: 0, Mode: LEADER, active raft config: opid_index: -1 OBSOLETE_local: true peers { permanent_uuid: "aefbefa556d645969f535f5e7708c458" member_type: VOTER }
I20260710 13:25:59.830729 27609 sys_catalog.cc:565] T 00000000000000000000000000000000 P aefbefa556d645969f535f5e7708c458 [sys.catalog]: configured and running, proceeding with master startup.
I20260710 13:25:59.841249 27613 sys_catalog.cc:455] T 00000000000000000000000000000000 P aefbefa556d645969f535f5e7708c458 [sys.catalog]: SysCatalogTable state changed. Reason: RaftConsensus started. Latest consensus state: current_term: 1 leader_uuid: "aefbefa556d645969f535f5e7708c458" committed_config { opid_index: -1 OBSOLETE_local: true peers { permanent_uuid: "aefbefa556d645969f535f5e7708c458" member_type: VOTER } }
I20260710 13:25:59.842104 27613 sys_catalog.cc:458] T 00000000000000000000000000000000 P aefbefa556d645969f535f5e7708c458 [sys.catalog]: This master's current role is: LEADER
I20260710 13:25:59.842029 27614 sys_catalog.cc:455] T 00000000000000000000000000000000 P aefbefa556d645969f535f5e7708c458 [sys.catalog]: SysCatalogTable state changed. Reason: New leader aefbefa556d645969f535f5e7708c458. Latest consensus state: current_term: 1 leader_uuid: "aefbefa556d645969f535f5e7708c458" committed_config { opid_index: -1 OBSOLETE_local: true peers { permanent_uuid: "aefbefa556d645969f535f5e7708c458" member_type: VOTER } }
I20260710 13:25:59.842604 27614 sys_catalog.cc:458] T 00000000000000000000000000000000 P aefbefa556d645969f535f5e7708c458 [sys.catalog]: This master's current role is: LEADER
I20260710 13:25:59.845953 27620 catalog_manager.cc:1511] Loading table and tablet metadata into memory...
I20260710 13:25:59.859323 27620 catalog_manager.cc:1520] Initializing Kudu cluster ID...
I20260710 13:25:59.861698 27542 internal_mini_cluster.cc:184] Waiting to initialize catalog manager on master 0
I20260710 13:25:59.876722 27620 catalog_manager.cc:1383] Generated new cluster ID: 097004702edc485a9c9dbf7b889d5c0b
I20260710 13:25:59.877007 27620 catalog_manager.cc:1531] Initializing Kudu internal certificate authority...
I20260710 13:25:59.900739 27620 catalog_manager.cc:1406] Generated new certificate authority record
I20260710 13:25:59.902288 27620 catalog_manager.cc:1540] Loading token signing keys...
I20260710 13:25:59.917151 27620 catalog_manager.cc:6070] T 00000000000000000000000000000000 P aefbefa556d645969f535f5e7708c458: Generated new TSK 0
I20260710 13:25:59.918123 27620 catalog_manager.cc:1550] Initializing in-progress tserver states...
I20260710 13:25:59.928699 27542 file_cache.cc:504] Constructed file cache file cache with capacity 419430
W20260710 13:25:59.937404 27631 instance_detector.cc:116] could not retrieve AWS instance metadata: Network error: curl error: HTTP response code said error: The requested URL returned error: 404
W20260710 13:25:59.939116 27632 instance_detector.cc:116] could not retrieve Azure instance metadata: Network error: curl error: HTTP response code said error: The requested URL returned error: 404
I20260710 13:25:59.942580 27542 server_base.cc:1061] running on GCE node
W20260710 13:25:59.942638 27634 instance_detector.cc:116] could not retrieve OpenStack instance metadata: Network error: curl error: HTTP response code said error: The requested URL returned error: 404
I20260710 13:25:59.943608 27542 hybrid_clock.cc:584] initializing the hybrid clock with 'system_unsync' time source
W20260710 13:25:59.943805 27542 system_unsync_time.cc:38] NTP support is disabled. Clock error bounds will not be accurate. This configuration is not suitable for distributed clusters.
I20260710 13:25:59.944026 27542 hybrid_clock.cc:648] HybridClock initialized: now 1783689959943990 us; error 0 us; skew 500 ppm
I20260710 13:25:59.944661 27542 server_base.cc:861] Flag tcmalloc_max_total_thread_cache_bytes is not working since tcmalloc is not enabled.
I20260710 13:25:59.949251 27542 webserver.cc:533] Webserver started at http://127.26.229.129:43337/ using document root <none> and password file <none>
I20260710 13:25:59.949859 27542 fs_manager.cc:362] Metadata directory not provided
I20260710 13:25:59.950059 27542 fs_manager.cc:368] Using write-ahead log directory (fs_wal_dir) as metadata directory
I20260710 13:25:59.950395 27542 server_base.cc:909] This appears to be a new deployment of Kudu; creating new FS layout
I20260710 13:25:59.951572 27542 fs_manager.cc:1068] Generated new instance metadata in path /tmp/dist-test-taskYwnmjb/test-tmp/auto_leader_rebalancer-test.0.LeaderRebalancerTest.FunctionalTestForDivided.1783689958181860-27542-0/minicluster-data/ts-0-root/instance:
uuid: "c27a594e83d8445f876520ced818eeea"
format_stamp: "Formatted at 2026-07-10 13:25:59 on dist-test-slave-mn35"
I20260710 13:25:59.957442 27542 fs_manager.cc:696] Time spent creating directory manager: real 0.005s	user 0.002s	sys 0.005s
I20260710 13:25:59.962021 27639 log_block_manager.cc:4127] Time spent loading block containers with low live blocks: real 0.000s	user 0.000s	sys 0.000s
I20260710 13:25:59.962806 27542 fs_manager.cc:730] Time spent opening block manager: real 0.003s	user 0.004s	sys 0.000s
I20260710 13:25:59.963146 27542 fs_manager.cc:647] Opened local filesystem: /tmp/dist-test-taskYwnmjb/test-tmp/auto_leader_rebalancer-test.0.LeaderRebalancerTest.FunctionalTestForDivided.1783689958181860-27542-0/minicluster-data/ts-0-root
uuid: "c27a594e83d8445f876520ced818eeea"
format_stamp: "Formatted at 2026-07-10 13:25:59 on dist-test-slave-mn35"
I20260710 13:25:59.963492 27542 fs_report.cc:389] FS layout report
--------------------
wal directory: /tmp/dist-test-taskYwnmjb/test-tmp/auto_leader_rebalancer-test.0.LeaderRebalancerTest.FunctionalTestForDivided.1783689958181860-27542-0/minicluster-data/ts-0-root
metadata directory: /tmp/dist-test-taskYwnmjb/test-tmp/auto_leader_rebalancer-test.0.LeaderRebalancerTest.FunctionalTestForDivided.1783689958181860-27542-0/minicluster-data/ts-0-root
1 data directories: /tmp/dist-test-taskYwnmjb/test-tmp/auto_leader_rebalancer-test.0.LeaderRebalancerTest.FunctionalTestForDivided.1783689958181860-27542-0/minicluster-data/ts-0-root/data
Total live blocks: 0
Total live bytes: 0
Total live bytes (after alignment): 0
Total number of LBM containers: 0 (0 full)
Did not check for missing blocks
Did not check for orphaned blocks
Total full LBM containers with extra space: 0 (0 repaired)
Total full LBM container extra space in bytes: 0 (0 repaired)
Total incomplete LBM containers: 0 (0 repaired)
Total LBM partial records: 0 (0 repaired)
Total corrupted LBM metadata records in RocksDB: 0 (0 repaired)
I20260710 13:25:59.988238 27542 rpc_server.cc:225] running with OpenSSL 1.1.1  11 Sep 2018
I20260710 13:25:59.989620 27542 kserver.cc:163] Server-wide thread pool size limit: 3276
I20260710 13:25:59.992483 27542 txn_system_client.cc:432] TxnSystemClient initialization is disabled...
I20260710 13:25:59.997196 27542 ts_tablet_manager.cc:585] Loaded tablet metadata (0 total tablets, 0 live tablets)
I20260710 13:25:59.997480 27542 ts_tablet_manager.cc:531] Time spent load tablet metadata: real 0.000s	user 0.000s	sys 0.000s
I20260710 13:25:59.997773 27542 ts_tablet_manager.cc:616] Registered 0 tablets
I20260710 13:25:59.997985 27542 ts_tablet_manager.cc:595] Time spent register tablets: real 0.000s	user 0.001s	sys 0.000s
I20260710 13:26:00.108671 27542 rpc_server.cc:307] RPC server started. Bound to: 127.26.229.129:39435
I20260710 13:26:00.108759 27701 acceptor_pool.cc:272] collecting diagnostics on the listening RPC socket 127.26.229.129:39435 every 8 connection(s)
I20260710 13:26:00.115859 27542 file_cache.cc:504] Constructed file cache file cache with capacity 419430
W20260710 13:26:00.126345 27706 instance_detector.cc:116] could not retrieve AWS instance metadata: Network error: curl error: HTTP response code said error: The requested URL returned error: 404
W20260710 13:26:00.131162 27707 instance_detector.cc:116] could not retrieve Azure instance metadata: Network error: curl error: HTTP response code said error: The requested URL returned error: 404
I20260710 13:26:00.136117 27542 server_base.cc:1061] running on GCE node
W20260710 13:26:00.136998 27709 instance_detector.cc:116] could not retrieve OpenStack instance metadata: Network error: curl error: HTTP response code said error: The requested URL returned error: 404
I20260710 13:26:00.138128 27542 hybrid_clock.cc:584] initializing the hybrid clock with 'system_unsync' time source
W20260710 13:26:00.138319 27542 system_unsync_time.cc:38] NTP support is disabled. Clock error bounds will not be accurate. This configuration is not suitable for distributed clusters.
I20260710 13:26:00.138453 27542 hybrid_clock.cc:648] HybridClock initialized: now 1783689960138438 us; error 0 us; skew 500 ppm
I20260710 13:26:00.138968 27542 server_base.cc:861] Flag tcmalloc_max_total_thread_cache_bytes is not working since tcmalloc is not enabled.
I20260710 13:26:00.142383 27542 webserver.cc:533] Webserver started at http://127.26.229.130:42385/ using document root <none> and password file <none>
I20260710 13:26:00.142923 27542 fs_manager.cc:362] Metadata directory not provided
I20260710 13:26:00.143205 27542 fs_manager.cc:368] Using write-ahead log directory (fs_wal_dir) as metadata directory
I20260710 13:26:00.143564 27542 server_base.cc:909] This appears to be a new deployment of Kudu; creating new FS layout
I20260710 13:26:00.144735 27702 heartbeater.cc:344] Connected to a master server at 127.26.229.190:39035
I20260710 13:26:00.144783 27542 fs_manager.cc:1068] Generated new instance metadata in path /tmp/dist-test-taskYwnmjb/test-tmp/auto_leader_rebalancer-test.0.LeaderRebalancerTest.FunctionalTestForDivided.1783689958181860-27542-0/minicluster-data/ts-1-root/instance:
uuid: "0b7f5d1058d64c75aabe494f6ff5e9e1"
format_stamp: "Formatted at 2026-07-10 13:26:00 on dist-test-slave-mn35"
I20260710 13:26:00.145267 27702 heartbeater.cc:461] Registering TS with master...
I20260710 13:26:00.146566 27702 heartbeater.cc:507] Master 127.26.229.190:39035 requested a full tablet report, sending...
I20260710 13:26:00.150050 27574 ts_manager.cc:194] Registered new tserver with Master: c27a594e83d8445f876520ced818eeea (127.26.229.129:39435)
I20260710 13:26:00.151746 27542 fs_manager.cc:696] Time spent creating directory manager: real 0.006s	user 0.009s	sys 0.000s
I20260710 13:26:00.153051 27574 master_service.cc:502] Signed X509 certificate for tserver {username='slave'} at 127.0.0.1:45700
I20260710 13:26:00.156055 27714 log_block_manager.cc:4127] Time spent loading block containers with low live blocks: real 0.000s	user 0.000s	sys 0.000s
I20260710 13:26:00.157316 27542 fs_manager.cc:730] Time spent opening block manager: real 0.004s	user 0.003s	sys 0.001s
I20260710 13:26:00.157604 27542 fs_manager.cc:647] Opened local filesystem: /tmp/dist-test-taskYwnmjb/test-tmp/auto_leader_rebalancer-test.0.LeaderRebalancerTest.FunctionalTestForDivided.1783689958181860-27542-0/minicluster-data/ts-1-root
uuid: "0b7f5d1058d64c75aabe494f6ff5e9e1"
format_stamp: "Formatted at 2026-07-10 13:26:00 on dist-test-slave-mn35"
I20260710 13:26:00.157932 27542 fs_report.cc:389] FS layout report
--------------------
wal directory: /tmp/dist-test-taskYwnmjb/test-tmp/auto_leader_rebalancer-test.0.LeaderRebalancerTest.FunctionalTestForDivided.1783689958181860-27542-0/minicluster-data/ts-1-root
metadata directory: /tmp/dist-test-taskYwnmjb/test-tmp/auto_leader_rebalancer-test.0.LeaderRebalancerTest.FunctionalTestForDivided.1783689958181860-27542-0/minicluster-data/ts-1-root
1 data directories: /tmp/dist-test-taskYwnmjb/test-tmp/auto_leader_rebalancer-test.0.LeaderRebalancerTest.FunctionalTestForDivided.1783689958181860-27542-0/minicluster-data/ts-1-root/data
Total live blocks: 0
Total live bytes: 0
Total live bytes (after alignment): 0
Total number of LBM containers: 0 (0 full)
Did not check for missing blocks
Did not check for orphaned blocks
Total full LBM containers with extra space: 0 (0 repaired)
Total full LBM container extra space in bytes: 0 (0 repaired)
Total incomplete LBM containers: 0 (0 repaired)
Total LBM partial records: 0 (0 repaired)
Total corrupted LBM metadata records in RocksDB: 0 (0 repaired)
I20260710 13:26:00.181341 27542 rpc_server.cc:225] running with OpenSSL 1.1.1  11 Sep 2018
I20260710 13:26:00.182667 27542 kserver.cc:163] Server-wide thread pool size limit: 3276
I20260710 13:26:00.184760 27542 txn_system_client.cc:432] TxnSystemClient initialization is disabled...
I20260710 13:26:00.188196 27542 ts_tablet_manager.cc:585] Loaded tablet metadata (0 total tablets, 0 live tablets)
I20260710 13:26:00.188424 27542 ts_tablet_manager.cc:531] Time spent load tablet metadata: real 0.000s	user 0.000s	sys 0.000s
I20260710 13:26:00.188669 27542 ts_tablet_manager.cc:616] Registered 0 tablets
I20260710 13:26:00.188848 27542 ts_tablet_manager.cc:595] Time spent register tablets: real 0.000s	user 0.000s	sys 0.000s
I20260710 13:26:00.282316 27542 rpc_server.cc:307] RPC server started. Bound to: 127.26.229.130:38887
I20260710 13:26:00.282430 27776 acceptor_pool.cc:272] collecting diagnostics on the listening RPC socket 127.26.229.130:38887 every 8 connection(s)
I20260710 13:26:00.288731 27542 file_cache.cc:504] Constructed file cache file cache with capacity 419430
W20260710 13:26:00.296854 27780 instance_detector.cc:116] could not retrieve AWS instance metadata: Network error: curl error: HTTP response code said error: The requested URL returned error: 404
W20260710 13:26:00.302277 27781 instance_detector.cc:116] could not retrieve Azure instance metadata: Network error: curl error: HTTP response code said error: The requested URL returned error: 404
W20260710 13:26:00.304411 27783 instance_detector.cc:116] could not retrieve OpenStack instance metadata: Network error: curl error: HTTP response code said error: The requested URL returned error: 404
I20260710 13:26:00.305574 27777 heartbeater.cc:344] Connected to a master server at 127.26.229.190:39035
I20260710 13:26:00.306131 27777 heartbeater.cc:461] Registering TS with master...
I20260710 13:26:00.307180 27777 heartbeater.cc:507] Master 127.26.229.190:39035 requested a full tablet report, sending...
I20260710 13:26:00.308291 27542 server_base.cc:1061] running on GCE node
I20260710 13:26:00.309316 27574 ts_manager.cc:194] Registered new tserver with Master: 0b7f5d1058d64c75aabe494f6ff5e9e1 (127.26.229.130:38887)
I20260710 13:26:00.310635 27542 hybrid_clock.cc:584] initializing the hybrid clock with 'system_unsync' time source
W20260710 13:26:00.310873 27542 system_unsync_time.cc:38] NTP support is disabled. Clock error bounds will not be accurate. This configuration is not suitable for distributed clusters.
I20260710 13:26:00.311070 27542 hybrid_clock.cc:648] HybridClock initialized: now 1783689960311054 us; error 0 us; skew 500 ppm
I20260710 13:26:00.311113 27574 master_service.cc:502] Signed X509 certificate for tserver {username='slave'} at 127.0.0.1:45714
I20260710 13:26:00.311717 27542 server_base.cc:861] Flag tcmalloc_max_total_thread_cache_bytes is not working since tcmalloc is not enabled.
I20260710 13:26:00.314841 27542 webserver.cc:533] Webserver started at http://127.26.229.131:46881/ using document root <none> and password file <none>
I20260710 13:26:00.315337 27542 fs_manager.cc:362] Metadata directory not provided
I20260710 13:26:00.315546 27542 fs_manager.cc:368] Using write-ahead log directory (fs_wal_dir) as metadata directory
I20260710 13:26:00.315867 27542 server_base.cc:909] This appears to be a new deployment of Kudu; creating new FS layout
I20260710 13:26:00.316980 27542 fs_manager.cc:1068] Generated new instance metadata in path /tmp/dist-test-taskYwnmjb/test-tmp/auto_leader_rebalancer-test.0.LeaderRebalancerTest.FunctionalTestForDivided.1783689958181860-27542-0/minicluster-data/ts-2-root/instance:
uuid: "3e6eca192b714c17aec8f909e962fe33"
format_stamp: "Formatted at 2026-07-10 13:26:00 on dist-test-slave-mn35"
I20260710 13:26:00.321643 27542 fs_manager.cc:696] Time spent creating directory manager: real 0.004s	user 0.006s	sys 0.000s
I20260710 13:26:00.325269 27788 log_block_manager.cc:4127] Time spent loading block containers with low live blocks: real 0.000s	user 0.000s	sys 0.000s
I20260710 13:26:00.326176 27542 fs_manager.cc:730] Time spent opening block manager: real 0.003s	user 0.000s	sys 0.003s
I20260710 13:26:00.326463 27542 fs_manager.cc:647] Opened local filesystem: /tmp/dist-test-taskYwnmjb/test-tmp/auto_leader_rebalancer-test.0.LeaderRebalancerTest.FunctionalTestForDivided.1783689958181860-27542-0/minicluster-data/ts-2-root
uuid: "3e6eca192b714c17aec8f909e962fe33"
format_stamp: "Formatted at 2026-07-10 13:26:00 on dist-test-slave-mn35"
I20260710 13:26:00.326735 27542 fs_report.cc:389] FS layout report
--------------------
wal directory: /tmp/dist-test-taskYwnmjb/test-tmp/auto_leader_rebalancer-test.0.LeaderRebalancerTest.FunctionalTestForDivided.1783689958181860-27542-0/minicluster-data/ts-2-root
metadata directory: /tmp/dist-test-taskYwnmjb/test-tmp/auto_leader_rebalancer-test.0.LeaderRebalancerTest.FunctionalTestForDivided.1783689958181860-27542-0/minicluster-data/ts-2-root
1 data directories: /tmp/dist-test-taskYwnmjb/test-tmp/auto_leader_rebalancer-test.0.LeaderRebalancerTest.FunctionalTestForDivided.1783689958181860-27542-0/minicluster-data/ts-2-root/data
Total live blocks: 0
Total live bytes: 0
Total live bytes (after alignment): 0
Total number of LBM containers: 0 (0 full)
Did not check for missing blocks
Did not check for orphaned blocks
Total full LBM containers with extra space: 0 (0 repaired)
Total full LBM container extra space in bytes: 0 (0 repaired)
Total incomplete LBM containers: 0 (0 repaired)
Total LBM partial records: 0 (0 repaired)
Total corrupted LBM metadata records in RocksDB: 0 (0 repaired)
I20260710 13:26:00.364004 27542 rpc_server.cc:225] running with OpenSSL 1.1.1  11 Sep 2018
I20260710 13:26:00.365231 27542 kserver.cc:163] Server-wide thread pool size limit: 3276
I20260710 13:26:00.367093 27542 txn_system_client.cc:432] TxnSystemClient initialization is disabled...
I20260710 13:26:00.369879 27542 ts_tablet_manager.cc:585] Loaded tablet metadata (0 total tablets, 0 live tablets)
I20260710 13:26:00.370071 27542 ts_tablet_manager.cc:531] Time spent load tablet metadata: real 0.000s	user 0.000s	sys 0.000s
I20260710 13:26:00.370378 27542 ts_tablet_manager.cc:616] Registered 0 tablets
I20260710 13:26:00.370550 27542 ts_tablet_manager.cc:595] Time spent register tablets: real 0.000s	user 0.000s	sys 0.000s
I20260710 13:26:00.466332 27542 rpc_server.cc:307] RPC server started. Bound to: 127.26.229.131:35981
I20260710 13:26:00.466413 27850 acceptor_pool.cc:272] collecting diagnostics on the listening RPC socket 127.26.229.131:35981 every 8 connection(s)
I20260710 13:26:00.484157 27851 heartbeater.cc:344] Connected to a master server at 127.26.229.190:39035
I20260710 13:26:00.484536 27851 heartbeater.cc:461] Registering TS with master...
I20260710 13:26:00.485266 27851 heartbeater.cc:507] Master 127.26.229.190:39035 requested a full tablet report, sending...
I20260710 13:26:00.487208 27574 ts_manager.cc:194] Registered new tserver with Master: 3e6eca192b714c17aec8f909e962fe33 (127.26.229.131:35981)
I20260710 13:26:00.487342 27542 internal_mini_cluster.cc:371] 3 TS(s) registered with all masters after 0.012245958s
I20260710 13:26:00.488560 27574 master_service.cc:502] Signed X509 certificate for tserver {username='slave'} at 127.0.0.1:45716
I20260710 13:26:00.542887 27574 catalog_manager.cc:2283] Servicing CreateTable request from {username='slave'} at 127.0.0.1:45726:
name: "test-workload"
schema {
  columns {
    name: "key"
    type: INT32
    is_key: true
    is_nullable: false
    encoding: AUTO_ENCODING
    compression: DEFAULT_COMPRESSION
    cfile_block_size: 0
    immutable: false
  }
  columns {
    name: "int_val"
    type: INT32
    is_key: false
    is_nullable: false
    encoding: AUTO_ENCODING
    compression: DEFAULT_COMPRESSION
    cfile_block_size: 0
    immutable: false
  }
  columns {
    name: "string_val"
    type: STRING
    is_key: false
    is_nullable: true
    encoding: AUTO_ENCODING
    compression: DEFAULT_COMPRESSION
    cfile_block_size: 0
    immutable: false
  }
}
num_replicas: 3
split_rows_range_bounds {
  rows: "\004\001\000\216\3438\016\004\001\000\034\307q\034\004\001\000\252\252\252*\004\001\0008\216\3438\004\001\000\306q\034G\004\001\000TUUU\004\001\000\3428\216c\004\001\000p\034\307q""\004\001\000\216\3438\016\004\001\000\034\307q\034\004\001\000\252\252\252*\004\001\0008\216\3438\004\001\000\306q\034G\004\001\000TUUU\004\001\000\3428\216c\004\001\000p\034\307q"
  indirect_data: """"
}
partition_schema {
  range_schema {
    columns {
      name: "key"
    }
  }
}
W20260710 13:26:00.546454 27574 catalog_manager.cc:7077] The number of live tablet servers is not enough to re-replicate a tablet replica of the newly created table test-workload in case of a server failure: 4 tablet servers would be needed, 3 are available. Consider bringing up more tablet servers.
I20260710 13:26:00.635874 27742 tablet_service.cc:1511] Processing CreateTablet for tablet 4624bae89e3e43ffa755b376ef670efb (DEFAULT_TABLE table=test-workload [id=895a9ff1e947493c979f31d7d1a0127f]), partition=RANGE (key) PARTITION VALUES < 238609294
I20260710 13:26:00.639480 27741 tablet_service.cc:1511] Processing CreateTablet for tablet 026abd67bb8d45c09803c8d623238c54 (DEFAULT_TABLE table=test-workload [id=895a9ff1e947493c979f31d7d1a0127f]), partition=RANGE (key) PARTITION 238609294 <= VALUES < 477218588
I20260710 13:26:00.641106 27741 data_dirs.cc:400] Could only allocate 1 dirs of requested 3 for tablet 026abd67bb8d45c09803c8d623238c54. 1 dirs total, 0 dirs full, 0 dirs failed
I20260710 13:26:00.642138 27740 tablet_service.cc:1511] Processing CreateTablet for tablet 00d32cb9d5bf41adb6bb993221a1555f (DEFAULT_TABLE table=test-workload [id=895a9ff1e947493c979f31d7d1a0127f]), partition=RANGE (key) PARTITION 477218588 <= VALUES < 715827882
I20260710 13:26:00.643419 27740 data_dirs.cc:400] Could only allocate 1 dirs of requested 3 for tablet 00d32cb9d5bf41adb6bb993221a1555f. 1 dirs total, 0 dirs full, 0 dirs failed
I20260710 13:26:00.645285 27816 tablet_service.cc:1511] Processing CreateTablet for tablet 4624bae89e3e43ffa755b376ef670efb (DEFAULT_TABLE table=test-workload [id=895a9ff1e947493c979f31d7d1a0127f]), partition=RANGE (key) PARTITION VALUES < 238609294
I20260710 13:26:00.645983 27814 tablet_service.cc:1511] Processing CreateTablet for tablet 00d32cb9d5bf41adb6bb993221a1555f (DEFAULT_TABLE table=test-workload [id=895a9ff1e947493c979f31d7d1a0127f]), partition=RANGE (key) PARTITION 477218588 <= VALUES < 715827882
I20260710 13:26:00.646684 27816 data_dirs.cc:400] Could only allocate 1 dirs of requested 3 for tablet 4624bae89e3e43ffa755b376ef670efb. 1 dirs total, 0 dirs full, 0 dirs failed
I20260710 13:26:00.646450 27815 tablet_service.cc:1511] Processing CreateTablet for tablet 026abd67bb8d45c09803c8d623238c54 (DEFAULT_TABLE table=test-workload [id=895a9ff1e947493c979f31d7d1a0127f]), partition=RANGE (key) PARTITION 238609294 <= VALUES < 477218588
I20260710 13:26:00.648945 27813 tablet_service.cc:1511] Processing CreateTablet for tablet 73b6003bf35e4f1d8ac6bd92e1787656 (DEFAULT_TABLE table=test-workload [id=895a9ff1e947493c979f31d7d1a0127f]), partition=RANGE (key) PARTITION 715827882 <= VALUES < 954437176
I20260710 13:26:00.648980 27814 data_dirs.cc:400] Could only allocate 1 dirs of requested 3 for tablet 00d32cb9d5bf41adb6bb993221a1555f. 1 dirs total, 0 dirs full, 0 dirs failed
I20260710 13:26:00.650417 27813 data_dirs.cc:400] Could only allocate 1 dirs of requested 3 for tablet 73b6003bf35e4f1d8ac6bd92e1787656. 1 dirs total, 0 dirs full, 0 dirs failed
I20260710 13:26:00.649425 27742 data_dirs.cc:400] Could only allocate 1 dirs of requested 3 for tablet 4624bae89e3e43ffa755b376ef670efb. 1 dirs total, 0 dirs full, 0 dirs failed
I20260710 13:26:00.650036 27739 tablet_service.cc:1511] Processing CreateTablet for tablet 73b6003bf35e4f1d8ac6bd92e1787656 (DEFAULT_TABLE table=test-workload [id=895a9ff1e947493c979f31d7d1a0127f]), partition=RANGE (key) PARTITION 715827882 <= VALUES < 954437176
I20260710 13:26:00.651986 27739 data_dirs.cc:400] Could only allocate 1 dirs of requested 3 for tablet 73b6003bf35e4f1d8ac6bd92e1787656. 1 dirs total, 0 dirs full, 0 dirs failed
I20260710 13:26:00.654944 27812 tablet_service.cc:1511] Processing CreateTablet for tablet 50893eb659364796a883fd7649a122a4 (DEFAULT_TABLE table=test-workload [id=895a9ff1e947493c979f31d7d1a0127f]), partition=RANGE (key) PARTITION 954437176 <= VALUES < 1193046470
I20260710 13:26:00.656394 27812 data_dirs.cc:400] Could only allocate 1 dirs of requested 3 for tablet 50893eb659364796a883fd7649a122a4. 1 dirs total, 0 dirs full, 0 dirs failed
I20260710 13:26:00.661110 27811 tablet_service.cc:1511] Processing CreateTablet for tablet 244e52d0c01e41f1861fc34dd2c4a2e4 (DEFAULT_TABLE table=test-workload [id=895a9ff1e947493c979f31d7d1a0127f]), partition=RANGE (key) PARTITION 1193046470 <= VALUES < 1431655764
I20260710 13:26:00.662611 27811 data_dirs.cc:400] Could only allocate 1 dirs of requested 3 for tablet 244e52d0c01e41f1861fc34dd2c4a2e4. 1 dirs total, 0 dirs full, 0 dirs failed
I20260710 13:26:00.662988 27737 tablet_service.cc:1511] Processing CreateTablet for tablet 244e52d0c01e41f1861fc34dd2c4a2e4 (DEFAULT_TABLE table=test-workload [id=895a9ff1e947493c979f31d7d1a0127f]), partition=RANGE (key) PARTITION 1193046470 <= VALUES < 1431655764
I20260710 13:26:00.664276 27737 data_dirs.cc:400] Could only allocate 1 dirs of requested 3 for tablet 244e52d0c01e41f1861fc34dd2c4a2e4. 1 dirs total, 0 dirs full, 0 dirs failed
I20260710 13:26:00.661562 27738 tablet_service.cc:1511] Processing CreateTablet for tablet 50893eb659364796a883fd7649a122a4 (DEFAULT_TABLE table=test-workload [id=895a9ff1e947493c979f31d7d1a0127f]), partition=RANGE (key) PARTITION 954437176 <= VALUES < 1193046470
I20260710 13:26:00.666607 27738 data_dirs.cc:400] Could only allocate 1 dirs of requested 3 for tablet 50893eb659364796a883fd7649a122a4. 1 dirs total, 0 dirs full, 0 dirs failed
I20260710 13:26:00.669749 27815 data_dirs.cc:400] Could only allocate 1 dirs of requested 3 for tablet 026abd67bb8d45c09803c8d623238c54. 1 dirs total, 0 dirs full, 0 dirs failed
I20260710 13:26:00.680136 27810 tablet_service.cc:1511] Processing CreateTablet for tablet 7e7021b705f94524a1ac3ce1a4934a0b (DEFAULT_TABLE table=test-workload [id=895a9ff1e947493c979f31d7d1a0127f]), partition=RANGE (key) PARTITION 1431655764 <= VALUES < 1670265058
I20260710 13:26:00.682525 27810 data_dirs.cc:400] Could only allocate 1 dirs of requested 3 for tablet 7e7021b705f94524a1ac3ce1a4934a0b. 1 dirs total, 0 dirs full, 0 dirs failed
I20260710 13:26:00.685513 27736 tablet_service.cc:1511] Processing CreateTablet for tablet 7e7021b705f94524a1ac3ce1a4934a0b (DEFAULT_TABLE table=test-workload [id=895a9ff1e947493c979f31d7d1a0127f]), partition=RANGE (key) PARTITION 1431655764 <= VALUES < 1670265058
I20260710 13:26:00.687213 27736 data_dirs.cc:400] Could only allocate 1 dirs of requested 3 for tablet 7e7021b705f94524a1ac3ce1a4934a0b. 1 dirs total, 0 dirs full, 0 dirs failed
I20260710 13:26:00.742708 27735 tablet_service.cc:1511] Processing CreateTablet for tablet bcde81702d2349c4b9457fc07c0332f4 (DEFAULT_TABLE table=test-workload [id=895a9ff1e947493c979f31d7d1a0127f]), partition=RANGE (key) PARTITION 1670265058 <= VALUES < 1908874352
I20260710 13:26:00.746313 27735 data_dirs.cc:400] Could only allocate 1 dirs of requested 3 for tablet bcde81702d2349c4b9457fc07c0332f4. 1 dirs total, 0 dirs full, 0 dirs failed
I20260710 13:26:00.767071 27667 tablet_service.cc:1511] Processing CreateTablet for tablet 4624bae89e3e43ffa755b376ef670efb (DEFAULT_TABLE table=test-workload [id=895a9ff1e947493c979f31d7d1a0127f]), partition=RANGE (key) PARTITION VALUES < 238609294
I20260710 13:26:00.769343 27667 data_dirs.cc:400] Could only allocate 1 dirs of requested 3 for tablet 4624bae89e3e43ffa755b376ef670efb. 1 dirs total, 0 dirs full, 0 dirs failed
I20260710 13:26:00.772708 27869 tablet_bootstrap.cc:492] T 7e7021b705f94524a1ac3ce1a4934a0b P 3e6eca192b714c17aec8f909e962fe33: Bootstrap starting.
I20260710 13:26:00.765040 27812 tablet_service.cc:1511] Processing CreateTablet for tablet bcde81702d2349c4b9457fc07c0332f4 (DEFAULT_TABLE table=test-workload [id=895a9ff1e947493c979f31d7d1a0127f]), partition=RANGE (key) PARTITION 1670265058 <= VALUES < 1908874352
I20260710 13:26:00.779299 27665 tablet_service.cc:1511] Processing CreateTablet for tablet 00d32cb9d5bf41adb6bb993221a1555f (DEFAULT_TABLE table=test-workload [id=895a9ff1e947493c979f31d7d1a0127f]), partition=RANGE (key) PARTITION 477218588 <= VALUES < 715827882
I20260710 13:26:00.785151 27666 tablet_service.cc:1511] Processing CreateTablet for tablet 026abd67bb8d45c09803c8d623238c54 (DEFAULT_TABLE table=test-workload [id=895a9ff1e947493c979f31d7d1a0127f]), partition=RANGE (key) PARTITION 238609294 <= VALUES < 477218588
I20260710 13:26:00.780115 27664 tablet_service.cc:1511] Processing CreateTablet for tablet 73b6003bf35e4f1d8ac6bd92e1787656 (DEFAULT_TABLE table=test-workload [id=895a9ff1e947493c979f31d7d1a0127f]), partition=RANGE (key) PARTITION 715827882 <= VALUES < 954437176
I20260710 13:26:00.791580 27812 data_dirs.cc:400] Could only allocate 1 dirs of requested 3 for tablet bcde81702d2349c4b9457fc07c0332f4. 1 dirs total, 0 dirs full, 0 dirs failed
I20260710 13:26:00.786374 27663 tablet_service.cc:1511] Processing CreateTablet for tablet 50893eb659364796a883fd7649a122a4 (DEFAULT_TABLE table=test-workload [id=895a9ff1e947493c979f31d7d1a0127f]), partition=RANGE (key) PARTITION 954437176 <= VALUES < 1193046470
I20260710 13:26:00.797573 27870 tablet_bootstrap.cc:492] T 00d32cb9d5bf41adb6bb993221a1555f P 0b7f5d1058d64c75aabe494f6ff5e9e1: Bootstrap starting.
I20260710 13:26:00.798647 27665 data_dirs.cc:400] Could only allocate 1 dirs of requested 3 for tablet 00d32cb9d5bf41adb6bb993221a1555f. 1 dirs total, 0 dirs full, 0 dirs failed
I20260710 13:26:00.798341 27662 tablet_service.cc:1511] Processing CreateTablet for tablet 244e52d0c01e41f1861fc34dd2c4a2e4 (DEFAULT_TABLE table=test-workload [id=895a9ff1e947493c979f31d7d1a0127f]), partition=RANGE (key) PARTITION 1193046470 <= VALUES < 1431655764
I20260710 13:26:00.796325 27660 tablet_service.cc:1511] Processing CreateTablet for tablet bcde81702d2349c4b9457fc07c0332f4 (DEFAULT_TABLE table=test-workload [id=895a9ff1e947493c979f31d7d1a0127f]), partition=RANGE (key) PARTITION 1670265058 <= VALUES < 1908874352
I20260710 13:26:00.799237 27661 tablet_service.cc:1511] Processing CreateTablet for tablet 7e7021b705f94524a1ac3ce1a4934a0b (DEFAULT_TABLE table=test-workload [id=895a9ff1e947493c979f31d7d1a0127f]), partition=RANGE (key) PARTITION 1431655764 <= VALUES < 1670265058
I20260710 13:26:00.810938 27659 tablet_service.cc:1511] Processing CreateTablet for tablet dac31a22d4874dcdb71fbd302b2304de (DEFAULT_TABLE table=test-workload [id=895a9ff1e947493c979f31d7d1a0127f]), partition=RANGE (key) PARTITION 1908874352 <= VALUES
I20260710 13:26:00.816246 27666 data_dirs.cc:400] Could only allocate 1 dirs of requested 3 for tablet 026abd67bb8d45c09803c8d623238c54. 1 dirs total, 0 dirs full, 0 dirs failed
I20260710 13:26:00.817854 27661 data_dirs.cc:400] Could only allocate 1 dirs of requested 3 for tablet 7e7021b705f94524a1ac3ce1a4934a0b. 1 dirs total, 0 dirs full, 0 dirs failed
I20260710 13:26:00.820367 27662 data_dirs.cc:400] Could only allocate 1 dirs of requested 3 for tablet 244e52d0c01e41f1861fc34dd2c4a2e4. 1 dirs total, 0 dirs full, 0 dirs failed
I20260710 13:26:00.823251 27659 data_dirs.cc:400] Could only allocate 1 dirs of requested 3 for tablet dac31a22d4874dcdb71fbd302b2304de. 1 dirs total, 0 dirs full, 0 dirs failed
I20260710 13:26:00.830225 27663 data_dirs.cc:400] Could only allocate 1 dirs of requested 3 for tablet 50893eb659364796a883fd7649a122a4. 1 dirs total, 0 dirs full, 0 dirs failed
I20260710 13:26:00.818282 27814 tablet_service.cc:1511] Processing CreateTablet for tablet dac31a22d4874dcdb71fbd302b2304de (DEFAULT_TABLE table=test-workload [id=895a9ff1e947493c979f31d7d1a0127f]), partition=RANGE (key) PARTITION 1908874352 <= VALUES
I20260710 13:26:00.834693 27664 data_dirs.cc:400] Could only allocate 1 dirs of requested 3 for tablet 73b6003bf35e4f1d8ac6bd92e1787656. 1 dirs total, 0 dirs full, 0 dirs failed
I20260710 13:26:00.836620 27814 data_dirs.cc:400] Could only allocate 1 dirs of requested 3 for tablet dac31a22d4874dcdb71fbd302b2304de. 1 dirs total, 0 dirs full, 0 dirs failed
W20260710 13:26:00.854626 27622 auto_rebalancer.cc:288] Could not retrieve cluster info: Service unavailable: Tablet not running
I20260710 13:26:00.855607 27660 data_dirs.cc:400] Could only allocate 1 dirs of requested 3 for tablet bcde81702d2349c4b9457fc07c0332f4. 1 dirs total, 0 dirs full, 0 dirs failed
I20260710 13:26:00.874650 27871 tablet_bootstrap.cc:492] T 4624bae89e3e43ffa755b376ef670efb P c27a594e83d8445f876520ced818eeea: Bootstrap starting.
I20260710 13:26:00.861878 27742 tablet_service.cc:1511] Processing CreateTablet for tablet dac31a22d4874dcdb71fbd302b2304de (DEFAULT_TABLE table=test-workload [id=895a9ff1e947493c979f31d7d1a0127f]), partition=RANGE (key) PARTITION 1908874352 <= VALUES
I20260710 13:26:00.889101 27742 data_dirs.cc:400] Could only allocate 1 dirs of requested 3 for tablet dac31a22d4874dcdb71fbd302b2304de. 1 dirs total, 0 dirs full, 0 dirs failed
I20260710 13:26:00.895357 27869 tablet_bootstrap.cc:654] T 7e7021b705f94524a1ac3ce1a4934a0b P 3e6eca192b714c17aec8f909e962fe33: Neither blocks nor log segments found. Creating new log.
I20260710 13:26:00.895838 27871 tablet_bootstrap.cc:654] T 4624bae89e3e43ffa755b376ef670efb P c27a594e83d8445f876520ced818eeea: Neither blocks nor log segments found. Creating new log.
I20260710 13:26:00.927640 27870 tablet_bootstrap.cc:654] T 00d32cb9d5bf41adb6bb993221a1555f P 0b7f5d1058d64c75aabe494f6ff5e9e1: Neither blocks nor log segments found. Creating new log.
I20260710 13:26:00.934504 27871 tablet_bootstrap.cc:492] T 4624bae89e3e43ffa755b376ef670efb P c27a594e83d8445f876520ced818eeea: No bootstrap required, opened a new log
I20260710 13:26:00.934957 27871 ts_tablet_manager.cc:1403] T 4624bae89e3e43ffa755b376ef670efb P c27a594e83d8445f876520ced818eeea: Time spent bootstrapping tablet: real 0.074s	user 0.016s	sys 0.000s
I20260710 13:26:00.935161 27869 tablet_bootstrap.cc:492] T 7e7021b705f94524a1ac3ce1a4934a0b P 3e6eca192b714c17aec8f909e962fe33: No bootstrap required, opened a new log
I20260710 13:26:00.935905 27869 ts_tablet_manager.cc:1403] T 7e7021b705f94524a1ac3ce1a4934a0b P 3e6eca192b714c17aec8f909e962fe33: Time spent bootstrapping tablet: real 0.178s	user 0.018s	sys 0.000s
I20260710 13:26:00.939745 27869 raft_consensus.cc:359] T 7e7021b705f94524a1ac3ce1a4934a0b P 3e6eca192b714c17aec8f909e962fe33 [term 0 FOLLOWER]: Replica starting. Triggering 0 pending ops. Active config: opid_index: -1 OBSOLETE_local: false peers { permanent_uuid: "c27a594e83d8445f876520ced818eeea" member_type: VOTER last_known_addr { host: "127.26.229.129" port: 39435 } } peers { permanent_uuid: "0b7f5d1058d64c75aabe494f6ff5e9e1" member_type: VOTER last_known_addr { host: "127.26.229.130" port: 38887 } } peers { permanent_uuid: "3e6eca192b714c17aec8f909e962fe33" member_type: VOTER last_known_addr { host: "127.26.229.131" port: 35981 } }
I20260710 13:26:00.940595 27869 raft_consensus.cc:385] T 7e7021b705f94524a1ac3ce1a4934a0b P 3e6eca192b714c17aec8f909e962fe33 [term 0 FOLLOWER]: Consensus starting up: Expiring failure detector timer to make a prompt election more likely
I20260710 13:26:00.941326 27869 raft_consensus.cc:740] T 7e7021b705f94524a1ac3ce1a4934a0b P 3e6eca192b714c17aec8f909e962fe33 [term 0 FOLLOWER]: Becoming Follower/Learner. State: Replica: 3e6eca192b714c17aec8f909e962fe33, State: Initialized, Role: FOLLOWER
I20260710 13:26:00.942404 27869 consensus_queue.cc:260] T 7e7021b705f94524a1ac3ce1a4934a0b P 3e6eca192b714c17aec8f909e962fe33 [NON_LEADER]: Queue going to NON_LEADER mode. State: All replicated index: 0, Majority replicated index: 0, Committed index: 0, Last appended: 0.0, Last appended by leader: 0, Current term: 0, Majority size: -1, State: 0, Mode: NON_LEADER, active raft config: opid_index: -1 OBSOLETE_local: false peers { permanent_uuid: "c27a594e83d8445f876520ced818eeea" member_type: VOTER last_known_addr { host: "127.26.229.129" port: 39435 } } peers { permanent_uuid: "0b7f5d1058d64c75aabe494f6ff5e9e1" member_type: VOTER last_known_addr { host: "127.26.229.130" port: 38887 } } peers { permanent_uuid: "3e6eca192b714c17aec8f909e962fe33" member_type: VOTER last_known_addr { host: "127.26.229.131" port: 35981 } }
I20260710 13:26:00.943835 27871 raft_consensus.cc:359] T 4624bae89e3e43ffa755b376ef670efb P c27a594e83d8445f876520ced818eeea [term 0 FOLLOWER]: Replica starting. Triggering 0 pending ops. Active config: opid_index: -1 OBSOLETE_local: false peers { permanent_uuid: "0b7f5d1058d64c75aabe494f6ff5e9e1" member_type: VOTER last_known_addr { host: "127.26.229.130" port: 38887 } } peers { permanent_uuid: "3e6eca192b714c17aec8f909e962fe33" member_type: VOTER last_known_addr { host: "127.26.229.131" port: 35981 } } peers { permanent_uuid: "c27a594e83d8445f876520ced818eeea" member_type: VOTER last_known_addr { host: "127.26.229.129" port: 39435 } }
I20260710 13:26:00.944514 27871 raft_consensus.cc:385] T 4624bae89e3e43ffa755b376ef670efb P c27a594e83d8445f876520ced818eeea [term 0 FOLLOWER]: Consensus starting up: Expiring failure detector timer to make a prompt election more likely
I20260710 13:26:00.944839 27871 raft_consensus.cc:740] T 4624bae89e3e43ffa755b376ef670efb P c27a594e83d8445f876520ced818eeea [term 0 FOLLOWER]: Becoming Follower/Learner. State: Replica: c27a594e83d8445f876520ced818eeea, State: Initialized, Role: FOLLOWER
I20260710 13:26:00.945436 27871 consensus_queue.cc:260] T 4624bae89e3e43ffa755b376ef670efb P c27a594e83d8445f876520ced818eeea [NON_LEADER]: Queue going to NON_LEADER mode. State: All replicated index: 0, Majority replicated index: 0, Committed index: 0, Last appended: 0.0, Last appended by leader: 0, Current term: 0, Majority size: -1, State: 0, Mode: NON_LEADER, active raft config: opid_index: -1 OBSOLETE_local: false peers { permanent_uuid: "0b7f5d1058d64c75aabe494f6ff5e9e1" member_type: VOTER last_known_addr { host: "127.26.229.130" port: 38887 } } peers { permanent_uuid: "3e6eca192b714c17aec8f909e962fe33" member_type: VOTER last_known_addr { host: "127.26.229.131" port: 35981 } } peers { permanent_uuid: "c27a594e83d8445f876520ced818eeea" member_type: VOTER last_known_addr { host: "127.26.229.129" port: 39435 } }
I20260710 13:26:00.949294 27702 heartbeater.cc:499] Master 127.26.229.190:39035 was elected leader, sending a full tablet report...
I20260710 13:26:00.949478 27870 tablet_bootstrap.cc:492] T 00d32cb9d5bf41adb6bb993221a1555f P 0b7f5d1058d64c75aabe494f6ff5e9e1: No bootstrap required, opened a new log
I20260710 13:26:00.949971 27870 ts_tablet_manager.cc:1403] T 00d32cb9d5bf41adb6bb993221a1555f P 0b7f5d1058d64c75aabe494f6ff5e9e1: Time spent bootstrapping tablet: real 0.163s	user 0.014s	sys 0.003s
I20260710 13:26:00.952070 27870 raft_consensus.cc:359] T 00d32cb9d5bf41adb6bb993221a1555f P 0b7f5d1058d64c75aabe494f6ff5e9e1 [term 0 FOLLOWER]: Replica starting. Triggering 0 pending ops. Active config: opid_index: -1 OBSOLETE_local: false peers { permanent_uuid: "c27a594e83d8445f876520ced818eeea" member_type: VOTER last_known_addr { host: "127.26.229.129" port: 39435 } } peers { permanent_uuid: "0b7f5d1058d64c75aabe494f6ff5e9e1" member_type: VOTER last_known_addr { host: "127.26.229.130" port: 38887 } } peers { permanent_uuid: "3e6eca192b714c17aec8f909e962fe33" member_type: VOTER last_known_addr { host: "127.26.229.131" port: 35981 } }
I20260710 13:26:00.952610 27870 raft_consensus.cc:385] T 00d32cb9d5bf41adb6bb993221a1555f P 0b7f5d1058d64c75aabe494f6ff5e9e1 [term 0 FOLLOWER]: Consensus starting up: Expiring failure detector timer to make a prompt election more likely
