I20260710 13:26:09.873476 28064 tablet_bootstrap.cc:492] T 265bd14b838046f69977ffb93ac79c94 P b21d8c0cd4bd4958addceed5019b2ef7: Bootstrap starting.
I20260710 13:26:09.875553 28065 tablet_bootstrap.cc:492] T cd710da0b5474687b57a93db6974220f P bb2282efee3048e192e8a0a2791c0448: No bootstrap required, opened a new log
I20260710 13:26:09.875626 28111 leader_election.cc:290] T f2fe0fef946740b1af2c6c3fac2418a3 P 025f820980134a328da036ee4508b825 [CANDIDATE]: Term 1 election: Requested vote from peers b21d8c0cd4bd4958addceed5019b2ef7 (127.26.154.194:39371), bb2282efee3048e192e8a0a2791c0448 (127.26.154.195:34479)
I20260710 13:26:09.876039 28065 ts_tablet_manager.cc:1403] T cd710da0b5474687b57a93db6974220f P bb2282efee3048e192e8a0a2791c0448: Time spent bootstrapping tablet: real 0.103s	user 0.042s	sys 0.045s
I20260710 13:26:09.877207 27949 tablet_service.cc:1917] Received RequestConsensusVote() RPC: tablet_id: "f2fe0fef946740b1af2c6c3fac2418a3" candidate_uuid: "025f820980134a328da036ee4508b825" candidate_term: 1 candidate_status { last_received { term: 0 index: 0 } } ignore_live_leader: false dest_uuid: "b21d8c0cd4bd4958addceed5019b2ef7"
I20260710 13:26:09.877665 28066 tablet_bootstrap.cc:492] T cd710da0b5474687b57a93db6974220f P 025f820980134a328da036ee4508b825: No bootstrap required, opened a new log
I20260710 13:26:09.877938 28022 raft_consensus.cc:2468] T 277df17e2ba04618af5d57e3e88a28df P bb2282efee3048e192e8a0a2791c0448 [term 1 FOLLOWER]: Leader election vote request: Granting yes vote for candidate 025f820980134a328da036ee4508b825 in term 1.
I20260710 13:26:09.878122 28066 ts_tablet_manager.cc:1403] T cd710da0b5474687b57a93db6974220f P 025f820980134a328da036ee4508b825: Time spent bootstrapping tablet: real 0.117s	user 0.006s	sys 0.007s
I20260710 13:26:09.878041 27949 raft_consensus.cc:2393] T f2fe0fef946740b1af2c6c3fac2418a3 P b21d8c0cd4bd4958addceed5019b2ef7 [term 1 FOLLOWER]: Leader election vote request: Denying vote to candidate 025f820980134a328da036ee4508b825 in current term 1: Already voted for candidate bb2282efee3048e192e8a0a2791c0448 in this term.
I20260710 13:26:09.880193 28065 raft_consensus.cc:359] T cd710da0b5474687b57a93db6974220f P bb2282efee3048e192e8a0a2791c0448 [term 0 FOLLOWER]: Replica starting. Triggering 0 pending ops. Active config: opid_index: -1 OBSOLETE_local: false peers { permanent_uuid: "025f820980134a328da036ee4508b825" member_type: VOTER last_known_addr { host: "127.26.154.193" port: 42863 } } peers { permanent_uuid: "b21d8c0cd4bd4958addceed5019b2ef7" member_type: VOTER last_known_addr { host: "127.26.154.194" port: 39371 } } peers { permanent_uuid: "bb2282efee3048e192e8a0a2791c0448" member_type: VOTER last_known_addr { host: "127.26.154.195" port: 34479 } }
I20260710 13:26:09.880854 28065 raft_consensus.cc:385] T cd710da0b5474687b57a93db6974220f P bb2282efee3048e192e8a0a2791c0448 [term 0 FOLLOWER]: Consensus starting up: Expiring failure detector timer to make a prompt election more likely
I20260710 13:26:09.881117 28065 raft_consensus.cc:740] T cd710da0b5474687b57a93db6974220f P bb2282efee3048e192e8a0a2791c0448 [term 0 FOLLOWER]: Becoming Follower/Learner. State: Replica: bb2282efee3048e192e8a0a2791c0448, State: Initialized, Role: FOLLOWER
I20260710 13:26:09.880993 28066 raft_consensus.cc:359] T cd710da0b5474687b57a93db6974220f P 025f820980134a328da036ee4508b825 [term 0 FOLLOWER]: Replica starting. Triggering 0 pending ops. Active config: opid_index: -1 OBSOLETE_local: false peers { permanent_uuid: "025f820980134a328da036ee4508b825" member_type: VOTER last_known_addr { host: "127.26.154.193" port: 42863 } } peers { permanent_uuid: "b21d8c0cd4bd4958addceed5019b2ef7" member_type: VOTER last_known_addr { host: "127.26.154.194" port: 39371 } } peers { permanent_uuid: "bb2282efee3048e192e8a0a2791c0448" member_type: VOTER last_known_addr { host: "127.26.154.195" port: 34479 } }
I20260710 13:26:09.881654 28066 raft_consensus.cc:385] T cd710da0b5474687b57a93db6974220f P 025f820980134a328da036ee4508b825 [term 0 FOLLOWER]: Consensus starting up: Expiring failure detector timer to make a prompt election more likely
I20260710 13:26:09.881928 28066 raft_consensus.cc:740] T cd710da0b5474687b57a93db6974220f P 025f820980134a328da036ee4508b825 [term 0 FOLLOWER]: Becoming Follower/Learner. State: Replica: 025f820980134a328da036ee4508b825, State: Initialized, Role: FOLLOWER
I20260710 13:26:09.882239 28064 tablet_bootstrap.cc:654] T 265bd14b838046f69977ffb93ac79c94 P b21d8c0cd4bd4958addceed5019b2ef7: Neither blocks nor log segments found. Creating new log.
I20260710 13:26:09.881824 28065 consensus_queue.cc:260] T cd710da0b5474687b57a93db6974220f P bb2282efee3048e192e8a0a2791c0448 [NON_LEADER]: Queue going to NON_LEADER mode. State: All replicated index: 0, Majority replicated index: 0, Committed index: 0, Last appended: 0.0, Last appended by leader: 0, Current term: 0, Majority size: -1, State: 0, Mode: NON_LEADER, active raft config: opid_index: -1 OBSOLETE_local: false peers { permanent_uuid: "025f820980134a328da036ee4508b825" member_type: VOTER last_known_addr { host: "127.26.154.193" port: 42863 } } peers { permanent_uuid: "b21d8c0cd4bd4958addceed5019b2ef7" member_type: VOTER last_known_addr { host: "127.26.154.194" port: 39371 } } peers { permanent_uuid: "bb2282efee3048e192e8a0a2791c0448" member_type: VOTER last_known_addr { host: "127.26.154.195" port: 34479 } }
I20260710 13:26:09.882757 28072 raft_consensus.cc:697] T 277df17e2ba04618af5d57e3e88a28df P 025f820980134a328da036ee4508b825 [term 1 LEADER]: Becoming Leader. State: Replica: 025f820980134a328da036ee4508b825, State: Running, Role: LEADER
I20260710 13:26:09.883878 28065 ts_tablet_manager.cc:1434] T cd710da0b5474687b57a93db6974220f P bb2282efee3048e192e8a0a2791c0448: Time spent starting tablet: real 0.008s	user 0.006s	sys 0.000s
I20260710 13:26:09.883677 28023 tablet_service.cc:1917] Received RequestConsensusVote() RPC: tablet_id: "f2fe0fef946740b1af2c6c3fac2418a3" candidate_uuid: "025f820980134a328da036ee4508b825" candidate_term: 1 candidate_status { last_received { term: 0 index: 0 } } ignore_live_leader: false dest_uuid: "bb2282efee3048e192e8a0a2791c0448"
I20260710 13:26:09.883620 28072 consensus_queue.cc:237] T 277df17e2ba04618af5d57e3e88a28df P 025f820980134a328da036ee4508b825 [LEADER]: Queue going to LEADER mode. State: All replicated index: 0, Majority replicated index: 0, Committed index: 0, Last appended: 0.0, Last appended by leader: 0, Current term: 1, Majority size: 2, State: 0, Mode: LEADER, active raft config: opid_index: -1 OBSOLETE_local: false peers { permanent_uuid: "025f820980134a328da036ee4508b825" member_type: VOTER last_known_addr { host: "127.26.154.193" port: 42863 } } peers { permanent_uuid: "b21d8c0cd4bd4958addceed5019b2ef7" member_type: VOTER last_known_addr { host: "127.26.154.194" port: 39371 } } peers { permanent_uuid: "bb2282efee3048e192e8a0a2791c0448" member_type: VOTER last_known_addr { host: "127.26.154.195" port: 34479 } }
I20260710 13:26:09.885501 27840 leader_election.cc:304] T f2fe0fef946740b1af2c6c3fac2418a3 P 025f820980134a328da036ee4508b825 [CANDIDATE]: Term 1 election: Election decided. Result: candidate lost. Election summary: received 3 responses out of 3 voters: 1 yes votes; 2 no votes. yes voters: 025f820980134a328da036ee4508b825; no voters: b21d8c0cd4bd4958addceed5019b2ef7, bb2282efee3048e192e8a0a2791c0448
I20260710 13:26:09.886354 28116 raft_consensus.cc:2749] T f2fe0fef946740b1af2c6c3fac2418a3 P 025f820980134a328da036ee4508b825 [term 1 FOLLOWER]: Leader election lost for term 1. Reason: could not achieve majority
I20260710 13:26:09.889055 28066 consensus_queue.cc:260] T cd710da0b5474687b57a93db6974220f P 025f820980134a328da036ee4508b825 [NON_LEADER]: Queue going to NON_LEADER mode. State: All replicated index: 0, Majority replicated index: 0, Committed index: 0, Last appended: 0.0, Last appended by leader: 0, Current term: 0, Majority size: -1, State: 0, Mode: NON_LEADER, active raft config: opid_index: -1 OBSOLETE_local: false peers { permanent_uuid: "025f820980134a328da036ee4508b825" member_type: VOTER last_known_addr { host: "127.26.154.193" port: 42863 } } peers { permanent_uuid: "b21d8c0cd4bd4958addceed5019b2ef7" member_type: VOTER last_known_addr { host: "127.26.154.194" port: 39371 } } peers { permanent_uuid: "bb2282efee3048e192e8a0a2791c0448" member_type: VOTER last_known_addr { host: "127.26.154.195" port: 34479 } }
I20260710 13:26:09.892283 28064 tablet_bootstrap.cc:492] T 265bd14b838046f69977ffb93ac79c94 P b21d8c0cd4bd4958addceed5019b2ef7: No bootstrap required, opened a new log
I20260710 13:26:09.892741 28064 ts_tablet_manager.cc:1403] T 265bd14b838046f69977ffb93ac79c94 P b21d8c0cd4bd4958addceed5019b2ef7: Time spent bootstrapping tablet: real 0.019s	user 0.008s	sys 0.001s
I20260710 13:26:09.893769 28066 ts_tablet_manager.cc:1434] T cd710da0b5474687b57a93db6974220f P 025f820980134a328da036ee4508b825: Time spent starting tablet: real 0.015s	user 0.003s	sys 0.006s
I20260710 13:26:09.894598 28066 tablet_bootstrap.cc:492] T 616263f99bff4d01b251fbcf6ab14398 P 025f820980134a328da036ee4508b825: Bootstrap starting.
I20260710 13:26:09.895673 28064 raft_consensus.cc:359] T 265bd14b838046f69977ffb93ac79c94 P b21d8c0cd4bd4958addceed5019b2ef7 [term 0 FOLLOWER]: Replica starting. Triggering 0 pending ops. Active config: opid_index: -1 OBSOLETE_local: false peers { permanent_uuid: "025f820980134a328da036ee4508b825" member_type: VOTER last_known_addr { host: "127.26.154.193" port: 42863 } } peers { permanent_uuid: "b21d8c0cd4bd4958addceed5019b2ef7" member_type: VOTER last_known_addr { host: "127.26.154.194" port: 39371 } } peers { permanent_uuid: "bb2282efee3048e192e8a0a2791c0448" member_type: VOTER last_known_addr { host: "127.26.154.195" port: 34479 } }
I20260710 13:26:09.896394 28064 raft_consensus.cc:385] T 265bd14b838046f69977ffb93ac79c94 P b21d8c0cd4bd4958addceed5019b2ef7 [term 0 FOLLOWER]: Consensus starting up: Expiring failure detector timer to make a prompt election more likely
I20260710 13:26:09.896647 28064 raft_consensus.cc:740] T 265bd14b838046f69977ffb93ac79c94 P b21d8c0cd4bd4958addceed5019b2ef7 [term 0 FOLLOWER]: Becoming Follower/Learner. State: Replica: b21d8c0cd4bd4958addceed5019b2ef7, State: Initialized, Role: FOLLOWER
I20260710 13:26:09.897329 28064 consensus_queue.cc:260] T 265bd14b838046f69977ffb93ac79c94 P b21d8c0cd4bd4958addceed5019b2ef7 [NON_LEADER]: Queue going to NON_LEADER mode. State: All replicated index: 0, Majority replicated index: 0, Committed index: 0, Last appended: 0.0, Last appended by leader: 0, Current term: 0, Majority size: -1, State: 0, Mode: NON_LEADER, active raft config: opid_index: -1 OBSOLETE_local: false peers { permanent_uuid: "025f820980134a328da036ee4508b825" member_type: VOTER last_known_addr { host: "127.26.154.193" port: 42863 } } peers { permanent_uuid: "b21d8c0cd4bd4958addceed5019b2ef7" member_type: VOTER last_known_addr { host: "127.26.154.194" port: 39371 } } peers { permanent_uuid: "bb2282efee3048e192e8a0a2791c0448" member_type: VOTER last_known_addr { host: "127.26.154.195" port: 34479 } }
I20260710 13:26:09.898998 28064 ts_tablet_manager.cc:1434] T 265bd14b838046f69977ffb93ac79c94 P b21d8c0cd4bd4958addceed5019b2ef7: Time spent starting tablet: real 0.006s	user 0.006s	sys 0.002s
I20260710 13:26:09.899902 28064 tablet_bootstrap.cc:492] T 1b3b91006768481f8994552c71fae7a0 P b21d8c0cd4bd4958addceed5019b2ef7: Bootstrap starting.
I20260710 13:26:09.904503 28070 raft_consensus.cc:493] T 265bd14b838046f69977ffb93ac79c94 P b21d8c0cd4bd4958addceed5019b2ef7 [term 0 FOLLOWER]: Starting pre-election (no leader contacted us within the election timeout)
I20260710 13:26:09.904961 28070 raft_consensus.cc:515] T 265bd14b838046f69977ffb93ac79c94 P b21d8c0cd4bd4958addceed5019b2ef7 [term 0 FOLLOWER]: Starting pre-election with config: opid_index: -1 OBSOLETE_local: false peers { permanent_uuid: "025f820980134a328da036ee4508b825" member_type: VOTER last_known_addr { host: "127.26.154.193" port: 42863 } } peers { permanent_uuid: "b21d8c0cd4bd4958addceed5019b2ef7" member_type: VOTER last_known_addr { host: "127.26.154.194" port: 39371 } } peers { permanent_uuid: "bb2282efee3048e192e8a0a2791c0448" member_type: VOTER last_known_addr { host: "127.26.154.195" port: 34479 } }
I20260710 13:26:09.907006 28070 leader_election.cc:290] T 265bd14b838046f69977ffb93ac79c94 P b21d8c0cd4bd4958addceed5019b2ef7 [CANDIDATE]: Term 1 pre-election: Requested pre-vote from peers 025f820980134a328da036ee4508b825 (127.26.154.193:42863), bb2282efee3048e192e8a0a2791c0448 (127.26.154.195:34479)
I20260710 13:26:09.908599 28100 raft_consensus.cc:493] T 51fe39418cba4d5eb75425f685bed90b P bb2282efee3048e192e8a0a2791c0448 [term 0 FOLLOWER]: Starting pre-election (no leader contacted us within the election timeout)
I20260710 13:26:09.907974 27772 catalog_manager.cc:5697] T bc98558c2e5746619a829b2779356d51 P b21d8c0cd4bd4958addceed5019b2ef7 reported cstate change: term changed from 0 to 1, leader changed from <none> to b21d8c0cd4bd4958addceed5019b2ef7 (127.26.154.194). New cstate: current_term: 1 leader_uuid: "b21d8c0cd4bd4958addceed5019b2ef7" committed_config { opid_index: -1 OBSOLETE_local: false peers { permanent_uuid: "025f820980134a328da036ee4508b825" member_type: VOTER last_known_addr { host: "127.26.154.193" port: 42863 } health_report { overall_health: UNKNOWN } } peers { permanent_uuid: "b21d8c0cd4bd4958addceed5019b2ef7" member_type: VOTER last_known_addr { host: "127.26.154.194" port: 39371 } health_report { overall_health: HEALTHY } } peers { permanent_uuid: "bb2282efee3048e192e8a0a2791c0448" member_type: VOTER last_known_addr { host: "127.26.154.195" port: 34479 } health_report { overall_health: UNKNOWN } } }
I20260710 13:26:09.909071 28100 raft_consensus.cc:515] T 51fe39418cba4d5eb75425f685bed90b P bb2282efee3048e192e8a0a2791c0448 [term 0 FOLLOWER]: Starting pre-election with config: opid_index: -1 OBSOLETE_local: false peers { permanent_uuid: "025f820980134a328da036ee4508b825" member_type: VOTER last_known_addr { host: "127.26.154.193" port: 42863 } } peers { permanent_uuid: "b21d8c0cd4bd4958addceed5019b2ef7" member_type: VOTER last_known_addr { host: "127.26.154.194" port: 39371 } } peers { permanent_uuid: "bb2282efee3048e192e8a0a2791c0448" member_type: VOTER last_known_addr { host: "127.26.154.195" port: 34479 } }
I20260710 13:26:09.911024 28100 leader_election.cc:290] T 51fe39418cba4d5eb75425f685bed90b P bb2282efee3048e192e8a0a2791c0448 [CANDIDATE]: Term 1 pre-election: Requested pre-vote from peers 025f820980134a328da036ee4508b825 (127.26.154.193:42863), b21d8c0cd4bd4958addceed5019b2ef7 (127.26.154.194:39371)
I20260710 13:26:09.911695 27874 tablet_service.cc:1917] Received RequestConsensusVote() RPC: tablet_id: "265bd14b838046f69977ffb93ac79c94" candidate_uuid: "b21d8c0cd4bd4958addceed5019b2ef7" candidate_term: 1 candidate_status { last_received { term: 0 index: 0 } } ignore_live_leader: false dest_uuid: "025f820980134a328da036ee4508b825" is_pre_election: true
I20260710 13:26:09.913990 27949 tablet_service.cc:1917] Received RequestConsensusVote() RPC: tablet_id: "51fe39418cba4d5eb75425f685bed90b" candidate_uuid: "bb2282efee3048e192e8a0a2791c0448" candidate_term: 1 candidate_status { last_received { term: 0 index: 0 } } ignore_live_leader: false dest_uuid: "b21d8c0cd4bd4958addceed5019b2ef7" is_pre_election: true
W20260710 13:26:09.917929 27916 leader_election.cc:343] T 265bd14b838046f69977ffb93ac79c94 P b21d8c0cd4bd4958addceed5019b2ef7 [CANDIDATE]: Term 1 pre-election: Tablet error from VoteRequest() call to peer 025f820980134a328da036ee4508b825 (127.26.154.193:42863): Illegal state: must be running to vote when last-logged opid is not known
I20260710 13:26:09.918536 28066 tablet_bootstrap.cc:654] T 616263f99bff4d01b251fbcf6ab14398 P 025f820980134a328da036ee4508b825: Neither blocks nor log segments found. Creating new log.
I20260710 13:26:09.919059 27874 tablet_service.cc:1917] Received RequestConsensusVote() RPC: tablet_id: "51fe39418cba4d5eb75425f685bed90b" candidate_uuid: "bb2282efee3048e192e8a0a2791c0448" candidate_term: 1 candidate_status { last_received { term: 0 index: 0 } } ignore_live_leader: false dest_uuid: "025f820980134a328da036ee4508b825" is_pre_election: true
I20260710 13:26:09.919857 27874 raft_consensus.cc:2393] T 51fe39418cba4d5eb75425f685bed90b P 025f820980134a328da036ee4508b825 [term 1 FOLLOWER]: Leader pre-election vote request: Denying vote to candidate bb2282efee3048e192e8a0a2791c0448 in current term 1: Already voted for candidate b21d8c0cd4bd4958addceed5019b2ef7 in this term.
I20260710 13:26:09.919180 27771 catalog_manager.cc:5697] T f2fe0fef946740b1af2c6c3fac2418a3 P bb2282efee3048e192e8a0a2791c0448 reported cstate change: term changed from 0 to 1, leader changed from <none> to bb2282efee3048e192e8a0a2791c0448 (127.26.154.195). New cstate: current_term: 1 leader_uuid: "bb2282efee3048e192e8a0a2791c0448" committed_config { opid_index: -1 OBSOLETE_local: false peers { permanent_uuid: "025f820980134a328da036ee4508b825" member_type: VOTER last_known_addr { host: "127.26.154.193" port: 42863 } health_report { overall_health: UNKNOWN } } peers { permanent_uuid: "b21d8c0cd4bd4958addceed5019b2ef7" member_type: VOTER last_known_addr { host: "127.26.154.194" port: 39371 } health_report { overall_health: UNKNOWN } } peers { permanent_uuid: "bb2282efee3048e192e8a0a2791c0448" member_type: VOTER last_known_addr { host: "127.26.154.195" port: 34479 } health_report { overall_health: HEALTHY } } }
I20260710 13:26:09.920987 27990 leader_election.cc:304] T 51fe39418cba4d5eb75425f685bed90b P bb2282efee3048e192e8a0a2791c0448 [CANDIDATE]: Term 1 pre-election: Election decided. Result: candidate lost. Election summary: received 3 responses out of 3 voters: 1 yes votes; 2 no votes. yes voters: bb2282efee3048e192e8a0a2791c0448; no voters: 025f820980134a328da036ee4508b825, b21d8c0cd4bd4958addceed5019b2ef7
I20260710 13:26:09.922428 28023 tablet_service.cc:1917] Received RequestConsensusVote() RPC: tablet_id: "265bd14b838046f69977ffb93ac79c94" candidate_uuid: "b21d8c0cd4bd4958addceed5019b2ef7" candidate_term: 1 candidate_status { last_received { term: 0 index: 0 } } ignore_live_leader: false dest_uuid: "bb2282efee3048e192e8a0a2791c0448" is_pre_election: true
I20260710 13:26:09.922855 28100 raft_consensus.cc:3060] T 51fe39418cba4d5eb75425f685bed90b P bb2282efee3048e192e8a0a2791c0448 [term 0 FOLLOWER]: Advancing to term 1
I20260710 13:26:09.923168 28023 raft_consensus.cc:2468] T 265bd14b838046f69977ffb93ac79c94 P bb2282efee3048e192e8a0a2791c0448 [term 0 FOLLOWER]: Leader pre-election vote request: Granting yes vote for candidate b21d8c0cd4bd4958addceed5019b2ef7 in term 0.
I20260710 13:26:09.924381 27915 leader_election.cc:304] T 265bd14b838046f69977ffb93ac79c94 P b21d8c0cd4bd4958addceed5019b2ef7 [CANDIDATE]: Term 1 pre-election: Election decided. Result: candidate won. Election summary: received 3 responses out of 3 voters: 2 yes votes; 1 no votes. yes voters: b21d8c0cd4bd4958addceed5019b2ef7, bb2282efee3048e192e8a0a2791c0448; no voters: 025f820980134a328da036ee4508b825
I20260710 13:26:09.925594 28098 raft_consensus.cc:2804] T 265bd14b838046f69977ffb93ac79c94 P b21d8c0cd4bd4958addceed5019b2ef7 [term 0 FOLLOWER]: Leader pre-election won for term 1
I20260710 13:26:09.925943 28098 raft_consensus.cc:493] T 265bd14b838046f69977ffb93ac79c94 P b21d8c0cd4bd4958addceed5019b2ef7 [term 0 FOLLOWER]: Starting leader election (no leader contacted us within the election timeout)
I20260710 13:26:09.926272 28098 raft_consensus.cc:3060] T 265bd14b838046f69977ffb93ac79c94 P b21d8c0cd4bd4958addceed5019b2ef7 [term 0 FOLLOWER]: Advancing to term 1
I20260710 13:26:09.930141 28100 raft_consensus.cc:2749] T 51fe39418cba4d5eb75425f685bed90b P bb2282efee3048e192e8a0a2791c0448 [term 1 FOLLOWER]: Leader pre-election lost for term 1. Reason: could not achieve majority
I20260710 13:26:09.930572 28071 raft_consensus.cc:493] T 265bd14b838046f69977ffb93ac79c94 P bb2282efee3048e192e8a0a2791c0448 [term 0 FOLLOWER]: Starting pre-election (no leader contacted us within the election timeout)
I20260710 13:26:09.932260 27772 catalog_manager.cc:5697] T 277df17e2ba04618af5d57e3e88a28df P 025f820980134a328da036ee4508b825 reported cstate change: term changed from 0 to 1, leader changed from <none> to 025f820980134a328da036ee4508b825 (127.26.154.193). New cstate: current_term: 1 leader_uuid: "025f820980134a328da036ee4508b825" committed_config { opid_index: -1 OBSOLETE_local: false peers { permanent_uuid: "025f820980134a328da036ee4508b825" member_type: VOTER last_known_addr { host: "127.26.154.193" port: 42863 } health_report { overall_health: HEALTHY } } peers { permanent_uuid: "b21d8c0cd4bd4958addceed5019b2ef7" member_type: VOTER last_known_addr { host: "127.26.154.194" port: 39371 } health_report { overall_health: UNKNOWN } } peers { permanent_uuid: "bb2282efee3048e192e8a0a2791c0448" member_type: VOTER last_known_addr { host: "127.26.154.195" port: 34479 } health_report { overall_health: UNKNOWN } } }
I20260710 13:26:09.932863 28098 raft_consensus.cc:515] T 265bd14b838046f69977ffb93ac79c94 P b21d8c0cd4bd4958addceed5019b2ef7 [term 1 FOLLOWER]: Starting leader election with config: opid_index: -1 OBSOLETE_local: false peers { permanent_uuid: "025f820980134a328da036ee4508b825" member_type: VOTER last_known_addr { host: "127.26.154.193" port: 42863 } } peers { permanent_uuid: "b21d8c0cd4bd4958addceed5019b2ef7" member_type: VOTER last_known_addr { host: "127.26.154.194" port: 39371 } } peers { permanent_uuid: "bb2282efee3048e192e8a0a2791c0448" member_type: VOTER last_known_addr { host: "127.26.154.195" port: 34479 } }
I20260710 13:26:09.932947 28071 raft_consensus.cc:515] T 265bd14b838046f69977ffb93ac79c94 P bb2282efee3048e192e8a0a2791c0448 [term 0 FOLLOWER]: Starting pre-election with config: opid_index: -1 OBSOLETE_local: false peers { permanent_uuid: "025f820980134a328da036ee4508b825" member_type: VOTER last_known_addr { host: "127.26.154.193" port: 42863 } } peers { permanent_uuid: "b21d8c0cd4bd4958addceed5019b2ef7" member_type: VOTER last_known_addr { host: "127.26.154.194" port: 39371 } } peers { permanent_uuid: "bb2282efee3048e192e8a0a2791c0448" member_type: VOTER last_known_addr { host: "127.26.154.195" port: 34479 } }
I20260710 13:26:09.935231 28071 leader_election.cc:290] T 265bd14b838046f69977ffb93ac79c94 P bb2282efee3048e192e8a0a2791c0448 [CANDIDATE]: Term 1 pre-election: Requested pre-vote from peers 025f820980134a328da036ee4508b825 (127.26.154.193:42863), b21d8c0cd4bd4958addceed5019b2ef7 (127.26.154.194:39371)
I20260710 13:26:09.932250 28064 tablet_bootstrap.cc:654] T 1b3b91006768481f8994552c71fae7a0 P b21d8c0cd4bd4958addceed5019b2ef7: Neither blocks nor log segments found. Creating new log.
I20260710 13:26:09.937160 28098 leader_election.cc:290] T 265bd14b838046f69977ffb93ac79c94 P b21d8c0cd4bd4958addceed5019b2ef7 [CANDIDATE]: Term 1 election: Requested vote from peers 025f820980134a328da036ee4508b825 (127.26.154.193:42863), bb2282efee3048e192e8a0a2791c0448 (127.26.154.195:34479)
I20260710 13:26:09.938364 27949 tablet_service.cc:1917] Received RequestConsensusVote() RPC: tablet_id: "265bd14b838046f69977ffb93ac79c94" candidate_uuid: "bb2282efee3048e192e8a0a2791c0448" candidate_term: 1 candidate_status { last_received { term: 0 index: 0 } } ignore_live_leader: false dest_uuid: "b21d8c0cd4bd4958addceed5019b2ef7" is_pre_election: true
I20260710 13:26:09.939154 27949 raft_consensus.cc:2393] T 265bd14b838046f69977ffb93ac79c94 P b21d8c0cd4bd4958addceed5019b2ef7 [term 1 FOLLOWER]: Leader pre-election vote request: Denying vote to candidate bb2282efee3048e192e8a0a2791c0448 in current term 1: Already voted for candidate b21d8c0cd4bd4958addceed5019b2ef7 in this term.
I20260710 13:26:09.940094 28066 tablet_bootstrap.cc:492] T 616263f99bff4d01b251fbcf6ab14398 P 025f820980134a328da036ee4508b825: No bootstrap required, opened a new log
I20260710 13:26:09.940517 28066 ts_tablet_manager.cc:1403] T 616263f99bff4d01b251fbcf6ab14398 P 025f820980134a328da036ee4508b825: Time spent bootstrapping tablet: real 0.046s	user 0.009s	sys 0.000s
I20260710 13:26:09.941182 27874 tablet_service.cc:1917] Received RequestConsensusVote() RPC: tablet_id: "265bd14b838046f69977ffb93ac79c94" candidate_uuid: "b21d8c0cd4bd4958addceed5019b2ef7" candidate_term: 1 candidate_status { last_received { term: 0 index: 0 } } ignore_live_leader: false dest_uuid: "025f820980134a328da036ee4508b825"
W20260710 13:26:09.942340 27916 leader_election.cc:343] T 265bd14b838046f69977ffb93ac79c94 P b21d8c0cd4bd4958addceed5019b2ef7 [CANDIDATE]: Term 1 election: Tablet error from VoteRequest() call to peer 025f820980134a328da036ee4508b825 (127.26.154.193:42863): Illegal state: must be running to vote when last-logged opid is not known
I20260710 13:26:09.942528 27875 tablet_service.cc:1917] Received RequestConsensusVote() RPC: tablet_id: "265bd14b838046f69977ffb93ac79c94" candidate_uuid: "bb2282efee3048e192e8a0a2791c0448" candidate_term: 1 candidate_status { last_received { term: 0 index: 0 } } ignore_live_leader: false dest_uuid: "025f820980134a328da036ee4508b825" is_pre_election: true
I20260710 13:26:09.943529 28023 tablet_service.cc:1917] Received RequestConsensusVote() RPC: tablet_id: "265bd14b838046f69977ffb93ac79c94" candidate_uuid: "b21d8c0cd4bd4958addceed5019b2ef7" candidate_term: 1 candidate_status { last_received { term: 0 index: 0 } } ignore_live_leader: false dest_uuid: "bb2282efee3048e192e8a0a2791c0448"
W20260710 13:26:09.943784 27990 leader_election.cc:343] T 265bd14b838046f69977ffb93ac79c94 P bb2282efee3048e192e8a0a2791c0448 [CANDIDATE]: Term 1 pre-election: Tablet error from VoteRequest() call to peer 025f820980134a328da036ee4508b825 (127.26.154.193:42863): Illegal state: must be running to vote when last-logged opid is not known
I20260710 13:26:09.944057 28023 raft_consensus.cc:3060] T 265bd14b838046f69977ffb93ac79c94 P bb2282efee3048e192e8a0a2791c0448 [term 0 FOLLOWER]: Advancing to term 1
I20260710 13:26:09.944214 27990 leader_election.cc:304] T 265bd14b838046f69977ffb93ac79c94 P bb2282efee3048e192e8a0a2791c0448 [CANDIDATE]: Term 1 pre-election: Election decided. Result: candidate lost. Election summary: received 3 responses out of 3 voters: 1 yes votes; 2 no votes. yes voters: bb2282efee3048e192e8a0a2791c0448; no voters: 025f820980134a328da036ee4508b825, b21d8c0cd4bd4958addceed5019b2ef7
I20260710 13:26:09.944561 28066 raft_consensus.cc:359] T 616263f99bff4d01b251fbcf6ab14398 P 025f820980134a328da036ee4508b825 [term 0 FOLLOWER]: Replica starting. Triggering 0 pending ops. Active config: opid_index: -1 OBSOLETE_local: false peers { permanent_uuid: "025f820980134a328da036ee4508b825" member_type: VOTER last_known_addr { host: "127.26.154.193" port: 42863 } } peers { permanent_uuid: "b21d8c0cd4bd4958addceed5019b2ef7" member_type: VOTER last_known_addr { host: "127.26.154.194" port: 39371 } } peers { permanent_uuid: "bb2282efee3048e192e8a0a2791c0448" member_type: VOTER last_known_addr { host: "127.26.154.195" port: 34479 } }
I20260710 13:26:09.945185 28066 raft_consensus.cc:385] T 616263f99bff4d01b251fbcf6ab14398 P 025f820980134a328da036ee4508b825 [term 0 FOLLOWER]: Consensus starting up: Expiring failure detector timer to make a prompt election more likely
I20260710 13:26:09.945446 28066 raft_consensus.cc:740] T 616263f99bff4d01b251fbcf6ab14398 P 025f820980134a328da036ee4508b825 [term 0 FOLLOWER]: Becoming Follower/Learner. State: Replica: 025f820980134a328da036ee4508b825, State: Initialized, Role: FOLLOWER
I20260710 13:26:09.946028 28066 consensus_queue.cc:260] T 616263f99bff4d01b251fbcf6ab14398 P 025f820980134a328da036ee4508b825 [NON_LEADER]: Queue going to NON_LEADER mode. State: All replicated index: 0, Majority replicated index: 0, Committed index: 0, Last appended: 0.0, Last appended by leader: 0, Current term: 0, Majority size: -1, State: 0, Mode: NON_LEADER, active raft config: opid_index: -1 OBSOLETE_local: false peers { permanent_uuid: "025f820980134a328da036ee4508b825" member_type: VOTER last_known_addr { host: "127.26.154.193" port: 42863 } } peers { permanent_uuid: "b21d8c0cd4bd4958addceed5019b2ef7" member_type: VOTER last_known_addr { host: "127.26.154.194" port: 39371 } } peers { permanent_uuid: "bb2282efee3048e192e8a0a2791c0448" member_type: VOTER last_known_addr { host: "127.26.154.195" port: 34479 } }
I20260710 13:26:09.948154 28064 tablet_bootstrap.cc:492] T 1b3b91006768481f8994552c71fae7a0 P b21d8c0cd4bd4958addceed5019b2ef7: No bootstrap required, opened a new log
I20260710 13:26:09.948163 28066 ts_tablet_manager.cc:1434] T 616263f99bff4d01b251fbcf6ab14398 P 025f820980134a328da036ee4508b825: Time spent starting tablet: real 0.007s	user 0.003s	sys 0.004s
I20260710 13:26:09.948846 28064 ts_tablet_manager.cc:1403] T 1b3b91006768481f8994552c71fae7a0 P b21d8c0cd4bd4958addceed5019b2ef7: Time spent bootstrapping tablet: real 0.049s	user 0.009s	sys 0.001s
I20260710 13:26:09.949270 28066 tablet_bootstrap.cc:492] T 265bd14b838046f69977ffb93ac79c94 P 025f820980134a328da036ee4508b825: Bootstrap starting.
I20260710 13:26:09.951443 28064 raft_consensus.cc:359] T 1b3b91006768481f8994552c71fae7a0 P b21d8c0cd4bd4958addceed5019b2ef7 [term 0 FOLLOWER]: Replica starting. Triggering 0 pending ops. Active config: opid_index: -1 OBSOLETE_local: false peers { permanent_uuid: "025f820980134a328da036ee4508b825" member_type: VOTER last_known_addr { host: "127.26.154.193" port: 42863 } } peers { permanent_uuid: "b21d8c0cd4bd4958addceed5019b2ef7" member_type: VOTER last_known_addr { host: "127.26.154.194" port: 39371 } } peers { permanent_uuid: "bb2282efee3048e192e8a0a2791c0448" member_type: VOTER last_known_addr { host: "127.26.154.195" port: 34479 } }
I20260710 13:26:09.952097 28064 raft_consensus.cc:385] T 1b3b91006768481f8994552c71fae7a0 P b21d8c0cd4bd4958addceed5019b2ef7 [term 0 FOLLOWER]: Consensus starting up: Expiring failure detector timer to make a prompt election more likely
I20260710 13:26:09.952423 28064 raft_consensus.cc:740] T 1b3b91006768481f8994552c71fae7a0 P b21d8c0cd4bd4958addceed5019b2ef7 [term 0 FOLLOWER]: Becoming Follower/Learner. State: Replica: b21d8c0cd4bd4958addceed5019b2ef7, State: Initialized, Role: FOLLOWER
I20260710 13:26:09.953071 28064 consensus_queue.cc:260] T 1b3b91006768481f8994552c71fae7a0 P b21d8c0cd4bd4958addceed5019b2ef7 [NON_LEADER]: Queue going to NON_LEADER mode. State: All replicated index: 0, Majority replicated index: 0, Committed index: 0, Last appended: 0.0, Last appended by leader: 0, Current term: 0, Majority size: -1, State: 0, Mode: NON_LEADER, active raft config: opid_index: -1 OBSOLETE_local: false peers { permanent_uuid: "025f820980134a328da036ee4508b825" member_type: VOTER last_known_addr { host: "127.26.154.193" port: 42863 } } peers { permanent_uuid: "b21d8c0cd4bd4958addceed5019b2ef7" member_type: VOTER last_known_addr { host: "127.26.154.194" port: 39371 } } peers { permanent_uuid: "bb2282efee3048e192e8a0a2791c0448" member_type: VOTER last_known_addr { host: "127.26.154.195" port: 34479 } }
I20260710 13:26:09.954912 28064 ts_tablet_manager.cc:1434] T 1b3b91006768481f8994552c71fae7a0 P b21d8c0cd4bd4958addceed5019b2ef7: Time spent starting tablet: real 0.006s	user 0.005s	sys 0.000s
I20260710 13:26:09.955031 28066 tablet_bootstrap.cc:654] T 265bd14b838046f69977ffb93ac79c94 P 025f820980134a328da036ee4508b825: Neither blocks nor log segments found. Creating new log.
I20260710 13:26:09.957762 28023 raft_consensus.cc:2468] T 265bd14b838046f69977ffb93ac79c94 P bb2282efee3048e192e8a0a2791c0448 [term 1 FOLLOWER]: Leader election vote request: Granting yes vote for candidate b21d8c0cd4bd4958addceed5019b2ef7 in term 1.
I20260710 13:26:09.958400 28071 raft_consensus.cc:2749] T 265bd14b838046f69977ffb93ac79c94 P bb2282efee3048e192e8a0a2791c0448 [term 1 FOLLOWER]: Leader pre-election lost for term 1. Reason: could not achieve majority
I20260710 13:26:09.961674 27915 leader_election.cc:304] T 265bd14b838046f69977ffb93ac79c94 P b21d8c0cd4bd4958addceed5019b2ef7 [CANDIDATE]: Term 1 election: Election decided. Result: candidate won. Election summary: received 3 responses out of 3 voters: 2 yes votes; 1 no votes. yes voters: b21d8c0cd4bd4958addceed5019b2ef7, bb2282efee3048e192e8a0a2791c0448; no voters: 025f820980134a328da036ee4508b825
I20260710 13:26:09.962401 28098 raft_consensus.cc:2804] T 265bd14b838046f69977ffb93ac79c94 P b21d8c0cd4bd4958addceed5019b2ef7 [term 1 FOLLOWER]: Leader election won for term 1
I20260710 13:26:09.962934 28098 raft_consensus.cc:697] T 265bd14b838046f69977ffb93ac79c94 P b21d8c0cd4bd4958addceed5019b2ef7 [term 1 LEADER]: Becoming Leader. State: Replica: b21d8c0cd4bd4958addceed5019b2ef7, State: Running, Role: LEADER
I20260710 13:26:09.963114 28066 tablet_bootstrap.cc:492] T 265bd14b838046f69977ffb93ac79c94 P 025f820980134a328da036ee4508b825: No bootstrap required, opened a new log
I20260710 13:26:09.963557 28066 ts_tablet_manager.cc:1403] T 265bd14b838046f69977ffb93ac79c94 P 025f820980134a328da036ee4508b825: Time spent bootstrapping tablet: real 0.014s	user 0.008s	sys 0.003s
I20260710 13:26:09.963649 28098 consensus_queue.cc:237] T 265bd14b838046f69977ffb93ac79c94 P b21d8c0cd4bd4958addceed5019b2ef7 [LEADER]: Queue going to LEADER mode. State: All replicated index: 0, Majority replicated index: 0, Committed index: 0, Last appended: 0.0, Last appended by leader: 0, Current term: 1, Majority size: 2, State: 0, Mode: LEADER, active raft config: opid_index: -1 OBSOLETE_local: false peers { permanent_uuid: "025f820980134a328da036ee4508b825" member_type: VOTER last_known_addr { host: "127.26.154.193" port: 42863 } } peers { permanent_uuid: "b21d8c0cd4bd4958addceed5019b2ef7" member_type: VOTER last_known_addr { host: "127.26.154.194" port: 39371 } } peers { permanent_uuid: "bb2282efee3048e192e8a0a2791c0448" member_type: VOTER last_known_addr { host: "127.26.154.195" port: 34479 } }
I20260710 13:26:09.966012 28066 raft_consensus.cc:359] T 265bd14b838046f69977ffb93ac79c94 P 025f820980134a328da036ee4508b825 [term 0 FOLLOWER]: Replica starting. Triggering 0 pending ops. Active config: opid_index: -1 OBSOLETE_local: false peers { permanent_uuid: "025f820980134a328da036ee4508b825" member_type: VOTER last_known_addr { host: "127.26.154.193" port: 42863 } } peers { permanent_uuid: "b21d8c0cd4bd4958addceed5019b2ef7" member_type: VOTER last_known_addr { host: "127.26.154.194" port: 39371 } } peers { permanent_uuid: "bb2282efee3048e192e8a0a2791c0448" member_type: VOTER last_known_addr { host: "127.26.154.195" port: 34479 } }
I20260710 13:26:09.966565 28066 raft_consensus.cc:385] T 265bd14b838046f69977ffb93ac79c94 P 025f820980134a328da036ee4508b825 [term 0 FOLLOWER]: Consensus starting up: Expiring failure detector timer to make a prompt election more likely
I20260710 13:26:09.966809 28066 raft_consensus.cc:740] T 265bd14b838046f69977ffb93ac79c94 P 025f820980134a328da036ee4508b825 [term 0 FOLLOWER]: Becoming Follower/Learner. State: Replica: 025f820980134a328da036ee4508b825, State: Initialized, Role: FOLLOWER
I20260710 13:26:09.967326 28066 consensus_queue.cc:260] T 265bd14b838046f69977ffb93ac79c94 P 025f820980134a328da036ee4508b825 [NON_LEADER]: Queue going to NON_LEADER mode. State: All replicated index: 0, Majority replicated index: 0, Committed index: 0, Last appended: 0.0, Last appended by leader: 0, Current term: 0, Majority size: -1, State: 0, Mode: NON_LEADER, active raft config: opid_index: -1 OBSOLETE_local: false peers { permanent_uuid: "025f820980134a328da036ee4508b825" member_type: VOTER last_known_addr { host: "127.26.154.193" port: 42863 } } peers { permanent_uuid: "b21d8c0cd4bd4958addceed5019b2ef7" member_type: VOTER last_known_addr { host: "127.26.154.194" port: 39371 } } peers { permanent_uuid: "bb2282efee3048e192e8a0a2791c0448" member_type: VOTER last_known_addr { host: "127.26.154.195" port: 34479 } }
I20260710 13:26:09.971895 28066 ts_tablet_manager.cc:1434] T 265bd14b838046f69977ffb93ac79c94 P 025f820980134a328da036ee4508b825: Time spent starting tablet: real 0.008s	user 0.006s	sys 0.000s
I20260710 13:26:09.972748 27772 catalog_manager.cc:5697] T 265bd14b838046f69977ffb93ac79c94 P b21d8c0cd4bd4958addceed5019b2ef7 reported cstate change: term changed from 0 to 1, leader changed from <none> to b21d8c0cd4bd4958addceed5019b2ef7 (127.26.154.194). New cstate: current_term: 1 leader_uuid: "b21d8c0cd4bd4958addceed5019b2ef7" committed_config { opid_index: -1 OBSOLETE_local: false peers { permanent_uuid: "025f820980134a328da036ee4508b825" member_type: VOTER last_known_addr { host: "127.26.154.193" port: 42863 } health_report { overall_health: UNKNOWN } } peers { permanent_uuid: "b21d8c0cd4bd4958addceed5019b2ef7" member_type: VOTER last_known_addr { host: "127.26.154.194" port: 39371 } health_report { overall_health: HEALTHY } } peers { permanent_uuid: "bb2282efee3048e192e8a0a2791c0448" member_type: VOTER last_known_addr { host: "127.26.154.195" port: 34479 } health_report { overall_health: UNKNOWN } } }
I20260710 13:26:09.975234 28071 consensus_queue.cc:1048] T 4631a8c9b9e04b0c9ecc8368558f3099 P bb2282efee3048e192e8a0a2791c0448 [LEADER]: Connected to new peer: Peer: permanent_uuid: "025f820980134a328da036ee4508b825" member_type: VOTER last_known_addr { host: "127.26.154.193" port: 42863 }, Status: LMP_MISMATCH, Last received: 0.0, Next index: 1, Last known committed idx: 0, Time since last communication: 0.000s
I20260710 13:26:09.987733 27949 raft_consensus.cc:3060] T 4631a8c9b9e04b0c9ecc8368558f3099 P b21d8c0cd4bd4958addceed5019b2ef7 [term 0 FOLLOWER]: Advancing to term 1
I20260710 13:26:09.994284 28100 consensus_queue.cc:1048] T 4631a8c9b9e04b0c9ecc8368558f3099 P bb2282efee3048e192e8a0a2791c0448 [LEADER]: Connected to new peer: Peer: permanent_uuid: "b21d8c0cd4bd4958addceed5019b2ef7" member_type: VOTER last_known_addr { host: "127.26.154.194" port: 39371 }, Status: LMP_MISMATCH, Last received: 0.0, Next index: 1, Last known committed idx: 0, Time since last communication: 0.000s
I20260710 13:26:10.005232 28098 raft_consensus.cc:493] T ad5d40ec81d444aab0e0ae306260caa6 P b21d8c0cd4bd4958addceed5019b2ef7 [term 0 FOLLOWER]: Starting pre-election (no leader contacted us within the election timeout)
I20260710 13:26:10.005702 28098 raft_consensus.cc:515] T ad5d40ec81d444aab0e0ae306260caa6 P b21d8c0cd4bd4958addceed5019b2ef7 [term 0 FOLLOWER]: Starting pre-election with config: opid_index: -1 OBSOLETE_local: false peers { permanent_uuid: "025f820980134a328da036ee4508b825" member_type: VOTER last_known_addr { host: "127.26.154.193" port: 42863 } } peers { permanent_uuid: "b21d8c0cd4bd4958addceed5019b2ef7" member_type: VOTER last_known_addr { host: "127.26.154.194" port: 39371 } } peers { permanent_uuid: "bb2282efee3048e192e8a0a2791c0448" member_type: VOTER last_known_addr { host: "127.26.154.195" port: 34479 } }
I20260710 13:26:10.007277 28098 leader_election.cc:290] T ad5d40ec81d444aab0e0ae306260caa6 P b21d8c0cd4bd4958addceed5019b2ef7 [CANDIDATE]: Term 1 pre-election: Requested pre-vote from peers 025f820980134a328da036ee4508b825 (127.26.154.193:42863), bb2282efee3048e192e8a0a2791c0448 (127.26.154.195:34479)
I20260710 13:26:10.008018 27875 tablet_service.cc:1917] Received RequestConsensusVote() RPC: tablet_id: "ad5d40ec81d444aab0e0ae306260caa6" candidate_uuid: "b21d8c0cd4bd4958addceed5019b2ef7" candidate_term: 1 candidate_status { last_received { term: 0 index: 0 } } ignore_live_leader: false dest_uuid: "025f820980134a328da036ee4508b825" is_pre_election: true
I20260710 13:26:10.008445 28023 tablet_service.cc:1917] Received RequestConsensusVote() RPC: tablet_id: "ad5d40ec81d444aab0e0ae306260caa6" candidate_uuid: "b21d8c0cd4bd4958addceed5019b2ef7" candidate_term: 1 candidate_status { last_received { term: 0 index: 0 } } ignore_live_leader: false dest_uuid: "bb2282efee3048e192e8a0a2791c0448" is_pre_election: true
I20260710 13:26:10.008795 27875 raft_consensus.cc:2393] T ad5d40ec81d444aab0e0ae306260caa6 P 025f820980134a328da036ee4508b825 [term 1 FOLLOWER]: Leader pre-election vote request: Denying vote to candidate b21d8c0cd4bd4958addceed5019b2ef7 in current term 1: Already voted for candidate bb2282efee3048e192e8a0a2791c0448 in this term.
I20260710 13:26:10.009946 27915 leader_election.cc:304] T ad5d40ec81d444aab0e0ae306260caa6 P b21d8c0cd4bd4958addceed5019b2ef7 [CANDIDATE]: Term 1 pre-election: Election decided. Result: candidate lost. Election summary: received 3 responses out of 3 voters: 1 yes votes; 2 no votes. yes voters: b21d8c0cd4bd4958addceed5019b2ef7; no voters: 025f820980134a328da036ee4508b825, bb2282efee3048e192e8a0a2791c0448
I20260710 13:26:10.010711 28098 raft_consensus.cc:3060] T ad5d40ec81d444aab0e0ae306260caa6 P b21d8c0cd4bd4958addceed5019b2ef7 [term 0 FOLLOWER]: Advancing to term 1
I20260710 13:26:10.015111 28098 raft_consensus.cc:2749] T ad5d40ec81d444aab0e0ae306260caa6 P b21d8c0cd4bd4958addceed5019b2ef7 [term 1 FOLLOWER]: Leader pre-election lost for term 1. Reason: could not achieve majority
I20260710 13:26:10.015662 28072 raft_consensus.cc:493] T 265bd14b838046f69977ffb93ac79c94 P 025f820980134a328da036ee4508b825 [term 0 FOLLOWER]: Starting pre-election (no leader contacted us within the election timeout)
I20260710 13:26:10.015990 28072 raft_consensus.cc:515] T 265bd14b838046f69977ffb93ac79c94 P 025f820980134a328da036ee4508b825 [term 0 FOLLOWER]: Starting pre-election with config: opid_index: -1 OBSOLETE_local: false peers { permanent_uuid: "025f820980134a328da036ee4508b825" member_type: VOTER last_known_addr { host: "127.26.154.193" port: 42863 } } peers { permanent_uuid: "b21d8c0cd4bd4958addceed5019b2ef7" member_type: VOTER last_known_addr { host: "127.26.154.194" port: 39371 } } peers { permanent_uuid: "bb2282efee3048e192e8a0a2791c0448" member_type: VOTER last_known_addr { host: "127.26.154.195" port: 34479 } }
I20260710 13:26:10.017596 28072 leader_election.cc:290] T 265bd14b838046f69977ffb93ac79c94 P 025f820980134a328da036ee4508b825 [CANDIDATE]: Term 1 pre-election: Requested pre-vote from peers b21d8c0cd4bd4958addceed5019b2ef7 (127.26.154.194:39371), bb2282efee3048e192e8a0a2791c0448 (127.26.154.195:34479)
I20260710 13:26:10.018158 27949 tablet_service.cc:1917] Received RequestConsensusVote() RPC: tablet_id: "265bd14b838046f69977ffb93ac79c94" candidate_uuid: "025f820980134a328da036ee4508b825" candidate_term: 1 candidate_status { last_received { term: 0 index: 0 } } ignore_live_leader: false dest_uuid: "b21d8c0cd4bd4958addceed5019b2ef7" is_pre_election: true
I20260710 13:26:10.018522 28023 tablet_service.cc:1917] Received RequestConsensusVote() RPC: tablet_id: "265bd14b838046f69977ffb93ac79c94" candidate_uuid: "025f820980134a328da036ee4508b825" candidate_term: 1 candidate_status { last_received { term: 0 index: 0 } } ignore_live_leader: false dest_uuid: "bb2282efee3048e192e8a0a2791c0448" is_pre_election: true
I20260710 13:26:10.019261 28023 raft_consensus.cc:2393] T 265bd14b838046f69977ffb93ac79c94 P bb2282efee3048e192e8a0a2791c0448 [term 1 FOLLOWER]: Leader pre-election vote request: Denying vote to candidate 025f820980134a328da036ee4508b825 in current term 1: Already voted for candidate b21d8c0cd4bd4958addceed5019b2ef7 in this term.
I20260710 13:26:10.020144 27840 leader_election.cc:304] T 265bd14b838046f69977ffb93ac79c94 P 025f820980134a328da036ee4508b825 [CANDIDATE]: Term 1 pre-election: Election decided. Result: candidate lost. Election summary: received 3 responses out of 3 voters: 1 yes votes; 2 no votes. yes voters: 025f820980134a328da036ee4508b825; no voters: b21d8c0cd4bd4958addceed5019b2ef7, bb2282efee3048e192e8a0a2791c0448
I20260710 13:26:10.020689 28072 raft_consensus.cc:3060] T 265bd14b838046f69977ffb93ac79c94 P 025f820980134a328da036ee4508b825 [term 0 FOLLOWER]: Advancing to term 1
I20260710 13:26:10.024984 28072 raft_consensus.cc:2749] T 265bd14b838046f69977ffb93ac79c94 P 025f820980134a328da036ee4508b825 [term 1 FOLLOWER]: Leader pre-election lost for term 1. Reason: could not achieve majority
I20260710 13:26:10.028786 28098 raft_consensus.cc:493] T 1b3b91006768481f8994552c71fae7a0 P b21d8c0cd4bd4958addceed5019b2ef7 [term 0 FOLLOWER]: Starting pre-election (no leader contacted us within the election timeout)
I20260710 13:26:10.029132 28098 raft_consensus.cc:515] T 1b3b91006768481f8994552c71fae7a0 P b21d8c0cd4bd4958addceed5019b2ef7 [term 0 FOLLOWER]: Starting pre-election with config: opid_index: -1 OBSOLETE_local: false peers { permanent_uuid: "025f820980134a328da036ee4508b825" member_type: VOTER last_known_addr { host: "127.26.154.193" port: 42863 } } peers { permanent_uuid: "b21d8c0cd4bd4958addceed5019b2ef7" member_type: VOTER last_known_addr { host: "127.26.154.194" port: 39371 } } peers { permanent_uuid: "bb2282efee3048e192e8a0a2791c0448" member_type: VOTER last_known_addr { host: "127.26.154.195" port: 34479 } }
I20260710 13:26:10.030526 28098 leader_election.cc:290] T 1b3b91006768481f8994552c71fae7a0 P b21d8c0cd4bd4958addceed5019b2ef7 [CANDIDATE]: Term 1 pre-election: Requested pre-vote from peers 025f820980134a328da036ee4508b825 (127.26.154.193:42863), bb2282efee3048e192e8a0a2791c0448 (127.26.154.195:34479)
I20260710 13:26:10.031384 27875 tablet_service.cc:1917] Received RequestConsensusVote() RPC: tablet_id: "1b3b91006768481f8994552c71fae7a0" candidate_uuid: "b21d8c0cd4bd4958addceed5019b2ef7" candidate_term: 1 candidate_status { last_received { term: 0 index: 0 } } ignore_live_leader: false dest_uuid: "025f820980134a328da036ee4508b825" is_pre_election: true
I20260710 13:26:10.031493 28023 tablet_service.cc:1917] Received RequestConsensusVote() RPC: tablet_id: "1b3b91006768481f8994552c71fae7a0" candidate_uuid: "b21d8c0cd4bd4958addceed5019b2ef7" candidate_term: 1 candidate_status { last_received { term: 0 index: 0 } } ignore_live_leader: false dest_uuid: "bb2282efee3048e192e8a0a2791c0448" is_pre_election: true
I20260710 13:26:10.031908 27875 raft_consensus.cc:2468] T 1b3b91006768481f8994552c71fae7a0 P 025f820980134a328da036ee4508b825 [term 0 FOLLOWER]: Leader pre-election vote request: Granting yes vote for candidate b21d8c0cd4bd4958addceed5019b2ef7 in term 0.
I20260710 13:26:10.032104 28023 raft_consensus.cc:2468] T 1b3b91006768481f8994552c71fae7a0 P bb2282efee3048e192e8a0a2791c0448 [term 0 FOLLOWER]: Leader pre-election vote request: Granting yes vote for candidate b21d8c0cd4bd4958addceed5019b2ef7 in term 0.
I20260710 13:26:10.032938 27916 leader_election.cc:304] T 1b3b91006768481f8994552c71fae7a0 P b21d8c0cd4bd4958addceed5019b2ef7 [CANDIDATE]: Term 1 pre-election: Election decided. Result: candidate won. Election summary: received 2 responses out of 3 voters: 2 yes votes; 0 no votes. yes voters: 025f820980134a328da036ee4508b825, b21d8c0cd4bd4958addceed5019b2ef7; no voters: 
I20260710 13:26:10.033689 28098 raft_consensus.cc:2804] T 1b3b91006768481f8994552c71fae7a0 P b21d8c0cd4bd4958addceed5019b2ef7 [term 0 FOLLOWER]: Leader pre-election won for term 1
I20260710 13:26:10.034011 28098 raft_consensus.cc:493] T 1b3b91006768481f8994552c71fae7a0 P b21d8c0cd4bd4958addceed5019b2ef7 [term 0 FOLLOWER]: Starting leader election (no leader contacted us within the election timeout)
I20260710 13:26:10.034228 28098 raft_consensus.cc:3060] T 1b3b91006768481f8994552c71fae7a0 P b21d8c0cd4bd4958addceed5019b2ef7 [term 0 FOLLOWER]: Advancing to term 1
I20260710 13:26:10.038437 28098 raft_consensus.cc:515] T 1b3b91006768481f8994552c71fae7a0 P b21d8c0cd4bd4958addceed5019b2ef7 [term 1 FOLLOWER]: Starting leader election with config: opid_index: -1 OBSOLETE_local: false peers { permanent_uuid: "025f820980134a328da036ee4508b825" member_type: VOTER last_known_addr { host: "127.26.154.193" port: 42863 } } peers { permanent_uuid: "b21d8c0cd4bd4958addceed5019b2ef7" member_type: VOTER last_known_addr { host: "127.26.154.194" port: 39371 } } peers { permanent_uuid: "bb2282efee3048e192e8a0a2791c0448" member_type: VOTER last_known_addr { host: "127.26.154.195" port: 34479 } }
I20260710 13:26:10.039882 28098 leader_election.cc:290] T 1b3b91006768481f8994552c71fae7a0 P b21d8c0cd4bd4958addceed5019b2ef7 [CANDIDATE]: Term 1 election: Requested vote from peers 025f820980134a328da036ee4508b825 (127.26.154.193:42863), bb2282efee3048e192e8a0a2791c0448 (127.26.154.195:34479)
I20260710 13:26:10.040621 27875 tablet_service.cc:1917] Received RequestConsensusVote() RPC: tablet_id: "1b3b91006768481f8994552c71fae7a0" candidate_uuid: "b21d8c0cd4bd4958addceed5019b2ef7" candidate_term: 1 candidate_status { last_received { term: 0 index: 0 } } ignore_live_leader: false dest_uuid: "025f820980134a328da036ee4508b825"
I20260710 13:26:10.040817 28023 tablet_service.cc:1917] Received RequestConsensusVote() RPC: tablet_id: "1b3b91006768481f8994552c71fae7a0" candidate_uuid: "b21d8c0cd4bd4958addceed5019b2ef7" candidate_term: 1 candidate_status { last_received { term: 0 index: 0 } } ignore_live_leader: false dest_uuid: "bb2282efee3048e192e8a0a2791c0448"
I20260710 13:26:10.041196 27875 raft_consensus.cc:3060] T 1b3b91006768481f8994552c71fae7a0 P 025f820980134a328da036ee4508b825 [term 0 FOLLOWER]: Advancing to term 1
I20260710 13:26:10.041323 28023 raft_consensus.cc:3060] T 1b3b91006768481f8994552c71fae7a0 P bb2282efee3048e192e8a0a2791c0448 [term 0 FOLLOWER]: Advancing to term 1
I20260710 13:26:10.047544 28023 raft_consensus.cc:2468] T 1b3b91006768481f8994552c71fae7a0 P bb2282efee3048e192e8a0a2791c0448 [term 1 FOLLOWER]: Leader election vote request: Granting yes vote for candidate b21d8c0cd4bd4958addceed5019b2ef7 in term 1.
I20260710 13:26:10.047544 27875 raft_consensus.cc:2468] T 1b3b91006768481f8994552c71fae7a0 P 025f820980134a328da036ee4508b825 [term 1 FOLLOWER]: Leader election vote request: Granting yes vote for candidate b21d8c0cd4bd4958addceed5019b2ef7 in term 1.
I20260710 13:26:10.048692 27916 leader_election.cc:304] T 1b3b91006768481f8994552c71fae7a0 P b21d8c0cd4bd4958addceed5019b2ef7 [CANDIDATE]: Term 1 election: Election decided. Result: candidate won. Election summary: received 2 responses out of 3 voters: 2 yes votes; 0 no votes. yes voters: 025f820980134a328da036ee4508b825, b21d8c0cd4bd4958addceed5019b2ef7; no voters: 
