I20260710 13:25:56.271101   534 raft_consensus.cc:3060] T b9084619ee124bd49c5eda9e4d28e056 P 06ac7320810648a6b9027f0955a35d22 [term 0 FOLLOWER]: Advancing to term 1
I20260710 13:25:56.271073 32766 leader_election.cc:304] T fe20f4e0dfbe4bda9ea44424fdc4e81a P a677ea4d5d244064bf1fc68e1bee410e [CANDIDATE]: Term 1 pre-election: Election decided. Result: candidate won. Election summary: received 2 responses out of 3 voters: 2 yes votes; 0 no votes. yes voters: a677ea4d5d244064bf1fc68e1bee410e, fbee86764a514e09ad7efe381d0b9811; no voters: 
I20260710 13:25:56.272145   535 raft_consensus.cc:2804] T fe20f4e0dfbe4bda9ea44424fdc4e81a P a677ea4d5d244064bf1fc68e1bee410e [term 0 FOLLOWER]: Leader pre-election won for term 1
I20260710 13:25:56.272505   535 raft_consensus.cc:493] T fe20f4e0dfbe4bda9ea44424fdc4e81a P a677ea4d5d244064bf1fc68e1bee410e [term 0 FOLLOWER]: Starting leader election (no leader contacted us within the election timeout)
I20260710 13:25:56.272826   535 raft_consensus.cc:3060] T fe20f4e0dfbe4bda9ea44424fdc4e81a P a677ea4d5d244064bf1fc68e1bee410e [term 0 FOLLOWER]: Advancing to term 1
I20260710 13:25:56.279166   534 raft_consensus.cc:515] T b9084619ee124bd49c5eda9e4d28e056 P 06ac7320810648a6b9027f0955a35d22 [term 1 FOLLOWER]: Starting leader election with config: opid_index: -1 OBSOLETE_local: false peers { permanent_uuid: "a677ea4d5d244064bf1fc68e1bee410e" member_type: VOTER last_known_addr { host: "127.31.231.1" port: 43167 } } peers { permanent_uuid: "fbee86764a514e09ad7efe381d0b9811" member_type: VOTER last_known_addr { host: "127.31.231.2" port: 40505 } } peers { permanent_uuid: "06ac7320810648a6b9027f0955a35d22" member_type: VOTER last_known_addr { host: "127.31.231.3" port: 35715 } }
I20260710 13:25:56.282295   409 tablet_service.cc:1917] Received RequestConsensusVote() RPC: tablet_id: "b9084619ee124bd49c5eda9e4d28e056" candidate_uuid: "06ac7320810648a6b9027f0955a35d22" candidate_term: 1 candidate_status { last_received { term: 0 index: 0 } } ignore_live_leader: false dest_uuid: "fbee86764a514e09ad7efe381d0b9811"
I20260710 13:25:56.282348   334 tablet_service.cc:1917] Received RequestConsensusVote() RPC: tablet_id: "b9084619ee124bd49c5eda9e4d28e056" candidate_uuid: "06ac7320810648a6b9027f0955a35d22" candidate_term: 1 candidate_status { last_received { term: 0 index: 0 } } ignore_live_leader: false dest_uuid: "a677ea4d5d244064bf1fc68e1bee410e"
I20260710 13:25:56.282974   409 raft_consensus.cc:3060] T b9084619ee124bd49c5eda9e4d28e056 P fbee86764a514e09ad7efe381d0b9811 [term 0 FOLLOWER]: Advancing to term 1
I20260710 13:25:56.283188   334 raft_consensus.cc:3060] T b9084619ee124bd49c5eda9e4d28e056 P a677ea4d5d244064bf1fc68e1bee410e [term 0 FOLLOWER]: Advancing to term 1
W20260710 13:25:56.288370 32747 auto_rebalancer.cc:288] Could not retrieve cluster info: Service unavailable: Tablet not running
I20260710 13:25:56.289532   409 raft_consensus.cc:2468] T b9084619ee124bd49c5eda9e4d28e056 P fbee86764a514e09ad7efe381d0b9811 [term 1 FOLLOWER]: Leader election vote request: Granting yes vote for candidate 06ac7320810648a6b9027f0955a35d22 in term 1.
I20260710 13:25:56.290725   448 leader_election.cc:304] T b9084619ee124bd49c5eda9e4d28e056 P 06ac7320810648a6b9027f0955a35d22 [CANDIDATE]: Term 1 election: Election decided. Result: candidate won. Election summary: received 2 responses out of 3 voters: 2 yes votes; 0 no votes. yes voters: 06ac7320810648a6b9027f0955a35d22, fbee86764a514e09ad7efe381d0b9811; no voters: 
I20260710 13:25:56.291509   583 raft_consensus.cc:2804] T b9084619ee124bd49c5eda9e4d28e056 P 06ac7320810648a6b9027f0955a35d22 [term 1 FOLLOWER]: Leader election won for term 1
I20260710 13:25:56.291982   583 raft_consensus.cc:697] T b9084619ee124bd49c5eda9e4d28e056 P 06ac7320810648a6b9027f0955a35d22 [term 1 LEADER]: Becoming Leader. State: Replica: 06ac7320810648a6b9027f0955a35d22, State: Running, Role: LEADER
I20260710 13:25:56.292760   583 consensus_queue.cc:237] T b9084619ee124bd49c5eda9e4d28e056 P 06ac7320810648a6b9027f0955a35d22 [LEADER]: Queue going to LEADER mode. State: All replicated index: 0, Majority replicated index: 0, Committed index: 0, Last appended: 0.0, Last appended by leader: 0, Current term: 1, Majority size: 2, State: 0, Mode: LEADER, active raft config: opid_index: -1 OBSOLETE_local: false peers { permanent_uuid: "a677ea4d5d244064bf1fc68e1bee410e" member_type: VOTER last_known_addr { host: "127.31.231.1" port: 43167 } } peers { permanent_uuid: "fbee86764a514e09ad7efe381d0b9811" member_type: VOTER last_known_addr { host: "127.31.231.2" port: 40505 } } peers { permanent_uuid: "06ac7320810648a6b9027f0955a35d22" member_type: VOTER last_known_addr { host: "127.31.231.3" port: 35715 } }
I20260710 13:25:56.293197   535 raft_consensus.cc:515] T fe20f4e0dfbe4bda9ea44424fdc4e81a P a677ea4d5d244064bf1fc68e1bee410e [term 1 FOLLOWER]: Starting leader election with config: opid_index: -1 OBSOLETE_local: false peers { permanent_uuid: "a677ea4d5d244064bf1fc68e1bee410e" member_type: VOTER last_known_addr { host: "127.31.231.1" port: 43167 } } peers { permanent_uuid: "fbee86764a514e09ad7efe381d0b9811" member_type: VOTER last_known_addr { host: "127.31.231.2" port: 40505 } } peers { permanent_uuid: "06ac7320810648a6b9027f0955a35d22" member_type: VOTER last_known_addr { host: "127.31.231.3" port: 35715 } }
I20260710 13:25:56.296293   334 raft_consensus.cc:2468] T b9084619ee124bd49c5eda9e4d28e056 P a677ea4d5d244064bf1fc68e1bee410e [term 1 FOLLOWER]: Leader election vote request: Granting yes vote for candidate 06ac7320810648a6b9027f0955a35d22 in term 1.
I20260710 13:25:56.296527   410 tablet_service.cc:1917] Received RequestConsensusVote() RPC: tablet_id: "fe20f4e0dfbe4bda9ea44424fdc4e81a" candidate_uuid: "a677ea4d5d244064bf1fc68e1bee410e" candidate_term: 1 candidate_status { last_received { term: 0 index: 0 } } ignore_live_leader: false dest_uuid: "fbee86764a514e09ad7efe381d0b9811"
I20260710 13:25:56.297210   410 raft_consensus.cc:3060] T fe20f4e0dfbe4bda9ea44424fdc4e81a P fbee86764a514e09ad7efe381d0b9811 [term 0 FOLLOWER]: Advancing to term 1
I20260710 13:25:56.297881   534 leader_election.cc:290] T b9084619ee124bd49c5eda9e4d28e056 P 06ac7320810648a6b9027f0955a35d22 [CANDIDATE]: Term 1 election: Requested vote from peers a677ea4d5d244064bf1fc68e1bee410e (127.31.231.1:43167), fbee86764a514e09ad7efe381d0b9811 (127.31.231.2:40505)
I20260710 13:25:56.300526   535 leader_election.cc:290] T fe20f4e0dfbe4bda9ea44424fdc4e81a P a677ea4d5d244064bf1fc68e1bee410e [CANDIDATE]: Term 1 election: Requested vote from peers fbee86764a514e09ad7efe381d0b9811 (127.31.231.2:40505), 06ac7320810648a6b9027f0955a35d22 (127.31.231.3:35715)
I20260710 13:25:56.301584   484 tablet_service.cc:1917] Received RequestConsensusVote() RPC: tablet_id: "fe20f4e0dfbe4bda9ea44424fdc4e81a" candidate_uuid: "a677ea4d5d244064bf1fc68e1bee410e" candidate_term: 1 candidate_status { last_received { term: 0 index: 0 } } ignore_live_leader: false dest_uuid: "06ac7320810648a6b9027f0955a35d22"
I20260710 13:25:56.302134   484 raft_consensus.cc:3060] T fe20f4e0dfbe4bda9ea44424fdc4e81a P 06ac7320810648a6b9027f0955a35d22 [term 0 FOLLOWER]: Advancing to term 1
I20260710 13:25:56.305012   410 raft_consensus.cc:2468] T fe20f4e0dfbe4bda9ea44424fdc4e81a P fbee86764a514e09ad7efe381d0b9811 [term 1 FOLLOWER]: Leader election vote request: Granting yes vote for candidate a677ea4d5d244064bf1fc68e1bee410e in term 1.
I20260710 13:25:56.306308 32766 leader_election.cc:304] T fe20f4e0dfbe4bda9ea44424fdc4e81a P a677ea4d5d244064bf1fc68e1bee410e [CANDIDATE]: Term 1 election: Election decided. Result: candidate won. Election summary: received 2 responses out of 3 voters: 2 yes votes; 0 no votes. yes voters: a677ea4d5d244064bf1fc68e1bee410e, fbee86764a514e09ad7efe381d0b9811; no voters: 
I20260710 13:25:56.307200   535 raft_consensus.cc:2804] T fe20f4e0dfbe4bda9ea44424fdc4e81a P a677ea4d5d244064bf1fc68e1bee410e [term 1 FOLLOWER]: Leader election won for term 1
I20260710 13:25:56.307662   535 raft_consensus.cc:697] T fe20f4e0dfbe4bda9ea44424fdc4e81a P a677ea4d5d244064bf1fc68e1bee410e [term 1 LEADER]: Becoming Leader. State: Replica: a677ea4d5d244064bf1fc68e1bee410e, State: Running, Role: LEADER
I20260710 13:25:56.308776   484 raft_consensus.cc:2468] T fe20f4e0dfbe4bda9ea44424fdc4e81a P 06ac7320810648a6b9027f0955a35d22 [term 1 FOLLOWER]: Leader election vote request: Granting yes vote for candidate a677ea4d5d244064bf1fc68e1bee410e in term 1.
I20260710 13:25:56.308458   535 consensus_queue.cc:237] T fe20f4e0dfbe4bda9ea44424fdc4e81a P a677ea4d5d244064bf1fc68e1bee410e [LEADER]: Queue going to LEADER mode. State: All replicated index: 0, Majority replicated index: 0, Committed index: 0, Last appended: 0.0, Last appended by leader: 0, Current term: 1, Majority size: 2, State: 0, Mode: LEADER, active raft config: opid_index: -1 OBSOLETE_local: false peers { permanent_uuid: "a677ea4d5d244064bf1fc68e1bee410e" member_type: VOTER last_known_addr { host: "127.31.231.1" port: 43167 } } peers { permanent_uuid: "fbee86764a514e09ad7efe381d0b9811" member_type: VOTER last_known_addr { host: "127.31.231.2" port: 40505 } } peers { permanent_uuid: "06ac7320810648a6b9027f0955a35d22" member_type: VOTER last_known_addr { host: "127.31.231.3" port: 35715 } }
I20260710 13:25:56.313799 32698 catalog_manager.cc:5697] T b9084619ee124bd49c5eda9e4d28e056 P 06ac7320810648a6b9027f0955a35d22 reported cstate change: term changed from 0 to 1, leader changed from <none> to 06ac7320810648a6b9027f0955a35d22 (127.31.231.3). New cstate: current_term: 1 leader_uuid: "06ac7320810648a6b9027f0955a35d22" committed_config { opid_index: -1 OBSOLETE_local: false peers { permanent_uuid: "a677ea4d5d244064bf1fc68e1bee410e" member_type: VOTER last_known_addr { host: "127.31.231.1" port: 43167 } health_report { overall_health: UNKNOWN } } peers { permanent_uuid: "fbee86764a514e09ad7efe381d0b9811" member_type: VOTER last_known_addr { host: "127.31.231.2" port: 40505 } health_report { overall_health: UNKNOWN } } peers { permanent_uuid: "06ac7320810648a6b9027f0955a35d22" member_type: VOTER last_known_addr { host: "127.31.231.3" port: 35715 } health_report { overall_health: HEALTHY } } }
I20260710 13:25:56.330313   535 consensus_queue.cc:1048] T d17567cc7ef9428093ae3a8d2a4b2663 P a677ea4d5d244064bf1fc68e1bee410e [LEADER]: Connected to new peer: Peer: permanent_uuid: "fbee86764a514e09ad7efe381d0b9811" member_type: VOTER last_known_addr { host: "127.31.231.2" port: 40505 }, Status: LMP_MISMATCH, Last received: 0.0, Next index: 1, Last known committed idx: 0, Time since last communication: 0.001s
I20260710 13:25:56.332026 32698 catalog_manager.cc:5697] T fe20f4e0dfbe4bda9ea44424fdc4e81a P a677ea4d5d244064bf1fc68e1bee410e reported cstate change: term changed from 0 to 1, leader changed from <none> to a677ea4d5d244064bf1fc68e1bee410e (127.31.231.1). New cstate: current_term: 1 leader_uuid: "a677ea4d5d244064bf1fc68e1bee410e" committed_config { opid_index: -1 OBSOLETE_local: false peers { permanent_uuid: "a677ea4d5d244064bf1fc68e1bee410e" member_type: VOTER last_known_addr { host: "127.31.231.1" port: 43167 } health_report { overall_health: HEALTHY } } peers { permanent_uuid: "fbee86764a514e09ad7efe381d0b9811" member_type: VOTER last_known_addr { host: "127.31.231.2" port: 40505 } health_report { overall_health: UNKNOWN } } peers { permanent_uuid: "06ac7320810648a6b9027f0955a35d22" member_type: VOTER last_known_addr { host: "127.31.231.3" port: 35715 } health_report { overall_health: UNKNOWN } } }
I20260710 13:25:56.364283   410 raft_consensus.cc:3060] T a18a33c6a5764500a2e531227aa69850 P fbee86764a514e09ad7efe381d0b9811 [term 0 FOLLOWER]: Advancing to term 1
I20260710 13:25:56.372256   583 consensus_queue.cc:1048] T a18a33c6a5764500a2e531227aa69850 P 06ac7320810648a6b9027f0955a35d22 [LEADER]: Connected to new peer: Peer: permanent_uuid: "fbee86764a514e09ad7efe381d0b9811" member_type: VOTER last_known_addr { host: "127.31.231.2" port: 40505 }, Status: LMP_MISMATCH, Last received: 0.0, Next index: 1, Last known committed idx: 0, Time since last communication: 0.000s
I20260710 13:25:56.382593   540 raft_consensus.cc:493] T 0c070bcff8e54974b035a6c502678661 P fbee86764a514e09ad7efe381d0b9811 [term 0 FOLLOWER]: Starting pre-election (no leader contacted us within the election timeout)
I20260710 13:25:56.383078   540 raft_consensus.cc:515] T 0c070bcff8e54974b035a6c502678661 P fbee86764a514e09ad7efe381d0b9811 [term 0 FOLLOWER]: Starting pre-election with config: opid_index: -1 OBSOLETE_local: false peers { permanent_uuid: "a677ea4d5d244064bf1fc68e1bee410e" member_type: VOTER last_known_addr { host: "127.31.231.1" port: 43167 } } peers { permanent_uuid: "fbee86764a514e09ad7efe381d0b9811" member_type: VOTER last_known_addr { host: "127.31.231.2" port: 40505 } } peers { permanent_uuid: "06ac7320810648a6b9027f0955a35d22" member_type: VOTER last_known_addr { host: "127.31.231.3" port: 35715 } }
I20260710 13:25:56.383430   550 consensus_queue.cc:1048] T a18a33c6a5764500a2e531227aa69850 P 06ac7320810648a6b9027f0955a35d22 [LEADER]: Connected to new peer: Peer: permanent_uuid: "a677ea4d5d244064bf1fc68e1bee410e" member_type: VOTER last_known_addr { host: "127.31.231.1" port: 43167 }, Status: LMP_MISMATCH, Last received: 0.0, Next index: 1, Last known committed idx: 0, Time since last communication: 0.000s
I20260710 13:25:56.386195   334 tablet_service.cc:1917] Received RequestConsensusVote() RPC: tablet_id: "0c070bcff8e54974b035a6c502678661" candidate_uuid: "fbee86764a514e09ad7efe381d0b9811" candidate_term: 1 candidate_status { last_received { term: 0 index: 0 } } ignore_live_leader: false dest_uuid: "a677ea4d5d244064bf1fc68e1bee410e" is_pre_election: true
I20260710 13:25:56.390266   484 tablet_service.cc:1917] Received RequestConsensusVote() RPC: tablet_id: "0c070bcff8e54974b035a6c502678661" candidate_uuid: "fbee86764a514e09ad7efe381d0b9811" candidate_term: 1 candidate_status { last_received { term: 0 index: 0 } } ignore_live_leader: false dest_uuid: "06ac7320810648a6b9027f0955a35d22" is_pre_election: true
I20260710 13:25:56.388409   540 leader_election.cc:290] T 0c070bcff8e54974b035a6c502678661 P fbee86764a514e09ad7efe381d0b9811 [CANDIDATE]: Term 1 pre-election: Requested pre-vote from peers a677ea4d5d244064bf1fc68e1bee410e (127.31.231.1:43167), 06ac7320810648a6b9027f0955a35d22 (127.31.231.3:35715)
I20260710 13:25:56.391054   484 raft_consensus.cc:2393] T 0c070bcff8e54974b035a6c502678661 P 06ac7320810648a6b9027f0955a35d22 [term 1 FOLLOWER]: Leader pre-election vote request: Denying vote to candidate fbee86764a514e09ad7efe381d0b9811 in current term 1: Already voted for candidate a677ea4d5d244064bf1fc68e1bee410e in this term.
I20260710 13:25:56.393270   375 leader_election.cc:304] T 0c070bcff8e54974b035a6c502678661 P fbee86764a514e09ad7efe381d0b9811 [CANDIDATE]: Term 1 pre-election: Election decided. Result: candidate lost. Election summary: received 3 responses out of 3 voters: 1 yes votes; 2 no votes. yes voters: fbee86764a514e09ad7efe381d0b9811; no voters: 06ac7320810648a6b9027f0955a35d22, a677ea4d5d244064bf1fc68e1bee410e
I20260710 13:25:56.394328   540 raft_consensus.cc:3060] T 0c070bcff8e54974b035a6c502678661 P fbee86764a514e09ad7efe381d0b9811 [term 0 FOLLOWER]: Advancing to term 1
I20260710 13:25:56.401322   540 raft_consensus.cc:2749] T 0c070bcff8e54974b035a6c502678661 P fbee86764a514e09ad7efe381d0b9811 [term 1 FOLLOWER]: Leader pre-election lost for term 1. Reason: could not achieve majority
I20260710 13:25:56.505885   535 consensus_queue.cc:1048] T 0c070bcff8e54974b035a6c502678661 P a677ea4d5d244064bf1fc68e1bee410e [LEADER]: Connected to new peer: Peer: permanent_uuid: "06ac7320810648a6b9027f0955a35d22" member_type: VOTER last_known_addr { host: "127.31.231.3" port: 35715 }, Status: LMP_MISMATCH, Last received: 0.0, Next index: 1, Last known committed idx: 0, Time since last communication: 0.000s
I20260710 13:25:56.509593   485 tablet_service.cc:2072] Received LeaderStepDown RPC: tablet_id: "a18a33c6a5764500a2e531227aa69850"
dest_uuid: "06ac7320810648a6b9027f0955a35d22"
mode: GRACEFUL
new_leader_uuid: "a677ea4d5d244064bf1fc68e1bee410e"
 from {username='slave'} at 127.0.0.1:48226
I20260710 13:25:56.510339   485 raft_consensus.cc:606] T a18a33c6a5764500a2e531227aa69850 P 06ac7320810648a6b9027f0955a35d22 [term 1 LEADER]: Received request to transfer leadership to TS a677ea4d5d244064bf1fc68e1bee410e
I20260710 13:25:56.521338   561 consensus_queue.cc:1048] T 0c070bcff8e54974b035a6c502678661 P a677ea4d5d244064bf1fc68e1bee410e [LEADER]: Connected to new peer: Peer: permanent_uuid: "fbee86764a514e09ad7efe381d0b9811" member_type: VOTER last_known_addr { host: "127.31.231.2" port: 40505 }, Status: LMP_MISMATCH, Last received: 0.0, Next index: 1, Last known committed idx: 0, Time since last communication: 0.000s
I20260710 13:25:56.527889   484 tablet_service.cc:2072] Received LeaderStepDown RPC: tablet_id: "fc6ac9703e0745bfb42400f5fc73646d"
dest_uuid: "06ac7320810648a6b9027f0955a35d22"
mode: GRACEFUL
new_leader_uuid: "a677ea4d5d244064bf1fc68e1bee410e"
 from {username='slave'} at 127.0.0.1:48226
I20260710 13:25:56.528482   484 raft_consensus.cc:606] T fc6ac9703e0745bfb42400f5fc73646d P 06ac7320810648a6b9027f0955a35d22 [term 1 LEADER]: Received request to transfer leadership to TS a677ea4d5d244064bf1fc68e1bee410e
I20260710 13:25:56.534911   484 tablet_service.cc:2072] Received LeaderStepDown RPC: tablet_id: "4fddb0c48e09427f87b58a069a5cc153"
dest_uuid: "06ac7320810648a6b9027f0955a35d22"
mode: GRACEFUL
new_leader_uuid: "a677ea4d5d244064bf1fc68e1bee410e"
 from {username='slave'} at 127.0.0.1:48226
I20260710 13:25:56.535487   484 raft_consensus.cc:606] T 4fddb0c48e09427f87b58a069a5cc153 P 06ac7320810648a6b9027f0955a35d22 [term 1 LEADER]: Received request to transfer leadership to TS a677ea4d5d244064bf1fc68e1bee410e
I20260710 13:25:56.549157   335 tablet_service.cc:2072] Received LeaderStepDown RPC: tablet_id: "fe20f4e0dfbe4bda9ea44424fdc4e81a"
dest_uuid: "a677ea4d5d244064bf1fc68e1bee410e"
mode: GRACEFUL
new_leader_uuid: "fbee86764a514e09ad7efe381d0b9811"
 from {username='slave'} at 127.0.0.1:43082
I20260710 13:25:56.549666   335 raft_consensus.cc:606] T fe20f4e0dfbe4bda9ea44424fdc4e81a P a677ea4d5d244064bf1fc68e1bee410e [term 1 LEADER]: Received request to transfer leadership to TS fbee86764a514e09ad7efe381d0b9811
I20260710 13:25:56.555145   335 tablet_service.cc:2072] Received LeaderStepDown RPC: tablet_id: "0c070bcff8e54974b035a6c502678661"
dest_uuid: "a677ea4d5d244064bf1fc68e1bee410e"
mode: GRACEFUL
new_leader_uuid: "fbee86764a514e09ad7efe381d0b9811"
 from {username='slave'} at 127.0.0.1:43082
I20260710 13:25:56.555617   335 raft_consensus.cc:606] T 0c070bcff8e54974b035a6c502678661 P a677ea4d5d244064bf1fc68e1bee410e [term 1 LEADER]: Received request to transfer leadership to TS fbee86764a514e09ad7efe381d0b9811
I20260710 13:25:56.560354   484 tablet_service.cc:2072] Received LeaderStepDown RPC: tablet_id: "b9084619ee124bd49c5eda9e4d28e056"
dest_uuid: "06ac7320810648a6b9027f0955a35d22"
mode: GRACEFUL
new_leader_uuid: "fbee86764a514e09ad7efe381d0b9811"
 from {username='slave'} at 127.0.0.1:48226
I20260710 13:25:56.560858   484 raft_consensus.cc:606] T b9084619ee124bd49c5eda9e4d28e056 P 06ac7320810648a6b9027f0955a35d22 [term 1 LEADER]: Received request to transfer leadership to TS fbee86764a514e09ad7efe381d0b9811
I20260710 13:25:56.564265   550 consensus_queue.cc:1048] T 4fddb0c48e09427f87b58a069a5cc153 P 06ac7320810648a6b9027f0955a35d22 [LEADER]: Connected to new peer: Peer: permanent_uuid: "fbee86764a514e09ad7efe381d0b9811" member_type: VOTER last_known_addr { host: "127.31.231.2" port: 40505 }, Status: LMP_MISMATCH, Last received: 0.0, Next index: 1, Last known committed idx: 0, Time since last communication: 0.000s
I20260710 13:25:56.566768   484 tablet_service.cc:2072] Received LeaderStepDown RPC: tablet_id: "f2de59623b2a470cb5a92c3563b942a4"
dest_uuid: "06ac7320810648a6b9027f0955a35d22"
mode: GRACEFUL
new_leader_uuid: "fbee86764a514e09ad7efe381d0b9811"
 from {username='slave'} at 127.0.0.1:48226
I20260710 13:25:56.567307   484 raft_consensus.cc:606] T f2de59623b2a470cb5a92c3563b942a4 P 06ac7320810648a6b9027f0955a35d22 [term 1 LEADER]: Received request to transfer leadership to TS fbee86764a514e09ad7efe381d0b9811
I20260710 13:25:56.575883   583 consensus_queue.cc:1048] T 4fddb0c48e09427f87b58a069a5cc153 P 06ac7320810648a6b9027f0955a35d22 [LEADER]: Connected to new peer: Peer: permanent_uuid: "a677ea4d5d244064bf1fc68e1bee410e" member_type: VOTER last_known_addr { host: "127.31.231.1" port: 43167 }, Status: LMP_MISMATCH, Last received: 0.0, Next index: 1, Last known committed idx: 0, Time since last communication: 0.000s
I20260710 13:25:56.586169   583 raft_consensus.cc:993] T 4fddb0c48e09427f87b58a069a5cc153 P 06ac7320810648a6b9027f0955a35d22: : Instructing follower a677ea4d5d244064bf1fc68e1bee410e to start an election
I20260710 13:25:56.586647   583 raft_consensus.cc:1081] T 4fddb0c48e09427f87b58a069a5cc153 P 06ac7320810648a6b9027f0955a35d22 [term 1 LEADER]: Signalling peer a677ea4d5d244064bf1fc68e1bee410e to start an election
I20260710 13:25:56.588342   334 tablet_service.cc:2044] Received Run Leader Election RPC: tablet_id: "4fddb0c48e09427f87b58a069a5cc153"
dest_uuid: "a677ea4d5d244064bf1fc68e1bee410e"
 from {username='slave'} at 127.0.0.1:43070
I20260710 13:25:56.588900   334 raft_consensus.cc:493] T 4fddb0c48e09427f87b58a069a5cc153 P a677ea4d5d244064bf1fc68e1bee410e [term 1 FOLLOWER]: Starting forced leader election (received explicit request)
I20260710 13:25:56.589274   334 raft_consensus.cc:3060] T 4fddb0c48e09427f87b58a069a5cc153 P a677ea4d5d244064bf1fc68e1bee410e [term 1 FOLLOWER]: Advancing to term 2
I20260710 13:25:56.595799   334 raft_consensus.cc:515] T 4fddb0c48e09427f87b58a069a5cc153 P a677ea4d5d244064bf1fc68e1bee410e [term 2 FOLLOWER]: Starting forced leader election with config: opid_index: -1 OBSOLETE_local: false peers { permanent_uuid: "a677ea4d5d244064bf1fc68e1bee410e" member_type: VOTER last_known_addr { host: "127.31.231.1" port: 43167 } } peers { permanent_uuid: "fbee86764a514e09ad7efe381d0b9811" member_type: VOTER last_known_addr { host: "127.31.231.2" port: 40505 } } peers { permanent_uuid: "06ac7320810648a6b9027f0955a35d22" member_type: VOTER last_known_addr { host: "127.31.231.3" port: 35715 } }
I20260710 13:25:56.598275   334 leader_election.cc:290] T 4fddb0c48e09427f87b58a069a5cc153 P a677ea4d5d244064bf1fc68e1bee410e [CANDIDATE]: Term 2 election: Requested vote from peers fbee86764a514e09ad7efe381d0b9811 (127.31.231.2:40505), 06ac7320810648a6b9027f0955a35d22 (127.31.231.3:35715)
I20260710 13:25:56.598708   410 tablet_service.cc:1917] Received RequestConsensusVote() RPC: tablet_id: "4fddb0c48e09427f87b58a069a5cc153" candidate_uuid: "a677ea4d5d244064bf1fc68e1bee410e" candidate_term: 2 candidate_status { last_received { term: 1 index: 1 } } ignore_live_leader: true dest_uuid: "fbee86764a514e09ad7efe381d0b9811"
I20260710 13:25:56.598834   484 tablet_service.cc:1917] Received RequestConsensusVote() RPC: tablet_id: "4fddb0c48e09427f87b58a069a5cc153" candidate_uuid: "a677ea4d5d244064bf1fc68e1bee410e" candidate_term: 2 candidate_status { last_received { term: 1 index: 1 } } ignore_live_leader: true dest_uuid: "06ac7320810648a6b9027f0955a35d22"
I20260710 13:25:56.599319   410 raft_consensus.cc:3060] T 4fddb0c48e09427f87b58a069a5cc153 P fbee86764a514e09ad7efe381d0b9811 [term 1 FOLLOWER]: Advancing to term 2
I20260710 13:25:56.599328   484 raft_consensus.cc:3055] T 4fddb0c48e09427f87b58a069a5cc153 P 06ac7320810648a6b9027f0955a35d22 [term 1 LEADER]: Stepping down as leader of term 1
I20260710 13:25:56.599764   484 raft_consensus.cc:740] T 4fddb0c48e09427f87b58a069a5cc153 P 06ac7320810648a6b9027f0955a35d22 [term 1 LEADER]: Becoming Follower/Learner. State: Replica: 06ac7320810648a6b9027f0955a35d22, State: Running, Role: LEADER
I20260710 13:25:56.600618   484 consensus_queue.cc:260] T 4fddb0c48e09427f87b58a069a5cc153 P 06ac7320810648a6b9027f0955a35d22 [NON_LEADER]: Queue going to NON_LEADER mode. State: All replicated index: 0, Majority replicated index: 1, Committed index: 1, Last appended: 1.1, Last appended by leader: 1, Current term: 1, Majority size: -1, State: 0, Mode: NON_LEADER, active raft config: opid_index: -1 OBSOLETE_local: false peers { permanent_uuid: "a677ea4d5d244064bf1fc68e1bee410e" member_type: VOTER last_known_addr { host: "127.31.231.1" port: 43167 } } peers { permanent_uuid: "fbee86764a514e09ad7efe381d0b9811" member_type: VOTER last_known_addr { host: "127.31.231.2" port: 40505 } } peers { permanent_uuid: "06ac7320810648a6b9027f0955a35d22" member_type: VOTER last_known_addr { host: "127.31.231.3" port: 35715 } }
I20260710 13:25:56.601941   484 raft_consensus.cc:3060] T 4fddb0c48e09427f87b58a069a5cc153 P 06ac7320810648a6b9027f0955a35d22 [term 1 FOLLOWER]: Advancing to term 2
I20260710 13:25:56.605895   410 raft_consensus.cc:2468] T 4fddb0c48e09427f87b58a069a5cc153 P fbee86764a514e09ad7efe381d0b9811 [term 2 FOLLOWER]: Leader election vote request: Granting yes vote for candidate a677ea4d5d244064bf1fc68e1bee410e in term 2.
I20260710 13:25:56.607239 32766 leader_election.cc:304] T 4fddb0c48e09427f87b58a069a5cc153 P a677ea4d5d244064bf1fc68e1bee410e [CANDIDATE]: Term 2 election: Election decided. Result: candidate won. Election summary: received 2 responses out of 3 voters: 2 yes votes; 0 no votes. yes voters: a677ea4d5d244064bf1fc68e1bee410e, fbee86764a514e09ad7efe381d0b9811; no voters: 
I20260710 13:25:56.608078   561 raft_consensus.cc:2804] T 4fddb0c48e09427f87b58a069a5cc153 P a677ea4d5d244064bf1fc68e1bee410e [term 2 FOLLOWER]: Leader election won for term 2
I20260710 13:25:56.608549   561 raft_consensus.cc:697] T 4fddb0c48e09427f87b58a069a5cc153 P a677ea4d5d244064bf1fc68e1bee410e [term 2 LEADER]: Becoming Leader. State: Replica: a677ea4d5d244064bf1fc68e1bee410e, State: Running, Role: LEADER
I20260710 13:25:56.609685   484 raft_consensus.cc:2468] T 4fddb0c48e09427f87b58a069a5cc153 P 06ac7320810648a6b9027f0955a35d22 [term 2 FOLLOWER]: Leader election vote request: Granting yes vote for candidate a677ea4d5d244064bf1fc68e1bee410e in term 2.
I20260710 13:25:56.609345   561 consensus_queue.cc:237] T 4fddb0c48e09427f87b58a069a5cc153 P a677ea4d5d244064bf1fc68e1bee410e [LEADER]: Queue going to LEADER mode. State: All replicated index: 0, Majority replicated index: 1, Committed index: 1, Last appended: 1.1, Last appended by leader: 1, Current term: 2, Majority size: 2, State: 0, Mode: LEADER, active raft config: opid_index: -1 OBSOLETE_local: false peers { permanent_uuid: "a677ea4d5d244064bf1fc68e1bee410e" member_type: VOTER last_known_addr { host: "127.31.231.1" port: 43167 } } peers { permanent_uuid: "fbee86764a514e09ad7efe381d0b9811" member_type: VOTER last_known_addr { host: "127.31.231.2" port: 40505 } } peers { permanent_uuid: "06ac7320810648a6b9027f0955a35d22" member_type: VOTER last_known_addr { host: "127.31.231.3" port: 35715 } }
I20260710 13:25:56.616245 32698 catalog_manager.cc:5697] T 4fddb0c48e09427f87b58a069a5cc153 P a677ea4d5d244064bf1fc68e1bee410e reported cstate change: term changed from 1 to 2, leader changed from 06ac7320810648a6b9027f0955a35d22 (127.31.231.3) to a677ea4d5d244064bf1fc68e1bee410e (127.31.231.1). New cstate: current_term: 2 leader_uuid: "a677ea4d5d244064bf1fc68e1bee410e" committed_config { opid_index: -1 OBSOLETE_local: false peers { permanent_uuid: "a677ea4d5d244064bf1fc68e1bee410e" member_type: VOTER last_known_addr { host: "127.31.231.1" port: 43167 } health_report { overall_health: HEALTHY } } peers { permanent_uuid: "fbee86764a514e09ad7efe381d0b9811" member_type: VOTER last_known_addr { host: "127.31.231.2" port: 40505 } health_report { overall_health: UNKNOWN } } peers { permanent_uuid: "06ac7320810648a6b9027f0955a35d22" member_type: VOTER last_known_addr { host: "127.31.231.3" port: 35715 } health_report { overall_health: UNKNOWN } } }
I20260710 13:25:56.636148   534 raft_consensus.cc:993] T fc6ac9703e0745bfb42400f5fc73646d P 06ac7320810648a6b9027f0955a35d22: : Instructing follower a677ea4d5d244064bf1fc68e1bee410e to start an election
I20260710 13:25:56.636605   581 raft_consensus.cc:1081] T fc6ac9703e0745bfb42400f5fc73646d P 06ac7320810648a6b9027f0955a35d22 [term 1 LEADER]: Signalling peer a677ea4d5d244064bf1fc68e1bee410e to start an election
I20260710 13:25:56.638180   334 tablet_service.cc:2044] Received Run Leader Election RPC: tablet_id: "fc6ac9703e0745bfb42400f5fc73646d"
dest_uuid: "a677ea4d5d244064bf1fc68e1bee410e"
 from {username='slave'} at 127.0.0.1:43070
I20260710 13:25:56.638737   334 raft_consensus.cc:493] T fc6ac9703e0745bfb42400f5fc73646d P a677ea4d5d244064bf1fc68e1bee410e [term 1 FOLLOWER]: Starting forced leader election (received explicit request)
I20260710 13:25:56.639098   334 raft_consensus.cc:3060] T fc6ac9703e0745bfb42400f5fc73646d P a677ea4d5d244064bf1fc68e1bee410e [term 1 FOLLOWER]: Advancing to term 2
I20260710 13:25:56.645538   334 raft_consensus.cc:515] T fc6ac9703e0745bfb42400f5fc73646d P a677ea4d5d244064bf1fc68e1bee410e [term 2 FOLLOWER]: Starting forced leader election with config: opid_index: -1 OBSOLETE_local: false peers { permanent_uuid: "a677ea4d5d244064bf1fc68e1bee410e" member_type: VOTER last_known_addr { host: "127.31.231.1" port: 43167 } } peers { permanent_uuid: "fbee86764a514e09ad7efe381d0b9811" member_type: VOTER last_known_addr { host: "127.31.231.2" port: 40505 } } peers { permanent_uuid: "06ac7320810648a6b9027f0955a35d22" member_type: VOTER last_known_addr { host: "127.31.231.3" port: 35715 } }
I20260710 13:25:56.647552   334 leader_election.cc:290] T fc6ac9703e0745bfb42400f5fc73646d P a677ea4d5d244064bf1fc68e1bee410e [CANDIDATE]: Term 2 election: Requested vote from peers fbee86764a514e09ad7efe381d0b9811 (127.31.231.2:40505), 06ac7320810648a6b9027f0955a35d22 (127.31.231.3:35715)
I20260710 13:25:56.648368   410 tablet_service.cc:1917] Received RequestConsensusVote() RPC: tablet_id: "fc6ac9703e0745bfb42400f5fc73646d" candidate_uuid: "a677ea4d5d244064bf1fc68e1bee410e" candidate_term: 2 candidate_status { last_received { term: 1 index: 1 } } ignore_live_leader: true dest_uuid: "fbee86764a514e09ad7efe381d0b9811"
I20260710 13:25:56.648658   484 tablet_service.cc:1917] Received RequestConsensusVote() RPC: tablet_id: "fc6ac9703e0745bfb42400f5fc73646d" candidate_uuid: "a677ea4d5d244064bf1fc68e1bee410e" candidate_term: 2 candidate_status { last_received { term: 1 index: 1 } } ignore_live_leader: true dest_uuid: "06ac7320810648a6b9027f0955a35d22"
I20260710 13:25:56.649005   410 raft_consensus.cc:3060] T fc6ac9703e0745bfb42400f5fc73646d P fbee86764a514e09ad7efe381d0b9811 [term 1 FOLLOWER]: Advancing to term 2
I20260710 13:25:56.649242   484 raft_consensus.cc:3055] T fc6ac9703e0745bfb42400f5fc73646d P 06ac7320810648a6b9027f0955a35d22 [term 1 LEADER]: Stepping down as leader of term 1
I20260710 13:25:56.649600   484 raft_consensus.cc:740] T fc6ac9703e0745bfb42400f5fc73646d P 06ac7320810648a6b9027f0955a35d22 [term 1 LEADER]: Becoming Follower/Learner. State: Replica: 06ac7320810648a6b9027f0955a35d22, State: Running, Role: LEADER
I20260710 13:25:56.650382   484 consensus_queue.cc:260] T fc6ac9703e0745bfb42400f5fc73646d P 06ac7320810648a6b9027f0955a35d22 [NON_LEADER]: Queue going to NON_LEADER mode. State: All replicated index: 0, Majority replicated index: 1, Committed index: 1, Last appended: 1.1, Last appended by leader: 1, Current term: 1, Majority size: -1, State: 0, Mode: NON_LEADER, active raft config: opid_index: -1 OBSOLETE_local: false peers { permanent_uuid: "a677ea4d5d244064bf1fc68e1bee410e" member_type: VOTER last_known_addr { host: "127.31.231.1" port: 43167 } } peers { permanent_uuid: "fbee86764a514e09ad7efe381d0b9811" member_type: VOTER last_known_addr { host: "127.31.231.2" port: 40505 } } peers { permanent_uuid: "06ac7320810648a6b9027f0955a35d22" member_type: VOTER last_known_addr { host: "127.31.231.3" port: 35715 } }
I20260710 13:25:56.651566   484 raft_consensus.cc:3060] T fc6ac9703e0745bfb42400f5fc73646d P 06ac7320810648a6b9027f0955a35d22 [term 1 FOLLOWER]: Advancing to term 2
I20260710 13:25:56.653646   410 raft_consensus.cc:2468] T fc6ac9703e0745bfb42400f5fc73646d P fbee86764a514e09ad7efe381d0b9811 [term 2 FOLLOWER]: Leader election vote request: Granting yes vote for candidate a677ea4d5d244064bf1fc68e1bee410e in term 2.
I20260710 13:25:56.654630 32766 leader_election.cc:304] T fc6ac9703e0745bfb42400f5fc73646d P a677ea4d5d244064bf1fc68e1bee410e [CANDIDATE]: Term 2 election: Election decided. Result: candidate won. Election summary: received 2 responses out of 3 voters: 2 yes votes; 0 no votes. yes voters: a677ea4d5d244064bf1fc68e1bee410e, fbee86764a514e09ad7efe381d0b9811; no voters: 
I20260710 13:25:56.655296   561 raft_consensus.cc:2804] T fc6ac9703e0745bfb42400f5fc73646d P a677ea4d5d244064bf1fc68e1bee410e [term 2 FOLLOWER]: Leader election won for term 2
I20260710 13:25:56.655746   561 raft_consensus.cc:697] T fc6ac9703e0745bfb42400f5fc73646d P a677ea4d5d244064bf1fc68e1bee410e [term 2 LEADER]: Becoming Leader. State: Replica: a677ea4d5d244064bf1fc68e1bee410e, State: Running, Role: LEADER
I20260710 13:25:56.656548   561 consensus_queue.cc:237] T fc6ac9703e0745bfb42400f5fc73646d P a677ea4d5d244064bf1fc68e1bee410e [LEADER]: Queue going to LEADER mode. State: All replicated index: 0, Majority replicated index: 1, Committed index: 1, Last appended: 1.1, Last appended by leader: 1, Current term: 2, Majority size: 2, State: 0, Mode: LEADER, active raft config: opid_index: -1 OBSOLETE_local: false peers { permanent_uuid: "a677ea4d5d244064bf1fc68e1bee410e" member_type: VOTER last_known_addr { host: "127.31.231.1" port: 43167 } } peers { permanent_uuid: "fbee86764a514e09ad7efe381d0b9811" member_type: VOTER last_known_addr { host: "127.31.231.2" port: 40505 } } peers { permanent_uuid: "06ac7320810648a6b9027f0955a35d22" member_type: VOTER last_known_addr { host: "127.31.231.3" port: 35715 } }
I20260710 13:25:56.659312   581 consensus_queue.cc:1048] T 665b602dd7294f9f8e42eae09cd6b0ec P 06ac7320810648a6b9027f0955a35d22 [LEADER]: Connected to new peer: Peer: permanent_uuid: "fbee86764a514e09ad7efe381d0b9811" member_type: VOTER last_known_addr { host: "127.31.231.2" port: 40505 }, Status: LMP_MISMATCH, Last received: 0.0, Next index: 1, Last known committed idx: 0, Time since last communication: 0.000s
I20260710 13:25:56.662218   484 raft_consensus.cc:2468] T fc6ac9703e0745bfb42400f5fc73646d P 06ac7320810648a6b9027f0955a35d22 [term 2 FOLLOWER]: Leader election vote request: Granting yes vote for candidate a677ea4d5d244064bf1fc68e1bee410e in term 2.
I20260710 13:25:56.665057 32698 catalog_manager.cc:5697] T fc6ac9703e0745bfb42400f5fc73646d P a677ea4d5d244064bf1fc68e1bee410e reported cstate change: term changed from 1 to 2, leader changed from 06ac7320810648a6b9027f0955a35d22 (127.31.231.3) to a677ea4d5d244064bf1fc68e1bee410e (127.31.231.1). New cstate: current_term: 2 leader_uuid: "a677ea4d5d244064bf1fc68e1bee410e" committed_config { opid_index: -1 OBSOLETE_local: false peers { permanent_uuid: "a677ea4d5d244064bf1fc68e1bee410e" member_type: VOTER last_known_addr { host: "127.31.231.1" port: 43167 } health_report { overall_health: HEALTHY } } peers { permanent_uuid: "fbee86764a514e09ad7efe381d0b9811" member_type: VOTER last_known_addr { host: "127.31.231.2" port: 40505 } health_report { overall_health: UNKNOWN } } peers { permanent_uuid: "06ac7320810648a6b9027f0955a35d22" member_type: VOTER last_known_addr { host: "127.31.231.3" port: 35715 } health_report { overall_health: UNKNOWN } } }
I20260710 13:25:56.674742   534 consensus_queue.cc:1048] T 665b602dd7294f9f8e42eae09cd6b0ec P 06ac7320810648a6b9027f0955a35d22 [LEADER]: Connected to new peer: Peer: permanent_uuid: "a677ea4d5d244064bf1fc68e1bee410e" member_type: VOTER last_known_addr { host: "127.31.231.1" port: 43167 }, Status: LMP_MISMATCH, Last received: 0.0, Next index: 1, Last known committed idx: 0, Time since last communication: 0.000s
I20260710 13:25:56.722882   581 consensus_queue.cc:1048] T b9084619ee124bd49c5eda9e4d28e056 P 06ac7320810648a6b9027f0955a35d22 [LEADER]: Connected to new peer: Peer: permanent_uuid: "a677ea4d5d244064bf1fc68e1bee410e" member_type: VOTER last_known_addr { host: "127.31.231.1" port: 43167 }, Status: LMP_MISMATCH, Last received: 0.0, Next index: 1, Last known committed idx: 0, Time since last communication: 0.000s
I20260710 13:25:56.733307   534 consensus_queue.cc:1048] T b9084619ee124bd49c5eda9e4d28e056 P 06ac7320810648a6b9027f0955a35d22 [LEADER]: Connected to new peer: Peer: permanent_uuid: "fbee86764a514e09ad7efe381d0b9811" member_type: VOTER last_known_addr { host: "127.31.231.2" port: 40505 }, Status: LMP_MISMATCH, Last received: 0.0, Next index: 1, Last known committed idx: 0, Time since last communication: 0.000s
I20260710 13:25:56.741952   534 raft_consensus.cc:993] T b9084619ee124bd49c5eda9e4d28e056 P 06ac7320810648a6b9027f0955a35d22: : Instructing follower fbee86764a514e09ad7efe381d0b9811 to start an election
I20260710 13:25:56.742390   534 raft_consensus.cc:1081] T b9084619ee124bd49c5eda9e4d28e056 P 06ac7320810648a6b9027f0955a35d22 [term 1 LEADER]: Signalling peer fbee86764a514e09ad7efe381d0b9811 to start an election
I20260710 13:25:56.744170   409 tablet_service.cc:2044] Received Run Leader Election RPC: tablet_id: "b9084619ee124bd49c5eda9e4d28e056"
dest_uuid: "fbee86764a514e09ad7efe381d0b9811"
 from {username='slave'} at 127.0.0.1:51850
I20260710 13:25:56.744791   409 raft_consensus.cc:493] T b9084619ee124bd49c5eda9e4d28e056 P fbee86764a514e09ad7efe381d0b9811 [term 1 FOLLOWER]: Starting forced leader election (received explicit request)
I20260710 13:25:56.745167   409 raft_consensus.cc:3060] T b9084619ee124bd49c5eda9e4d28e056 P fbee86764a514e09ad7efe381d0b9811 [term 1 FOLLOWER]: Advancing to term 2
I20260710 13:25:56.749504   409 raft_consensus.cc:515] T b9084619ee124bd49c5eda9e4d28e056 P fbee86764a514e09ad7efe381d0b9811 [term 2 FOLLOWER]: Starting forced leader election with config: opid_index: -1 OBSOLETE_local: false peers { permanent_uuid: "a677ea4d5d244064bf1fc68e1bee410e" member_type: VOTER last_known_addr { host: "127.31.231.1" port: 43167 } } peers { permanent_uuid: "fbee86764a514e09ad7efe381d0b9811" member_type: VOTER last_known_addr { host: "127.31.231.2" port: 40505 } } peers { permanent_uuid: "06ac7320810648a6b9027f0955a35d22" member_type: VOTER last_known_addr { host: "127.31.231.3" port: 35715 } }
I20260710 13:25:56.751354   409 leader_election.cc:290] T b9084619ee124bd49c5eda9e4d28e056 P fbee86764a514e09ad7efe381d0b9811 [CANDIDATE]: Term 2 election: Requested vote from peers a677ea4d5d244064bf1fc68e1bee410e (127.31.231.1:43167), 06ac7320810648a6b9027f0955a35d22 (127.31.231.3:35715)
I20260710 13:25:56.752054   334 tablet_service.cc:1917] Received RequestConsensusVote() RPC: tablet_id: "b9084619ee124bd49c5eda9e4d28e056" candidate_uuid: "fbee86764a514e09ad7efe381d0b9811" candidate_term: 2 candidate_status { last_received { term: 1 index: 1 } } ignore_live_leader: true dest_uuid: "a677ea4d5d244064bf1fc68e1bee410e"
I20260710 13:25:56.752607   334 raft_consensus.cc:3060] T b9084619ee124bd49c5eda9e4d28e056 P a677ea4d5d244064bf1fc68e1bee410e [term 1 FOLLOWER]: Advancing to term 2
I20260710 13:25:56.753113   484 tablet_service.cc:1917] Received RequestConsensusVote() RPC: tablet_id: "b9084619ee124bd49c5eda9e4d28e056" candidate_uuid: "fbee86764a514e09ad7efe381d0b9811" candidate_term: 2 candidate_status { last_received { term: 1 index: 1 } } ignore_live_leader: true dest_uuid: "06ac7320810648a6b9027f0955a35d22"
I20260710 13:25:56.753687   484 raft_consensus.cc:3055] T b9084619ee124bd49c5eda9e4d28e056 P 06ac7320810648a6b9027f0955a35d22 [term 1 LEADER]: Stepping down as leader of term 1
I20260710 13:25:56.753998   484 raft_consensus.cc:740] T b9084619ee124bd49c5eda9e4d28e056 P 06ac7320810648a6b9027f0955a35d22 [term 1 LEADER]: Becoming Follower/Learner. State: Replica: 06ac7320810648a6b9027f0955a35d22, State: Running, Role: LEADER
I20260710 13:25:56.754818   484 consensus_queue.cc:260] T b9084619ee124bd49c5eda9e4d28e056 P 06ac7320810648a6b9027f0955a35d22 [NON_LEADER]: Queue going to NON_LEADER mode. State: All replicated index: 0, Majority replicated index: 1, Committed index: 1, Last appended: 1.1, Last appended by leader: 1, Current term: 1, Majority size: -1, State: 0, Mode: NON_LEADER, active raft config: opid_index: -1 OBSOLETE_local: false peers { permanent_uuid: "a677ea4d5d244064bf1fc68e1bee410e" member_type: VOTER last_known_addr { host: "127.31.231.1" port: 43167 } } peers { permanent_uuid: "fbee86764a514e09ad7efe381d0b9811" member_type: VOTER last_known_addr { host: "127.31.231.2" port: 40505 } } peers { permanent_uuid: "06ac7320810648a6b9027f0955a35d22" member_type: VOTER last_known_addr { host: "127.31.231.3" port: 35715 } }
I20260710 13:25:56.755968   484 raft_consensus.cc:3060] T b9084619ee124bd49c5eda9e4d28e056 P 06ac7320810648a6b9027f0955a35d22 [term 1 FOLLOWER]: Advancing to term 2
I20260710 13:25:56.757550   334 raft_consensus.cc:2468] T b9084619ee124bd49c5eda9e4d28e056 P a677ea4d5d244064bf1fc68e1bee410e [term 2 FOLLOWER]: Leader election vote request: Granting yes vote for candidate fbee86764a514e09ad7efe381d0b9811 in term 2.
I20260710 13:25:56.758917   376 leader_election.cc:304] T b9084619ee124bd49c5eda9e4d28e056 P fbee86764a514e09ad7efe381d0b9811 [CANDIDATE]: Term 2 election: Election decided. Result: candidate won. Election summary: received 2 responses out of 3 voters: 2 yes votes; 0 no votes. yes voters: a677ea4d5d244064bf1fc68e1bee410e, fbee86764a514e09ad7efe381d0b9811; no voters: 
I20260710 13:25:56.759687   540 raft_consensus.cc:2804] T b9084619ee124bd49c5eda9e4d28e056 P fbee86764a514e09ad7efe381d0b9811 [term 2 FOLLOWER]: Leader election won for term 2
I20260710 13:25:56.760159   540 raft_consensus.cc:697] T b9084619ee124bd49c5eda9e4d28e056 P fbee86764a514e09ad7efe381d0b9811 [term 2 LEADER]: Becoming Leader. State: Replica: fbee86764a514e09ad7efe381d0b9811, State: Running, Role: LEADER
I20260710 13:25:56.764354   534 consensus_queue.cc:1048] T f2de59623b2a470cb5a92c3563b942a4 P 06ac7320810648a6b9027f0955a35d22 [LEADER]: Connected to new peer: Peer: permanent_uuid: "fbee86764a514e09ad7efe381d0b9811" member_type: VOTER last_known_addr { host: "127.31.231.2" port: 40505 }, Status: LMP_MISMATCH, Last received: 0.0, Next index: 1, Last known committed idx: 0, Time since last communication: 0.000s
I20260710 13:25:56.761905   540 consensus_queue.cc:237] T b9084619ee124bd49c5eda9e4d28e056 P fbee86764a514e09ad7efe381d0b9811 [LEADER]: Queue going to LEADER mode. State: All replicated index: 0, Majority replicated index: 1, Committed index: 1, Last appended: 1.1, Last appended by leader: 1, Current term: 2, Majority size: 2, State: 0, Mode: LEADER, active raft config: opid_index: -1 OBSOLETE_local: false peers { permanent_uuid: "a677ea4d5d244064bf1fc68e1bee410e" member_type: VOTER last_known_addr { host: "127.31.231.1" port: 43167 } } peers { permanent_uuid: "fbee86764a514e09ad7efe381d0b9811" member_type: VOTER last_known_addr { host: "127.31.231.2" port: 40505 } } peers { permanent_uuid: "06ac7320810648a6b9027f0955a35d22" member_type: VOTER last_known_addr { host: "127.31.231.3" port: 35715 } }
I20260710 13:25:56.770030   534 consensus_queue.cc:1048] T f2de59623b2a470cb5a92c3563b942a4 P 06ac7320810648a6b9027f0955a35d22 [LEADER]: Connected to new peer: Peer: permanent_uuid: "a677ea4d5d244064bf1fc68e1bee410e" member_type: VOTER last_known_addr { host: "127.31.231.1" port: 43167 }, Status: LMP_MISMATCH, Last received: 0.0, Next index: 1, Last known committed idx: 0, Time since last communication: 0.001s
I20260710 13:25:56.776702   583 raft_consensus.cc:993] T f2de59623b2a470cb5a92c3563b942a4 P 06ac7320810648a6b9027f0955a35d22: : Instructing follower fbee86764a514e09ad7efe381d0b9811 to start an election
I20260710 13:25:56.777122   583 raft_consensus.cc:1081] T f2de59623b2a470cb5a92c3563b942a4 P 06ac7320810648a6b9027f0955a35d22 [term 1 LEADER]: Signalling peer fbee86764a514e09ad7efe381d0b9811 to start an election
I20260710 13:25:56.784965   484 raft_consensus.cc:2468] T b9084619ee124bd49c5eda9e4d28e056 P 06ac7320810648a6b9027f0955a35d22 [term 2 FOLLOWER]: Leader election vote request: Granting yes vote for candidate fbee86764a514e09ad7efe381d0b9811 in term 2.
I20260710 13:25:56.787734 32700 catalog_manager.cc:5697] T b9084619ee124bd49c5eda9e4d28e056 P fbee86764a514e09ad7efe381d0b9811 reported cstate change: term changed from 1 to 2, leader changed from 06ac7320810648a6b9027f0955a35d22 (127.31.231.3) to fbee86764a514e09ad7efe381d0b9811 (127.31.231.2). New cstate: current_term: 2 leader_uuid: "fbee86764a514e09ad7efe381d0b9811" committed_config { opid_index: -1 OBSOLETE_local: false peers { permanent_uuid: "a677ea4d5d244064bf1fc68e1bee410e" member_type: VOTER last_known_addr { host: "127.31.231.1" port: 43167 } health_report { overall_health: UNKNOWN } } peers { permanent_uuid: "fbee86764a514e09ad7efe381d0b9811" member_type: VOTER last_known_addr { host: "127.31.231.2" port: 40505 } health_report { overall_health: HEALTHY } } peers { permanent_uuid: "06ac7320810648a6b9027f0955a35d22" member_type: VOTER last_known_addr { host: "127.31.231.3" port: 35715 } health_report { overall_health: UNKNOWN } } }
I20260710 13:25:56.788751   409 tablet_service.cc:2044] Received Run Leader Election RPC: tablet_id: "f2de59623b2a470cb5a92c3563b942a4"
dest_uuid: "fbee86764a514e09ad7efe381d0b9811"
 from {username='slave'} at 127.0.0.1:51850
I20260710 13:25:56.789366   409 raft_consensus.cc:493] T f2de59623b2a470cb5a92c3563b942a4 P fbee86764a514e09ad7efe381d0b9811 [term 1 FOLLOWER]: Starting forced leader election (received explicit request)
I20260710 13:25:56.789778   409 raft_consensus.cc:3060] T f2de59623b2a470cb5a92c3563b942a4 P fbee86764a514e09ad7efe381d0b9811 [term 1 FOLLOWER]: Advancing to term 2
I20260710 13:25:56.798789   535 consensus_queue.cc:1048] T fe20f4e0dfbe4bda9ea44424fdc4e81a P a677ea4d5d244064bf1fc68e1bee410e [LEADER]: Connected to new peer: Peer: permanent_uuid: "fbee86764a514e09ad7efe381d0b9811" member_type: VOTER last_known_addr { host: "127.31.231.2" port: 40505 }, Status: LMP_MISMATCH, Last received: 0.0, Next index: 1, Last known committed idx: 0, Time since last communication: 0.000s
I20260710 13:25:56.800482   583 raft_consensus.cc:993] T a18a33c6a5764500a2e531227aa69850 P 06ac7320810648a6b9027f0955a35d22: : Instructing follower a677ea4d5d244064bf1fc68e1bee410e to start an election
I20260710 13:25:56.800907   583 raft_consensus.cc:1081] T a18a33c6a5764500a2e531227aa69850 P 06ac7320810648a6b9027f0955a35d22 [term 1 LEADER]: Signalling peer a677ea4d5d244064bf1fc68e1bee410e to start an election
I20260710 13:25:56.804558   334 tablet_service.cc:2044] Received Run Leader Election RPC: tablet_id: "a18a33c6a5764500a2e531227aa69850"
dest_uuid: "a677ea4d5d244064bf1fc68e1bee410e"
 from {username='slave'} at 127.0.0.1:43070
I20260710 13:25:56.805073   334 raft_consensus.cc:493] T a18a33c6a5764500a2e531227aa69850 P a677ea4d5d244064bf1fc68e1bee410e [term 1 FOLLOWER]: Starting forced leader election (received explicit request)
I20260710 13:25:56.805430   334 raft_consensus.cc:3060] T a18a33c6a5764500a2e531227aa69850 P a677ea4d5d244064bf1fc68e1bee410e [term 1 FOLLOWER]: Advancing to term 2
I20260710 13:25:56.812603   334 raft_consensus.cc:515] T a18a33c6a5764500a2e531227aa69850 P a677ea4d5d244064bf1fc68e1bee410e [term 2 FOLLOWER]: Starting forced leader election with config: opid_index: -1 OBSOLETE_local: false peers { permanent_uuid: "fbee86764a514e09ad7efe381d0b9811" member_type: VOTER last_known_addr { host: "127.31.231.2" port: 40505 } } peers { permanent_uuid: "a677ea4d5d244064bf1fc68e1bee410e" member_type: VOTER last_known_addr { host: "127.31.231.1" port: 43167 } } peers { permanent_uuid: "06ac7320810648a6b9027f0955a35d22" member_type: VOTER last_known_addr { host: "127.31.231.3" port: 35715 } }
I20260710 13:25:56.813045   535 consensus_queue.cc:1048] T fe20f4e0dfbe4bda9ea44424fdc4e81a P a677ea4d5d244064bf1fc68e1bee410e [LEADER]: Connected to new peer: Peer: permanent_uuid: "06ac7320810648a6b9027f0955a35d22" member_type: VOTER last_known_addr { host: "127.31.231.3" port: 35715 }, Status: LMP_MISMATCH, Last received: 0.0, Next index: 1, Last known committed idx: 0, Time since last communication: 0.000s
I20260710 13:25:56.815111   334 leader_election.cc:290] T a18a33c6a5764500a2e531227aa69850 P a677ea4d5d244064bf1fc68e1bee410e [CANDIDATE]: Term 2 election: Requested vote from peers fbee86764a514e09ad7efe381d0b9811 (127.31.231.2:40505), 06ac7320810648a6b9027f0955a35d22 (127.31.231.3:35715)
I20260710 13:25:56.815651   408 tablet_service.cc:1917] Received RequestConsensusVote() RPC: tablet_id: "a18a33c6a5764500a2e531227aa69850" candidate_uuid: "a677ea4d5d244064bf1fc68e1bee410e" candidate_term: 2 candidate_status { last_received { term: 1 index: 1 } } ignore_live_leader: true dest_uuid: "fbee86764a514e09ad7efe381d0b9811"
I20260710 13:25:56.816277   408 raft_consensus.cc:3060] T a18a33c6a5764500a2e531227aa69850 P fbee86764a514e09ad7efe381d0b9811 [term 1 FOLLOWER]: Advancing to term 2
I20260710 13:25:56.818148   409 raft_consensus.cc:515] T f2de59623b2a470cb5a92c3563b942a4 P fbee86764a514e09ad7efe381d0b9811 [term 2 FOLLOWER]: Starting forced leader election with config: opid_index: -1 OBSOLETE_local: false peers { permanent_uuid: "a677ea4d5d244064bf1fc68e1bee410e" member_type: VOTER last_known_addr { host: "127.31.231.1" port: 43167 } } peers { permanent_uuid: "fbee86764a514e09ad7efe381d0b9811" member_type: VOTER last_known_addr { host: "127.31.231.2" port: 40505 } } peers { permanent_uuid: "06ac7320810648a6b9027f0955a35d22" member_type: VOTER last_known_addr { host: "127.31.231.3" port: 35715 } }
