I20260710 13:16:03.944723  1760 raft_consensus.cc:515] T f6542e5b8a2d4b338129c1f39215fb13 P 318e9e56408744bfba0992118074bee9 [term 0 FOLLOWER]: Starting pre-election with config: opid_index: -1 OBSOLETE_local: false peers { permanent_uuid: "318e9e56408744bfba0992118074bee9" member_type: VOTER last_known_addr { host: "127.0.107.193" port: 39655 } } peers { permanent_uuid: "85765d741ab94889a8cc6d712d03cd44" member_type: VOTER last_known_addr { host: "127.0.107.194" port: 46009 } } peers { permanent_uuid: "0571625f756f4e63941d2154310a9ef0" member_type: VOTER last_known_addr { host: "127.0.107.195" port: 37451 } }
I20260710 13:16:03.978892  1760 leader_election.cc:290] T f6542e5b8a2d4b338129c1f39215fb13 P 318e9e56408744bfba0992118074bee9 [CANDIDATE]: Term 1 pre-election: Requested pre-vote from peers 85765d741ab94889a8cc6d712d03cd44 (127.0.107.194:46009), 0571625f756f4e63941d2154310a9ef0 (127.0.107.195:37451)
I20260710 13:16:03.983141  1717 tablet_bootstrap.cc:492] T 4ea2dc860ba543e98dd6c1e3458795b5 P 0571625f756f4e63941d2154310a9ef0: No bootstrap required, opened a new log
I20260710 13:16:03.984977  1717 ts_tablet_manager.cc:1403] T 4ea2dc860ba543e98dd6c1e3458795b5 P 0571625f756f4e63941d2154310a9ef0: Time spent bootstrapping tablet: real 0.152s	user 0.017s	sys 0.005s
I20260710 13:16:03.985776  1760 raft_consensus.cc:493] T 58d7b42528694d7487780db2574ec72a P 318e9e56408744bfba0992118074bee9 [term 0 FOLLOWER]: Starting pre-election (no leader contacted us within the election timeout)
I20260710 13:16:03.986218  1760 raft_consensus.cc:515] T 58d7b42528694d7487780db2574ec72a P 318e9e56408744bfba0992118074bee9 [term 0 FOLLOWER]: Starting pre-election with config: opid_index: -1 OBSOLETE_local: false peers { permanent_uuid: "318e9e56408744bfba0992118074bee9" member_type: VOTER last_known_addr { host: "127.0.107.193" port: 39655 } } peers { permanent_uuid: "85765d741ab94889a8cc6d712d03cd44" member_type: VOTER last_known_addr { host: "127.0.107.194" port: 46009 } } peers { permanent_uuid: "0571625f756f4e63941d2154310a9ef0" member_type: VOTER last_known_addr { host: "127.0.107.195" port: 37451 } }
I20260710 13:16:03.979213  1603 tablet_service.cc:1917] Received RequestConsensusVote() RPC: tablet_id: "fb9bc45615394af68176adcd90bab2b7" candidate_uuid: "0571625f756f4e63941d2154310a9ef0" candidate_term: 1 candidate_status { last_received { term: 0 index: 0 } } ignore_live_leader: false dest_uuid: "85765d741ab94889a8cc6d712d03cd44"
I20260710 13:16:03.989869  1717 raft_consensus.cc:359] T 4ea2dc860ba543e98dd6c1e3458795b5 P 0571625f756f4e63941d2154310a9ef0 [term 0 FOLLOWER]: Replica starting. Triggering 0 pending ops. Active config: opid_index: -1 OBSOLETE_local: false peers { permanent_uuid: "318e9e56408744bfba0992118074bee9" member_type: VOTER last_known_addr { host: "127.0.107.193" port: 39655 } } peers { permanent_uuid: "85765d741ab94889a8cc6d712d03cd44" member_type: VOTER last_known_addr { host: "127.0.107.194" port: 46009 } } peers { permanent_uuid: "0571625f756f4e63941d2154310a9ef0" member_type: VOTER last_known_addr { host: "127.0.107.195" port: 37451 } }
I20260710 13:16:03.990518  1717 raft_consensus.cc:385] T 4ea2dc860ba543e98dd6c1e3458795b5 P 0571625f756f4e63941d2154310a9ef0 [term 0 FOLLOWER]: Consensus starting up: Expiring failure detector timer to make a prompt election more likely
I20260710 13:16:03.990788  1717 raft_consensus.cc:740] T 4ea2dc860ba543e98dd6c1e3458795b5 P 0571625f756f4e63941d2154310a9ef0 [term 0 FOLLOWER]: Becoming Follower/Learner. State: Replica: 0571625f756f4e63941d2154310a9ef0, State: Initialized, Role: FOLLOWER
I20260710 13:16:03.991400  1717 consensus_queue.cc:260] T 4ea2dc860ba543e98dd6c1e3458795b5 P 0571625f756f4e63941d2154310a9ef0 [NON_LEADER]: Queue going to NON_LEADER mode. State: All replicated index: 0, Majority replicated index: 0, Committed index: 0, Last appended: 0.0, Last appended by leader: 0, Current term: 0, Majority size: -1, State: 0, Mode: NON_LEADER, active raft config: opid_index: -1 OBSOLETE_local: false peers { permanent_uuid: "318e9e56408744bfba0992118074bee9" member_type: VOTER last_known_addr { host: "127.0.107.193" port: 39655 } } peers { permanent_uuid: "85765d741ab94889a8cc6d712d03cd44" member_type: VOTER last_known_addr { host: "127.0.107.194" port: 46009 } } peers { permanent_uuid: "0571625f756f4e63941d2154310a9ef0" member_type: VOTER last_known_addr { host: "127.0.107.195" port: 37451 } }
I20260710 13:16:03.993413  1717 ts_tablet_manager.cc:1434] T 4ea2dc860ba543e98dd6c1e3458795b5 P 0571625f756f4e63941d2154310a9ef0: Time spent starting tablet: real 0.008s	user 0.002s	sys 0.001s
I20260710 13:16:03.994613  1717 tablet_bootstrap.cc:492] T 9b73229c1c814b77be3a15a40c2b98f9 P 0571625f756f4e63941d2154310a9ef0: Bootstrap starting.
I20260710 13:16:03.995668  1674 tablet_service.cc:1917] Received RequestConsensusVote() RPC: tablet_id: "f6542e5b8a2d4b338129c1f39215fb13" candidate_uuid: "318e9e56408744bfba0992118074bee9" candidate_term: 1 candidate_status { last_received { term: 0 index: 0 } } ignore_live_leader: false dest_uuid: "0571625f756f4e63941d2154310a9ef0" is_pre_election: true
I20260710 13:16:03.988186  1760 leader_election.cc:290] T 58d7b42528694d7487780db2574ec72a P 318e9e56408744bfba0992118074bee9 [CANDIDATE]: Term 1 pre-election: Requested pre-vote from peers 85765d741ab94889a8cc6d712d03cd44 (127.0.107.194:46009), 0571625f756f4e63941d2154310a9ef0 (127.0.107.195:37451)
I20260710 13:16:04.008499  1602 tablet_service.cc:1917] Received RequestConsensusVote() RPC: tablet_id: "0ccfcc8ae9cd4cbb9cdc8b95e6c7ddd2" candidate_uuid: "318e9e56408744bfba0992118074bee9" candidate_term: 1 candidate_status { last_received { term: 0 index: 0 } } ignore_live_leader: false dest_uuid: "85765d741ab94889a8cc6d712d03cd44" is_pre_election: true
I20260710 13:16:03.996325  1674 raft_consensus.cc:2468] T f6542e5b8a2d4b338129c1f39215fb13 P 0571625f756f4e63941d2154310a9ef0 [term 0 FOLLOWER]: Leader pre-election vote request: Granting yes vote for candidate 318e9e56408744bfba0992118074bee9 in term 0.
I20260710 13:16:04.009549  1602 raft_consensus.cc:2468] T 0ccfcc8ae9cd4cbb9cdc8b95e6c7ddd2 P 85765d741ab94889a8cc6d712d03cd44 [term 0 FOLLOWER]: Leader pre-election vote request: Granting yes vote for candidate 318e9e56408744bfba0992118074bee9 in term 0.
I20260710 13:16:04.004542  1603 raft_consensus.cc:3060] T fb9bc45615394af68176adcd90bab2b7 P 85765d741ab94889a8cc6d712d03cd44 [term 0 FOLLOWER]: Advancing to term 1
I20260710 13:16:04.024950  1494 leader_election.cc:304] T f6542e5b8a2d4b338129c1f39215fb13 P 318e9e56408744bfba0992118074bee9 [CANDIDATE]: Term 1 pre-election: Election decided. Result: candidate won. Election summary: received 2 responses out of 3 voters: 2 yes votes; 0 no votes. yes voters: 0571625f756f4e63941d2154310a9ef0, 318e9e56408744bfba0992118074bee9; no voters: 
I20260710 13:16:04.026038  1599 tablet_service.cc:1917] Received RequestConsensusVote() RPC: tablet_id: "f6542e5b8a2d4b338129c1f39215fb13" candidate_uuid: "318e9e56408744bfba0992118074bee9" candidate_term: 1 candidate_status { last_received { term: 0 index: 0 } } ignore_live_leader: false dest_uuid: "85765d741ab94889a8cc6d712d03cd44" is_pre_election: true
I20260710 13:16:04.021139  1598 tablet_service.cc:1917] Received RequestConsensusVote() RPC: tablet_id: "58d7b42528694d7487780db2574ec72a" candidate_uuid: "318e9e56408744bfba0992118074bee9" candidate_term: 1 candidate_status { last_received { term: 0 index: 0 } } ignore_live_leader: false dest_uuid: "85765d741ab94889a8cc6d712d03cd44" is_pre_election: true
I20260710 13:16:04.022475  1675 tablet_service.cc:1917] Received RequestConsensusVote() RPC: tablet_id: "0ccfcc8ae9cd4cbb9cdc8b95e6c7ddd2" candidate_uuid: "318e9e56408744bfba0992118074bee9" candidate_term: 1 candidate_status { last_received { term: 0 index: 0 } } ignore_live_leader: false dest_uuid: "0571625f756f4e63941d2154310a9ef0" is_pre_election: true
I20260710 13:16:04.031652  1774 consensus_queue.cc:1048] T 70deb35004604679bf88af187eeb5b22 P 85765d741ab94889a8cc6d712d03cd44 [LEADER]: Connected to new peer: Peer: permanent_uuid: "318e9e56408744bfba0992118074bee9" member_type: VOTER last_known_addr { host: "127.0.107.193" port: 39655 }, Status: LMP_MISMATCH, Last received: 0.0, Next index: 1, Last known committed idx: 0, Time since last communication: 0.000s
I20260710 13:16:04.029239  1723 raft_consensus.cc:2804] T f6542e5b8a2d4b338129c1f39215fb13 P 318e9e56408744bfba0992118074bee9 [term 0 FOLLOWER]: Leader pre-election won for term 1
I20260710 13:16:04.032429  1723 raft_consensus.cc:493] T f6542e5b8a2d4b338129c1f39215fb13 P 318e9e56408744bfba0992118074bee9 [term 0 FOLLOWER]: Starting leader election (no leader contacted us within the election timeout)
I20260710 13:16:04.032861  1723 raft_consensus.cc:3060] T f6542e5b8a2d4b338129c1f39215fb13 P 318e9e56408744bfba0992118074bee9 [term 0 FOLLOWER]: Advancing to term 1
I20260710 13:16:04.032943  1672 tablet_service.cc:1917] Received RequestConsensusVote() RPC: tablet_id: "58d7b42528694d7487780db2574ec72a" candidate_uuid: "318e9e56408744bfba0992118074bee9" candidate_term: 1 candidate_status { last_received { term: 0 index: 0 } } ignore_live_leader: false dest_uuid: "0571625f756f4e63941d2154310a9ef0" is_pre_election: true
I20260710 13:16:04.033674  1672 raft_consensus.cc:2468] T 58d7b42528694d7487780db2574ec72a P 0571625f756f4e63941d2154310a9ef0 [term 0 FOLLOWER]: Leader pre-election vote request: Granting yes vote for candidate 318e9e56408744bfba0992118074bee9 in term 0.
I20260710 13:16:04.034644  1598 raft_consensus.cc:2468] T 58d7b42528694d7487780db2574ec72a P 85765d741ab94889a8cc6d712d03cd44 [term 0 FOLLOWER]: Leader pre-election vote request: Granting yes vote for candidate 318e9e56408744bfba0992118074bee9 in term 0.
I20260710 13:16:04.037650  1494 leader_election.cc:304] T 0ccfcc8ae9cd4cbb9cdc8b95e6c7ddd2 P 318e9e56408744bfba0992118074bee9 [CANDIDATE]: Term 1 pre-election: Election decided. Result: candidate won. Election summary: received 2 responses out of 3 voters: 2 yes votes; 0 no votes. yes voters: 318e9e56408744bfba0992118074bee9, 85765d741ab94889a8cc6d712d03cd44; no voters: 
I20260710 13:16:04.040557  1808 raft_consensus.cc:2804] T 0ccfcc8ae9cd4cbb9cdc8b95e6c7ddd2 P 318e9e56408744bfba0992118074bee9 [term 0 FOLLOWER]: Leader pre-election won for term 1
I20260710 13:16:04.040925  1808 raft_consensus.cc:493] T 0ccfcc8ae9cd4cbb9cdc8b95e6c7ddd2 P 318e9e56408744bfba0992118074bee9 [term 0 FOLLOWER]: Starting leader election (no leader contacted us within the election timeout)
I20260710 13:16:04.039070  1494 leader_election.cc:304] T 58d7b42528694d7487780db2574ec72a P 318e9e56408744bfba0992118074bee9 [CANDIDATE]: Term 1 pre-election: Election decided. Result: candidate won. Election summary: received 2 responses out of 3 voters: 2 yes votes; 0 no votes. yes voters: 0571625f756f4e63941d2154310a9ef0, 318e9e56408744bfba0992118074bee9; no voters: 
I20260710 13:16:04.041384  1808 raft_consensus.cc:3060] T 0ccfcc8ae9cd4cbb9cdc8b95e6c7ddd2 P 318e9e56408744bfba0992118074bee9 [term 0 FOLLOWER]: Advancing to term 1
I20260710 13:16:04.041962  1760 raft_consensus.cc:2804] T 58d7b42528694d7487780db2574ec72a P 318e9e56408744bfba0992118074bee9 [term 0 FOLLOWER]: Leader pre-election won for term 1
I20260710 13:16:04.042311  1760 raft_consensus.cc:493] T 58d7b42528694d7487780db2574ec72a P 318e9e56408744bfba0992118074bee9 [term 0 FOLLOWER]: Starting leader election (no leader contacted us within the election timeout)
I20260710 13:16:04.042649  1760 raft_consensus.cc:3060] T 58d7b42528694d7487780db2574ec72a P 318e9e56408744bfba0992118074bee9 [term 0 FOLLOWER]: Advancing to term 1
I20260710 13:16:04.045012  1812 raft_consensus.cc:493] T 4ea2dc860ba543e98dd6c1e3458795b5 P 0571625f756f4e63941d2154310a9ef0 [term 0 FOLLOWER]: Starting pre-election (no leader contacted us within the election timeout)
I20260710 13:16:04.045466  1812 raft_consensus.cc:515] T 4ea2dc860ba543e98dd6c1e3458795b5 P 0571625f756f4e63941d2154310a9ef0 [term 0 FOLLOWER]: Starting pre-election with config: opid_index: -1 OBSOLETE_local: false peers { permanent_uuid: "318e9e56408744bfba0992118074bee9" member_type: VOTER last_known_addr { host: "127.0.107.193" port: 39655 } } peers { permanent_uuid: "85765d741ab94889a8cc6d712d03cd44" member_type: VOTER last_known_addr { host: "127.0.107.194" port: 46009 } } peers { permanent_uuid: "0571625f756f4e63941d2154310a9ef0" member_type: VOTER last_known_addr { host: "127.0.107.195" port: 37451 } }
I20260710 13:16:04.050303  1812 leader_election.cc:290] T 4ea2dc860ba543e98dd6c1e3458795b5 P 0571625f756f4e63941d2154310a9ef0 [CANDIDATE]: Term 1 pre-election: Requested pre-vote from peers 318e9e56408744bfba0992118074bee9 (127.0.107.193:39655), 85765d741ab94889a8cc6d712d03cd44 (127.0.107.194:46009)
I20260710 13:16:04.052201  1524 tablet_service.cc:1917] Received RequestConsensusVote() RPC: tablet_id: "4ea2dc860ba543e98dd6c1e3458795b5" candidate_uuid: "0571625f756f4e63941d2154310a9ef0" candidate_term: 1 candidate_status { last_received { term: 0 index: 0 } } ignore_live_leader: false dest_uuid: "318e9e56408744bfba0992118074bee9" is_pre_election: true
I20260710 13:16:04.054502  1602 tablet_service.cc:1917] Received RequestConsensusVote() RPC: tablet_id: "4ea2dc860ba543e98dd6c1e3458795b5" candidate_uuid: "0571625f756f4e63941d2154310a9ef0" candidate_term: 1 candidate_status { last_received { term: 0 index: 0 } } ignore_live_leader: false dest_uuid: "85765d741ab94889a8cc6d712d03cd44" is_pre_election: true
I20260710 13:16:04.054759  1723 raft_consensus.cc:515] T f6542e5b8a2d4b338129c1f39215fb13 P 318e9e56408744bfba0992118074bee9 [term 1 FOLLOWER]: Starting leader election with config: opid_index: -1 OBSOLETE_local: false peers { permanent_uuid: "318e9e56408744bfba0992118074bee9" member_type: VOTER last_known_addr { host: "127.0.107.193" port: 39655 } } peers { permanent_uuid: "85765d741ab94889a8cc6d712d03cd44" member_type: VOTER last_known_addr { host: "127.0.107.194" port: 46009 } } peers { permanent_uuid: "0571625f756f4e63941d2154310a9ef0" member_type: VOTER last_known_addr { host: "127.0.107.195" port: 37451 } }
I20260710 13:16:04.055684  1602 raft_consensus.cc:2393] T 4ea2dc860ba543e98dd6c1e3458795b5 P 85765d741ab94889a8cc6d712d03cd44 [term 1 FOLLOWER]: Leader pre-election vote request: Denying vote to candidate 0571625f756f4e63941d2154310a9ef0 in current term 1: Already voted for candidate 318e9e56408744bfba0992118074bee9 in this term.
I20260710 13:16:04.058228  1426 catalog_manager.cc:5697] T 6e760563011d4e27872702999cf2a750 P 318e9e56408744bfba0992118074bee9 reported cstate change: term changed from 0 to 1, leader changed from <none> to 318e9e56408744bfba0992118074bee9 (127.0.107.193). New cstate: current_term: 1 leader_uuid: "318e9e56408744bfba0992118074bee9" committed_config { opid_index: -1 OBSOLETE_local: false peers { permanent_uuid: "318e9e56408744bfba0992118074bee9" member_type: VOTER last_known_addr { host: "127.0.107.193" port: 39655 } health_report { overall_health: HEALTHY } } peers { permanent_uuid: "85765d741ab94889a8cc6d712d03cd44" member_type: VOTER last_known_addr { host: "127.0.107.194" port: 46009 } health_report { overall_health: UNKNOWN } } peers { permanent_uuid: "0571625f756f4e63941d2154310a9ef0" member_type: VOTER last_known_addr { host: "127.0.107.195" port: 37451 } health_report { overall_health: UNKNOWN } } }
I20260710 13:16:04.059653  1426 catalog_manager.cc:5697] T 4ea2dc860ba543e98dd6c1e3458795b5 P 318e9e56408744bfba0992118074bee9 reported cstate change: term changed from 0 to 1, leader changed from <none> to 318e9e56408744bfba0992118074bee9 (127.0.107.193). New cstate: current_term: 1 leader_uuid: "318e9e56408744bfba0992118074bee9" committed_config { opid_index: -1 OBSOLETE_local: false peers { permanent_uuid: "318e9e56408744bfba0992118074bee9" member_type: VOTER last_known_addr { host: "127.0.107.193" port: 39655 } health_report { overall_health: HEALTHY } } peers { permanent_uuid: "85765d741ab94889a8cc6d712d03cd44" member_type: VOTER last_known_addr { host: "127.0.107.194" port: 46009 } health_report { overall_health: UNKNOWN } } peers { permanent_uuid: "0571625f756f4e63941d2154310a9ef0" member_type: VOTER last_known_addr { host: "127.0.107.195" port: 37451 } health_report { overall_health: UNKNOWN } } }
I20260710 13:16:04.056723  1723 leader_election.cc:290] T f6542e5b8a2d4b338129c1f39215fb13 P 318e9e56408744bfba0992118074bee9 [CANDIDATE]: Term 1 election: Requested vote from peers 85765d741ab94889a8cc6d712d03cd44 (127.0.107.194:46009), 0571625f756f4e63941d2154310a9ef0 (127.0.107.195:37451)
I20260710 13:16:04.064046  1718 tablet_bootstrap.cc:492] T a5cec2e81d4c4636be966241e0251def P 85765d741ab94889a8cc6d712d03cd44: No bootstrap required, opened a new log
I20260710 13:16:04.064445  1718 ts_tablet_manager.cc:1403] T a5cec2e81d4c4636be966241e0251def P 85765d741ab94889a8cc6d712d03cd44: Time spent bootstrapping tablet: real 0.162s	user 0.024s	sys 0.024s
I20260710 13:16:04.070464  1717 tablet_bootstrap.cc:654] T 9b73229c1c814b77be3a15a40c2b98f9 P 0571625f756f4e63941d2154310a9ef0: Neither blocks nor log segments found. Creating new log.
I20260710 13:16:04.073557  1774 consensus_queue.cc:1048] T 70deb35004604679bf88af187eeb5b22 P 85765d741ab94889a8cc6d712d03cd44 [LEADER]: Connected to new peer: Peer: permanent_uuid: "0571625f756f4e63941d2154310a9ef0" member_type: VOTER last_known_addr { host: "127.0.107.195" port: 37451 }, Status: LMP_MISMATCH, Last received: 0.0, Next index: 1, Last known committed idx: 0, Time since last communication: 0.000s
I20260710 13:16:04.075233  1603 raft_consensus.cc:2468] T fb9bc45615394af68176adcd90bab2b7 P 85765d741ab94889a8cc6d712d03cd44 [term 1 FOLLOWER]: Leader election vote request: Granting yes vote for candidate 0571625f756f4e63941d2154310a9ef0 in term 1.
I20260710 13:16:04.075058  1808 raft_consensus.cc:515] T 0ccfcc8ae9cd4cbb9cdc8b95e6c7ddd2 P 318e9e56408744bfba0992118074bee9 [term 1 FOLLOWER]: Starting leader election with config: opid_index: -1 OBSOLETE_local: false peers { permanent_uuid: "318e9e56408744bfba0992118074bee9" member_type: VOTER last_known_addr { host: "127.0.107.193" port: 39655 } } peers { permanent_uuid: "85765d741ab94889a8cc6d712d03cd44" member_type: VOTER last_known_addr { host: "127.0.107.194" port: 46009 } } peers { permanent_uuid: "0571625f756f4e63941d2154310a9ef0" member_type: VOTER last_known_addr { host: "127.0.107.195" port: 37451 } }
I20260710 13:16:04.077433  1643 leader_election.cc:304] T fb9bc45615394af68176adcd90bab2b7 P 0571625f756f4e63941d2154310a9ef0 [CANDIDATE]: Term 1 election: Election decided. Result: candidate won. Election summary: received 3 responses out of 3 voters: 2 yes votes; 1 no votes. yes voters: 0571625f756f4e63941d2154310a9ef0, 85765d741ab94889a8cc6d712d03cd44; no voters: 318e9e56408744bfba0992118074bee9
I20260710 13:16:04.078469  1724 raft_consensus.cc:2804] T fb9bc45615394af68176adcd90bab2b7 P 0571625f756f4e63941d2154310a9ef0 [term 1 FOLLOWER]: Leader election won for term 1
I20260710 13:16:04.078617  1643 leader_election.cc:304] T 4ea2dc860ba543e98dd6c1e3458795b5 P 0571625f756f4e63941d2154310a9ef0 [CANDIDATE]: Term 1 pre-election: Election decided. Result: candidate lost. Election summary: received 3 responses out of 3 voters: 1 yes votes; 2 no votes. yes voters: 0571625f756f4e63941d2154310a9ef0; no voters: 318e9e56408744bfba0992118074bee9, 85765d741ab94889a8cc6d712d03cd44
I20260710 13:16:04.078949  1724 raft_consensus.cc:697] T fb9bc45615394af68176adcd90bab2b7 P 0571625f756f4e63941d2154310a9ef0 [term 1 LEADER]: Becoming Leader. State: Replica: 0571625f756f4e63941d2154310a9ef0, State: Running, Role: LEADER
I20260710 13:16:04.079421  1812 raft_consensus.cc:3060] T 4ea2dc860ba543e98dd6c1e3458795b5 P 0571625f756f4e63941d2154310a9ef0 [term 0 FOLLOWER]: Advancing to term 1
I20260710 13:16:04.080704  1724 consensus_queue.cc:237] T fb9bc45615394af68176adcd90bab2b7 P 0571625f756f4e63941d2154310a9ef0 [LEADER]: Queue going to LEADER mode. State: All replicated index: 0, Majority replicated index: 0, Committed index: 0, Last appended: 0.0, Last appended by leader: 0, Current term: 1, Majority size: 2, State: 0, Mode: LEADER, active raft config: opid_index: -1 OBSOLETE_local: false peers { permanent_uuid: "318e9e56408744bfba0992118074bee9" member_type: VOTER last_known_addr { host: "127.0.107.193" port: 39655 } } peers { permanent_uuid: "85765d741ab94889a8cc6d712d03cd44" member_type: VOTER last_known_addr { host: "127.0.107.194" port: 46009 } } peers { permanent_uuid: "0571625f756f4e63941d2154310a9ef0" member_type: VOTER last_known_addr { host: "127.0.107.195" port: 37451 } }
I20260710 13:16:04.086597  1675 tablet_service.cc:1917] Received RequestConsensusVote() RPC: tablet_id: "f6542e5b8a2d4b338129c1f39215fb13" candidate_uuid: "318e9e56408744bfba0992118074bee9" candidate_term: 1 candidate_status { last_received { term: 0 index: 0 } } ignore_live_leader: false dest_uuid: "0571625f756f4e63941d2154310a9ef0"
W20260710 13:16:04.086911  1494 leader_election.cc:343] T f6542e5b8a2d4b338129c1f39215fb13 P 318e9e56408744bfba0992118074bee9 [CANDIDATE]: Term 1 pre-election: Tablet error from VoteRequest() call to peer 85765d741ab94889a8cc6d712d03cd44 (127.0.107.194:46009): Illegal state: must be running to vote when last-logged opid is not known
I20260710 13:16:04.087168  1675 raft_consensus.cc:3060] T f6542e5b8a2d4b338129c1f39215fb13 P 0571625f756f4e63941d2154310a9ef0 [term 0 FOLLOWER]: Advancing to term 1
I20260710 13:16:04.091364  1718 raft_consensus.cc:359] T a5cec2e81d4c4636be966241e0251def P 85765d741ab94889a8cc6d712d03cd44 [term 0 FOLLOWER]: Replica starting. Triggering 0 pending ops. Active config: opid_index: -1 OBSOLETE_local: false peers { permanent_uuid: "318e9e56408744bfba0992118074bee9" member_type: VOTER last_known_addr { host: "127.0.107.193" port: 39655 } } peers { permanent_uuid: "85765d741ab94889a8cc6d712d03cd44" member_type: VOTER last_known_addr { host: "127.0.107.194" port: 46009 } } peers { permanent_uuid: "0571625f756f4e63941d2154310a9ef0" member_type: VOTER last_known_addr { host: "127.0.107.195" port: 37451 } }
I20260710 13:16:04.091822  1718 raft_consensus.cc:385] T a5cec2e81d4c4636be966241e0251def P 85765d741ab94889a8cc6d712d03cd44 [term 0 FOLLOWER]: Consensus starting up: Expiring failure detector timer to make a prompt election more likely
I20260710 13:16:04.092058  1718 raft_consensus.cc:740] T a5cec2e81d4c4636be966241e0251def P 85765d741ab94889a8cc6d712d03cd44 [term 0 FOLLOWER]: Becoming Follower/Learner. State: Replica: 85765d741ab94889a8cc6d712d03cd44, State: Initialized, Role: FOLLOWER
I20260710 13:16:04.093317  1718 consensus_queue.cc:260] T a5cec2e81d4c4636be966241e0251def P 85765d741ab94889a8cc6d712d03cd44 [NON_LEADER]: Queue going to NON_LEADER mode. State: All replicated index: 0, Majority replicated index: 0, Committed index: 0, Last appended: 0.0, Last appended by leader: 0, Current term: 0, Majority size: -1, State: 0, Mode: NON_LEADER, active raft config: opid_index: -1 OBSOLETE_local: false peers { permanent_uuid: "318e9e56408744bfba0992118074bee9" member_type: VOTER last_known_addr { host: "127.0.107.193" port: 39655 } } peers { permanent_uuid: "85765d741ab94889a8cc6d712d03cd44" member_type: VOTER last_known_addr { host: "127.0.107.194" port: 46009 } } peers { permanent_uuid: "0571625f756f4e63941d2154310a9ef0" member_type: VOTER last_known_addr { host: "127.0.107.195" port: 37451 } }
I20260710 13:16:04.080030  1760 raft_consensus.cc:515] T 58d7b42528694d7487780db2574ec72a P 318e9e56408744bfba0992118074bee9 [term 1 FOLLOWER]: Starting leader election with config: opid_index: -1 OBSOLETE_local: false peers { permanent_uuid: "318e9e56408744bfba0992118074bee9" member_type: VOTER last_known_addr { host: "127.0.107.193" port: 39655 } } peers { permanent_uuid: "85765d741ab94889a8cc6d712d03cd44" member_type: VOTER last_known_addr { host: "127.0.107.194" port: 46009 } } peers { permanent_uuid: "0571625f756f4e63941d2154310a9ef0" member_type: VOTER last_known_addr { host: "127.0.107.195" port: 37451 } }
I20260710 13:16:04.089740  1602 tablet_service.cc:1917] Received RequestConsensusVote() RPC: tablet_id: "f6542e5b8a2d4b338129c1f39215fb13" candidate_uuid: "318e9e56408744bfba0992118074bee9" candidate_term: 1 candidate_status { last_received { term: 0 index: 0 } } ignore_live_leader: false dest_uuid: "85765d741ab94889a8cc6d712d03cd44"
I20260710 13:16:04.101547  1719 tablet_bootstrap.cc:492] T fb9bc45615394af68176adcd90bab2b7 P 318e9e56408744bfba0992118074bee9: No bootstrap required, opened a new log
I20260710 13:16:04.097978  1760 leader_election.cc:290] T 58d7b42528694d7487780db2574ec72a P 318e9e56408744bfba0992118074bee9 [CANDIDATE]: Term 1 election: Requested vote from peers 85765d741ab94889a8cc6d712d03cd44 (127.0.107.194:46009), 0571625f756f4e63941d2154310a9ef0 (127.0.107.195:37451)
I20260710 13:16:04.106825  1718 ts_tablet_manager.cc:1434] T a5cec2e81d4c4636be966241e0251def P 85765d741ab94889a8cc6d712d03cd44: Time spent starting tablet: real 0.042s	user 0.004s	sys 0.003s
I20260710 13:16:04.106951  1719 ts_tablet_manager.cc:1403] T fb9bc45615394af68176adcd90bab2b7 P 318e9e56408744bfba0992118074bee9: Time spent bootstrapping tablet: real 0.249s	user 0.022s	sys 0.039s
I20260710 13:16:04.111755  1812 raft_consensus.cc:2749] T 4ea2dc860ba543e98dd6c1e3458795b5 P 0571625f756f4e63941d2154310a9ef0 [term 1 FOLLOWER]: Leader pre-election lost for term 1. Reason: could not achieve majority
I20260710 13:16:04.112784  1718 tablet_bootstrap.cc:492] T 03a83a772fc54969ab05b53d80b27e39 P 85765d741ab94889a8cc6d712d03cd44: Bootstrap starting.
I20260710 13:16:04.106693  1808 leader_election.cc:290] T 0ccfcc8ae9cd4cbb9cdc8b95e6c7ddd2 P 318e9e56408744bfba0992118074bee9 [CANDIDATE]: Term 1 election: Requested vote from peers 85765d741ab94889a8cc6d712d03cd44 (127.0.107.194:46009), 0571625f756f4e63941d2154310a9ef0 (127.0.107.195:37451)
I20260710 13:16:04.127436  1675 raft_consensus.cc:2468] T f6542e5b8a2d4b338129c1f39215fb13 P 0571625f756f4e63941d2154310a9ef0 [term 1 FOLLOWER]: Leader election vote request: Granting yes vote for candidate 318e9e56408744bfba0992118074bee9 in term 1.
I20260710 13:16:04.134044  1723 consensus_queue.cc:1048] T 03a83a772fc54969ab05b53d80b27e39 P 318e9e56408744bfba0992118074bee9 [LEADER]: Connected to new peer: Peer: permanent_uuid: "0571625f756f4e63941d2154310a9ef0" member_type: VOTER last_known_addr { host: "127.0.107.195" port: 37451 }, Status: LMP_MISMATCH, Last received: 0.0, Next index: 1, Last known committed idx: 0, Time since last communication: 0.000s
I20260710 13:16:04.134884  1424 catalog_manager.cc:5697] T fb9bc45615394af68176adcd90bab2b7 P 0571625f756f4e63941d2154310a9ef0 reported cstate change: term changed from 0 to 1, leader changed from <none> to 0571625f756f4e63941d2154310a9ef0 (127.0.107.195). New cstate: current_term: 1 leader_uuid: "0571625f756f4e63941d2154310a9ef0" committed_config { opid_index: -1 OBSOLETE_local: false peers { permanent_uuid: "318e9e56408744bfba0992118074bee9" member_type: VOTER last_known_addr { host: "127.0.107.193" port: 39655 } health_report { overall_health: UNKNOWN } } peers { permanent_uuid: "85765d741ab94889a8cc6d712d03cd44" member_type: VOTER last_known_addr { host: "127.0.107.194" port: 46009 } health_report { overall_health: UNKNOWN } } peers { permanent_uuid: "0571625f756f4e63941d2154310a9ef0" member_type: VOTER last_known_addr { host: "127.0.107.195" port: 37451 } health_report { overall_health: HEALTHY } } }
I20260710 13:16:04.135718  1717 tablet_bootstrap.cc:492] T 9b73229c1c814b77be3a15a40c2b98f9 P 0571625f756f4e63941d2154310a9ef0: No bootstrap required, opened a new log
W20260710 13:16:04.135670  1494 leader_election.cc:343] T 0ccfcc8ae9cd4cbb9cdc8b95e6c7ddd2 P 318e9e56408744bfba0992118074bee9 [CANDIDATE]: Term 1 pre-election: Tablet error from VoteRequest() call to peer 0571625f756f4e63941d2154310a9ef0 (127.0.107.195:37451): Illegal state: must be running to vote when last-logged opid is not known
I20260710 13:16:04.136283  1717 ts_tablet_manager.cc:1403] T 9b73229c1c814b77be3a15a40c2b98f9 P 0571625f756f4e63941d2154310a9ef0: Time spent bootstrapping tablet: real 0.142s	user 0.007s	sys 0.010s
I20260710 13:16:04.136718  1494 leader_election.cc:304] T f6542e5b8a2d4b338129c1f39215fb13 P 318e9e56408744bfba0992118074bee9 [CANDIDATE]: Term 1 election: Election decided. Result: candidate won. Election summary: received 2 responses out of 3 voters: 2 yes votes; 0 no votes. yes voters: 0571625f756f4e63941d2154310a9ef0, 318e9e56408744bfba0992118074bee9; no voters: 
I20260710 13:16:04.138576  1723 raft_consensus.cc:2804] T f6542e5b8a2d4b338129c1f39215fb13 P 318e9e56408744bfba0992118074bee9 [term 1 FOLLOWER]: Leader election won for term 1
I20260710 13:16:04.139554  1719 raft_consensus.cc:359] T fb9bc45615394af68176adcd90bab2b7 P 318e9e56408744bfba0992118074bee9 [term 0 FOLLOWER]: Replica starting. Triggering 0 pending ops. Active config: opid_index: -1 OBSOLETE_local: false peers { permanent_uuid: "318e9e56408744bfba0992118074bee9" member_type: VOTER last_known_addr { host: "127.0.107.193" port: 39655 } } peers { permanent_uuid: "85765d741ab94889a8cc6d712d03cd44" member_type: VOTER last_known_addr { host: "127.0.107.194" port: 46009 } } peers { permanent_uuid: "0571625f756f4e63941d2154310a9ef0" member_type: VOTER last_known_addr { host: "127.0.107.195" port: 37451 } }
I20260710 13:16:04.139189  1723 raft_consensus.cc:697] T f6542e5b8a2d4b338129c1f39215fb13 P 318e9e56408744bfba0992118074bee9 [term 1 LEADER]: Becoming Leader. State: Replica: 318e9e56408744bfba0992118074bee9, State: Running, Role: LEADER
I20260710 13:16:04.140185  1719 raft_consensus.cc:385] T fb9bc45615394af68176adcd90bab2b7 P 318e9e56408744bfba0992118074bee9 [term 0 FOLLOWER]: Consensus starting up: Expiring failure detector timer to make a prompt election more likely
I20260710 13:16:04.140441  1602 tablet_service.cc:1917] Received RequestConsensusVote() RPC: tablet_id: "0ccfcc8ae9cd4cbb9cdc8b95e6c7ddd2" candidate_uuid: "318e9e56408744bfba0992118074bee9" candidate_term: 1 candidate_status { last_received { term: 0 index: 0 } } ignore_live_leader: false dest_uuid: "85765d741ab94889a8cc6d712d03cd44"
I20260710 13:16:04.145824  1602 raft_consensus.cc:3060] T 0ccfcc8ae9cd4cbb9cdc8b95e6c7ddd2 P 85765d741ab94889a8cc6d712d03cd44 [term 0 FOLLOWER]: Advancing to term 1
I20260710 13:16:04.142429  1718 tablet_bootstrap.cc:654] T 03a83a772fc54969ab05b53d80b27e39 P 85765d741ab94889a8cc6d712d03cd44: Neither blocks nor log segments found. Creating new log.
I20260710 13:16:04.144589  1600 tablet_service.cc:1917] Received RequestConsensusVote() RPC: tablet_id: "58d7b42528694d7487780db2574ec72a" candidate_uuid: "318e9e56408744bfba0992118074bee9" candidate_term: 1 candidate_status { last_received { term: 0 index: 0 } } ignore_live_leader: false dest_uuid: "85765d741ab94889a8cc6d712d03cd44"
I20260710 13:16:04.140884  1723 consensus_queue.cc:237] T f6542e5b8a2d4b338129c1f39215fb13 P 318e9e56408744bfba0992118074bee9 [LEADER]: Queue going to LEADER mode. State: All replicated index: 0, Majority replicated index: 0, Committed index: 0, Last appended: 0.0, Last appended by leader: 0, Current term: 1, Majority size: 2, State: 0, Mode: LEADER, active raft config: opid_index: -1 OBSOLETE_local: false peers { permanent_uuid: "318e9e56408744bfba0992118074bee9" member_type: VOTER last_known_addr { host: "127.0.107.193" port: 39655 } } peers { permanent_uuid: "85765d741ab94889a8cc6d712d03cd44" member_type: VOTER last_known_addr { host: "127.0.107.194" port: 46009 } } peers { permanent_uuid: "0571625f756f4e63941d2154310a9ef0" member_type: VOTER last_known_addr { host: "127.0.107.195" port: 37451 } }
I20260710 13:16:04.145143  1719 raft_consensus.cc:740] T fb9bc45615394af68176adcd90bab2b7 P 318e9e56408744bfba0992118074bee9 [term 0 FOLLOWER]: Becoming Follower/Learner. State: Replica: 318e9e56408744bfba0992118074bee9, State: Initialized, Role: FOLLOWER
I20260710 13:16:04.148602  1600 raft_consensus.cc:3060] T 58d7b42528694d7487780db2574ec72a P 85765d741ab94889a8cc6d712d03cd44 [term 0 FOLLOWER]: Advancing to term 1
I20260710 13:16:04.144011  1672 tablet_service.cc:1917] Received RequestConsensusVote() RPC: tablet_id: "58d7b42528694d7487780db2574ec72a" candidate_uuid: "318e9e56408744bfba0992118074bee9" candidate_term: 1 candidate_status { last_received { term: 0 index: 0 } } ignore_live_leader: false dest_uuid: "0571625f756f4e63941d2154310a9ef0"
I20260710 13:16:04.151691  1675 tablet_service.cc:1917] Received RequestConsensusVote() RPC: tablet_id: "0ccfcc8ae9cd4cbb9cdc8b95e6c7ddd2" candidate_uuid: "318e9e56408744bfba0992118074bee9" candidate_term: 1 candidate_status { last_received { term: 0 index: 0 } } ignore_live_leader: false dest_uuid: "0571625f756f4e63941d2154310a9ef0"
I20260710 13:16:04.157673  1672 raft_consensus.cc:3060] T 58d7b42528694d7487780db2574ec72a P 0571625f756f4e63941d2154310a9ef0 [term 0 FOLLOWER]: Advancing to term 1
I20260710 13:16:04.168542  1602 raft_consensus.cc:2468] T 0ccfcc8ae9cd4cbb9cdc8b95e6c7ddd2 P 85765d741ab94889a8cc6d712d03cd44 [term 1 FOLLOWER]: Leader election vote request: Granting yes vote for candidate 318e9e56408744bfba0992118074bee9 in term 1.
I20260710 13:16:04.168438  1719 consensus_queue.cc:260] T fb9bc45615394af68176adcd90bab2b7 P 318e9e56408744bfba0992118074bee9 [NON_LEADER]: Queue going to NON_LEADER mode. State: All replicated index: 0, Majority replicated index: 0, Committed index: 0, Last appended: 0.0, Last appended by leader: 0, Current term: 0, Majority size: -1, State: 0, Mode: NON_LEADER, active raft config: opid_index: -1 OBSOLETE_local: false peers { permanent_uuid: "318e9e56408744bfba0992118074bee9" member_type: VOTER last_known_addr { host: "127.0.107.193" port: 39655 } } peers { permanent_uuid: "85765d741ab94889a8cc6d712d03cd44" member_type: VOTER last_known_addr { host: "127.0.107.194" port: 46009 } } peers { permanent_uuid: "0571625f756f4e63941d2154310a9ef0" member_type: VOTER last_known_addr { host: "127.0.107.195" port: 37451 } }
I20260710 13:16:04.164724  1672 raft_consensus.cc:2468] T 58d7b42528694d7487780db2574ec72a P 0571625f756f4e63941d2154310a9ef0 [term 1 FOLLOWER]: Leader election vote request: Granting yes vote for candidate 318e9e56408744bfba0992118074bee9 in term 1.
I20260710 13:16:04.173607  1719 ts_tablet_manager.cc:1434] T fb9bc45615394af68176adcd90bab2b7 P 318e9e56408744bfba0992118074bee9: Time spent starting tablet: real 0.064s	user 0.007s	sys 0.000s
W20260710 13:16:04.177251  1494 leader_election.cc:343] T f6542e5b8a2d4b338129c1f39215fb13 P 318e9e56408744bfba0992118074bee9 [CANDIDATE]: Term 1 election: Tablet error from VoteRequest() call to peer 85765d741ab94889a8cc6d712d03cd44 (127.0.107.194:46009): Illegal state: must be running to vote when last-logged opid is not known
W20260710 13:16:04.178417  1494 consensus_peers.cc:597] T 03a83a772fc54969ab05b53d80b27e39 P 318e9e56408744bfba0992118074bee9 -> Peer 85765d741ab94889a8cc6d712d03cd44 (127.0.107.194:46009): Couldn't send request to peer 85765d741ab94889a8cc6d712d03cd44. Error code: TABLET_NOT_RUNNING (12). Status: Illegal state: Tablet not RUNNING: BOOTSTRAPPING. This is attempt 1: this message will repeat every 5th retry.
I20260710 13:16:04.179085  1494 leader_election.cc:304] T 0ccfcc8ae9cd4cbb9cdc8b95e6c7ddd2 P 318e9e56408744bfba0992118074bee9 [CANDIDATE]: Term 1 election: Election decided. Result: candidate won. Election summary: received 2 responses out of 3 voters: 2 yes votes; 0 no votes. yes voters: 318e9e56408744bfba0992118074bee9, 85765d741ab94889a8cc6d712d03cd44; no voters: 
I20260710 13:16:04.179802  1723 raft_consensus.cc:2804] T 0ccfcc8ae9cd4cbb9cdc8b95e6c7ddd2 P 318e9e56408744bfba0992118074bee9 [term 1 FOLLOWER]: Leader election won for term 1
I20260710 13:16:04.180210  1600 raft_consensus.cc:2468] T 58d7b42528694d7487780db2574ec72a P 85765d741ab94889a8cc6d712d03cd44 [term 1 FOLLOWER]: Leader election vote request: Granting yes vote for candidate 318e9e56408744bfba0992118074bee9 in term 1.
I20260710 13:16:04.180306  1723 raft_consensus.cc:697] T 0ccfcc8ae9cd4cbb9cdc8b95e6c7ddd2 P 318e9e56408744bfba0992118074bee9 [term 1 LEADER]: Becoming Leader. State: Replica: 318e9e56408744bfba0992118074bee9, State: Running, Role: LEADER
I20260710 13:16:04.181293  1723 consensus_queue.cc:237] T 0ccfcc8ae9cd4cbb9cdc8b95e6c7ddd2 P 318e9e56408744bfba0992118074bee9 [LEADER]: Queue going to LEADER mode. State: All replicated index: 0, Majority replicated index: 0, Committed index: 0, Last appended: 0.0, Last appended by leader: 0, Current term: 1, Majority size: 2, State: 0, Mode: LEADER, active raft config: opid_index: -1 OBSOLETE_local: false peers { permanent_uuid: "318e9e56408744bfba0992118074bee9" member_type: VOTER last_known_addr { host: "127.0.107.193" port: 39655 } } peers { permanent_uuid: "85765d741ab94889a8cc6d712d03cd44" member_type: VOTER last_known_addr { host: "127.0.107.194" port: 46009 } } peers { permanent_uuid: "0571625f756f4e63941d2154310a9ef0" member_type: VOTER last_known_addr { host: "127.0.107.195" port: 37451 } }
I20260710 13:16:04.182251  1835 raft_consensus.cc:493] T a5cec2e81d4c4636be966241e0251def P 85765d741ab94889a8cc6d712d03cd44 [term 0 FOLLOWER]: Starting pre-election (no leader contacted us within the election timeout)
I20260710 13:16:04.182827  1835 raft_consensus.cc:515] T a5cec2e81d4c4636be966241e0251def P 85765d741ab94889a8cc6d712d03cd44 [term 0 FOLLOWER]: Starting pre-election with config: opid_index: -1 OBSOLETE_local: false peers { permanent_uuid: "318e9e56408744bfba0992118074bee9" member_type: VOTER last_known_addr { host: "127.0.107.193" port: 39655 } } peers { permanent_uuid: "85765d741ab94889a8cc6d712d03cd44" member_type: VOTER last_known_addr { host: "127.0.107.194" port: 46009 } } peers { permanent_uuid: "0571625f756f4e63941d2154310a9ef0" member_type: VOTER last_known_addr { host: "127.0.107.195" port: 37451 } }
I20260710 13:16:04.183132  1717 raft_consensus.cc:359] T 9b73229c1c814b77be3a15a40c2b98f9 P 0571625f756f4e63941d2154310a9ef0 [term 0 FOLLOWER]: Replica starting. Triggering 0 pending ops. Active config: opid_index: -1 OBSOLETE_local: false peers { permanent_uuid: "318e9e56408744bfba0992118074bee9" member_type: VOTER last_known_addr { host: "127.0.107.193" port: 39655 } } peers { permanent_uuid: "85765d741ab94889a8cc6d712d03cd44" member_type: VOTER last_known_addr { host: "127.0.107.194" port: 46009 } } peers { permanent_uuid: "0571625f756f4e63941d2154310a9ef0" member_type: VOTER last_known_addr { host: "127.0.107.195" port: 37451 } }
I20260710 13:16:04.183804  1717 raft_consensus.cc:385] T 9b73229c1c814b77be3a15a40c2b98f9 P 0571625f756f4e63941d2154310a9ef0 [term 0 FOLLOWER]: Consensus starting up: Expiring failure detector timer to make a prompt election more likely
I20260710 13:16:04.184082  1717 raft_consensus.cc:740] T 9b73229c1c814b77be3a15a40c2b98f9 P 0571625f756f4e63941d2154310a9ef0 [term 0 FOLLOWER]: Becoming Follower/Learner. State: Replica: 0571625f756f4e63941d2154310a9ef0, State: Initialized, Role: FOLLOWER
I20260710 13:16:04.184777  1717 consensus_queue.cc:260] T 9b73229c1c814b77be3a15a40c2b98f9 P 0571625f756f4e63941d2154310a9ef0 [NON_LEADER]: Queue going to NON_LEADER mode. State: All replicated index: 0, Majority replicated index: 0, Committed index: 0, Last appended: 0.0, Last appended by leader: 0, Current term: 0, Majority size: -1, State: 0, Mode: NON_LEADER, active raft config: opid_index: -1 OBSOLETE_local: false peers { permanent_uuid: "318e9e56408744bfba0992118074bee9" member_type: VOTER last_known_addr { host: "127.0.107.193" port: 39655 } } peers { permanent_uuid: "85765d741ab94889a8cc6d712d03cd44" member_type: VOTER last_known_addr { host: "127.0.107.194" port: 46009 } } peers { permanent_uuid: "0571625f756f4e63941d2154310a9ef0" member_type: VOTER last_known_addr { host: "127.0.107.195" port: 37451 } }
I20260710 13:16:04.185148  1835 leader_election.cc:290] T a5cec2e81d4c4636be966241e0251def P 85765d741ab94889a8cc6d712d03cd44 [CANDIDATE]: Term 1 pre-election: Requested pre-vote from peers 318e9e56408744bfba0992118074bee9 (127.0.107.193:39655), 0571625f756f4e63941d2154310a9ef0 (127.0.107.195:37451)
I20260710 13:16:04.186959  1672 tablet_service.cc:1917] Received RequestConsensusVote() RPC: tablet_id: "a5cec2e81d4c4636be966241e0251def" candidate_uuid: "85765d741ab94889a8cc6d712d03cd44" candidate_term: 1 candidate_status { last_received { term: 0 index: 0 } } ignore_live_leader: false dest_uuid: "0571625f756f4e63941d2154310a9ef0" is_pre_election: true
I20260710 13:16:04.185577  1718 tablet_bootstrap.cc:492] T 03a83a772fc54969ab05b53d80b27e39 P 85765d741ab94889a8cc6d712d03cd44: No bootstrap required, opened a new log
I20260710 13:16:04.192569  1718 ts_tablet_manager.cc:1403] T 03a83a772fc54969ab05b53d80b27e39 P 85765d741ab94889a8cc6d712d03cd44: Time spent bootstrapping tablet: real 0.080s	user 0.024s	sys 0.004s
I20260710 13:16:04.195094  1718 raft_consensus.cc:359] T 03a83a772fc54969ab05b53d80b27e39 P 85765d741ab94889a8cc6d712d03cd44 [term 0 FOLLOWER]: Replica starting. Triggering 0 pending ops. Active config: opid_index: -1 OBSOLETE_local: false peers { permanent_uuid: "318e9e56408744bfba0992118074bee9" member_type: VOTER last_known_addr { host: "127.0.107.193" port: 39655 } } peers { permanent_uuid: "85765d741ab94889a8cc6d712d03cd44" member_type: VOTER last_known_addr { host: "127.0.107.194" port: 46009 } } peers { permanent_uuid: "0571625f756f4e63941d2154310a9ef0" member_type: VOTER last_known_addr { host: "127.0.107.195" port: 37451 } }
I20260710 13:16:04.195745  1718 raft_consensus.cc:385] T 03a83a772fc54969ab05b53d80b27e39 P 85765d741ab94889a8cc6d712d03cd44 [term 0 FOLLOWER]: Consensus starting up: Expiring failure detector timer to make a prompt election more likely
I20260710 13:16:04.195999  1718 raft_consensus.cc:740] T 03a83a772fc54969ab05b53d80b27e39 P 85765d741ab94889a8cc6d712d03cd44 [term 0 FOLLOWER]: Becoming Follower/Learner. State: Replica: 85765d741ab94889a8cc6d712d03cd44, State: Initialized, Role: FOLLOWER
I20260710 13:16:04.196583  1718 consensus_queue.cc:260] T 03a83a772fc54969ab05b53d80b27e39 P 85765d741ab94889a8cc6d712d03cd44 [NON_LEADER]: Queue going to NON_LEADER mode. State: All replicated index: 0, Majority replicated index: 0, Committed index: 0, Last appended: 0.0, Last appended by leader: 0, Current term: 0, Majority size: -1, State: 0, Mode: NON_LEADER, active raft config: opid_index: -1 OBSOLETE_local: false peers { permanent_uuid: "318e9e56408744bfba0992118074bee9" member_type: VOTER last_known_addr { host: "127.0.107.193" port: 39655 } } peers { permanent_uuid: "85765d741ab94889a8cc6d712d03cd44" member_type: VOTER last_known_addr { host: "127.0.107.194" port: 46009 } } peers { permanent_uuid: "0571625f756f4e63941d2154310a9ef0" member_type: VOTER last_known_addr { host: "127.0.107.195" port: 37451 } }
I20260710 13:16:04.197301  1719 tablet_bootstrap.cc:492] T ee89c2c91e054aceb9200c63991becc1 P 318e9e56408744bfba0992118074bee9: Bootstrap starting.
I20260710 13:16:04.200311  1526 tablet_service.cc:1917] Received RequestConsensusVote() RPC: tablet_id: "a5cec2e81d4c4636be966241e0251def" candidate_uuid: "85765d741ab94889a8cc6d712d03cd44" candidate_term: 1 candidate_status { last_received { term: 0 index: 0 } } ignore_live_leader: false dest_uuid: "318e9e56408744bfba0992118074bee9" is_pre_election: true
W20260710 13:16:04.201431  1494 leader_election.cc:343] T 0ccfcc8ae9cd4cbb9cdc8b95e6c7ddd2 P 318e9e56408744bfba0992118074bee9 [CANDIDATE]: Term 1 election: Tablet error from VoteRequest() call to peer 0571625f756f4e63941d2154310a9ef0 (127.0.107.195:37451): Illegal state: must be running to vote when last-logged opid is not known
I20260710 13:16:04.202219  1494 leader_election.cc:304] T 58d7b42528694d7487780db2574ec72a P 318e9e56408744bfba0992118074bee9 [CANDIDATE]: Term 1 election: Election decided. Result: candidate won. Election summary: received 2 responses out of 3 voters: 2 yes votes; 0 no votes. yes voters: 0571625f756f4e63941d2154310a9ef0, 318e9e56408744bfba0992118074bee9; no voters: 
I20260710 13:16:04.203410  1717 ts_tablet_manager.cc:1434] T 9b73229c1c814b77be3a15a40c2b98f9 P 0571625f756f4e63941d2154310a9ef0: Time spent starting tablet: real 0.067s	user 0.006s	sys 0.001s
I20260710 13:16:04.204289  1717 tablet_bootstrap.cc:492] T b6a5ab5ff2f7464c81d1e11722a86d97 P 0571625f756f4e63941d2154310a9ef0: Bootstrap starting.
I20260710 13:16:04.205714  1854 raft_consensus.cc:2804] T 58d7b42528694d7487780db2574ec72a P 318e9e56408744bfba0992118074bee9 [term 1 FOLLOWER]: Leader election won for term 1
I20260710 13:16:04.206658  1718 ts_tablet_manager.cc:1434] T 03a83a772fc54969ab05b53d80b27e39 P 85765d741ab94889a8cc6d712d03cd44: Time spent starting tablet: real 0.014s	user 0.006s	sys 0.000s
I20260710 13:16:04.207460  1718 tablet_bootstrap.cc:492] T 4145183184a94182ad760ab258651e8b P 85765d741ab94889a8cc6d712d03cd44: Bootstrap starting.
I20260710 13:16:04.208166  1854 raft_consensus.cc:697] T 58d7b42528694d7487780db2574ec72a P 318e9e56408744bfba0992118074bee9 [term 1 LEADER]: Becoming Leader. State: Replica: 318e9e56408744bfba0992118074bee9, State: Running, Role: LEADER
I20260710 13:16:04.209066  1854 consensus_queue.cc:237] T 58d7b42528694d7487780db2574ec72a P 318e9e56408744bfba0992118074bee9 [LEADER]: Queue going to LEADER mode. State: All replicated index: 0, Majority replicated index: 0, Committed index: 0, Last appended: 0.0, Last appended by leader: 0, Current term: 1, Majority size: 2, State: 0, Mode: LEADER, active raft config: opid_index: -1 OBSOLETE_local: false peers { permanent_uuid: "318e9e56408744bfba0992118074bee9" member_type: VOTER last_known_addr { host: "127.0.107.193" port: 39655 } } peers { permanent_uuid: "85765d741ab94889a8cc6d712d03cd44" member_type: VOTER last_known_addr { host: "127.0.107.194" port: 46009 } } peers { permanent_uuid: "0571625f756f4e63941d2154310a9ef0" member_type: VOTER last_known_addr { host: "127.0.107.195" port: 37451 } }
I20260710 13:16:04.211305  1726 raft_consensus.cc:493] T 6e760563011d4e27872702999cf2a750 P 85765d741ab94889a8cc6d712d03cd44 [term 0 FOLLOWER]: Starting pre-election (no leader contacted us within the election timeout)
I20260710 13:16:04.212035  1726 raft_consensus.cc:515] T 6e760563011d4e27872702999cf2a750 P 85765d741ab94889a8cc6d712d03cd44 [term 0 FOLLOWER]: Starting pre-election with config: opid_index: -1 OBSOLETE_local: false peers { permanent_uuid: "318e9e56408744bfba0992118074bee9" member_type: VOTER last_known_addr { host: "127.0.107.193" port: 39655 } } peers { permanent_uuid: "85765d741ab94889a8cc6d712d03cd44" member_type: VOTER last_known_addr { host: "127.0.107.194" port: 46009 } } peers { permanent_uuid: "0571625f756f4e63941d2154310a9ef0" member_type: VOTER last_known_addr { host: "127.0.107.195" port: 37451 } }
I20260710 13:16:04.214474  1726 leader_election.cc:290] T 6e760563011d4e27872702999cf2a750 P 85765d741ab94889a8cc6d712d03cd44 [CANDIDATE]: Term 1 pre-election: Requested pre-vote from peers 318e9e56408744bfba0992118074bee9 (127.0.107.193:39655), 0571625f756f4e63941d2154310a9ef0 (127.0.107.195:37451)
I20260710 13:16:04.217087  1675 tablet_service.cc:1917] Received RequestConsensusVote() RPC: tablet_id: "6e760563011d4e27872702999cf2a750" candidate_uuid: "85765d741ab94889a8cc6d712d03cd44" candidate_term: 1 candidate_status { last_received { term: 0 index: 0 } } ignore_live_leader: false dest_uuid: "0571625f756f4e63941d2154310a9ef0" is_pre_election: true
I20260710 13:16:04.217664  1600 raft_consensus.cc:3060] T a5cec2e81d4c4636be966241e0251def P 85765d741ab94889a8cc6d712d03cd44 [term 0 FOLLOWER]: Advancing to term 1
I20260710 13:16:04.218163  1675 raft_consensus.cc:2393] T 6e760563011d4e27872702999cf2a750 P 0571625f756f4e63941d2154310a9ef0 [term 1 FOLLOWER]: Leader pre-election vote request: Denying vote to candidate 85765d741ab94889a8cc6d712d03cd44 in current term 1: Already voted for candidate 318e9e56408744bfba0992118074bee9 in this term.
I20260710 13:16:04.220315  1569 leader_election.cc:304] T a5cec2e81d4c4636be966241e0251def P 85765d741ab94889a8cc6d712d03cd44 [CANDIDATE]: Term 1 pre-election: Election decided. Result: candidate lost. Election summary: received 3 responses out of 3 voters: 1 yes votes; 2 no votes. yes voters: 85765d741ab94889a8cc6d712d03cd44; no voters: 0571625f756f4e63941d2154310a9ef0, 318e9e56408744bfba0992118074bee9
I20260710 13:16:04.221997  1526 tablet_service.cc:1917] Received RequestConsensusVote() RPC: tablet_id: "6e760563011d4e27872702999cf2a750" candidate_uuid: "85765d741ab94889a8cc6d712d03cd44" candidate_term: 1 candidate_status { last_received { term: 0 index: 0 } } ignore_live_leader: false dest_uuid: "318e9e56408744bfba0992118074bee9" is_pre_election: true
I20260710 13:16:04.224982  1569 leader_election.cc:304] T 6e760563011d4e27872702999cf2a750 P 85765d741ab94889a8cc6d712d03cd44 [CANDIDATE]: Term 1 pre-election: Election decided. Result: candidate lost. Election summary: received 3 responses out of 3 voters: 1 yes votes; 2 no votes. yes voters: 85765d741ab94889a8cc6d712d03cd44; no voters: 0571625f756f4e63941d2154310a9ef0, 318e9e56408744bfba0992118074bee9
I20260710 13:16:04.224581  1424 catalog_manager.cc:5697] T f6542e5b8a2d4b338129c1f39215fb13 P 318e9e56408744bfba0992118074bee9 reported cstate change: term changed from 0 to 1, leader changed from <none> to 318e9e56408744bfba0992118074bee9 (127.0.107.193). New cstate: current_term: 1 leader_uuid: "318e9e56408744bfba0992118074bee9" committed_config { opid_index: -1 OBSOLETE_local: false peers { permanent_uuid: "318e9e56408744bfba0992118074bee9" member_type: VOTER last_known_addr { host: "127.0.107.193" port: 39655 } health_report { overall_health: HEALTHY } } peers { permanent_uuid: "85765d741ab94889a8cc6d712d03cd44" member_type: VOTER last_known_addr { host: "127.0.107.194" port: 46009 } health_report { overall_health: UNKNOWN } } peers { permanent_uuid: "0571625f756f4e63941d2154310a9ef0" member_type: VOTER last_known_addr { host: "127.0.107.195" port: 37451 } health_report { overall_health: UNKNOWN } } }
