I20260710 13:16:02.380965  1717 raft_consensus.cc:385] T a1c0b0afbe23460aab328fd71b4dec0f P 0571625f756f4e63941d2154310a9ef0 [term 0 FOLLOWER]: Consensus starting up: Expiring failure detector timer to make a prompt election more likely
I20260710 13:16:02.381331  1717 raft_consensus.cc:740] T a1c0b0afbe23460aab328fd71b4dec0f P 0571625f756f4e63941d2154310a9ef0 [term 0 FOLLOWER]: Becoming Follower/Learner. State: Replica: 0571625f756f4e63941d2154310a9ef0, State: Initialized, Role: FOLLOWER
I20260710 13:16:02.382266  1717 consensus_queue.cc:260] T a1c0b0afbe23460aab328fd71b4dec0f P 0571625f756f4e63941d2154310a9ef0 [NON_LEADER]: Queue going to NON_LEADER mode. State: All replicated index: 0, Majority replicated index: 0, Committed index: 0, Last appended: 0.0, Last appended by leader: 0, Current term: 0, Majority size: -1, State: 0, Mode: NON_LEADER, active raft config: opid_index: -1 OBSOLETE_local: false peers { permanent_uuid: "318e9e56408744bfba0992118074bee9" member_type: VOTER last_known_addr { host: "127.0.107.193" port: 39655 } } peers { permanent_uuid: "85765d741ab94889a8cc6d712d03cd44" member_type: VOTER last_known_addr { host: "127.0.107.194" port: 46009 } } peers { permanent_uuid: "0571625f756f4e63941d2154310a9ef0" member_type: VOTER last_known_addr { host: "127.0.107.195" port: 37451 } }
I20260710 13:16:02.409178  1659 tablet_service.cc:1511] Processing CreateTablet for tablet b6a5ab5ff2f7464c81d1e11722a86d97 (DEFAULT_TABLE table=test-workload [id=283ba32fab194e5fa4ddac2588ee2179]), partition=RANGE (key) PARTITION 1968526670 <= VALUES < 2058005155
I20260710 13:16:02.410943  1659 data_dirs.cc:400] Could only allocate 1 dirs of requested 3 for tablet b6a5ab5ff2f7464c81d1e11722a86d97. 1 dirs total, 0 dirs full, 0 dirs failed
I20260710 13:16:02.411134  1719 tablet_bootstrap.cc:654] T 5c268c776d35425c86ed8c71e5cd0016 P 318e9e56408744bfba0992118074bee9: Neither blocks nor log segments found. Creating new log.
I20260710 13:16:02.413997  1588 tablet_service.cc:1511] Processing CreateTablet for tablet 020ac547f65f40a68f9cd869bfff0d2a (DEFAULT_TABLE table=test-workload [id=283ba32fab194e5fa4ddac2588ee2179]), partition=RANGE (key) PARTITION 2058005155 <= VALUES
I20260710 13:16:02.414101  1667 tablet_service.cc:1511] Processing CreateTablet for tablet 020ac547f65f40a68f9cd869bfff0d2a (DEFAULT_TABLE table=test-workload [id=283ba32fab194e5fa4ddac2588ee2179]), partition=RANGE (key) PARTITION 2058005155 <= VALUES
I20260710 13:16:02.414414  1518 tablet_service.cc:1511] Processing CreateTablet for tablet 020ac547f65f40a68f9cd869bfff0d2a (DEFAULT_TABLE table=test-workload [id=283ba32fab194e5fa4ddac2588ee2179]), partition=RANGE (key) PARTITION 2058005155 <= VALUES
I20260710 13:16:02.415302  1588 data_dirs.cc:400] Could only allocate 1 dirs of requested 3 for tablet 020ac547f65f40a68f9cd869bfff0d2a. 1 dirs total, 0 dirs full, 0 dirs failed
I20260710 13:16:02.415567  1518 data_dirs.cc:400] Could only allocate 1 dirs of requested 3 for tablet 020ac547f65f40a68f9cd869bfff0d2a. 1 dirs total, 0 dirs full, 0 dirs failed
I20260710 13:16:02.425488  1718 tablet_bootstrap.cc:492] T e5a9c7585c98488da84d98db47a45713 P 85765d741ab94889a8cc6d712d03cd44: No bootstrap required, opened a new log
I20260710 13:16:02.425976  1718 ts_tablet_manager.cc:1403] T e5a9c7585c98488da84d98db47a45713 P 85765d741ab94889a8cc6d712d03cd44: Time spent bootstrapping tablet: real 0.171s	user 0.017s	sys 0.004s
I20260710 13:16:02.428833  1718 raft_consensus.cc:359] T e5a9c7585c98488da84d98db47a45713 P 85765d741ab94889a8cc6d712d03cd44 [term 0 FOLLOWER]: Replica starting. Triggering 0 pending ops. Active config: opid_index: -1 OBSOLETE_local: false peers { permanent_uuid: "318e9e56408744bfba0992118074bee9" member_type: VOTER last_known_addr { host: "127.0.107.193" port: 39655 } } peers { permanent_uuid: "85765d741ab94889a8cc6d712d03cd44" member_type: VOTER last_known_addr { host: "127.0.107.194" port: 46009 } } peers { permanent_uuid: "0571625f756f4e63941d2154310a9ef0" member_type: VOTER last_known_addr { host: "127.0.107.195" port: 37451 } }
I20260710 13:16:02.429818  1702 heartbeater.cc:499] Master 127.0.107.254:43189 was elected leader, sending a full tablet report...
I20260710 13:16:02.430730  1717 ts_tablet_manager.cc:1434] T a1c0b0afbe23460aab328fd71b4dec0f P 0571625f756f4e63941d2154310a9ef0: Time spent starting tablet: real 0.062s	user 0.008s	sys 0.034s
I20260710 13:16:02.431663  1717 tablet_bootstrap.cc:492] T b73e9d390e3a465d9977a927e670a653 P 0571625f756f4e63941d2154310a9ef0: Bootstrap starting.
I20260710 13:16:02.422863  1667 data_dirs.cc:400] Could only allocate 1 dirs of requested 3 for tablet 020ac547f65f40a68f9cd869bfff0d2a. 1 dirs total, 0 dirs full, 0 dirs failed
I20260710 13:16:02.429845  1718 raft_consensus.cc:385] T e5a9c7585c98488da84d98db47a45713 P 85765d741ab94889a8cc6d712d03cd44 [term 0 FOLLOWER]: Consensus starting up: Expiring failure detector timer to make a prompt election more likely
I20260710 13:16:02.443011  1718 raft_consensus.cc:740] T e5a9c7585c98488da84d98db47a45713 P 85765d741ab94889a8cc6d712d03cd44 [term 0 FOLLOWER]: Becoming Follower/Learner. State: Replica: 85765d741ab94889a8cc6d712d03cd44, State: Initialized, Role: FOLLOWER
I20260710 13:16:02.443943  1718 consensus_queue.cc:260] T e5a9c7585c98488da84d98db47a45713 P 85765d741ab94889a8cc6d712d03cd44 [NON_LEADER]: Queue going to NON_LEADER mode. State: All replicated index: 0, Majority replicated index: 0, Committed index: 0, Last appended: 0.0, Last appended by leader: 0, Current term: 0, Majority size: -1, State: 0, Mode: NON_LEADER, active raft config: opid_index: -1 OBSOLETE_local: false peers { permanent_uuid: "318e9e56408744bfba0992118074bee9" member_type: VOTER last_known_addr { host: "127.0.107.193" port: 39655 } } peers { permanent_uuid: "85765d741ab94889a8cc6d712d03cd44" member_type: VOTER last_known_addr { host: "127.0.107.194" port: 46009 } } peers { permanent_uuid: "0571625f756f4e63941d2154310a9ef0" member_type: VOTER last_known_addr { host: "127.0.107.195" port: 37451 } }
I20260710 13:16:02.449018  1717 tablet_bootstrap.cc:654] T b73e9d390e3a465d9977a927e670a653 P 0571625f756f4e63941d2154310a9ef0: Neither blocks nor log segments found. Creating new log.
I20260710 13:16:02.449756  1719 tablet_bootstrap.cc:492] T 5c268c776d35425c86ed8c71e5cd0016 P 318e9e56408744bfba0992118074bee9: No bootstrap required, opened a new log
I20260710 13:16:02.456009  1719 ts_tablet_manager.cc:1403] T 5c268c776d35425c86ed8c71e5cd0016 P 318e9e56408744bfba0992118074bee9: Time spent bootstrapping tablet: real 0.091s	user 0.015s	sys 0.004s
I20260710 13:16:02.458977  1719 raft_consensus.cc:359] T 5c268c776d35425c86ed8c71e5cd0016 P 318e9e56408744bfba0992118074bee9 [term 0 FOLLOWER]: Replica starting. Triggering 0 pending ops. Active config: opid_index: -1 OBSOLETE_local: false peers { permanent_uuid: "318e9e56408744bfba0992118074bee9" member_type: VOTER last_known_addr { host: "127.0.107.193" port: 39655 } } peers { permanent_uuid: "85765d741ab94889a8cc6d712d03cd44" member_type: VOTER last_known_addr { host: "127.0.107.194" port: 46009 } } peers { permanent_uuid: "0571625f756f4e63941d2154310a9ef0" member_type: VOTER last_known_addr { host: "127.0.107.195" port: 37451 } }
I20260710 13:16:02.460677  1719 raft_consensus.cc:385] T 5c268c776d35425c86ed8c71e5cd0016 P 318e9e56408744bfba0992118074bee9 [term 0 FOLLOWER]: Consensus starting up: Expiring failure detector timer to make a prompt election more likely
I20260710 13:16:02.461024  1719 raft_consensus.cc:740] T 5c268c776d35425c86ed8c71e5cd0016 P 318e9e56408744bfba0992118074bee9 [term 0 FOLLOWER]: Becoming Follower/Learner. State: Replica: 318e9e56408744bfba0992118074bee9, State: Initialized, Role: FOLLOWER
I20260710 13:16:02.461882  1719 consensus_queue.cc:260] T 5c268c776d35425c86ed8c71e5cd0016 P 318e9e56408744bfba0992118074bee9 [NON_LEADER]: Queue going to NON_LEADER mode. State: All replicated index: 0, Majority replicated index: 0, Committed index: 0, Last appended: 0.0, Last appended by leader: 0, Current term: 0, Majority size: -1, State: 0, Mode: NON_LEADER, active raft config: opid_index: -1 OBSOLETE_local: false peers { permanent_uuid: "318e9e56408744bfba0992118074bee9" member_type: VOTER last_known_addr { host: "127.0.107.193" port: 39655 } } peers { permanent_uuid: "85765d741ab94889a8cc6d712d03cd44" member_type: VOTER last_known_addr { host: "127.0.107.194" port: 46009 } } peers { permanent_uuid: "0571625f756f4e63941d2154310a9ef0" member_type: VOTER last_known_addr { host: "127.0.107.195" port: 37451 } }
I20260710 13:16:02.463966  1719 ts_tablet_manager.cc:1434] T 5c268c776d35425c86ed8c71e5cd0016 P 318e9e56408744bfba0992118074bee9: Time spent starting tablet: real 0.008s	user 0.005s	sys 0.000s
I20260710 13:16:02.466522  1719 tablet_bootstrap.cc:492] T b73e9d390e3a465d9977a927e670a653 P 318e9e56408744bfba0992118074bee9: Bootstrap starting.
I20260710 13:16:02.466673  1628 heartbeater.cc:499] Master 127.0.107.254:43189 was elected leader, sending a full tablet report...
I20260710 13:16:02.471843  1717 tablet_bootstrap.cc:492] T b73e9d390e3a465d9977a927e670a653 P 0571625f756f4e63941d2154310a9ef0: No bootstrap required, opened a new log
I20260710 13:16:02.472353  1717 ts_tablet_manager.cc:1403] T b73e9d390e3a465d9977a927e670a653 P 0571625f756f4e63941d2154310a9ef0: Time spent bootstrapping tablet: real 0.041s	user 0.008s	sys 0.006s
I20260710 13:16:02.467217  1718 ts_tablet_manager.cc:1434] T e5a9c7585c98488da84d98db47a45713 P 85765d741ab94889a8cc6d712d03cd44: Time spent starting tablet: real 0.041s	user 0.004s	sys 0.008s
I20260710 13:16:02.474802  1718 tablet_bootstrap.cc:492] T 63ec9f5683c14687bddd9fded4ba8a2f P 85765d741ab94889a8cc6d712d03cd44: Bootstrap starting.
I20260710 13:16:02.475363  1717 raft_consensus.cc:359] T b73e9d390e3a465d9977a927e670a653 P 0571625f756f4e63941d2154310a9ef0 [term 0 FOLLOWER]: Replica starting. Triggering 0 pending ops. Active config: opid_index: -1 OBSOLETE_local: false peers { permanent_uuid: "318e9e56408744bfba0992118074bee9" member_type: VOTER last_known_addr { host: "127.0.107.193" port: 39655 } } peers { permanent_uuid: "85765d741ab94889a8cc6d712d03cd44" member_type: VOTER last_known_addr { host: "127.0.107.194" port: 46009 } } peers { permanent_uuid: "0571625f756f4e63941d2154310a9ef0" member_type: VOTER last_known_addr { host: "127.0.107.195" port: 37451 } }
I20260710 13:16:02.476094  1717 raft_consensus.cc:385] T b73e9d390e3a465d9977a927e670a653 P 0571625f756f4e63941d2154310a9ef0 [term 0 FOLLOWER]: Consensus starting up: Expiring failure detector timer to make a prompt election more likely
I20260710 13:16:02.476389  1717 raft_consensus.cc:740] T b73e9d390e3a465d9977a927e670a653 P 0571625f756f4e63941d2154310a9ef0 [term 0 FOLLOWER]: Becoming Follower/Learner. State: Replica: 0571625f756f4e63941d2154310a9ef0, State: Initialized, Role: FOLLOWER
I20260710 13:16:02.477319  1719 tablet_bootstrap.cc:654] T b73e9d390e3a465d9977a927e670a653 P 318e9e56408744bfba0992118074bee9: Neither blocks nor log segments found. Creating new log.
I20260710 13:16:02.477311  1717 consensus_queue.cc:260] T b73e9d390e3a465d9977a927e670a653 P 0571625f756f4e63941d2154310a9ef0 [NON_LEADER]: Queue going to NON_LEADER mode. State: All replicated index: 0, Majority replicated index: 0, Committed index: 0, Last appended: 0.0, Last appended by leader: 0, Current term: 0, Majority size: -1, State: 0, Mode: NON_LEADER, active raft config: opid_index: -1 OBSOLETE_local: false peers { permanent_uuid: "318e9e56408744bfba0992118074bee9" member_type: VOTER last_known_addr { host: "127.0.107.193" port: 39655 } } peers { permanent_uuid: "85765d741ab94889a8cc6d712d03cd44" member_type: VOTER last_known_addr { host: "127.0.107.194" port: 46009 } } peers { permanent_uuid: "0571625f756f4e63941d2154310a9ef0" member_type: VOTER last_known_addr { host: "127.0.107.195" port: 37451 } }
I20260710 13:16:02.480419  1717 ts_tablet_manager.cc:1434] T b73e9d390e3a465d9977a927e670a653 P 0571625f756f4e63941d2154310a9ef0: Time spent starting tablet: real 0.008s	user 0.004s	sys 0.003s
I20260710 13:16:02.481580  1717 tablet_bootstrap.cc:492] T 2db731bb3ede4197b851107a12bd0557 P 0571625f756f4e63941d2154310a9ef0: Bootstrap starting.
I20260710 13:16:02.487455  1718 tablet_bootstrap.cc:654] T 63ec9f5683c14687bddd9fded4ba8a2f P 85765d741ab94889a8cc6d712d03cd44: Neither blocks nor log segments found. Creating new log.
I20260710 13:16:02.489380  1717 tablet_bootstrap.cc:654] T 2db731bb3ede4197b851107a12bd0557 P 0571625f756f4e63941d2154310a9ef0: Neither blocks nor log segments found. Creating new log.
I20260710 13:16:02.492697  1718 tablet_bootstrap.cc:492] T 63ec9f5683c14687bddd9fded4ba8a2f P 85765d741ab94889a8cc6d712d03cd44: No bootstrap required, opened a new log
I20260710 13:16:02.493171  1718 ts_tablet_manager.cc:1403] T 63ec9f5683c14687bddd9fded4ba8a2f P 85765d741ab94889a8cc6d712d03cd44: Time spent bootstrapping tablet: real 0.019s	user 0.010s	sys 0.000s
I20260710 13:16:02.494892  1719 tablet_bootstrap.cc:492] T b73e9d390e3a465d9977a927e670a653 P 318e9e56408744bfba0992118074bee9: No bootstrap required, opened a new log
I20260710 13:16:02.495358  1719 ts_tablet_manager.cc:1403] T b73e9d390e3a465d9977a927e670a653 P 318e9e56408744bfba0992118074bee9: Time spent bootstrapping tablet: real 0.029s	user 0.018s	sys 0.000s
I20260710 13:16:02.496034  1718 raft_consensus.cc:359] T 63ec9f5683c14687bddd9fded4ba8a2f P 85765d741ab94889a8cc6d712d03cd44 [term 0 FOLLOWER]: Replica starting. Triggering 0 pending ops. Active config: opid_index: -1 OBSOLETE_local: false peers { permanent_uuid: "318e9e56408744bfba0992118074bee9" member_type: VOTER last_known_addr { host: "127.0.107.193" port: 39655 } } peers { permanent_uuid: "0571625f756f4e63941d2154310a9ef0" member_type: VOTER last_known_addr { host: "127.0.107.195" port: 37451 } } peers { permanent_uuid: "85765d741ab94889a8cc6d712d03cd44" member_type: VOTER last_known_addr { host: "127.0.107.194" port: 46009 } }
I20260710 13:16:02.496733  1718 raft_consensus.cc:385] T 63ec9f5683c14687bddd9fded4ba8a2f P 85765d741ab94889a8cc6d712d03cd44 [term 0 FOLLOWER]: Consensus starting up: Expiring failure detector timer to make a prompt election more likely
I20260710 13:16:02.497020  1718 raft_consensus.cc:740] T 63ec9f5683c14687bddd9fded4ba8a2f P 85765d741ab94889a8cc6d712d03cd44 [term 0 FOLLOWER]: Becoming Follower/Learner. State: Replica: 85765d741ab94889a8cc6d712d03cd44, State: Initialized, Role: FOLLOWER
I20260710 13:16:02.497849  1718 consensus_queue.cc:260] T 63ec9f5683c14687bddd9fded4ba8a2f P 85765d741ab94889a8cc6d712d03cd44 [NON_LEADER]: Queue going to NON_LEADER mode. State: All replicated index: 0, Majority replicated index: 0, Committed index: 0, Last appended: 0.0, Last appended by leader: 0, Current term: 0, Majority size: -1, State: 0, Mode: NON_LEADER, active raft config: opid_index: -1 OBSOLETE_local: false peers { permanent_uuid: "318e9e56408744bfba0992118074bee9" member_type: VOTER last_known_addr { host: "127.0.107.193" port: 39655 } } peers { permanent_uuid: "0571625f756f4e63941d2154310a9ef0" member_type: VOTER last_known_addr { host: "127.0.107.195" port: 37451 } } peers { permanent_uuid: "85765d741ab94889a8cc6d712d03cd44" member_type: VOTER last_known_addr { host: "127.0.107.194" port: 46009 } }
I20260710 13:16:02.498167  1719 raft_consensus.cc:359] T b73e9d390e3a465d9977a927e670a653 P 318e9e56408744bfba0992118074bee9 [term 0 FOLLOWER]: Replica starting. Triggering 0 pending ops. Active config: opid_index: -1 OBSOLETE_local: false peers { permanent_uuid: "318e9e56408744bfba0992118074bee9" member_type: VOTER last_known_addr { host: "127.0.107.193" port: 39655 } } peers { permanent_uuid: "85765d741ab94889a8cc6d712d03cd44" member_type: VOTER last_known_addr { host: "127.0.107.194" port: 46009 } } peers { permanent_uuid: "0571625f756f4e63941d2154310a9ef0" member_type: VOTER last_known_addr { host: "127.0.107.195" port: 37451 } }
I20260710 13:16:02.498909  1719 raft_consensus.cc:385] T b73e9d390e3a465d9977a927e670a653 P 318e9e56408744bfba0992118074bee9 [term 0 FOLLOWER]: Consensus starting up: Expiring failure detector timer to make a prompt election more likely
I20260710 13:16:02.499217  1719 raft_consensus.cc:740] T b73e9d390e3a465d9977a927e670a653 P 318e9e56408744bfba0992118074bee9 [term 0 FOLLOWER]: Becoming Follower/Learner. State: Replica: 318e9e56408744bfba0992118074bee9, State: Initialized, Role: FOLLOWER
I20260710 13:16:02.500218  1718 ts_tablet_manager.cc:1434] T 63ec9f5683c14687bddd9fded4ba8a2f P 85765d741ab94889a8cc6d712d03cd44: Time spent starting tablet: real 0.007s	user 0.007s	sys 0.000s
I20260710 13:16:02.499939  1719 consensus_queue.cc:260] T b73e9d390e3a465d9977a927e670a653 P 318e9e56408744bfba0992118074bee9 [NON_LEADER]: Queue going to NON_LEADER mode. State: All replicated index: 0, Majority replicated index: 0, Committed index: 0, Last appended: 0.0, Last appended by leader: 0, Current term: 0, Majority size: -1, State: 0, Mode: NON_LEADER, active raft config: opid_index: -1 OBSOLETE_local: false peers { permanent_uuid: "318e9e56408744bfba0992118074bee9" member_type: VOTER last_known_addr { host: "127.0.107.193" port: 39655 } } peers { permanent_uuid: "85765d741ab94889a8cc6d712d03cd44" member_type: VOTER last_known_addr { host: "127.0.107.194" port: 46009 } } peers { permanent_uuid: "0571625f756f4e63941d2154310a9ef0" member_type: VOTER last_known_addr { host: "127.0.107.195" port: 37451 } }
I20260710 13:16:02.501097  1718 tablet_bootstrap.cc:492] T a40cdeefa357432da24009f446c84dcb P 85765d741ab94889a8cc6d712d03cd44: Bootstrap starting.
I20260710 13:16:02.503297  1719 ts_tablet_manager.cc:1434] T b73e9d390e3a465d9977a927e670a653 P 318e9e56408744bfba0992118074bee9: Time spent starting tablet: real 0.008s	user 0.008s	sys 0.000s
I20260710 13:16:02.504309  1719 tablet_bootstrap.cc:492] T a5cec2e81d4c4636be966241e0251def P 318e9e56408744bfba0992118074bee9: Bootstrap starting.
I20260710 13:16:02.506893  1717 tablet_bootstrap.cc:492] T 2db731bb3ede4197b851107a12bd0557 P 0571625f756f4e63941d2154310a9ef0: No bootstrap required, opened a new log
I20260710 13:16:02.507382  1717 ts_tablet_manager.cc:1403] T 2db731bb3ede4197b851107a12bd0557 P 0571625f756f4e63941d2154310a9ef0: Time spent bootstrapping tablet: real 0.026s	user 0.009s	sys 0.003s
I20260710 13:16:02.508486  1718 tablet_bootstrap.cc:654] T a40cdeefa357432da24009f446c84dcb P 85765d741ab94889a8cc6d712d03cd44: Neither blocks nor log segments found. Creating new log.
I20260710 13:16:02.510355  1717 raft_consensus.cc:359] T 2db731bb3ede4197b851107a12bd0557 P 0571625f756f4e63941d2154310a9ef0 [term 0 FOLLOWER]: Replica starting. Triggering 0 pending ops. Active config: opid_index: -1 OBSOLETE_local: false peers { permanent_uuid: "318e9e56408744bfba0992118074bee9" member_type: VOTER last_known_addr { host: "127.0.107.193" port: 39655 } } peers { permanent_uuid: "85765d741ab94889a8cc6d712d03cd44" member_type: VOTER last_known_addr { host: "127.0.107.194" port: 46009 } } peers { permanent_uuid: "0571625f756f4e63941d2154310a9ef0" member_type: VOTER last_known_addr { host: "127.0.107.195" port: 37451 } }
I20260710 13:16:02.510833  1719 tablet_bootstrap.cc:654] T a5cec2e81d4c4636be966241e0251def P 318e9e56408744bfba0992118074bee9: Neither blocks nor log segments found. Creating new log.
I20260710 13:16:02.511086  1717 raft_consensus.cc:385] T 2db731bb3ede4197b851107a12bd0557 P 0571625f756f4e63941d2154310a9ef0 [term 0 FOLLOWER]: Consensus starting up: Expiring failure detector timer to make a prompt election more likely
I20260710 13:16:02.511500  1717 raft_consensus.cc:740] T 2db731bb3ede4197b851107a12bd0557 P 0571625f756f4e63941d2154310a9ef0 [term 0 FOLLOWER]: Becoming Follower/Learner. State: Replica: 0571625f756f4e63941d2154310a9ef0, State: Initialized, Role: FOLLOWER
I20260710 13:16:02.512424  1717 consensus_queue.cc:260] T 2db731bb3ede4197b851107a12bd0557 P 0571625f756f4e63941d2154310a9ef0 [NON_LEADER]: Queue going to NON_LEADER mode. State: All replicated index: 0, Majority replicated index: 0, Committed index: 0, Last appended: 0.0, Last appended by leader: 0, Current term: 0, Majority size: -1, State: 0, Mode: NON_LEADER, active raft config: opid_index: -1 OBSOLETE_local: false peers { permanent_uuid: "318e9e56408744bfba0992118074bee9" member_type: VOTER last_known_addr { host: "127.0.107.193" port: 39655 } } peers { permanent_uuid: "85765d741ab94889a8cc6d712d03cd44" member_type: VOTER last_known_addr { host: "127.0.107.194" port: 46009 } } peers { permanent_uuid: "0571625f756f4e63941d2154310a9ef0" member_type: VOTER last_known_addr { host: "127.0.107.195" port: 37451 } }
I20260710 13:16:02.515363  1717 ts_tablet_manager.cc:1434] T 2db731bb3ede4197b851107a12bd0557 P 0571625f756f4e63941d2154310a9ef0: Time spent starting tablet: real 0.008s	user 0.008s	sys 0.000s
I20260710 13:16:02.516626  1717 tablet_bootstrap.cc:492] T a5cec2e81d4c4636be966241e0251def P 0571625f756f4e63941d2154310a9ef0: Bootstrap starting.
I20260710 13:16:02.520280  1718 tablet_bootstrap.cc:492] T a40cdeefa357432da24009f446c84dcb P 85765d741ab94889a8cc6d712d03cd44: No bootstrap required, opened a new log
I20260710 13:16:02.520834  1718 ts_tablet_manager.cc:1403] T a40cdeefa357432da24009f446c84dcb P 85765d741ab94889a8cc6d712d03cd44: Time spent bootstrapping tablet: real 0.020s	user 0.006s	sys 0.010s
I20260710 13:16:02.522640  1719 tablet_bootstrap.cc:492] T a5cec2e81d4c4636be966241e0251def P 318e9e56408744bfba0992118074bee9: No bootstrap required, opened a new log
I20260710 13:16:02.523178  1719 ts_tablet_manager.cc:1403] T a5cec2e81d4c4636be966241e0251def P 318e9e56408744bfba0992118074bee9: Time spent bootstrapping tablet: real 0.019s	user 0.017s	sys 0.000s
I20260710 13:16:02.523766  1718 raft_consensus.cc:359] T a40cdeefa357432da24009f446c84dcb P 85765d741ab94889a8cc6d712d03cd44 [term 0 FOLLOWER]: Replica starting. Triggering 0 pending ops. Active config: opid_index: -1 OBSOLETE_local: false peers { permanent_uuid: "318e9e56408744bfba0992118074bee9" member_type: VOTER last_known_addr { host: "127.0.107.193" port: 39655 } } peers { permanent_uuid: "85765d741ab94889a8cc6d712d03cd44" member_type: VOTER last_known_addr { host: "127.0.107.194" port: 46009 } } peers { permanent_uuid: "0571625f756f4e63941d2154310a9ef0" member_type: VOTER last_known_addr { host: "127.0.107.195" port: 37451 } }
I20260710 13:16:02.524509  1718 raft_consensus.cc:385] T a40cdeefa357432da24009f446c84dcb P 85765d741ab94889a8cc6d712d03cd44 [term 0 FOLLOWER]: Consensus starting up: Expiring failure detector timer to make a prompt election more likely
I20260710 13:16:02.524822  1718 raft_consensus.cc:740] T a40cdeefa357432da24009f446c84dcb P 85765d741ab94889a8cc6d712d03cd44 [term 0 FOLLOWER]: Becoming Follower/Learner. State: Replica: 85765d741ab94889a8cc6d712d03cd44, State: Initialized, Role: FOLLOWER
I20260710 13:16:02.525758  1718 consensus_queue.cc:260] T a40cdeefa357432da24009f446c84dcb P 85765d741ab94889a8cc6d712d03cd44 [NON_LEADER]: Queue going to NON_LEADER mode. State: All replicated index: 0, Majority replicated index: 0, Committed index: 0, Last appended: 0.0, Last appended by leader: 0, Current term: 0, Majority size: -1, State: 0, Mode: NON_LEADER, active raft config: opid_index: -1 OBSOLETE_local: false peers { permanent_uuid: "318e9e56408744bfba0992118074bee9" member_type: VOTER last_known_addr { host: "127.0.107.193" port: 39655 } } peers { permanent_uuid: "85765d741ab94889a8cc6d712d03cd44" member_type: VOTER last_known_addr { host: "127.0.107.194" port: 46009 } } peers { permanent_uuid: "0571625f756f4e63941d2154310a9ef0" member_type: VOTER last_known_addr { host: "127.0.107.195" port: 37451 } }
I20260710 13:16:02.526307  1719 raft_consensus.cc:359] T a5cec2e81d4c4636be966241e0251def P 318e9e56408744bfba0992118074bee9 [term 0 FOLLOWER]: Replica starting. Triggering 0 pending ops. Active config: opid_index: -1 OBSOLETE_local: false peers { permanent_uuid: "318e9e56408744bfba0992118074bee9" member_type: VOTER last_known_addr { host: "127.0.107.193" port: 39655 } } peers { permanent_uuid: "85765d741ab94889a8cc6d712d03cd44" member_type: VOTER last_known_addr { host: "127.0.107.194" port: 46009 } } peers { permanent_uuid: "0571625f756f4e63941d2154310a9ef0" member_type: VOTER last_known_addr { host: "127.0.107.195" port: 37451 } }
I20260710 13:16:02.527220  1719 raft_consensus.cc:385] T a5cec2e81d4c4636be966241e0251def P 318e9e56408744bfba0992118074bee9 [term 0 FOLLOWER]: Consensus starting up: Expiring failure detector timer to make a prompt election more likely
I20260710 13:16:02.527424  1717 tablet_bootstrap.cc:654] T a5cec2e81d4c4636be966241e0251def P 0571625f756f4e63941d2154310a9ef0: Neither blocks nor log segments found. Creating new log.
I20260710 13:16:02.527550  1719 raft_consensus.cc:740] T a5cec2e81d4c4636be966241e0251def P 318e9e56408744bfba0992118074bee9 [term 0 FOLLOWER]: Becoming Follower/Learner. State: Replica: 318e9e56408744bfba0992118074bee9, State: Initialized, Role: FOLLOWER
I20260710 13:16:02.528203  1718 ts_tablet_manager.cc:1434] T a40cdeefa357432da24009f446c84dcb P 85765d741ab94889a8cc6d712d03cd44: Time spent starting tablet: real 0.007s	user 0.002s	sys 0.006s
I20260710 13:16:02.528614  1719 consensus_queue.cc:260] T a5cec2e81d4c4636be966241e0251def P 318e9e56408744bfba0992118074bee9 [NON_LEADER]: Queue going to NON_LEADER mode. State: All replicated index: 0, Majority replicated index: 0, Committed index: 0, Last appended: 0.0, Last appended by leader: 0, Current term: 0, Majority size: -1, State: 0, Mode: NON_LEADER, active raft config: opid_index: -1 OBSOLETE_local: false peers { permanent_uuid: "318e9e56408744bfba0992118074bee9" member_type: VOTER last_known_addr { host: "127.0.107.193" port: 39655 } } peers { permanent_uuid: "85765d741ab94889a8cc6d712d03cd44" member_type: VOTER last_known_addr { host: "127.0.107.194" port: 46009 } } peers { permanent_uuid: "0571625f756f4e63941d2154310a9ef0" member_type: VOTER last_known_addr { host: "127.0.107.195" port: 37451 } }
I20260710 13:16:02.529125  1718 tablet_bootstrap.cc:492] T 2db731bb3ede4197b851107a12bd0557 P 85765d741ab94889a8cc6d712d03cd44: Bootstrap starting.
I20260710 13:16:02.531169  1719 ts_tablet_manager.cc:1434] T a5cec2e81d4c4636be966241e0251def P 318e9e56408744bfba0992118074bee9: Time spent starting tablet: real 0.008s	user 0.004s	sys 0.002s
I20260710 13:16:02.532222  1719 tablet_bootstrap.cc:492] T 06dea06104274bde97b6c32a5adbb77e P 318e9e56408744bfba0992118074bee9: Bootstrap starting.
I20260710 13:16:02.537909  1718 tablet_bootstrap.cc:654] T 2db731bb3ede4197b851107a12bd0557 P 85765d741ab94889a8cc6d712d03cd44: Neither blocks nor log segments found. Creating new log.
I20260710 13:16:02.538591  1719 tablet_bootstrap.cc:654] T 06dea06104274bde97b6c32a5adbb77e P 318e9e56408744bfba0992118074bee9: Neither blocks nor log segments found. Creating new log.
I20260710 13:16:02.545897  1717 tablet_bootstrap.cc:492] T a5cec2e81d4c4636be966241e0251def P 0571625f756f4e63941d2154310a9ef0: No bootstrap required, opened a new log
I20260710 13:16:02.545902  1718 tablet_bootstrap.cc:492] T 2db731bb3ede4197b851107a12bd0557 P 85765d741ab94889a8cc6d712d03cd44: No bootstrap required, opened a new log
I20260710 13:16:02.546497  1718 ts_tablet_manager.cc:1403] T 2db731bb3ede4197b851107a12bd0557 P 85765d741ab94889a8cc6d712d03cd44: Time spent bootstrapping tablet: real 0.018s	user 0.011s	sys 0.004s
I20260710 13:16:02.546497  1717 ts_tablet_manager.cc:1403] T a5cec2e81d4c4636be966241e0251def P 0571625f756f4e63941d2154310a9ef0: Time spent bootstrapping tablet: real 0.030s	user 0.017s	sys 0.005s
I20260710 13:16:02.549831  1718 raft_consensus.cc:359] T 2db731bb3ede4197b851107a12bd0557 P 85765d741ab94889a8cc6d712d03cd44 [term 0 FOLLOWER]: Replica starting. Triggering 0 pending ops. Active config: opid_index: -1 OBSOLETE_local: false peers { permanent_uuid: "318e9e56408744bfba0992118074bee9" member_type: VOTER last_known_addr { host: "127.0.107.193" port: 39655 } } peers { permanent_uuid: "85765d741ab94889a8cc6d712d03cd44" member_type: VOTER last_known_addr { host: "127.0.107.194" port: 46009 } } peers { permanent_uuid: "0571625f756f4e63941d2154310a9ef0" member_type: VOTER last_known_addr { host: "127.0.107.195" port: 37451 } }
I20260710 13:16:02.550670  1718 raft_consensus.cc:385] T 2db731bb3ede4197b851107a12bd0557 P 85765d741ab94889a8cc6d712d03cd44 [term 0 FOLLOWER]: Consensus starting up: Expiring failure detector timer to make a prompt election more likely
I20260710 13:16:02.550966  1718 raft_consensus.cc:740] T 2db731bb3ede4197b851107a12bd0557 P 85765d741ab94889a8cc6d712d03cd44 [term 0 FOLLOWER]: Becoming Follower/Learner. State: Replica: 85765d741ab94889a8cc6d712d03cd44, State: Initialized, Role: FOLLOWER
I20260710 13:16:02.549999  1717 raft_consensus.cc:359] T a5cec2e81d4c4636be966241e0251def P 0571625f756f4e63941d2154310a9ef0 [term 0 FOLLOWER]: Replica starting. Triggering 0 pending ops. Active config: opid_index: -1 OBSOLETE_local: false peers { permanent_uuid: "318e9e56408744bfba0992118074bee9" member_type: VOTER last_known_addr { host: "127.0.107.193" port: 39655 } } peers { permanent_uuid: "85765d741ab94889a8cc6d712d03cd44" member_type: VOTER last_known_addr { host: "127.0.107.194" port: 46009 } } peers { permanent_uuid: "0571625f756f4e63941d2154310a9ef0" member_type: VOTER last_known_addr { host: "127.0.107.195" port: 37451 } }
I20260710 13:16:02.551414  1719 tablet_bootstrap.cc:492] T 06dea06104274bde97b6c32a5adbb77e P 318e9e56408744bfba0992118074bee9: No bootstrap required, opened a new log
I20260710 13:16:02.551420  1717 raft_consensus.cc:385] T a5cec2e81d4c4636be966241e0251def P 0571625f756f4e63941d2154310a9ef0 [term 0 FOLLOWER]: Consensus starting up: Expiring failure detector timer to make a prompt election more likely
I20260710 13:16:02.551985  1719 ts_tablet_manager.cc:1403] T 06dea06104274bde97b6c32a5adbb77e P 318e9e56408744bfba0992118074bee9: Time spent bootstrapping tablet: real 0.020s	user 0.006s	sys 0.012s
I20260710 13:16:02.551950  1717 raft_consensus.cc:740] T a5cec2e81d4c4636be966241e0251def P 0571625f756f4e63941d2154310a9ef0 [term 0 FOLLOWER]: Becoming Follower/Learner. State: Replica: 0571625f756f4e63941d2154310a9ef0, State: Initialized, Role: FOLLOWER
I20260710 13:16:02.551698  1718 consensus_queue.cc:260] T 2db731bb3ede4197b851107a12bd0557 P 85765d741ab94889a8cc6d712d03cd44 [NON_LEADER]: Queue going to NON_LEADER mode. State: All replicated index: 0, Majority replicated index: 0, Committed index: 0, Last appended: 0.0, Last appended by leader: 0, Current term: 0, Majority size: -1, State: 0, Mode: NON_LEADER, active raft config: opid_index: -1 OBSOLETE_local: false peers { permanent_uuid: "318e9e56408744bfba0992118074bee9" member_type: VOTER last_known_addr { host: "127.0.107.193" port: 39655 } } peers { permanent_uuid: "85765d741ab94889a8cc6d712d03cd44" member_type: VOTER last_known_addr { host: "127.0.107.194" port: 46009 } } peers { permanent_uuid: "0571625f756f4e63941d2154310a9ef0" member_type: VOTER last_known_addr { host: "127.0.107.195" port: 37451 } }
I20260710 13:16:02.553030  1717 consensus_queue.cc:260] T a5cec2e81d4c4636be966241e0251def P 0571625f756f4e63941d2154310a9ef0 [NON_LEADER]: Queue going to NON_LEADER mode. State: All replicated index: 0, Majority replicated index: 0, Committed index: 0, Last appended: 0.0, Last appended by leader: 0, Current term: 0, Majority size: -1, State: 0, Mode: NON_LEADER, active raft config: opid_index: -1 OBSOLETE_local: false peers { permanent_uuid: "318e9e56408744bfba0992118074bee9" member_type: VOTER last_known_addr { host: "127.0.107.193" port: 39655 } } peers { permanent_uuid: "85765d741ab94889a8cc6d712d03cd44" member_type: VOTER last_known_addr { host: "127.0.107.194" port: 46009 } } peers { permanent_uuid: "0571625f756f4e63941d2154310a9ef0" member_type: VOTER last_known_addr { host: "127.0.107.195" port: 37451 } }
I20260710 13:16:02.554368  1718 ts_tablet_manager.cc:1434] T 2db731bb3ede4197b851107a12bd0557 P 85765d741ab94889a8cc6d712d03cd44: Time spent starting tablet: real 0.007s	user 0.006s	sys 0.000s
I20260710 13:16:02.555294  1718 tablet_bootstrap.cc:492] T 5c268c776d35425c86ed8c71e5cd0016 P 85765d741ab94889a8cc6d712d03cd44: Bootstrap starting.
I20260710 13:16:02.555580  1719 raft_consensus.cc:359] T 06dea06104274bde97b6c32a5adbb77e P 318e9e56408744bfba0992118074bee9 [term 0 FOLLOWER]: Replica starting. Triggering 0 pending ops. Active config: opid_index: -1 OBSOLETE_local: false peers { permanent_uuid: "318e9e56408744bfba0992118074bee9" member_type: VOTER last_known_addr { host: "127.0.107.193" port: 39655 } } peers { permanent_uuid: "85765d741ab94889a8cc6d712d03cd44" member_type: VOTER last_known_addr { host: "127.0.107.194" port: 46009 } } peers { permanent_uuid: "0571625f756f4e63941d2154310a9ef0" member_type: VOTER last_known_addr { host: "127.0.107.195" port: 37451 } }
I20260710 13:16:02.556387  1719 raft_consensus.cc:385] T 06dea06104274bde97b6c32a5adbb77e P 318e9e56408744bfba0992118074bee9 [term 0 FOLLOWER]: Consensus starting up: Expiring failure detector timer to make a prompt election more likely
I20260710 13:16:02.556731  1719 raft_consensus.cc:740] T 06dea06104274bde97b6c32a5adbb77e P 318e9e56408744bfba0992118074bee9 [term 0 FOLLOWER]: Becoming Follower/Learner. State: Replica: 318e9e56408744bfba0992118074bee9, State: Initialized, Role: FOLLOWER
I20260710 13:16:02.557617  1719 consensus_queue.cc:260] T 06dea06104274bde97b6c32a5adbb77e P 318e9e56408744bfba0992118074bee9 [NON_LEADER]: Queue going to NON_LEADER mode. State: All replicated index: 0, Majority replicated index: 0, Committed index: 0, Last appended: 0.0, Last appended by leader: 0, Current term: 0, Majority size: -1, State: 0, Mode: NON_LEADER, active raft config: opid_index: -1 OBSOLETE_local: false peers { permanent_uuid: "318e9e56408744bfba0992118074bee9" member_type: VOTER last_known_addr { host: "127.0.107.193" port: 39655 } } peers { permanent_uuid: "85765d741ab94889a8cc6d712d03cd44" member_type: VOTER last_known_addr { host: "127.0.107.194" port: 46009 } } peers { permanent_uuid: "0571625f756f4e63941d2154310a9ef0" member_type: VOTER last_known_addr { host: "127.0.107.195" port: 37451 } }
I20260710 13:16:02.559738  1717 ts_tablet_manager.cc:1434] T a5cec2e81d4c4636be966241e0251def P 0571625f756f4e63941d2154310a9ef0: Time spent starting tablet: real 0.013s	user 0.006s	sys 0.001s
I20260710 13:16:02.560712  1717 tablet_bootstrap.cc:492] T 4bdcde9ed35c43529d77748d7acaada0 P 0571625f756f4e63941d2154310a9ef0: Bootstrap starting.
I20260710 13:16:02.562047  1718 tablet_bootstrap.cc:654] T 5c268c776d35425c86ed8c71e5cd0016 P 85765d741ab94889a8cc6d712d03cd44: Neither blocks nor log segments found. Creating new log.
I20260710 13:16:02.566663  1719 ts_tablet_manager.cc:1434] T 06dea06104274bde97b6c32a5adbb77e P 318e9e56408744bfba0992118074bee9: Time spent starting tablet: real 0.014s	user 0.006s	sys 0.000s
I20260710 13:16:02.567714  1717 tablet_bootstrap.cc:654] T 4bdcde9ed35c43529d77748d7acaada0 P 0571625f756f4e63941d2154310a9ef0: Neither blocks nor log segments found. Creating new log.
I20260710 13:16:02.570372  1719 tablet_bootstrap.cc:492] T 2db731bb3ede4197b851107a12bd0557 P 318e9e56408744bfba0992118074bee9: Bootstrap starting.
I20260710 13:16:02.574579  1718 tablet_bootstrap.cc:492] T 5c268c776d35425c86ed8c71e5cd0016 P 85765d741ab94889a8cc6d712d03cd44: No bootstrap required, opened a new log
I20260710 13:16:02.575093  1718 ts_tablet_manager.cc:1403] T 5c268c776d35425c86ed8c71e5cd0016 P 85765d741ab94889a8cc6d712d03cd44: Time spent bootstrapping tablet: real 0.020s	user 0.015s	sys 0.003s
I20260710 13:16:02.578052  1719 tablet_bootstrap.cc:654] T 2db731bb3ede4197b851107a12bd0557 P 318e9e56408744bfba0992118074bee9: Neither blocks nor log segments found. Creating new log.
I20260710 13:16:02.578730  1718 raft_consensus.cc:359] T 5c268c776d35425c86ed8c71e5cd0016 P 85765d741ab94889a8cc6d712d03cd44 [term 0 FOLLOWER]: Replica starting. Triggering 0 pending ops. Active config: opid_index: -1 OBSOLETE_local: false peers { permanent_uuid: "318e9e56408744bfba0992118074bee9" member_type: VOTER last_known_addr { host: "127.0.107.193" port: 39655 } } peers { permanent_uuid: "85765d741ab94889a8cc6d712d03cd44" member_type: VOTER last_known_addr { host: "127.0.107.194" port: 46009 } } peers { permanent_uuid: "0571625f756f4e63941d2154310a9ef0" member_type: VOTER last_known_addr { host: "127.0.107.195" port: 37451 } }
I20260710 13:16:02.579509  1718 raft_consensus.cc:385] T 5c268c776d35425c86ed8c71e5cd0016 P 85765d741ab94889a8cc6d712d03cd44 [term 0 FOLLOWER]: Consensus starting up: Expiring failure detector timer to make a prompt election more likely
I20260710 13:16:02.579885  1718 raft_consensus.cc:740] T 5c268c776d35425c86ed8c71e5cd0016 P 85765d741ab94889a8cc6d712d03cd44 [term 0 FOLLOWER]: Becoming Follower/Learner. State: Replica: 85765d741ab94889a8cc6d712d03cd44, State: Initialized, Role: FOLLOWER
I20260710 13:16:02.580787  1718 consensus_queue.cc:260] T 5c268c776d35425c86ed8c71e5cd0016 P 85765d741ab94889a8cc6d712d03cd44 [NON_LEADER]: Queue going to NON_LEADER mode. State: All replicated index: 0, Majority replicated index: 0, Committed index: 0, Last appended: 0.0, Last appended by leader: 0, Current term: 0, Majority size: -1, State: 0, Mode: NON_LEADER, active raft config: opid_index: -1 OBSOLETE_local: false peers { permanent_uuid: "318e9e56408744bfba0992118074bee9" member_type: VOTER last_known_addr { host: "127.0.107.193" port: 39655 } } peers { permanent_uuid: "85765d741ab94889a8cc6d712d03cd44" member_type: VOTER last_known_addr { host: "127.0.107.194" port: 46009 } } peers { permanent_uuid: "0571625f756f4e63941d2154310a9ef0" member_type: VOTER last_known_addr { host: "127.0.107.195" port: 37451 } }
I20260710 13:16:02.584939  1718 ts_tablet_manager.cc:1434] T 5c268c776d35425c86ed8c71e5cd0016 P 85765d741ab94889a8cc6d712d03cd44: Time spent starting tablet: real 0.010s	user 0.007s	sys 0.000s
I20260710 13:16:02.585927  1718 tablet_bootstrap.cc:492] T 06dea06104274bde97b6c32a5adbb77e P 85765d741ab94889a8cc6d712d03cd44: Bootstrap starting.
I20260710 13:16:02.586783  1717 tablet_bootstrap.cc:492] T 4bdcde9ed35c43529d77748d7acaada0 P 0571625f756f4e63941d2154310a9ef0: No bootstrap required, opened a new log
I20260710 13:16:02.587249  1717 ts_tablet_manager.cc:1403] T 4bdcde9ed35c43529d77748d7acaada0 P 0571625f756f4e63941d2154310a9ef0: Time spent bootstrapping tablet: real 0.027s	user 0.020s	sys 0.000s
I20260710 13:16:02.589330  1717 raft_consensus.cc:359] T 4bdcde9ed35c43529d77748d7acaada0 P 0571625f756f4e63941d2154310a9ef0 [term 0 FOLLOWER]: Replica starting. Triggering 0 pending ops. Active config: opid_index: -1 OBSOLETE_local: false peers { permanent_uuid: "318e9e56408744bfba0992118074bee9" member_type: VOTER last_known_addr { host: "127.0.107.193" port: 39655 } } peers { permanent_uuid: "85765d741ab94889a8cc6d712d03cd44" member_type: VOTER last_known_addr { host: "127.0.107.194" port: 46009 } } peers { permanent_uuid: "0571625f756f4e63941d2154310a9ef0" member_type: VOTER last_known_addr { host: "127.0.107.195" port: 37451 } }
I20260710 13:16:02.589995  1717 raft_consensus.cc:385] T 4bdcde9ed35c43529d77748d7acaada0 P 0571625f756f4e63941d2154310a9ef0 [term 0 FOLLOWER]: Consensus starting up: Expiring failure detector timer to make a prompt election more likely
I20260710 13:16:02.590301  1717 raft_consensus.cc:740] T 4bdcde9ed35c43529d77748d7acaada0 P 0571625f756f4e63941d2154310a9ef0 [term 0 FOLLOWER]: Becoming Follower/Learner. State: Replica: 0571625f756f4e63941d2154310a9ef0, State: Initialized, Role: FOLLOWER
I20260710 13:16:02.591475  1718 tablet_bootstrap.cc:654] T 06dea06104274bde97b6c32a5adbb77e P 85765d741ab94889a8cc6d712d03cd44: Neither blocks nor log segments found. Creating new log.
I20260710 13:16:02.590994  1717 consensus_queue.cc:260] T 4bdcde9ed35c43529d77748d7acaada0 P 0571625f756f4e63941d2154310a9ef0 [NON_LEADER]: Queue going to NON_LEADER mode. State: All replicated index: 0, Majority replicated index: 0, Committed index: 0, Last appended: 0.0, Last appended by leader: 0, Current term: 0, Majority size: -1, State: 0, Mode: NON_LEADER, active raft config: opid_index: -1 OBSOLETE_local: false peers { permanent_uuid: "318e9e56408744bfba0992118074bee9" member_type: VOTER last_known_addr { host: "127.0.107.193" port: 39655 } } peers { permanent_uuid: "85765d741ab94889a8cc6d712d03cd44" member_type: VOTER last_known_addr { host: "127.0.107.194" port: 46009 } } peers { permanent_uuid: "0571625f756f4e63941d2154310a9ef0" member_type: VOTER last_known_addr { host: "127.0.107.195" port: 37451 } }
I20260710 13:16:02.593384  1717 ts_tablet_manager.cc:1434] T 4bdcde9ed35c43529d77748d7acaada0 P 0571625f756f4e63941d2154310a9ef0: Time spent starting tablet: real 0.006s	user 0.004s	sys 0.002s
I20260710 13:16:02.594374  1717 tablet_bootstrap.cc:492] T e5a9c7585c98488da84d98db47a45713 P 0571625f756f4e63941d2154310a9ef0: Bootstrap starting.
I20260710 13:16:02.595431  1719 tablet_bootstrap.cc:492] T 2db731bb3ede4197b851107a12bd0557 P 318e9e56408744bfba0992118074bee9: No bootstrap required, opened a new log
I20260710 13:16:02.595865  1719 ts_tablet_manager.cc:1403] T 2db731bb3ede4197b851107a12bd0557 P 318e9e56408744bfba0992118074bee9: Time spent bootstrapping tablet: real 0.026s	user 0.010s	sys 0.002s
I20260710 13:16:02.598802  1719 raft_consensus.cc:359] T 2db731bb3ede4197b851107a12bd0557 P 318e9e56408744bfba0992118074bee9 [term 0 FOLLOWER]: Replica starting. Triggering 0 pending ops. Active config: opid_index: -1 OBSOLETE_local: false peers { permanent_uuid: "318e9e56408744bfba0992118074bee9" member_type: VOTER last_known_addr { host: "127.0.107.193" port: 39655 } } peers { permanent_uuid: "85765d741ab94889a8cc6d712d03cd44" member_type: VOTER last_known_addr { host: "127.0.107.194" port: 46009 } } peers { permanent_uuid: "0571625f756f4e63941d2154310a9ef0" member_type: VOTER last_known_addr { host: "127.0.107.195" port: 37451 } }
I20260710 13:16:02.599488  1719 raft_consensus.cc:385] T 2db731bb3ede4197b851107a12bd0557 P 318e9e56408744bfba0992118074bee9 [term 0 FOLLOWER]: Consensus starting up: Expiring failure detector timer to make a prompt election more likely
I20260710 13:16:02.599776  1719 raft_consensus.cc:740] T 2db731bb3ede4197b851107a12bd0557 P 318e9e56408744bfba0992118074bee9 [term 0 FOLLOWER]: Becoming Follower/Learner. State: Replica: 318e9e56408744bfba0992118074bee9, State: Initialized, Role: FOLLOWER
I20260710 13:16:02.600651  1717 tablet_bootstrap.cc:654] T e5a9c7585c98488da84d98db47a45713 P 0571625f756f4e63941d2154310a9ef0: Neither blocks nor log segments found. Creating new log.
I20260710 13:16:02.600703  1719 consensus_queue.cc:260] T 2db731bb3ede4197b851107a12bd0557 P 318e9e56408744bfba0992118074bee9 [NON_LEADER]: Queue going to NON_LEADER mode. State: All replicated index: 0, Majority replicated index: 0, Committed index: 0, Last appended: 0.0, Last appended by leader: 0, Current term: 0, Majority size: -1, State: 0, Mode: NON_LEADER, active raft config: opid_index: -1 OBSOLETE_local: false peers { permanent_uuid: "318e9e56408744bfba0992118074bee9" member_type: VOTER last_known_addr { host: "127.0.107.193" port: 39655 } } peers { permanent_uuid: "85765d741ab94889a8cc6d712d03cd44" member_type: VOTER last_known_addr { host: "127.0.107.194" port: 46009 } } peers { permanent_uuid: "0571625f756f4e63941d2154310a9ef0" member_type: VOTER last_known_addr { host: "127.0.107.195" port: 37451 } }
I20260710 13:16:02.603233  1719 ts_tablet_manager.cc:1434] T 2db731bb3ede4197b851107a12bd0557 P 318e9e56408744bfba0992118074bee9: Time spent starting tablet: real 0.007s	user 0.006s	sys 0.001s
I20260710 13:16:02.604417  1719 tablet_bootstrap.cc:492] T a1c0b0afbe23460aab328fd71b4dec0f P 318e9e56408744bfba0992118074bee9: Bootstrap starting.
I20260710 13:16:02.612712  1719 tablet_bootstrap.cc:654] T a1c0b0afbe23460aab328fd71b4dec0f P 318e9e56408744bfba0992118074bee9: Neither blocks nor log segments found. Creating new log.
I20260710 13:16:02.614416  1717 tablet_bootstrap.cc:492] T e5a9c7585c98488da84d98db47a45713 P 0571625f756f4e63941d2154310a9ef0: No bootstrap required, opened a new log
I20260710 13:16:02.614908  1717 ts_tablet_manager.cc:1403] T e5a9c7585c98488da84d98db47a45713 P 0571625f756f4e63941d2154310a9ef0: Time spent bootstrapping tablet: real 0.021s	user 0.006s	sys 0.012s
I20260710 13:16:02.615346  1718 tablet_bootstrap.cc:492] T 06dea06104274bde97b6c32a5adbb77e P 85765d741ab94889a8cc6d712d03cd44: No bootstrap required, opened a new log
I20260710 13:16:02.615782  1718 ts_tablet_manager.cc:1403] T 06dea06104274bde97b6c32a5adbb77e P 85765d741ab94889a8cc6d712d03cd44: Time spent bootstrapping tablet: real 0.030s	user 0.007s	sys 0.013s
I20260710 13:16:02.617964  1718 raft_consensus.cc:359] T 06dea06104274bde97b6c32a5adbb77e P 85765d741ab94889a8cc6d712d03cd44 [term 0 FOLLOWER]: Replica starting. Triggering 0 pending ops. Active config: opid_index: -1 OBSOLETE_local: false peers { permanent_uuid: "318e9e56408744bfba0992118074bee9" member_type: VOTER last_known_addr { host: "127.0.107.193" port: 39655 } } peers { permanent_uuid: "85765d741ab94889a8cc6d712d03cd44" member_type: VOTER last_known_addr { host: "127.0.107.194" port: 46009 } } peers { permanent_uuid: "0571625f756f4e63941d2154310a9ef0" member_type: VOTER last_known_addr { host: "127.0.107.195" port: 37451 } }
I20260710 13:16:02.618506  1718 raft_consensus.cc:385] T 06dea06104274bde97b6c32a5adbb77e P 85765d741ab94889a8cc6d712d03cd44 [term 0 FOLLOWER]: Consensus starting up: Expiring failure detector timer to make a prompt election more likely
I20260710 13:16:02.618790  1718 raft_consensus.cc:740] T 06dea06104274bde97b6c32a5adbb77e P 85765d741ab94889a8cc6d712d03cd44 [term 0 FOLLOWER]: Becoming Follower/Learner. State: Replica: 85765d741ab94889a8cc6d712d03cd44, State: Initialized, Role: FOLLOWER
I20260710 13:16:02.618575  1717 raft_consensus.cc:359] T e5a9c7585c98488da84d98db47a45713 P 0571625f756f4e63941d2154310a9ef0 [term 0 FOLLOWER]: Replica starting. Triggering 0 pending ops. Active config: opid_index: -1 OBSOLETE_local: false peers { permanent_uuid: "318e9e56408744bfba0992118074bee9" member_type: VOTER last_known_addr { host: "127.0.107.193" port: 39655 } } peers { permanent_uuid: "85765d741ab94889a8cc6d712d03cd44" member_type: VOTER last_known_addr { host: "127.0.107.194" port: 46009 } } peers { permanent_uuid: "0571625f756f4e63941d2154310a9ef0" member_type: VOTER last_known_addr { host: "127.0.107.195" port: 37451 } }
I20260710 13:16:02.619661  1717 raft_consensus.cc:385] T e5a9c7585c98488da84d98db47a45713 P 0571625f756f4e63941d2154310a9ef0 [term 0 FOLLOWER]: Consensus starting up: Expiring failure detector timer to make a prompt election more likely
I20260710 13:16:02.619499  1718 consensus_queue.cc:260] T 06dea06104274bde97b6c32a5adbb77e P 85765d741ab94889a8cc6d712d03cd44 [NON_LEADER]: Queue going to NON_LEADER mode. State: All replicated index: 0, Majority replicated index: 0, Committed index: 0, Last appended: 0.0, Last appended by leader: 0, Current term: 0, Majority size: -1, State: 0, Mode: NON_LEADER, active raft config: opid_index: -1 OBSOLETE_local: false peers { permanent_uuid: "318e9e56408744bfba0992118074bee9" member_type: VOTER last_known_addr { host: "127.0.107.193" port: 39655 } } peers { permanent_uuid: "85765d741ab94889a8cc6d712d03cd44" member_type: VOTER last_known_addr { host: "127.0.107.194" port: 46009 } } peers { permanent_uuid: "0571625f756f4e63941d2154310a9ef0" member_type: VOTER last_known_addr { host: "127.0.107.195" port: 37451 } }
I20260710 13:16:02.620100  1717 raft_consensus.cc:740] T e5a9c7585c98488da84d98db47a45713 P 0571625f756f4e63941d2154310a9ef0 [term 0 FOLLOWER]: Becoming Follower/Learner. State: Replica: 0571625f756f4e63941d2154310a9ef0, State: Initialized, Role: FOLLOWER
I20260710 13:16:02.621658  1718 ts_tablet_manager.cc:1434] T 06dea06104274bde97b6c32a5adbb77e P 85765d741ab94889a8cc6d712d03cd44: Time spent starting tablet: real 0.006s	user 0.005s	sys 0.002s
I20260710 13:16:02.621204  1717 consensus_queue.cc:260] T e5a9c7585c98488da84d98db47a45713 P 0571625f756f4e63941d2154310a9ef0 [NON_LEADER]: Queue going to NON_LEADER mode. State: All replicated index: 0, Majority replicated index: 0, Committed index: 0, Last appended: 0.0, Last appended by leader: 0, Current term: 0, Majority size: -1, State: 0, Mode: NON_LEADER, active raft config: opid_index: -1 OBSOLETE_local: false peers { permanent_uuid: "318e9e56408744bfba0992118074bee9" member_type: VOTER last_known_addr { host: "127.0.107.193" port: 39655 } } peers { permanent_uuid: "85765d741ab94889a8cc6d712d03cd44" member_type: VOTER last_known_addr { host: "127.0.107.194" port: 46009 } } peers { permanent_uuid: "0571625f756f4e63941d2154310a9ef0" member_type: VOTER last_known_addr { host: "127.0.107.195" port: 37451 } }
I20260710 13:16:02.622612  1718 tablet_bootstrap.cc:492] T b73e9d390e3a465d9977a927e670a653 P 85765d741ab94889a8cc6d712d03cd44: Bootstrap starting.
I20260710 13:16:02.627887  1724 raft_consensus.cc:493] T a1c0b0afbe23460aab328fd71b4dec0f P 0571625f756f4e63941d2154310a9ef0 [term 0 FOLLOWER]: Starting pre-election (no leader contacted us within the election timeout)
I20260710 13:16:02.628377  1724 raft_consensus.cc:515] T a1c0b0afbe23460aab328fd71b4dec0f P 0571625f756f4e63941d2154310a9ef0 [term 0 FOLLOWER]: Starting pre-election with config: opid_index: -1 OBSOLETE_local: false peers { permanent_uuid: "318e9e56408744bfba0992118074bee9" member_type: VOTER last_known_addr { host: "127.0.107.193" port: 39655 } } peers { permanent_uuid: "85765d741ab94889a8cc6d712d03cd44" member_type: VOTER last_known_addr { host: "127.0.107.194" port: 46009 } } peers { permanent_uuid: "0571625f756f4e63941d2154310a9ef0" member_type: VOTER last_known_addr { host: "127.0.107.195" port: 37451 } }
I20260710 13:16:02.629206  1718 tablet_bootstrap.cc:654] T b73e9d390e3a465d9977a927e670a653 P 85765d741ab94889a8cc6d712d03cd44: Neither blocks nor log segments found. Creating new log.
