I20260710 13:26:12.692302 28625 ts_tablet_manager.cc:1403] T af687188049e41a3959251da70112e94 P c903cdb2eb0440fe839ef7f607a57f18: Time spent bootstrapping tablet: real 0.047s	user 0.009s	sys 0.020s
I20260710 13:26:12.695360 28625 raft_consensus.cc:359] T af687188049e41a3959251da70112e94 P c903cdb2eb0440fe839ef7f607a57f18 [term 0 FOLLOWER]: Replica starting. Triggering 0 pending ops. Active config: opid_index: -1 OBSOLETE_local: false peers { permanent_uuid: "b0b9a390b6384fdab4e317d222b86ce5" member_type: VOTER last_known_addr { host: "127.26.173.1" port: 37343 } } peers { permanent_uuid: "b87b7ce9d5a6454593e548e72d6a2a78" member_type: VOTER last_known_addr { host: "127.26.173.2" port: 42389 } } peers { permanent_uuid: "c903cdb2eb0440fe839ef7f607a57f18" member_type: VOTER last_known_addr { host: "127.26.173.3" port: 39823 } }
I20260710 13:26:12.696079 28625 raft_consensus.cc:385] T af687188049e41a3959251da70112e94 P c903cdb2eb0440fe839ef7f607a57f18 [term 0 FOLLOWER]: Consensus starting up: Expiring failure detector timer to make a prompt election more likely
I20260710 13:26:12.696341 28625 raft_consensus.cc:740] T af687188049e41a3959251da70112e94 P c903cdb2eb0440fe839ef7f607a57f18 [term 0 FOLLOWER]: Becoming Follower/Learner. State: Replica: c903cdb2eb0440fe839ef7f607a57f18, State: Initialized, Role: FOLLOWER
I20260710 13:26:12.697078 28625 consensus_queue.cc:260] T af687188049e41a3959251da70112e94 P c903cdb2eb0440fe839ef7f607a57f18 [NON_LEADER]: Queue going to NON_LEADER mode. State: All replicated index: 0, Majority replicated index: 0, Committed index: 0, Last appended: 0.0, Last appended by leader: 0, Current term: 0, Majority size: -1, State: 0, Mode: NON_LEADER, active raft config: opid_index: -1 OBSOLETE_local: false peers { permanent_uuid: "b0b9a390b6384fdab4e317d222b86ce5" member_type: VOTER last_known_addr { host: "127.26.173.1" port: 37343 } } peers { permanent_uuid: "b87b7ce9d5a6454593e548e72d6a2a78" member_type: VOTER last_known_addr { host: "127.26.173.2" port: 42389 } } peers { permanent_uuid: "c903cdb2eb0440fe839ef7f607a57f18" member_type: VOTER last_known_addr { host: "127.26.173.3" port: 39823 } }
I20260710 13:26:12.697614 28627 ts_tablet_manager.cc:1434] T 6ade2281cdeb4cb5ac0f40403b67a4d0 P b87b7ce9d5a6454593e548e72d6a2a78: Time spent starting tablet: real 0.019s	user 0.006s	sys 0.000s
I20260710 13:26:12.699223 28628 raft_consensus.cc:493] T 889e09652b9b4c9fb23774b826d82180 P c903cdb2eb0440fe839ef7f607a57f18 [term 0 FOLLOWER]: Starting pre-election (no leader contacted us within the election timeout)
I20260710 13:26:12.699695 28628 raft_consensus.cc:515] T 889e09652b9b4c9fb23774b826d82180 P c903cdb2eb0440fe839ef7f607a57f18 [term 0 FOLLOWER]: Starting pre-election with config: opid_index: -1 OBSOLETE_local: false peers { permanent_uuid: "b0b9a390b6384fdab4e317d222b86ce5" member_type: VOTER last_known_addr { host: "127.26.173.1" port: 37343 } } peers { permanent_uuid: "b87b7ce9d5a6454593e548e72d6a2a78" member_type: VOTER last_known_addr { host: "127.26.173.2" port: 42389 } } peers { permanent_uuid: "c903cdb2eb0440fe839ef7f607a57f18" member_type: VOTER last_known_addr { host: "127.26.173.3" port: 39823 } }
I20260710 13:26:12.700012 28647 consensus_queue.cc:1048] T 9f89668362644aecbab6ecb0877dccce P c903cdb2eb0440fe839ef7f607a57f18 [LEADER]: Connected to new peer: Peer: permanent_uuid: "b87b7ce9d5a6454593e548e72d6a2a78" member_type: VOTER last_known_addr { host: "127.26.173.2" port: 42389 }, Status: LMP_MISMATCH, Last received: 0.0, Next index: 1, Last known committed idx: 0, Time since last communication: 0.000s
I20260710 13:26:12.701793 28628 leader_election.cc:290] T 889e09652b9b4c9fb23774b826d82180 P c903cdb2eb0440fe839ef7f607a57f18 [CANDIDATE]: Term 1 pre-election: Requested pre-vote from peers b0b9a390b6384fdab4e317d222b86ce5 (127.26.173.1:37343), b87b7ce9d5a6454593e548e72d6a2a78 (127.26.173.2:42389)
I20260710 13:26:12.703235 28437 tablet_service.cc:1917] Received RequestConsensusVote() RPC: tablet_id: "889e09652b9b4c9fb23774b826d82180" candidate_uuid: "c903cdb2eb0440fe839ef7f607a57f18" candidate_term: 1 candidate_status { last_received { term: 0 index: 0 } } ignore_live_leader: false dest_uuid: "b0b9a390b6384fdab4e317d222b86ce5" is_pre_election: true
I20260710 13:26:12.703676 28625 ts_tablet_manager.cc:1434] T af687188049e41a3959251da70112e94 P c903cdb2eb0440fe839ef7f607a57f18: Time spent starting tablet: real 0.011s	user 0.004s	sys 0.003s
I20260710 13:26:12.703596 28627 tablet_bootstrap.cc:492] T ea72059ad9fe4096acaf1709a3446490 P b87b7ce9d5a6454593e548e72d6a2a78: Bootstrap starting.
I20260710 13:26:12.705200 28511 tablet_service.cc:1917] Received RequestConsensusVote() RPC: tablet_id: "889e09652b9b4c9fb23774b826d82180" candidate_uuid: "c903cdb2eb0440fe839ef7f607a57f18" candidate_term: 1 candidate_status { last_received { term: 0 index: 0 } } ignore_live_leader: false dest_uuid: "b87b7ce9d5a6454593e548e72d6a2a78" is_pre_election: true
I20260710 13:26:12.705883 28511 raft_consensus.cc:2468] T 889e09652b9b4c9fb23774b826d82180 P b87b7ce9d5a6454593e548e72d6a2a78 [term 0 FOLLOWER]: Leader pre-election vote request: Granting yes vote for candidate c903cdb2eb0440fe839ef7f607a57f18 in term 0.
I20260710 13:26:12.707124 28625 tablet_bootstrap.cc:492] T 24dbf4f97a8143818592710188720c2b P c903cdb2eb0440fe839ef7f607a57f18: Bootstrap starting.
I20260710 13:26:12.707654 28437 raft_consensus.cc:2468] T 889e09652b9b4c9fb23774b826d82180 P b0b9a390b6384fdab4e317d222b86ce5 [term 0 FOLLOWER]: Leader pre-election vote request: Granting yes vote for candidate c903cdb2eb0440fe839ef7f607a57f18 in term 0.
I20260710 13:26:12.708945 28552 leader_election.cc:304] T 889e09652b9b4c9fb23774b826d82180 P c903cdb2eb0440fe839ef7f607a57f18 [CANDIDATE]: Term 1 pre-election: Election decided. Result: candidate won. Election summary: received 2 responses out of 3 voters: 2 yes votes; 0 no votes. yes voters: b0b9a390b6384fdab4e317d222b86ce5, c903cdb2eb0440fe839ef7f607a57f18; no voters: 
I20260710 13:26:12.710479 28653 raft_consensus.cc:2804] T 889e09652b9b4c9fb23774b826d82180 P c903cdb2eb0440fe839ef7f607a57f18 [term 0 FOLLOWER]: Leader pre-election won for term 1
I20260710 13:26:12.710943 28653 raft_consensus.cc:493] T 889e09652b9b4c9fb23774b826d82180 P c903cdb2eb0440fe839ef7f607a57f18 [term 0 FOLLOWER]: Starting leader election (no leader contacted us within the election timeout)
I20260710 13:26:12.711591 28653 raft_consensus.cc:3060] T 889e09652b9b4c9fb23774b826d82180 P c903cdb2eb0440fe839ef7f607a57f18 [term 0 FOLLOWER]: Advancing to term 1
I20260710 13:26:12.715035 28633 raft_consensus.cc:493] T 24dbf4f97a8143818592710188720c2b P b87b7ce9d5a6454593e548e72d6a2a78 [term 0 FOLLOWER]: Starting pre-election (no leader contacted us within the election timeout)
I20260710 13:26:12.715706 28633 raft_consensus.cc:515] T 24dbf4f97a8143818592710188720c2b P b87b7ce9d5a6454593e548e72d6a2a78 [term 0 FOLLOWER]: Starting pre-election with config: opid_index: -1 OBSOLETE_local: false peers { permanent_uuid: "b0b9a390b6384fdab4e317d222b86ce5" member_type: VOTER last_known_addr { host: "127.26.173.1" port: 37343 } } peers { permanent_uuid: "b87b7ce9d5a6454593e548e72d6a2a78" member_type: VOTER last_known_addr { host: "127.26.173.2" port: 42389 } } peers { permanent_uuid: "c903cdb2eb0440fe839ef7f607a57f18" member_type: VOTER last_known_addr { host: "127.26.173.3" port: 39823 } }
I20260710 13:26:12.719800 28625 tablet_bootstrap.cc:654] T 24dbf4f97a8143818592710188720c2b P c903cdb2eb0440fe839ef7f607a57f18: Neither blocks nor log segments found. Creating new log.
I20260710 13:26:12.720373 28586 tablet_service.cc:1917] Received RequestConsensusVote() RPC: tablet_id: "24dbf4f97a8143818592710188720c2b" candidate_uuid: "b87b7ce9d5a6454593e548e72d6a2a78" candidate_term: 1 candidate_status { last_received { term: 0 index: 0 } } ignore_live_leader: false dest_uuid: "c903cdb2eb0440fe839ef7f607a57f18" is_pre_election: true
I20260710 13:26:12.721217 28627 tablet_bootstrap.cc:654] T ea72059ad9fe4096acaf1709a3446490 P b87b7ce9d5a6454593e548e72d6a2a78: Neither blocks nor log segments found. Creating new log.
I20260710 13:26:12.721711 28633 leader_election.cc:290] T 24dbf4f97a8143818592710188720c2b P b87b7ce9d5a6454593e548e72d6a2a78 [CANDIDATE]: Term 1 pre-election: Requested pre-vote from peers b0b9a390b6384fdab4e317d222b86ce5 (127.26.173.1:37343), c903cdb2eb0440fe839ef7f607a57f18 (127.26.173.3:39823)
W20260710 13:26:12.722466 28478 leader_election.cc:343] T 24dbf4f97a8143818592710188720c2b P b87b7ce9d5a6454593e548e72d6a2a78 [CANDIDATE]: Term 1 pre-election: Tablet error from VoteRequest() call to peer c903cdb2eb0440fe839ef7f607a57f18 (127.26.173.3:39823): Illegal state: must be running to vote when last-logged opid is not known
I20260710 13:26:12.723215 28628 raft_consensus.cc:493] T 22dbd58fbd244713a17e927e444310a6 P c903cdb2eb0440fe839ef7f607a57f18 [term 0 FOLLOWER]: Starting pre-election (no leader contacted us within the election timeout)
I20260710 13:26:12.723492 28437 tablet_service.cc:1917] Received RequestConsensusVote() RPC: tablet_id: "24dbf4f97a8143818592710188720c2b" candidate_uuid: "b87b7ce9d5a6454593e548e72d6a2a78" candidate_term: 1 candidate_status { last_received { term: 0 index: 0 } } ignore_live_leader: false dest_uuid: "b0b9a390b6384fdab4e317d222b86ce5" is_pre_election: true
I20260710 13:26:12.723728 28628 raft_consensus.cc:515] T 22dbd58fbd244713a17e927e444310a6 P c903cdb2eb0440fe839ef7f607a57f18 [term 0 FOLLOWER]: Starting pre-election with config: opid_index: -1 OBSOLETE_local: false peers { permanent_uuid: "b0b9a390b6384fdab4e317d222b86ce5" member_type: VOTER last_known_addr { host: "127.26.173.1" port: 37343 } } peers { permanent_uuid: "b87b7ce9d5a6454593e548e72d6a2a78" member_type: VOTER last_known_addr { host: "127.26.173.2" port: 42389 } } peers { permanent_uuid: "c903cdb2eb0440fe839ef7f607a57f18" member_type: VOTER last_known_addr { host: "127.26.173.3" port: 39823 } }
I20260710 13:26:12.724175 28437 raft_consensus.cc:2468] T 24dbf4f97a8143818592710188720c2b P b0b9a390b6384fdab4e317d222b86ce5 [term 0 FOLLOWER]: Leader pre-election vote request: Granting yes vote for candidate b87b7ce9d5a6454593e548e72d6a2a78 in term 0.
I20260710 13:26:12.725677 28478 leader_election.cc:304] T 24dbf4f97a8143818592710188720c2b P b87b7ce9d5a6454593e548e72d6a2a78 [CANDIDATE]: Term 1 pre-election: Election decided. Result: candidate won. Election summary: received 3 responses out of 3 voters: 2 yes votes; 1 no votes. yes voters: b0b9a390b6384fdab4e317d222b86ce5, b87b7ce9d5a6454593e548e72d6a2a78; no voters: c903cdb2eb0440fe839ef7f607a57f18
I20260710 13:26:12.727499 28511 tablet_service.cc:1917] Received RequestConsensusVote() RPC: tablet_id: "22dbd58fbd244713a17e927e444310a6" candidate_uuid: "c903cdb2eb0440fe839ef7f607a57f18" candidate_term: 1 candidate_status { last_received { term: 0 index: 0 } } ignore_live_leader: false dest_uuid: "b87b7ce9d5a6454593e548e72d6a2a78" is_pre_election: true
I20260710 13:26:12.727499 28437 tablet_service.cc:1917] Received RequestConsensusVote() RPC: tablet_id: "22dbd58fbd244713a17e927e444310a6" candidate_uuid: "c903cdb2eb0440fe839ef7f607a57f18" candidate_term: 1 candidate_status { last_received { term: 0 index: 0 } } ignore_live_leader: false dest_uuid: "b0b9a390b6384fdab4e317d222b86ce5" is_pre_election: true
I20260710 13:26:12.725859 28628 leader_election.cc:290] T 22dbd58fbd244713a17e927e444310a6 P c903cdb2eb0440fe839ef7f607a57f18 [CANDIDATE]: Term 1 pre-election: Requested pre-vote from peers b0b9a390b6384fdab4e317d222b86ce5 (127.26.173.1:37343), b87b7ce9d5a6454593e548e72d6a2a78 (127.26.173.2:42389)
W20260710 13:26:12.729231 28552 leader_election.cc:343] T 22dbd58fbd244713a17e927e444310a6 P c903cdb2eb0440fe839ef7f607a57f18 [CANDIDATE]: Term 1 pre-election: Tablet error from VoteRequest() call to peer b0b9a390b6384fdab4e317d222b86ce5 (127.26.173.1:37343): Illegal state: must be running to vote when last-logged opid is not known
W20260710 13:26:12.729916 28552 leader_election.cc:343] T 22dbd58fbd244713a17e927e444310a6 P c903cdb2eb0440fe839ef7f607a57f18 [CANDIDATE]: Term 1 pre-election: Tablet error from VoteRequest() call to peer b87b7ce9d5a6454593e548e72d6a2a78 (127.26.173.2:42389): Illegal state: must be running to vote when last-logged opid is not known
I20260710 13:26:12.730296 28650 raft_consensus.cc:493] T af687188049e41a3959251da70112e94 P b0b9a390b6384fdab4e317d222b86ce5 [term 0 FOLLOWER]: Starting pre-election (no leader contacted us within the election timeout)
I20260710 13:26:12.730939 28650 raft_consensus.cc:515] T af687188049e41a3959251da70112e94 P b0b9a390b6384fdab4e317d222b86ce5 [term 0 FOLLOWER]: Starting pre-election with config: opid_index: -1 OBSOLETE_local: false peers { permanent_uuid: "b0b9a390b6384fdab4e317d222b86ce5" member_type: VOTER last_known_addr { host: "127.26.173.1" port: 37343 } } peers { permanent_uuid: "b87b7ce9d5a6454593e548e72d6a2a78" member_type: VOTER last_known_addr { host: "127.26.173.2" port: 42389 } } peers { permanent_uuid: "c903cdb2eb0440fe839ef7f607a57f18" member_type: VOTER last_known_addr { host: "127.26.173.3" port: 39823 } }
I20260710 13:26:12.727664 28633 raft_consensus.cc:2804] T 24dbf4f97a8143818592710188720c2b P b87b7ce9d5a6454593e548e72d6a2a78 [term 0 FOLLOWER]: Leader pre-election won for term 1
I20260710 13:26:12.734863 28633 raft_consensus.cc:493] T 24dbf4f97a8143818592710188720c2b P b87b7ce9d5a6454593e548e72d6a2a78 [term 0 FOLLOWER]: Starting leader election (no leader contacted us within the election timeout)
I20260710 13:26:12.735405 28633 raft_consensus.cc:3060] T 24dbf4f97a8143818592710188720c2b P b87b7ce9d5a6454593e548e72d6a2a78 [term 0 FOLLOWER]: Advancing to term 1
I20260710 13:26:12.736254 28627 tablet_bootstrap.cc:492] T ea72059ad9fe4096acaf1709a3446490 P b87b7ce9d5a6454593e548e72d6a2a78: No bootstrap required, opened a new log
I20260710 13:26:12.737020 28627 ts_tablet_manager.cc:1403] T ea72059ad9fe4096acaf1709a3446490 P b87b7ce9d5a6454593e548e72d6a2a78: Time spent bootstrapping tablet: real 0.034s	user 0.016s	sys 0.008s
I20260710 13:26:12.738236 28625 tablet_bootstrap.cc:492] T 24dbf4f97a8143818592710188720c2b P c903cdb2eb0440fe839ef7f607a57f18: No bootstrap required, opened a new log
I20260710 13:26:12.738744 28625 ts_tablet_manager.cc:1403] T 24dbf4f97a8143818592710188720c2b P c903cdb2eb0440fe839ef7f607a57f18: Time spent bootstrapping tablet: real 0.034s	user 0.021s	sys 0.003s
I20260710 13:26:12.730307 28552 leader_election.cc:304] T 22dbd58fbd244713a17e927e444310a6 P c903cdb2eb0440fe839ef7f607a57f18 [CANDIDATE]: Term 1 pre-election: Election decided. Result: candidate lost. Election summary: received 3 responses out of 3 voters: 1 yes votes; 2 no votes. yes voters: c903cdb2eb0440fe839ef7f607a57f18; no voters: b0b9a390b6384fdab4e317d222b86ce5, b87b7ce9d5a6454593e548e72d6a2a78
I20260710 13:26:12.739575 28628 raft_consensus.cc:2749] T 22dbd58fbd244713a17e927e444310a6 P c903cdb2eb0440fe839ef7f607a57f18 [term 0 FOLLOWER]: Leader pre-election lost for term 1. Reason: could not achieve majority
I20260710 13:26:12.741631 28627 raft_consensus.cc:359] T ea72059ad9fe4096acaf1709a3446490 P b87b7ce9d5a6454593e548e72d6a2a78 [term 0 FOLLOWER]: Replica starting. Triggering 0 pending ops. Active config: opid_index: -1 OBSOLETE_local: false peers { permanent_uuid: "b0b9a390b6384fdab4e317d222b86ce5" member_type: VOTER last_known_addr { host: "127.26.173.1" port: 37343 } } peers { permanent_uuid: "b87b7ce9d5a6454593e548e72d6a2a78" member_type: VOTER last_known_addr { host: "127.26.173.2" port: 42389 } } peers { permanent_uuid: "c903cdb2eb0440fe839ef7f607a57f18" member_type: VOTER last_known_addr { host: "127.26.173.3" port: 39823 } }
I20260710 13:26:12.742807 28627 raft_consensus.cc:385] T ea72059ad9fe4096acaf1709a3446490 P b87b7ce9d5a6454593e548e72d6a2a78 [term 0 FOLLOWER]: Consensus starting up: Expiring failure detector timer to make a prompt election more likely
I20260710 13:26:12.742997 28625 raft_consensus.cc:359] T 24dbf4f97a8143818592710188720c2b P c903cdb2eb0440fe839ef7f607a57f18 [term 0 FOLLOWER]: Replica starting. Triggering 0 pending ops. Active config: opid_index: -1 OBSOLETE_local: false peers { permanent_uuid: "b0b9a390b6384fdab4e317d222b86ce5" member_type: VOTER last_known_addr { host: "127.26.173.1" port: 37343 } } peers { permanent_uuid: "b87b7ce9d5a6454593e548e72d6a2a78" member_type: VOTER last_known_addr { host: "127.26.173.2" port: 42389 } } peers { permanent_uuid: "c903cdb2eb0440fe839ef7f607a57f18" member_type: VOTER last_known_addr { host: "127.26.173.3" port: 39823 } }
I20260710 13:26:12.743325 28627 raft_consensus.cc:740] T ea72059ad9fe4096acaf1709a3446490 P b87b7ce9d5a6454593e548e72d6a2a78 [term 0 FOLLOWER]: Becoming Follower/Learner. State: Replica: b87b7ce9d5a6454593e548e72d6a2a78, State: Initialized, Role: FOLLOWER
I20260710 13:26:12.743777 28625 raft_consensus.cc:385] T 24dbf4f97a8143818592710188720c2b P c903cdb2eb0440fe839ef7f607a57f18 [term 0 FOLLOWER]: Consensus starting up: Expiring failure detector timer to make a prompt election more likely
I20260710 13:26:12.744091 28625 raft_consensus.cc:740] T 24dbf4f97a8143818592710188720c2b P c903cdb2eb0440fe839ef7f607a57f18 [term 0 FOLLOWER]: Becoming Follower/Learner. State: Replica: c903cdb2eb0440fe839ef7f607a57f18, State: Initialized, Role: FOLLOWER
I20260710 13:26:12.744714 28627 consensus_queue.cc:260] T ea72059ad9fe4096acaf1709a3446490 P b87b7ce9d5a6454593e548e72d6a2a78 [NON_LEADER]: Queue going to NON_LEADER mode. State: All replicated index: 0, Majority replicated index: 0, Committed index: 0, Last appended: 0.0, Last appended by leader: 0, Current term: 0, Majority size: -1, State: 0, Mode: NON_LEADER, active raft config: opid_index: -1 OBSOLETE_local: false peers { permanent_uuid: "b0b9a390b6384fdab4e317d222b86ce5" member_type: VOTER last_known_addr { host: "127.26.173.1" port: 37343 } } peers { permanent_uuid: "b87b7ce9d5a6454593e548e72d6a2a78" member_type: VOTER last_known_addr { host: "127.26.173.2" port: 42389 } } peers { permanent_uuid: "c903cdb2eb0440fe839ef7f607a57f18" member_type: VOTER last_known_addr { host: "127.26.173.3" port: 39823 } }
I20260710 13:26:12.754966 28627 ts_tablet_manager.cc:1434] T ea72059ad9fe4096acaf1709a3446490 P b87b7ce9d5a6454593e548e72d6a2a78: Time spent starting tablet: real 0.017s	user 0.010s	sys 0.005s
I20260710 13:26:12.754586 28625 consensus_queue.cc:260] T 24dbf4f97a8143818592710188720c2b P c903cdb2eb0440fe839ef7f607a57f18 [NON_LEADER]: Queue going to NON_LEADER mode. State: All replicated index: 0, Majority replicated index: 0, Committed index: 0, Last appended: 0.0, Last appended by leader: 0, Current term: 0, Majority size: -1, State: 0, Mode: NON_LEADER, active raft config: opid_index: -1 OBSOLETE_local: false peers { permanent_uuid: "b0b9a390b6384fdab4e317d222b86ce5" member_type: VOTER last_known_addr { host: "127.26.173.1" port: 37343 } } peers { permanent_uuid: "b87b7ce9d5a6454593e548e72d6a2a78" member_type: VOTER last_known_addr { host: "127.26.173.2" port: 42389 } } peers { permanent_uuid: "c903cdb2eb0440fe839ef7f607a57f18" member_type: VOTER last_known_addr { host: "127.26.173.3" port: 39823 } }
I20260710 13:26:12.756428 28627 tablet_bootstrap.cc:492] T 47061e1d6a8342bdb27e584d06146a4a P b87b7ce9d5a6454593e548e72d6a2a78: Bootstrap starting.
I20260710 13:26:12.758440 28625 ts_tablet_manager.cc:1434] T 24dbf4f97a8143818592710188720c2b P c903cdb2eb0440fe839ef7f607a57f18: Time spent starting tablet: real 0.019s	user 0.007s	sys 0.000s
I20260710 13:26:12.753487 28695 raft_consensus.cc:493] T 46674bb81fcf42e6bd469e005c06cedd P b87b7ce9d5a6454593e548e72d6a2a78 [term 0 FOLLOWER]: Starting pre-election (no leader contacted us within the election timeout)
I20260710 13:26:12.766155 28695 raft_consensus.cc:515] T 46674bb81fcf42e6bd469e005c06cedd P b87b7ce9d5a6454593e548e72d6a2a78 [term 0 FOLLOWER]: Starting pre-election with config: opid_index: -1 OBSOLETE_local: false peers { permanent_uuid: "b87b7ce9d5a6454593e548e72d6a2a78" member_type: VOTER last_known_addr { host: "127.26.173.2" port: 42389 } } peers { permanent_uuid: "c903cdb2eb0440fe839ef7f607a57f18" member_type: VOTER last_known_addr { host: "127.26.173.3" port: 39823 } } peers { permanent_uuid: "b0b9a390b6384fdab4e317d222b86ce5" member_type: VOTER last_known_addr { host: "127.26.173.1" port: 37343 } }
I20260710 13:26:12.769412 28695 leader_election.cc:290] T 46674bb81fcf42e6bd469e005c06cedd P b87b7ce9d5a6454593e548e72d6a2a78 [CANDIDATE]: Term 1 pre-election: Requested pre-vote from peers c903cdb2eb0440fe839ef7f607a57f18 (127.26.173.3:39823), b0b9a390b6384fdab4e317d222b86ce5 (127.26.173.1:37343)
I20260710 13:26:12.765537 28627 tablet_bootstrap.cc:654] T 47061e1d6a8342bdb27e584d06146a4a P b87b7ce9d5a6454593e548e72d6a2a78: Neither blocks nor log segments found. Creating new log.
I20260710 13:26:12.777259 28586 tablet_service.cc:1917] Received RequestConsensusVote() RPC: tablet_id: "46674bb81fcf42e6bd469e005c06cedd" candidate_uuid: "b87b7ce9d5a6454593e548e72d6a2a78" candidate_term: 1 candidate_status { last_received { term: 0 index: 0 } } ignore_live_leader: false dest_uuid: "c903cdb2eb0440fe839ef7f607a57f18" is_pre_election: true
I20260710 13:26:12.790786 28625 tablet_bootstrap.cc:492] T ff2f6b90682147f1bedd356c9679ed2a P c903cdb2eb0440fe839ef7f607a57f18: Bootstrap starting.
I20260710 13:26:12.780647 28586 raft_consensus.cc:2468] T 46674bb81fcf42e6bd469e005c06cedd P c903cdb2eb0440fe839ef7f607a57f18 [term 0 FOLLOWER]: Leader pre-election vote request: Granting yes vote for candidate b87b7ce9d5a6454593e548e72d6a2a78 in term 0.
I20260710 13:26:12.792536 28511 tablet_service.cc:1917] Received RequestConsensusVote() RPC: tablet_id: "547a75b7971f4f7587ae5bc7b0f1aab1" candidate_uuid: "b0b9a390b6384fdab4e317d222b86ce5" candidate_term: 1 candidate_status { last_received { term: 0 index: 0 } } ignore_live_leader: false dest_uuid: "b87b7ce9d5a6454593e548e72d6a2a78"
I20260710 13:26:12.794802 28510 tablet_service.cc:1917] Received RequestConsensusVote() RPC: tablet_id: "af687188049e41a3959251da70112e94" candidate_uuid: "b0b9a390b6384fdab4e317d222b86ce5" candidate_term: 1 candidate_status { last_received { term: 0 index: 0 } } ignore_live_leader: false dest_uuid: "b87b7ce9d5a6454593e548e72d6a2a78" is_pre_election: true
I20260710 13:26:12.795224 28511 raft_consensus.cc:3060] T 547a75b7971f4f7587ae5bc7b0f1aab1 P b87b7ce9d5a6454593e548e72d6a2a78 [term 0 FOLLOWER]: Advancing to term 1
I20260710 13:26:12.795411 28478 leader_election.cc:304] T 46674bb81fcf42e6bd469e005c06cedd P b87b7ce9d5a6454593e548e72d6a2a78 [CANDIDATE]: Term 1 pre-election: Election decided. Result: candidate won. Election summary: received 2 responses out of 3 voters: 2 yes votes; 0 no votes. yes voters: b87b7ce9d5a6454593e548e72d6a2a78, c903cdb2eb0440fe839ef7f607a57f18; no voters: 
I20260710 13:26:12.795703 28510 raft_consensus.cc:2468] T af687188049e41a3959251da70112e94 P b87b7ce9d5a6454593e548e72d6a2a78 [term 0 FOLLOWER]: Leader pre-election vote request: Granting yes vote for candidate b0b9a390b6384fdab4e317d222b86ce5 in term 0.
I20260710 13:26:12.796553 28694 raft_consensus.cc:2804] T 46674bb81fcf42e6bd469e005c06cedd P b87b7ce9d5a6454593e548e72d6a2a78 [term 0 FOLLOWER]: Leader pre-election won for term 1
I20260710 13:26:12.798341 28694 raft_consensus.cc:493] T 46674bb81fcf42e6bd469e005c06cedd P b87b7ce9d5a6454593e548e72d6a2a78 [term 0 FOLLOWER]: Starting leader election (no leader contacted us within the election timeout)
I20260710 13:26:12.798760 28694 raft_consensus.cc:3060] T 46674bb81fcf42e6bd469e005c06cedd P b87b7ce9d5a6454593e548e72d6a2a78 [term 0 FOLLOWER]: Advancing to term 1
I20260710 13:26:12.789922 28437 tablet_service.cc:1917] Received RequestConsensusVote() RPC: tablet_id: "46674bb81fcf42e6bd469e005c06cedd" candidate_uuid: "b87b7ce9d5a6454593e548e72d6a2a78" candidate_term: 1 candidate_status { last_received { term: 0 index: 0 } } ignore_live_leader: false dest_uuid: "b0b9a390b6384fdab4e317d222b86ce5" is_pre_election: true
I20260710 13:26:12.802476 28639 leader_election.cc:290] T 547a75b7971f4f7587ae5bc7b0f1aab1 P b0b9a390b6384fdab4e317d222b86ce5 [CANDIDATE]: Term 1 election: Requested vote from peers b87b7ce9d5a6454593e548e72d6a2a78 (127.26.173.2:42389), c903cdb2eb0440fe839ef7f607a57f18 (127.26.173.3:39823)
I20260710 13:26:12.811637 28437 raft_consensus.cc:2468] T 46674bb81fcf42e6bd469e005c06cedd P b0b9a390b6384fdab4e317d222b86ce5 [term 0 FOLLOWER]: Leader pre-election vote request: Granting yes vote for candidate b87b7ce9d5a6454593e548e72d6a2a78 in term 0.
I20260710 13:26:12.808195 28653 raft_consensus.cc:515] T 889e09652b9b4c9fb23774b826d82180 P c903cdb2eb0440fe839ef7f607a57f18 [term 1 FOLLOWER]: Starting leader election with config: opid_index: -1 OBSOLETE_local: false peers { permanent_uuid: "b0b9a390b6384fdab4e317d222b86ce5" member_type: VOTER last_known_addr { host: "127.26.173.1" port: 37343 } } peers { permanent_uuid: "b87b7ce9d5a6454593e548e72d6a2a78" member_type: VOTER last_known_addr { host: "127.26.173.2" port: 42389 } } peers { permanent_uuid: "c903cdb2eb0440fe839ef7f607a57f18" member_type: VOTER last_known_addr { host: "127.26.173.3" port: 39823 } }
I20260710 13:26:12.815587 28666 raft_consensus.cc:493] T 9f89668362644aecbab6ecb0877dccce P b0b9a390b6384fdab4e317d222b86ce5 [term 0 FOLLOWER]: Starting pre-election (no leader contacted us within the election timeout)
I20260710 13:26:12.816280 28666 raft_consensus.cc:515] T 9f89668362644aecbab6ecb0877dccce P b0b9a390b6384fdab4e317d222b86ce5 [term 0 FOLLOWER]: Starting pre-election with config: opid_index: -1 OBSOLETE_local: false peers { permanent_uuid: "b0b9a390b6384fdab4e317d222b86ce5" member_type: VOTER last_known_addr { host: "127.26.173.1" port: 37343 } } peers { permanent_uuid: "b87b7ce9d5a6454593e548e72d6a2a78" member_type: VOTER last_known_addr { host: "127.26.173.2" port: 42389 } } peers { permanent_uuid: "c903cdb2eb0440fe839ef7f607a57f18" member_type: VOTER last_known_addr { host: "127.26.173.3" port: 39823 } }
I20260710 13:26:12.818744 28650 leader_election.cc:290] T af687188049e41a3959251da70112e94 P b0b9a390b6384fdab4e317d222b86ce5 [CANDIDATE]: Term 1 pre-election: Requested pre-vote from peers b87b7ce9d5a6454593e548e72d6a2a78 (127.26.173.2:42389), c903cdb2eb0440fe839ef7f607a57f18 (127.26.173.3:39823)
I20260710 13:26:12.818766 28437 tablet_service.cc:1917] Received RequestConsensusVote() RPC: tablet_id: "889e09652b9b4c9fb23774b826d82180" candidate_uuid: "c903cdb2eb0440fe839ef7f607a57f18" candidate_term: 1 candidate_status { last_received { term: 0 index: 0 } } ignore_live_leader: false dest_uuid: "b0b9a390b6384fdab4e317d222b86ce5"
I20260710 13:26:12.819528 28437 raft_consensus.cc:3060] T 889e09652b9b4c9fb23774b826d82180 P b0b9a390b6384fdab4e317d222b86ce5 [term 0 FOLLOWER]: Advancing to term 1
I20260710 13:26:12.811198 28695 raft_consensus.cc:493] T 45de201f372740d89f6bac3dc035cd41 P b87b7ce9d5a6454593e548e72d6a2a78 [term 0 FOLLOWER]: Starting pre-election (no leader contacted us within the election timeout)
I20260710 13:26:12.820593 28695 raft_consensus.cc:515] T 45de201f372740d89f6bac3dc035cd41 P b87b7ce9d5a6454593e548e72d6a2a78 [term 0 FOLLOWER]: Starting pre-election with config: opid_index: -1 OBSOLETE_local: false peers { permanent_uuid: "b0b9a390b6384fdab4e317d222b86ce5" member_type: VOTER last_known_addr { host: "127.26.173.1" port: 37343 } } peers { permanent_uuid: "b87b7ce9d5a6454593e548e72d6a2a78" member_type: VOTER last_known_addr { host: "127.26.173.2" port: 42389 } } peers { permanent_uuid: "c903cdb2eb0440fe839ef7f607a57f18" member_type: VOTER last_known_addr { host: "127.26.173.3" port: 39823 } }
I20260710 13:26:12.823204 28403 leader_election.cc:304] T af687188049e41a3959251da70112e94 P b0b9a390b6384fdab4e317d222b86ce5 [CANDIDATE]: Term 1 pre-election: Election decided. Result: candidate won. Election summary: received 2 responses out of 3 voters: 2 yes votes; 0 no votes. yes voters: b0b9a390b6384fdab4e317d222b86ce5, b87b7ce9d5a6454593e548e72d6a2a78; no voters: 
I20260710 13:26:12.825652 28436 raft_consensus.cc:3060] T 9f89668362644aecbab6ecb0877dccce P b0b9a390b6384fdab4e317d222b86ce5 [term 0 FOLLOWER]: Advancing to term 1
I20260710 13:26:12.792261 28633 raft_consensus.cc:515] T 24dbf4f97a8143818592710188720c2b P b87b7ce9d5a6454593e548e72d6a2a78 [term 1 FOLLOWER]: Starting leader election with config: opid_index: -1 OBSOLETE_local: false peers { permanent_uuid: "b0b9a390b6384fdab4e317d222b86ce5" member_type: VOTER last_known_addr { host: "127.26.173.1" port: 37343 } } peers { permanent_uuid: "b87b7ce9d5a6454593e548e72d6a2a78" member_type: VOTER last_known_addr { host: "127.26.173.2" port: 42389 } } peers { permanent_uuid: "c903cdb2eb0440fe839ef7f607a57f18" member_type: VOTER last_known_addr { host: "127.26.173.3" port: 39823 } }
I20260710 13:26:12.829491 28639 raft_consensus.cc:2804] T af687188049e41a3959251da70112e94 P b0b9a390b6384fdab4e317d222b86ce5 [term 0 FOLLOWER]: Leader pre-election won for term 1
I20260710 13:26:12.829296 28666 leader_election.cc:290] T 9f89668362644aecbab6ecb0877dccce P b0b9a390b6384fdab4e317d222b86ce5 [CANDIDATE]: Term 1 pre-election: Requested pre-vote from peers b87b7ce9d5a6454593e548e72d6a2a78 (127.26.173.2:42389), c903cdb2eb0440fe839ef7f607a57f18 (127.26.173.3:39823)
I20260710 13:26:12.842960 28586 tablet_service.cc:1917] Received RequestConsensusVote() RPC: tablet_id: "547a75b7971f4f7587ae5bc7b0f1aab1" candidate_uuid: "b0b9a390b6384fdab4e317d222b86ce5" candidate_term: 1 candidate_status { last_received { term: 0 index: 0 } } ignore_live_leader: false dest_uuid: "c903cdb2eb0440fe839ef7f607a57f18"
I20260710 13:26:12.847093 28435 tablet_service.cc:1917] Received RequestConsensusVote() RPC: tablet_id: "45de201f372740d89f6bac3dc035cd41" candidate_uuid: "b87b7ce9d5a6454593e548e72d6a2a78" candidate_term: 1 candidate_status { last_received { term: 0 index: 0 } } ignore_live_leader: false dest_uuid: "b0b9a390b6384fdab4e317d222b86ce5" is_pre_election: true
I20260710 13:26:12.847452 28510 tablet_service.cc:1917] Received RequestConsensusVote() RPC: tablet_id: "889e09652b9b4c9fb23774b826d82180" candidate_uuid: "c903cdb2eb0440fe839ef7f607a57f18" candidate_term: 1 candidate_status { last_received { term: 0 index: 0 } } ignore_live_leader: false dest_uuid: "b87b7ce9d5a6454593e548e72d6a2a78"
I20260710 13:26:12.847270 28694 raft_consensus.cc:515] T 46674bb81fcf42e6bd469e005c06cedd P b87b7ce9d5a6454593e548e72d6a2a78 [term 1 FOLLOWER]: Starting leader election with config: opid_index: -1 OBSOLETE_local: false peers { permanent_uuid: "b87b7ce9d5a6454593e548e72d6a2a78" member_type: VOTER last_known_addr { host: "127.26.173.2" port: 42389 } } peers { permanent_uuid: "c903cdb2eb0440fe839ef7f607a57f18" member_type: VOTER last_known_addr { host: "127.26.173.3" port: 39823 } } peers { permanent_uuid: "b0b9a390b6384fdab4e317d222b86ce5" member_type: VOTER last_known_addr { host: "127.26.173.1" port: 37343 } }
I20260710 13:26:12.847901 28435 raft_consensus.cc:2468] T 45de201f372740d89f6bac3dc035cd41 P b0b9a390b6384fdab4e317d222b86ce5 [term 0 FOLLOWER]: Leader pre-election vote request: Granting yes vote for candidate b87b7ce9d5a6454593e548e72d6a2a78 in term 0.
I20260710 13:26:12.848155 28510 raft_consensus.cc:3060] T 889e09652b9b4c9fb23774b826d82180 P b87b7ce9d5a6454593e548e72d6a2a78 [term 0 FOLLOWER]: Advancing to term 1
I20260710 13:26:12.848452 28631 tablet_bootstrap.cc:492] T eb0e7a60915c440fb8b0bd54ae410226 P b0b9a390b6384fdab4e317d222b86ce5: No bootstrap required, opened a new log
I20260710 13:26:12.848945 28631 ts_tablet_manager.cc:1403] T eb0e7a60915c440fb8b0bd54ae410226 P b0b9a390b6384fdab4e317d222b86ce5: Time spent bootstrapping tablet: real 0.169s	user 0.063s	sys 0.045s
I20260710 13:26:12.837605 28639 raft_consensus.cc:493] T af687188049e41a3959251da70112e94 P b0b9a390b6384fdab4e317d222b86ce5 [term 0 FOLLOWER]: Starting leader election (no leader contacted us within the election timeout)
I20260710 13:26:12.855556 28653 leader_election.cc:290] T 889e09652b9b4c9fb23774b826d82180 P c903cdb2eb0440fe839ef7f607a57f18 [CANDIDATE]: Term 1 election: Requested vote from peers b0b9a390b6384fdab4e317d222b86ce5 (127.26.173.1:37343), b87b7ce9d5a6454593e548e72d6a2a78 (127.26.173.2:42389)
I20260710 13:26:12.862355 28631 raft_consensus.cc:359] T eb0e7a60915c440fb8b0bd54ae410226 P b0b9a390b6384fdab4e317d222b86ce5 [term 0 FOLLOWER]: Replica starting. Triggering 0 pending ops. Active config: opid_index: -1 OBSOLETE_local: false peers { permanent_uuid: "b0b9a390b6384fdab4e317d222b86ce5" member_type: VOTER last_known_addr { host: "127.26.173.1" port: 37343 } } peers { permanent_uuid: "b87b7ce9d5a6454593e548e72d6a2a78" member_type: VOTER last_known_addr { host: "127.26.173.2" port: 42389 } } peers { permanent_uuid: "c903cdb2eb0440fe839ef7f607a57f18" member_type: VOTER last_known_addr { host: "127.26.173.3" port: 39823 } }
I20260710 13:26:12.863720 28631 raft_consensus.cc:385] T eb0e7a60915c440fb8b0bd54ae410226 P b0b9a390b6384fdab4e317d222b86ce5 [term 0 FOLLOWER]: Consensus starting up: Expiring failure detector timer to make a prompt election more likely
I20260710 13:26:12.864014 28631 raft_consensus.cc:740] T eb0e7a60915c440fb8b0bd54ae410226 P b0b9a390b6384fdab4e317d222b86ce5 [term 0 FOLLOWER]: Becoming Follower/Learner. State: Replica: b0b9a390b6384fdab4e317d222b86ce5, State: Initialized, Role: FOLLOWER
I20260710 13:26:12.856520 28695 leader_election.cc:290] T 45de201f372740d89f6bac3dc035cd41 P b87b7ce9d5a6454593e548e72d6a2a78 [CANDIDATE]: Term 1 pre-election: Requested pre-vote from peers b0b9a390b6384fdab4e317d222b86ce5 (127.26.173.1:37343), c903cdb2eb0440fe839ef7f607a57f18 (127.26.173.3:39823)
I20260710 13:26:12.864949 28631 consensus_queue.cc:260] T eb0e7a60915c440fb8b0bd54ae410226 P b0b9a390b6384fdab4e317d222b86ce5 [NON_LEADER]: Queue going to NON_LEADER mode. State: All replicated index: 0, Majority replicated index: 0, Committed index: 0, Last appended: 0.0, Last appended by leader: 0, Current term: 0, Majority size: -1, State: 0, Mode: NON_LEADER, active raft config: opid_index: -1 OBSOLETE_local: false peers { permanent_uuid: "b0b9a390b6384fdab4e317d222b86ce5" member_type: VOTER last_known_addr { host: "127.26.173.1" port: 37343 } } peers { permanent_uuid: "b87b7ce9d5a6454593e548e72d6a2a78" member_type: VOTER last_known_addr { host: "127.26.173.2" port: 42389 } } peers { permanent_uuid: "c903cdb2eb0440fe839ef7f607a57f18" member_type: VOTER last_known_addr { host: "127.26.173.3" port: 39823 } }
I20260710 13:26:12.859858 28639 raft_consensus.cc:3060] T af687188049e41a3959251da70112e94 P b0b9a390b6384fdab4e317d222b86ce5 [term 0 FOLLOWER]: Advancing to term 1
I20260710 13:26:12.870636 28699 raft_consensus.cc:493] T 86358f4524964835875596506cbba44a P b0b9a390b6384fdab4e317d222b86ce5 [term 0 FOLLOWER]: Starting pre-election (no leader contacted us within the election timeout)
I20260710 13:26:12.871335 28586 tablet_service.cc:1917] Received RequestConsensusVote() RPC: tablet_id: "af687188049e41a3959251da70112e94" candidate_uuid: "b0b9a390b6384fdab4e317d222b86ce5" candidate_term: 1 candidate_status { last_received { term: 0 index: 0 } } ignore_live_leader: false dest_uuid: "c903cdb2eb0440fe839ef7f607a57f18" is_pre_election: true
I20260710 13:26:12.858954 28647 consensus_queue.cc:1048] T 820dd36ff9dc4679a31111f9b7090b99 P c903cdb2eb0440fe839ef7f607a57f18 [LEADER]: Connected to new peer: Peer: permanent_uuid: "b87b7ce9d5a6454593e548e72d6a2a78" member_type: VOTER last_known_addr { host: "127.26.173.2" port: 42389 }, Status: LMP_MISMATCH, Last received: 0.0, Next index: 1, Last known committed idx: 0, Time since last communication: 0.013s
I20260710 13:26:12.878839 28586 raft_consensus.cc:2468] T af687188049e41a3959251da70112e94 P c903cdb2eb0440fe839ef7f607a57f18 [term 0 FOLLOWER]: Leader pre-election vote request: Granting yes vote for candidate b0b9a390b6384fdab4e317d222b86ce5 in term 0.
I20260710 13:26:12.879722 28698 raft_consensus.cc:493] T 6ade2281cdeb4cb5ac0f40403b67a4d0 P b87b7ce9d5a6454593e548e72d6a2a78 [term 0 FOLLOWER]: Starting pre-election (no leader contacted us within the election timeout)
I20260710 13:26:12.880590 28698 raft_consensus.cc:515] T 6ade2281cdeb4cb5ac0f40403b67a4d0 P b87b7ce9d5a6454593e548e72d6a2a78 [term 0 FOLLOWER]: Starting pre-election with config: opid_index: -1 OBSOLETE_local: false peers { permanent_uuid: "b0b9a390b6384fdab4e317d222b86ce5" member_type: VOTER last_known_addr { host: "127.26.173.1" port: 37343 } } peers { permanent_uuid: "b87b7ce9d5a6454593e548e72d6a2a78" member_type: VOTER last_known_addr { host: "127.26.173.2" port: 42389 } } peers { permanent_uuid: "c903cdb2eb0440fe839ef7f607a57f18" member_type: VOTER last_known_addr { host: "127.26.173.3" port: 39823 } }
I20260710 13:26:12.883342 28627 tablet_bootstrap.cc:492] T 47061e1d6a8342bdb27e584d06146a4a P b87b7ce9d5a6454593e548e72d6a2a78: No bootstrap required, opened a new log
I20260710 13:26:12.872167 28437 raft_consensus.cc:2468] T 889e09652b9b4c9fb23774b826d82180 P b0b9a390b6384fdab4e317d222b86ce5 [term 1 FOLLOWER]: Leader election vote request: Granting yes vote for candidate c903cdb2eb0440fe839ef7f607a57f18 in term 1.
I20260710 13:26:12.901338 28552 leader_election.cc:304] T 889e09652b9b4c9fb23774b826d82180 P c903cdb2eb0440fe839ef7f607a57f18 [CANDIDATE]: Term 1 election: Election decided. Result: candidate won. Election summary: received 2 responses out of 3 voters: 2 yes votes; 0 no votes. yes voters: b0b9a390b6384fdab4e317d222b86ce5, c903cdb2eb0440fe839ef7f607a57f18; no voters: 
I20260710 13:26:12.902871 28647 raft_consensus.cc:2804] T 889e09652b9b4c9fb23774b826d82180 P c903cdb2eb0440fe839ef7f607a57f18 [term 1 FOLLOWER]: Leader election won for term 1
I20260710 13:26:12.903609 28647 raft_consensus.cc:697] T 889e09652b9b4c9fb23774b826d82180 P c903cdb2eb0440fe839ef7f607a57f18 [term 1 LEADER]: Becoming Leader. State: Replica: c903cdb2eb0440fe839ef7f607a57f18, State: Running, Role: LEADER
I20260710 13:26:12.904894 28647 consensus_queue.cc:237] T 889e09652b9b4c9fb23774b826d82180 P c903cdb2eb0440fe839ef7f607a57f18 [LEADER]: Queue going to LEADER mode. State: All replicated index: 0, Majority replicated index: 0, Committed index: 0, Last appended: 0.0, Last appended by leader: 0, Current term: 1, Majority size: 2, State: 0, Mode: LEADER, active raft config: opid_index: -1 OBSOLETE_local: false peers { permanent_uuid: "b0b9a390b6384fdab4e317d222b86ce5" member_type: VOTER last_known_addr { host: "127.26.173.1" port: 37343 } } peers { permanent_uuid: "b87b7ce9d5a6454593e548e72d6a2a78" member_type: VOTER last_known_addr { host: "127.26.173.2" port: 42389 } } peers { permanent_uuid: "c903cdb2eb0440fe839ef7f607a57f18" member_type: VOTER last_known_addr { host: "127.26.173.3" port: 39823 } }
I20260710 13:26:12.911139 28478 leader_election.cc:304] T 45de201f372740d89f6bac3dc035cd41 P b87b7ce9d5a6454593e548e72d6a2a78 [CANDIDATE]: Term 1 pre-election: Election decided. Result: candidate won. Election summary: received 2 responses out of 3 voters: 2 yes votes; 0 no votes. yes voters: b0b9a390b6384fdab4e317d222b86ce5, b87b7ce9d5a6454593e548e72d6a2a78; no voters: 
I20260710 13:26:12.918061 28508 tablet_service.cc:1917] Received RequestConsensusVote() RPC: tablet_id: "9f89668362644aecbab6ecb0877dccce" candidate_uuid: "b0b9a390b6384fdab4e317d222b86ce5" candidate_term: 1 candidate_status { last_received { term: 0 index: 0 } } ignore_live_leader: false dest_uuid: "b87b7ce9d5a6454593e548e72d6a2a78" is_pre_election: true
I20260710 13:26:12.918399 28698 leader_election.cc:290] T 6ade2281cdeb4cb5ac0f40403b67a4d0 P b87b7ce9d5a6454593e548e72d6a2a78 [CANDIDATE]: Term 1 pre-election: Requested pre-vote from peers b0b9a390b6384fdab4e317d222b86ce5 (127.26.173.1:37343), c903cdb2eb0440fe839ef7f607a57f18 (127.26.173.3:39823)
I20260710 13:26:12.884279 28695 raft_consensus.cc:493] T a035150426cc44c0bc429505d96f940e P b87b7ce9d5a6454593e548e72d6a2a78 [term 0 FOLLOWER]: Starting pre-election (no leader contacted us within the election timeout)
W20260710 13:26:12.915132 28403 leader_election.cc:343] T 547a75b7971f4f7587ae5bc7b0f1aab1 P b0b9a390b6384fdab4e317d222b86ce5 [CANDIDATE]: Term 1 election: Tablet error from VoteRequest() call to peer c903cdb2eb0440fe839ef7f607a57f18 (127.26.173.3:39823): Illegal state: must be running to vote when last-logged opid is not known
I20260710 13:26:12.889410 28699 raft_consensus.cc:515] T 86358f4524964835875596506cbba44a P b0b9a390b6384fdab4e317d222b86ce5 [term 0 FOLLOWER]: Starting pre-election with config: opid_index: -1 OBSOLETE_local: false peers { permanent_uuid: "b0b9a390b6384fdab4e317d222b86ce5" member_type: VOTER last_known_addr { host: "127.26.173.1" port: 37343 } } peers { permanent_uuid: "b87b7ce9d5a6454593e548e72d6a2a78" member_type: VOTER last_known_addr { host: "127.26.173.2" port: 42389 } } peers { permanent_uuid: "c903cdb2eb0440fe839ef7f607a57f18" member_type: VOTER last_known_addr { host: "127.26.173.3" port: 39823 } }
I20260710 13:26:13.151132 28627 ts_tablet_manager.cc:1403] T 47061e1d6a8342bdb27e584d06146a4a P b87b7ce9d5a6454593e548e72d6a2a78: Time spent bootstrapping tablet: real 0.395s	user 0.080s	sys 0.071s
W20260710 13:26:13.167840 28478 outbound_call.cc:321] RPC callback for RPC call kudu.consensus.ConsensusService.RequestConsensusVote -> {remote=127.26.173.1:37343, user_credentials={real_user=slave}} blocked reactor thread for 256799us
I20260710 13:26:13.079866 28694 leader_election.cc:290] T 46674bb81fcf42e6bd469e005c06cedd P b87b7ce9d5a6454593e548e72d6a2a78 [CANDIDATE]: Term 1 election: Requested vote from peers c903cdb2eb0440fe839ef7f607a57f18 (127.26.173.3:39823), b0b9a390b6384fdab4e317d222b86ce5 (127.26.173.1:37343)
I20260710 13:26:13.170466 28631 ts_tablet_manager.cc:1434] T eb0e7a60915c440fb8b0bd54ae410226 P b0b9a390b6384fdab4e317d222b86ce5: Time spent starting tablet: real 0.321s	user 0.034s	sys 0.073s
I20260710 13:26:12.919418 28698 raft_consensus.cc:2804] T 45de201f372740d89f6bac3dc035cd41 P b87b7ce9d5a6454593e548e72d6a2a78 [term 0 FOLLOWER]: Leader pre-election won for term 1
I20260710 13:26:13.165398 28707 raft_consensus.cc:493] T 45de201f372740d89f6bac3dc035cd41 P c903cdb2eb0440fe839ef7f607a57f18 [term 0 FOLLOWER]: Starting pre-election (no leader contacted us within the election timeout)
I20260710 13:26:13.173810 28625 tablet_bootstrap.cc:654] T ff2f6b90682147f1bedd356c9679ed2a P c903cdb2eb0440fe839ef7f607a57f18: Neither blocks nor log segments found. Creating new log.
I20260710 13:26:13.173693 28707 raft_consensus.cc:515] T 45de201f372740d89f6bac3dc035cd41 P c903cdb2eb0440fe839ef7f607a57f18 [term 0 FOLLOWER]: Starting pre-election with config: opid_index: -1 OBSOLETE_local: false peers { permanent_uuid: "b0b9a390b6384fdab4e317d222b86ce5" member_type: VOTER last_known_addr { host: "127.26.173.1" port: 37343 } } peers { permanent_uuid: "b87b7ce9d5a6454593e548e72d6a2a78" member_type: VOTER last_known_addr { host: "127.26.173.2" port: 42389 } } peers { permanent_uuid: "c903cdb2eb0440fe839ef7f607a57f18" member_type: VOTER last_known_addr { host: "127.26.173.3" port: 39823 } }
I20260710 13:26:13.153501 28653 raft_consensus.cc:493] T c06e54ad3a7e4128870379a8d4aab25b P c903cdb2eb0440fe839ef7f607a57f18 [term 0 FOLLOWER]: Starting pre-election (no leader contacted us within the election timeout)
I20260710 13:26:13.163951 28701 raft_consensus.cc:493] T d785b38b99a94a5886227081293ea418 P b87b7ce9d5a6454593e548e72d6a2a78 [term 0 FOLLOWER]: Starting pre-election (no leader contacted us within the election timeout)
I20260710 13:26:13.153628 28666 raft_consensus.cc:493] T eb0e7a60915c440fb8b0bd54ae410226 P b0b9a390b6384fdab4e317d222b86ce5 [term 0 FOLLOWER]: Starting pre-election (no leader contacted us within the election timeout)
W20260710 13:26:13.153462 28403 outbound_call.cc:321] RPC callback for RPC call kudu.consensus.ConsensusService.RequestConsensusVote -> {remote=127.26.173.3:39823, user_credentials={real_user=slave}} blocked reactor thread for 238397us
I20260710 13:26:13.183645 28707 leader_election.cc:290] T 45de201f372740d89f6bac3dc035cd41 P c903cdb2eb0440fe839ef7f607a57f18 [CANDIDATE]: Term 1 pre-election: Requested pre-vote from peers b0b9a390b6384fdab4e317d222b86ce5 (127.26.173.1:37343), b87b7ce9d5a6454593e548e72d6a2a78 (127.26.173.2:42389)
I20260710 13:26:13.184602 28650 raft_consensus.cc:493] T c7f60b6666c349d781aceaea7c034763 P b0b9a390b6384fdab4e317d222b86ce5 [term 0 FOLLOWER]: Starting pre-election (no leader contacted us within the election timeout)
I20260710 13:26:13.185096 28650 raft_consensus.cc:515] T c7f60b6666c349d781aceaea7c034763 P b0b9a390b6384fdab4e317d222b86ce5 [term 0 FOLLOWER]: Starting pre-election with config: opid_index: -1 OBSOLETE_local: false peers { permanent_uuid: "b0b9a390b6384fdab4e317d222b86ce5" member_type: VOTER last_known_addr { host: "127.26.173.1" port: 37343 } } peers { permanent_uuid: "b87b7ce9d5a6454593e548e72d6a2a78" member_type: VOTER last_known_addr { host: "127.26.173.2" port: 42389 } } peers { permanent_uuid: "c903cdb2eb0440fe839ef7f607a57f18" member_type: VOTER last_known_addr { host: "127.26.173.3" port: 39823 } }
I20260710 13:26:13.186717 28511 raft_consensus.cc:2468] T 547a75b7971f4f7587ae5bc7b0f1aab1 P b87b7ce9d5a6454593e548e72d6a2a78 [term 1 FOLLOWER]: Leader election vote request: Granting yes vote for candidate b0b9a390b6384fdab4e317d222b86ce5 in term 1.
I20260710 13:26:13.186635 28701 raft_consensus.cc:515] T d785b38b99a94a5886227081293ea418 P b87b7ce9d5a6454593e548e72d6a2a78 [term 0 FOLLOWER]: Starting pre-election with config: opid_index: -1 OBSOLETE_local: false peers { permanent_uuid: "b0b9a390b6384fdab4e317d222b86ce5" member_type: VOTER last_known_addr { host: "127.26.173.1" port: 37343 } } peers { permanent_uuid: "b87b7ce9d5a6454593e548e72d6a2a78" member_type: VOTER last_known_addr { host: "127.26.173.2" port: 42389 } } peers { permanent_uuid: "c903cdb2eb0440fe839ef7f607a57f18" member_type: VOTER last_known_addr { host: "127.26.173.3" port: 39823 } }
I20260710 13:26:13.153055 28703 raft_consensus.cc:493] T c06e54ad3a7e4128870379a8d4aab25b P b87b7ce9d5a6454593e548e72d6a2a78 [term 0 FOLLOWER]: Starting pre-election (no leader contacted us within the election timeout)
I20260710 13:26:13.100471 28633 leader_election.cc:290] T 24dbf4f97a8143818592710188720c2b P b87b7ce9d5a6454593e548e72d6a2a78 [CANDIDATE]: Term 1 election: Requested vote from peers b0b9a390b6384fdab4e317d222b86ce5 (127.26.173.1:37343), c903cdb2eb0440fe839ef7f607a57f18 (127.26.173.3:39823)
I20260710 13:26:13.171370 28698 raft_consensus.cc:493] T 45de201f372740d89f6bac3dc035cd41 P b87b7ce9d5a6454593e548e72d6a2a78 [term 0 FOLLOWER]: Starting leader election (no leader contacted us within the election timeout)
I20260710 13:26:13.174919 28585 tablet_service.cc:1917] Received RequestConsensusVote() RPC: tablet_id: "9f89668362644aecbab6ecb0877dccce" candidate_uuid: "b0b9a390b6384fdab4e317d222b86ce5" candidate_term: 1 candidate_status { last_received { term: 0 index: 0 } } ignore_live_leader: false dest_uuid: "c903cdb2eb0440fe839ef7f607a57f18" is_pre_election: true
I20260710 13:26:13.170535 28628 raft_consensus.cc:493] T 24dbf4f97a8143818592710188720c2b P c903cdb2eb0440fe839ef7f607a57f18 [term 0 FOLLOWER]: Starting pre-election (no leader contacted us within the election timeout)
I20260710 13:26:13.174705 28510 raft_consensus.cc:2468] T 889e09652b9b4c9fb23774b826d82180 P b87b7ce9d5a6454593e548e72d6a2a78 [term 1 FOLLOWER]: Leader election vote request: Granting yes vote for candidate c903cdb2eb0440fe839ef7f607a57f18 in term 1.
I20260710 13:26:12.958112 28695 raft_consensus.cc:515] T a035150426cc44c0bc429505d96f940e P b87b7ce9d5a6454593e548e72d6a2a78 [term 0 FOLLOWER]: Starting pre-election with config: opid_index: -1 OBSOLETE_local: false peers { permanent_uuid: "b0b9a390b6384fdab4e317d222b86ce5" member_type: VOTER last_known_addr { host: "127.26.173.1" port: 37343 } } peers { permanent_uuid: "b87b7ce9d5a6454593e548e72d6a2a78" member_type: VOTER last_known_addr { host: "127.26.173.2" port: 42389 } } peers { permanent_uuid: "c903cdb2eb0440fe839ef7f607a57f18" member_type: VOTER last_known_addr { host: "127.26.173.3" port: 39823 } }
I20260710 13:26:13.189347 28698 raft_consensus.cc:3060] T 45de201f372740d89f6bac3dc035cd41 P b87b7ce9d5a6454593e548e72d6a2a78 [term 0 FOLLOWER]: Advancing to term 1
I20260710 13:26:13.198724 28586 tablet_service.cc:1917] Received RequestConsensusVote() RPC: tablet_id: "45de201f372740d89f6bac3dc035cd41" candidate_uuid: "b87b7ce9d5a6454593e548e72d6a2a78" candidate_term: 1 candidate_status { last_received { term: 0 index: 0 } } ignore_live_leader: false dest_uuid: "c903cdb2eb0440fe839ef7f607a57f18" is_pre_election: true
I20260710 13:26:13.199098 28437 tablet_service.cc:1917] Received RequestConsensusVote() RPC: tablet_id: "24dbf4f97a8143818592710188720c2b" candidate_uuid: "b87b7ce9d5a6454593e548e72d6a2a78" candidate_term: 1 candidate_status { last_received { term: 0 index: 0 } } ignore_live_leader: false dest_uuid: "b0b9a390b6384fdab4e317d222b86ce5"
I20260710 13:26:13.199541 28586 raft_consensus.cc:2468] T 45de201f372740d89f6bac3dc035cd41 P c903cdb2eb0440fe839ef7f607a57f18 [term 0 FOLLOWER]: Leader pre-election vote request: Granting yes vote for candidate b87b7ce9d5a6454593e548e72d6a2a78 in term 0.
I20260710 13:26:13.199640 28437 raft_consensus.cc:3060] T 24dbf4f97a8143818592710188720c2b P b0b9a390b6384fdab4e317d222b86ce5 [term 0 FOLLOWER]: Advancing to term 1
I20260710 13:26:13.200232 28650 leader_election.cc:290] T c7f60b6666c349d781aceaea7c034763 P b0b9a390b6384fdab4e317d222b86ce5 [CANDIDATE]: Term 1 pre-election: Requested pre-vote from peers b87b7ce9d5a6454593e548e72d6a2a78 (127.26.173.2:42389), c903cdb2eb0440fe839ef7f607a57f18 (127.26.173.3:39823)
