I20260710 13:26:28.360805 29039 consensus_queue.cc:237] T 2b40c200b98e44f09a604227d82ddbcc P 5011c71112ee465d9920d1eae8adaf7f [LEADER]: Queue going to LEADER mode. State: All replicated index: 0, Majority replicated index: 4, Committed index: 4, Last appended: 1.4, Last appended by leader: 4, Current term: 2, Majority size: 2, State: 0, Mode: LEADER, active raft config: opid_index: 4 OBSOLETE_local: false peers { permanent_uuid: "e0122523f21643468302a441622eaf79" member_type: VOTER last_known_addr { host: "127.26.126.194" port: 42499 } } peers { permanent_uuid: "5c9e4ac83bad402990c15cfefec6e99c" member_type: VOTER last_known_addr { host: "127.26.126.195" port: 38605 } } peers { permanent_uuid: "5011c71112ee465d9920d1eae8adaf7f" member_type: VOTER last_known_addr { host: "127.26.126.196" port: 33135 } attrs { promote: false } }
I20260710 13:26:28.367992 28135 catalog_manager.cc:5697] T 2b40c200b98e44f09a604227d82ddbcc P 5011c71112ee465d9920d1eae8adaf7f reported cstate change: term changed from 1 to 2, leader changed from 5c9e4ac83bad402990c15cfefec6e99c (127.26.126.195) to 5011c71112ee465d9920d1eae8adaf7f (127.26.126.196). New cstate: current_term: 2 leader_uuid: "5011c71112ee465d9920d1eae8adaf7f" committed_config { opid_index: 4 OBSOLETE_local: false peers { permanent_uuid: "e0122523f21643468302a441622eaf79" member_type: VOTER last_known_addr { host: "127.26.126.194" port: 42499 } health_report { overall_health: UNKNOWN } } peers { permanent_uuid: "5c9e4ac83bad402990c15cfefec6e99c" member_type: VOTER last_known_addr { host: "127.26.126.195" port: 38605 } health_report { overall_health: UNKNOWN } } peers { permanent_uuid: "5011c71112ee465d9920d1eae8adaf7f" member_type: VOTER last_known_addr { host: "127.26.126.196" port: 33135 } attrs { promote: false } health_report { overall_health: HEALTHY } } }
I20260710 13:26:28.636134 28387 raft_consensus.cc:1275] T 3719af4170374dee90dfc6787a633dd1 P 5c9e4ac83bad402990c15cfefec6e99c [term 2 FOLLOWER]: Refusing update from remote peer 5011c71112ee465d9920d1eae8adaf7f: Log matching property violated. Preceding OpId in replica: term: 1 index: 4. Preceding OpId from leader: term: 2 index: 5. (index mismatch)
I20260710 13:26:28.637322 29039 consensus_queue.cc:1048] T 3719af4170374dee90dfc6787a633dd1 P 5011c71112ee465d9920d1eae8adaf7f [LEADER]: Connected to new peer: Peer: permanent_uuid: "5c9e4ac83bad402990c15cfefec6e99c" member_type: VOTER last_known_addr { host: "127.26.126.195" port: 38605 }, Status: LMP_MISMATCH, Last received: 0.0, Next index: 5, Last known committed idx: 4, Time since last communication: 0.000s
I20260710 13:26:28.650019 28386 raft_consensus.cc:1275] T f797ed4a39c241e79cdf3b7659fb3162 P 5c9e4ac83bad402990c15cfefec6e99c [term 2 FOLLOWER]: Refusing update from remote peer e0122523f21643468302a441622eaf79: Log matching property violated. Preceding OpId in replica: term: 1 index: 1. Preceding OpId from leader: term: 2 index: 2. (index mismatch)
I20260710 13:26:28.651563 29036 consensus_queue.cc:1048] T f797ed4a39c241e79cdf3b7659fb3162 P e0122523f21643468302a441622eaf79 [LEADER]: Connected to new peer: Peer: permanent_uuid: "5c9e4ac83bad402990c15cfefec6e99c" member_type: VOTER last_known_addr { host: "127.26.126.195" port: 38605 }, Status: LMP_MISMATCH, Last received: 0.0, Next index: 2, Last known committed idx: 1, Time since last communication: 0.001s
I20260710 13:26:28.664363 28237 raft_consensus.cc:1275] T 3719af4170374dee90dfc6787a633dd1 P 52b87d992b1149c3ac9d368b2e6c1950 [term 2 FOLLOWER]: Refusing update from remote peer 5011c71112ee465d9920d1eae8adaf7f: Log matching property violated. Preceding OpId in replica: term: 1 index: 4. Preceding OpId from leader: term: 2 index: 5. (index mismatch)
I20260710 13:26:28.666018 29039 consensus_queue.cc:1048] T 3719af4170374dee90dfc6787a633dd1 P 5011c71112ee465d9920d1eae8adaf7f [LEADER]: Connected to new peer: Peer: permanent_uuid: "52b87d992b1149c3ac9d368b2e6c1950" member_type: VOTER last_known_addr { host: "127.26.126.193" port: 41971 }, Status: LMP_MISMATCH, Last received: 0.0, Next index: 5, Last known committed idx: 4, Time since last communication: 0.000s
I20260710 13:26:28.691524 28238 raft_consensus.cc:1275] T f797ed4a39c241e79cdf3b7659fb3162 P 52b87d992b1149c3ac9d368b2e6c1950 [term 2 FOLLOWER]: Refusing update from remote peer e0122523f21643468302a441622eaf79: Log matching property violated. Preceding OpId in replica: term: 1 index: 1. Preceding OpId from leader: term: 2 index: 2. (index mismatch)
I20260710 13:26:28.695812 29036 consensus_queue.cc:1048] T f797ed4a39c241e79cdf3b7659fb3162 P e0122523f21643468302a441622eaf79 [LEADER]: Connected to new peer: Peer: permanent_uuid: "52b87d992b1149c3ac9d368b2e6c1950" member_type: VOTER last_known_addr { host: "127.26.126.193" port: 41971 }, Status: LMP_MISMATCH, Last received: 0.0, Next index: 2, Last known committed idx: 1, Time since last communication: 0.000s
I20260710 13:26:28.710393 28386 raft_consensus.cc:1275] T 79ad61a3c2d84124926993d89de2276b P 5c9e4ac83bad402990c15cfefec6e99c [term 2 FOLLOWER]: Refusing update from remote peer 5011c71112ee465d9920d1eae8adaf7f: Log matching property violated. Preceding OpId in replica: term: 1 index: 4. Preceding OpId from leader: term: 2 index: 5. (index mismatch)
I20260710 13:26:28.711807 29039 consensus_queue.cc:1048] T 79ad61a3c2d84124926993d89de2276b P 5011c71112ee465d9920d1eae8adaf7f [LEADER]: Connected to new peer: Peer: permanent_uuid: "5c9e4ac83bad402990c15cfefec6e99c" member_type: VOTER last_known_addr { host: "127.26.126.195" port: 38605 }, Status: LMP_MISMATCH, Last received: 0.0, Next index: 5, Last known committed idx: 4, Time since last communication: 0.000s
I20260710 13:26:28.721858 28308 raft_consensus.cc:1275] T 79ad61a3c2d84124926993d89de2276b P e0122523f21643468302a441622eaf79 [term 2 FOLLOWER]: Refusing update from remote peer 5011c71112ee465d9920d1eae8adaf7f: Log matching property violated. Preceding OpId in replica: term: 1 index: 4. Preceding OpId from leader: term: 2 index: 5. (index mismatch)
I20260710 13:26:28.723315 29040 consensus_queue.cc:1048] T 79ad61a3c2d84124926993d89de2276b P 5011c71112ee465d9920d1eae8adaf7f [LEADER]: Connected to new peer: Peer: permanent_uuid: "e0122523f21643468302a441622eaf79" member_type: VOTER last_known_addr { host: "127.26.126.194" port: 42499 }, Status: LMP_MISMATCH, Last received: 0.0, Next index: 5, Last known committed idx: 4, Time since last communication: 0.000s
I20260710 13:26:28.734174 28387 raft_consensus.cc:1275] T 533a7324ce2d4ce8a5448ccc606eeb68 P 5c9e4ac83bad402990c15cfefec6e99c [term 2 FOLLOWER]: Refusing update from remote peer 5011c71112ee465d9920d1eae8adaf7f: Log matching property violated. Preceding OpId in replica: term: 1 index: 4. Preceding OpId from leader: term: 2 index: 5. (index mismatch)
I20260710 13:26:28.735471 29040 consensus_queue.cc:1048] T 533a7324ce2d4ce8a5448ccc606eeb68 P 5011c71112ee465d9920d1eae8adaf7f [LEADER]: Connected to new peer: Peer: permanent_uuid: "5c9e4ac83bad402990c15cfefec6e99c" member_type: VOTER last_known_addr { host: "127.26.126.195" port: 38605 }, Status: LMP_MISMATCH, Last received: 0.0, Next index: 5, Last known committed idx: 4, Time since last communication: 0.000s
I20260710 13:26:28.744163 28313 raft_consensus.cc:1275] T 533a7324ce2d4ce8a5448ccc606eeb68 P e0122523f21643468302a441622eaf79 [term 2 FOLLOWER]: Refusing update from remote peer 5011c71112ee465d9920d1eae8adaf7f: Log matching property violated. Preceding OpId in replica: term: 1 index: 4. Preceding OpId from leader: term: 2 index: 5. (index mismatch)
I20260710 13:26:28.745654 29041 consensus_queue.cc:1048] T 533a7324ce2d4ce8a5448ccc606eeb68 P 5011c71112ee465d9920d1eae8adaf7f [LEADER]: Connected to new peer: Peer: permanent_uuid: "e0122523f21643468302a441622eaf79" member_type: VOTER last_known_addr { host: "127.26.126.194" port: 42499 }, Status: LMP_MISMATCH, Last received: 0.0, Next index: 5, Last known committed idx: 4, Time since last communication: 0.000s
I20260710 13:26:28.899962 28313 raft_consensus.cc:1275] T 2b40c200b98e44f09a604227d82ddbcc P e0122523f21643468302a441622eaf79 [term 2 FOLLOWER]: Refusing update from remote peer 5011c71112ee465d9920d1eae8adaf7f: Log matching property violated. Preceding OpId in replica: term: 1 index: 4. Preceding OpId from leader: term: 2 index: 5. (index mismatch)
I20260710 13:26:28.901078 29041 consensus_queue.cc:1048] T 2b40c200b98e44f09a604227d82ddbcc P 5011c71112ee465d9920d1eae8adaf7f [LEADER]: Connected to new peer: Peer: permanent_uuid: "e0122523f21643468302a441622eaf79" member_type: VOTER last_known_addr { host: "127.26.126.194" port: 42499 }, Status: LMP_MISMATCH, Last received: 0.0, Next index: 5, Last known committed idx: 4, Time since last communication: 0.000s
I20260710 13:26:28.909101 28387 raft_consensus.cc:1275] T 2b40c200b98e44f09a604227d82ddbcc P 5c9e4ac83bad402990c15cfefec6e99c [term 2 FOLLOWER]: Refusing update from remote peer 5011c71112ee465d9920d1eae8adaf7f: Log matching property violated. Preceding OpId in replica: term: 1 index: 4. Preceding OpId from leader: term: 2 index: 5. (index mismatch)
I20260710 13:26:28.910981 29041 consensus_queue.cc:1048] T 2b40c200b98e44f09a604227d82ddbcc P 5011c71112ee465d9920d1eae8adaf7f [LEADER]: Connected to new peer: Peer: permanent_uuid: "5c9e4ac83bad402990c15cfefec6e99c" member_type: VOTER last_known_addr { host: "127.26.126.195" port: 38605 }, Status: LMP_MISMATCH, Last received: 0.0, Next index: 5, Last known committed idx: 4, Time since last communication: 0.000s
I20260710 13:26:29.073119 27131 auto_leader_rebalancer.cc:141] leader rebalance for table test-workload
I20260710 13:26:29.087766 27131 auto_leader_rebalancer.cc:141] leader rebalance for table test-workload
I20260710 13:26:29.111424 28313 tablet_service.cc:2072] Received LeaderStepDown RPC: tablet_id: "5b560b13ecb7452185f3a127f484bd8a"
dest_uuid: "e0122523f21643468302a441622eaf79"
mode: GRACEFUL
new_leader_uuid: "5011c71112ee465d9920d1eae8adaf7f"
 from {username='slave'} at 127.0.0.1:37308
I20260710 13:26:29.111862 28313 raft_consensus.cc:606] T 5b560b13ecb7452185f3a127f484bd8a P e0122523f21643468302a441622eaf79 [term 1 LEADER]: Received request to transfer leadership to TS 5011c71112ee465d9920d1eae8adaf7f
I20260710 13:26:29.115466 28387 tablet_service.cc:2072] Received LeaderStepDown RPC: tablet_id: "a1cec37e81be4ece9afe2d11e2eae841"
dest_uuid: "5c9e4ac83bad402990c15cfefec6e99c"
mode: GRACEFUL
new_leader_uuid: "5011c71112ee465d9920d1eae8adaf7f"
 from {username='slave'} at 127.0.0.1:44398
I20260710 13:26:29.116045 28387 raft_consensus.cc:606] T a1cec37e81be4ece9afe2d11e2eae841 P 5c9e4ac83bad402990c15cfefec6e99c [term 1 LEADER]: Received request to transfer leadership to TS 5011c71112ee465d9920d1eae8adaf7f
I20260710 13:26:29.117235 27131 auto_leader_rebalancer.cc:479] table: test-workload, leader rebalance finish, leader transfer count: 2
I20260710 13:26:29.117826 27131 auto_leader_rebalancer.cc:554] All tables' leader rebalancing finished this round
I20260710 13:26:29.215404 29029 raft_consensus.cc:993] T 5b560b13ecb7452185f3a127f484bd8a P e0122523f21643468302a441622eaf79: : Instructing follower 5011c71112ee465d9920d1eae8adaf7f to start an election
I20260710 13:26:29.216158 29071 raft_consensus.cc:1081] T 5b560b13ecb7452185f3a127f484bd8a P e0122523f21643468302a441622eaf79 [term 1 LEADER]: Signalling peer 5011c71112ee465d9920d1eae8adaf7f to start an election
I20260710 13:26:29.218000 28647 tablet_service.cc:2044] Received Run Leader Election RPC: tablet_id: "5b560b13ecb7452185f3a127f484bd8a"
dest_uuid: "5011c71112ee465d9920d1eae8adaf7f"
 from {username='slave'} at 127.0.0.1:42568
I20260710 13:26:29.218477 28647 raft_consensus.cc:493] T 5b560b13ecb7452185f3a127f484bd8a P 5011c71112ee465d9920d1eae8adaf7f [term 1 FOLLOWER]: Starting forced leader election (received explicit request)
I20260710 13:26:29.218735 28647 raft_consensus.cc:3060] T 5b560b13ecb7452185f3a127f484bd8a P 5011c71112ee465d9920d1eae8adaf7f [term 1 FOLLOWER]: Advancing to term 2
I20260710 13:26:29.223162 28647 raft_consensus.cc:515] T 5b560b13ecb7452185f3a127f484bd8a P 5011c71112ee465d9920d1eae8adaf7f [term 2 FOLLOWER]: Starting forced leader election with config: opid_index: 4 OBSOLETE_local: false peers { permanent_uuid: "52b87d992b1149c3ac9d368b2e6c1950" member_type: VOTER last_known_addr { host: "127.26.126.193" port: 41971 } } peers { permanent_uuid: "e0122523f21643468302a441622eaf79" member_type: VOTER last_known_addr { host: "127.26.126.194" port: 42499 } } peers { permanent_uuid: "5011c71112ee465d9920d1eae8adaf7f" member_type: VOTER last_known_addr { host: "127.26.126.196" port: 33135 } attrs { promote: false } }
I20260710 13:26:29.224725 28647 leader_election.cc:290] T 5b560b13ecb7452185f3a127f484bd8a P 5011c71112ee465d9920d1eae8adaf7f [CANDIDATE]: Term 2 election: Requested vote from peers 52b87d992b1149c3ac9d368b2e6c1950 (127.26.126.193:41971), e0122523f21643468302a441622eaf79 (127.26.126.194:42499)
I20260710 13:26:29.225446 28238 tablet_service.cc:1917] Received RequestConsensusVote() RPC: tablet_id: "5b560b13ecb7452185f3a127f484bd8a" candidate_uuid: "5011c71112ee465d9920d1eae8adaf7f" candidate_term: 2 candidate_status { last_received { term: 1 index: 4 } } ignore_live_leader: true dest_uuid: "52b87d992b1149c3ac9d368b2e6c1950"
I20260710 13:26:29.225528 28313 tablet_service.cc:1917] Received RequestConsensusVote() RPC: tablet_id: "5b560b13ecb7452185f3a127f484bd8a" candidate_uuid: "5011c71112ee465d9920d1eae8adaf7f" candidate_term: 2 candidate_status { last_received { term: 1 index: 4 } } ignore_live_leader: true dest_uuid: "e0122523f21643468302a441622eaf79"
I20260710 13:26:29.226083 28238 raft_consensus.cc:3060] T 5b560b13ecb7452185f3a127f484bd8a P 52b87d992b1149c3ac9d368b2e6c1950 [term 1 FOLLOWER]: Advancing to term 2
I20260710 13:26:29.226156 28313 raft_consensus.cc:3055] T 5b560b13ecb7452185f3a127f484bd8a P e0122523f21643468302a441622eaf79 [term 1 LEADER]: Stepping down as leader of term 1
I20260710 13:26:29.226505 28313 raft_consensus.cc:740] T 5b560b13ecb7452185f3a127f484bd8a P e0122523f21643468302a441622eaf79 [term 1 LEADER]: Becoming Follower/Learner. State: Replica: e0122523f21643468302a441622eaf79, State: Running, Role: LEADER
I20260710 13:26:29.227422 28313 consensus_queue.cc:260] T 5b560b13ecb7452185f3a127f484bd8a P e0122523f21643468302a441622eaf79 [NON_LEADER]: Queue going to NON_LEADER mode. State: All replicated index: 0, Majority replicated index: 4, Committed index: 4, Last appended: 1.4, Last appended by leader: 4, Current term: 1, Majority size: -1, State: 0, Mode: NON_LEADER, active raft config: opid_index: 4 OBSOLETE_local: false peers { permanent_uuid: "52b87d992b1149c3ac9d368b2e6c1950" member_type: VOTER last_known_addr { host: "127.26.126.193" port: 41971 } } peers { permanent_uuid: "e0122523f21643468302a441622eaf79" member_type: VOTER last_known_addr { host: "127.26.126.194" port: 42499 } } peers { permanent_uuid: "5011c71112ee465d9920d1eae8adaf7f" member_type: VOTER last_known_addr { host: "127.26.126.196" port: 33135 } attrs { promote: false } }
I20260710 13:26:29.228632 28313 raft_consensus.cc:3060] T 5b560b13ecb7452185f3a127f484bd8a P e0122523f21643468302a441622eaf79 [term 1 FOLLOWER]: Advancing to term 2
I20260710 13:26:29.232735 28238 raft_consensus.cc:2468] T 5b560b13ecb7452185f3a127f484bd8a P 52b87d992b1149c3ac9d368b2e6c1950 [term 2 FOLLOWER]: Leader election vote request: Granting yes vote for candidate 5011c71112ee465d9920d1eae8adaf7f in term 2.
I20260710 13:26:29.233980 28614 leader_election.cc:304] T 5b560b13ecb7452185f3a127f484bd8a P 5011c71112ee465d9920d1eae8adaf7f [CANDIDATE]: Term 2 election: Election decided. Result: candidate won. Election summary: received 2 responses out of 3 voters: 2 yes votes; 0 no votes. yes voters: 5011c71112ee465d9920d1eae8adaf7f, 52b87d992b1149c3ac9d368b2e6c1950; no voters: 
I20260710 13:26:29.234715 29041 raft_consensus.cc:2804] T 5b560b13ecb7452185f3a127f484bd8a P 5011c71112ee465d9920d1eae8adaf7f [term 2 FOLLOWER]: Leader election won for term 2
I20260710 13:26:29.234880 28313 raft_consensus.cc:2468] T 5b560b13ecb7452185f3a127f484bd8a P e0122523f21643468302a441622eaf79 [term 2 FOLLOWER]: Leader election vote request: Granting yes vote for candidate 5011c71112ee465d9920d1eae8adaf7f in term 2.
I20260710 13:26:29.235162 29041 raft_consensus.cc:697] T 5b560b13ecb7452185f3a127f484bd8a P 5011c71112ee465d9920d1eae8adaf7f [term 2 LEADER]: Becoming Leader. State: Replica: 5011c71112ee465d9920d1eae8adaf7f, State: Running, Role: LEADER
I20260710 13:26:29.236071 29041 consensus_queue.cc:237] T 5b560b13ecb7452185f3a127f484bd8a P 5011c71112ee465d9920d1eae8adaf7f [LEADER]: Queue going to LEADER mode. State: All replicated index: 0, Majority replicated index: 4, Committed index: 4, Last appended: 1.4, Last appended by leader: 4, Current term: 2, Majority size: 2, State: 0, Mode: LEADER, active raft config: opid_index: 4 OBSOLETE_local: false peers { permanent_uuid: "52b87d992b1149c3ac9d368b2e6c1950" member_type: VOTER last_known_addr { host: "127.26.126.193" port: 41971 } } peers { permanent_uuid: "e0122523f21643468302a441622eaf79" member_type: VOTER last_known_addr { host: "127.26.126.194" port: 42499 } } peers { permanent_uuid: "5011c71112ee465d9920d1eae8adaf7f" member_type: VOTER last_known_addr { host: "127.26.126.196" port: 33135 } attrs { promote: false } }
I20260710 13:26:29.243568 28135 catalog_manager.cc:5697] T 5b560b13ecb7452185f3a127f484bd8a P 5011c71112ee465d9920d1eae8adaf7f reported cstate change: term changed from 1 to 2, leader changed from e0122523f21643468302a441622eaf79 (127.26.126.194) to 5011c71112ee465d9920d1eae8adaf7f (127.26.126.196). New cstate: current_term: 2 leader_uuid: "5011c71112ee465d9920d1eae8adaf7f" committed_config { opid_index: 4 OBSOLETE_local: false peers { permanent_uuid: "52b87d992b1149c3ac9d368b2e6c1950" member_type: VOTER last_known_addr { host: "127.26.126.193" port: 41971 } health_report { overall_health: UNKNOWN } } peers { permanent_uuid: "e0122523f21643468302a441622eaf79" member_type: VOTER last_known_addr { host: "127.26.126.194" port: 42499 } health_report { overall_health: UNKNOWN } } peers { permanent_uuid: "5011c71112ee465d9920d1eae8adaf7f" member_type: VOTER last_known_addr { host: "127.26.126.196" port: 33135 } attrs { promote: false } health_report { overall_health: HEALTHY } } }
I20260710 13:26:29.477614 29065 raft_consensus.cc:993] T a1cec37e81be4ece9afe2d11e2eae841 P 5c9e4ac83bad402990c15cfefec6e99c: : Instructing follower 5011c71112ee465d9920d1eae8adaf7f to start an election
I20260710 13:26:29.478135 29035 raft_consensus.cc:1081] T a1cec37e81be4ece9afe2d11e2eae841 P 5c9e4ac83bad402990c15cfefec6e99c [term 1 LEADER]: Signalling peer 5011c71112ee465d9920d1eae8adaf7f to start an election
I20260710 13:26:29.479425 28647 tablet_service.cc:2044] Received Run Leader Election RPC: tablet_id: "a1cec37e81be4ece9afe2d11e2eae841"
dest_uuid: "5011c71112ee465d9920d1eae8adaf7f"
 from {username='slave'} at 127.0.0.1:42574
I20260710 13:26:29.479823 28647 raft_consensus.cc:493] T a1cec37e81be4ece9afe2d11e2eae841 P 5011c71112ee465d9920d1eae8adaf7f [term 1 FOLLOWER]: Starting forced leader election (received explicit request)
I20260710 13:26:29.480065 28647 raft_consensus.cc:3060] T a1cec37e81be4ece9afe2d11e2eae841 P 5011c71112ee465d9920d1eae8adaf7f [term 1 FOLLOWER]: Advancing to term 2
I20260710 13:26:29.484086 28647 raft_consensus.cc:515] T a1cec37e81be4ece9afe2d11e2eae841 P 5011c71112ee465d9920d1eae8adaf7f [term 2 FOLLOWER]: Starting forced leader election with config: opid_index: 4 OBSOLETE_local: false peers { permanent_uuid: "52b87d992b1149c3ac9d368b2e6c1950" member_type: VOTER last_known_addr { host: "127.26.126.193" port: 41971 } } peers { permanent_uuid: "5c9e4ac83bad402990c15cfefec6e99c" member_type: VOTER last_known_addr { host: "127.26.126.195" port: 38605 } } peers { permanent_uuid: "5011c71112ee465d9920d1eae8adaf7f" member_type: VOTER last_known_addr { host: "127.26.126.196" port: 33135 } attrs { promote: false } }
I20260710 13:26:29.485409 28647 leader_election.cc:290] T a1cec37e81be4ece9afe2d11e2eae841 P 5011c71112ee465d9920d1eae8adaf7f [CANDIDATE]: Term 2 election: Requested vote from peers 52b87d992b1149c3ac9d368b2e6c1950 (127.26.126.193:41971), 5c9e4ac83bad402990c15cfefec6e99c (127.26.126.195:38605)
I20260710 13:26:29.486095 28238 tablet_service.cc:1917] Received RequestConsensusVote() RPC: tablet_id: "a1cec37e81be4ece9afe2d11e2eae841" candidate_uuid: "5011c71112ee465d9920d1eae8adaf7f" candidate_term: 2 candidate_status { last_received { term: 1 index: 4 } } ignore_live_leader: true dest_uuid: "52b87d992b1149c3ac9d368b2e6c1950"
I20260710 13:26:29.486382 28387 tablet_service.cc:1917] Received RequestConsensusVote() RPC: tablet_id: "a1cec37e81be4ece9afe2d11e2eae841" candidate_uuid: "5011c71112ee465d9920d1eae8adaf7f" candidate_term: 2 candidate_status { last_received { term: 1 index: 4 } } ignore_live_leader: true dest_uuid: "5c9e4ac83bad402990c15cfefec6e99c"
I20260710 13:26:29.486586 28238 raft_consensus.cc:3060] T a1cec37e81be4ece9afe2d11e2eae841 P 52b87d992b1149c3ac9d368b2e6c1950 [term 1 FOLLOWER]: Advancing to term 2
I20260710 13:26:29.486919 28387 raft_consensus.cc:3055] T a1cec37e81be4ece9afe2d11e2eae841 P 5c9e4ac83bad402990c15cfefec6e99c [term 1 LEADER]: Stepping down as leader of term 1
I20260710 13:26:29.487182 28387 raft_consensus.cc:740] T a1cec37e81be4ece9afe2d11e2eae841 P 5c9e4ac83bad402990c15cfefec6e99c [term 1 LEADER]: Becoming Follower/Learner. State: Replica: 5c9e4ac83bad402990c15cfefec6e99c, State: Running, Role: LEADER
I20260710 13:26:29.487797 28387 consensus_queue.cc:260] T a1cec37e81be4ece9afe2d11e2eae841 P 5c9e4ac83bad402990c15cfefec6e99c [NON_LEADER]: Queue going to NON_LEADER mode. State: All replicated index: 0, Majority replicated index: 4, Committed index: 4, Last appended: 1.4, Last appended by leader: 4, Current term: 1, Majority size: -1, State: 0, Mode: NON_LEADER, active raft config: opid_index: 4 OBSOLETE_local: false peers { permanent_uuid: "52b87d992b1149c3ac9d368b2e6c1950" member_type: VOTER last_known_addr { host: "127.26.126.193" port: 41971 } } peers { permanent_uuid: "5c9e4ac83bad402990c15cfefec6e99c" member_type: VOTER last_known_addr { host: "127.26.126.195" port: 38605 } } peers { permanent_uuid: "5011c71112ee465d9920d1eae8adaf7f" member_type: VOTER last_known_addr { host: "127.26.126.196" port: 33135 } attrs { promote: false } }
I20260710 13:26:29.488715 28387 raft_consensus.cc:3060] T a1cec37e81be4ece9afe2d11e2eae841 P 5c9e4ac83bad402990c15cfefec6e99c [term 1 FOLLOWER]: Advancing to term 2
I20260710 13:26:29.490865 28238 raft_consensus.cc:2468] T a1cec37e81be4ece9afe2d11e2eae841 P 52b87d992b1149c3ac9d368b2e6c1950 [term 2 FOLLOWER]: Leader election vote request: Granting yes vote for candidate 5011c71112ee465d9920d1eae8adaf7f in term 2.
I20260710 13:26:29.491704 28614 leader_election.cc:304] T a1cec37e81be4ece9afe2d11e2eae841 P 5011c71112ee465d9920d1eae8adaf7f [CANDIDATE]: Term 2 election: Election decided. Result: candidate won. Election summary: received 2 responses out of 3 voters: 2 yes votes; 0 no votes. yes voters: 5011c71112ee465d9920d1eae8adaf7f, 52b87d992b1149c3ac9d368b2e6c1950; no voters: 
I20260710 13:26:29.492336 29039 raft_consensus.cc:2804] T a1cec37e81be4ece9afe2d11e2eae841 P 5011c71112ee465d9920d1eae8adaf7f [term 2 FOLLOWER]: Leader election won for term 2
I20260710 13:26:29.492785 29039 raft_consensus.cc:697] T a1cec37e81be4ece9afe2d11e2eae841 P 5011c71112ee465d9920d1eae8adaf7f [term 2 LEADER]: Becoming Leader. State: Replica: 5011c71112ee465d9920d1eae8adaf7f, State: Running, Role: LEADER
I20260710 13:26:29.493691 28387 raft_consensus.cc:2468] T a1cec37e81be4ece9afe2d11e2eae841 P 5c9e4ac83bad402990c15cfefec6e99c [term 2 FOLLOWER]: Leader election vote request: Granting yes vote for candidate 5011c71112ee465d9920d1eae8adaf7f in term 2.
I20260710 13:26:29.493606 29039 consensus_queue.cc:237] T a1cec37e81be4ece9afe2d11e2eae841 P 5011c71112ee465d9920d1eae8adaf7f [LEADER]: Queue going to LEADER mode. State: All replicated index: 0, Majority replicated index: 4, Committed index: 4, Last appended: 1.4, Last appended by leader: 4, Current term: 2, Majority size: 2, State: 0, Mode: LEADER, active raft config: opid_index: 4 OBSOLETE_local: false peers { permanent_uuid: "52b87d992b1149c3ac9d368b2e6c1950" member_type: VOTER last_known_addr { host: "127.26.126.193" port: 41971 } } peers { permanent_uuid: "5c9e4ac83bad402990c15cfefec6e99c" member_type: VOTER last_known_addr { host: "127.26.126.195" port: 38605 } } peers { permanent_uuid: "5011c71112ee465d9920d1eae8adaf7f" member_type: VOTER last_known_addr { host: "127.26.126.196" port: 33135 } attrs { promote: false } }
I20260710 13:26:29.499791 28135 catalog_manager.cc:5697] T a1cec37e81be4ece9afe2d11e2eae841 P 5011c71112ee465d9920d1eae8adaf7f reported cstate change: term changed from 1 to 2, leader changed from 5c9e4ac83bad402990c15cfefec6e99c (127.26.126.195) to 5011c71112ee465d9920d1eae8adaf7f (127.26.126.196). New cstate: current_term: 2 leader_uuid: "5011c71112ee465d9920d1eae8adaf7f" committed_config { opid_index: 4 OBSOLETE_local: false peers { permanent_uuid: "52b87d992b1149c3ac9d368b2e6c1950" member_type: VOTER last_known_addr { host: "127.26.126.193" port: 41971 } health_report { overall_health: UNKNOWN } } peers { permanent_uuid: "5c9e4ac83bad402990c15cfefec6e99c" member_type: VOTER last_known_addr { host: "127.26.126.195" port: 38605 } health_report { overall_health: UNKNOWN } } peers { permanent_uuid: "5011c71112ee465d9920d1eae8adaf7f" member_type: VOTER last_known_addr { host: "127.26.126.196" port: 33135 } attrs { promote: false } health_report { overall_health: HEALTHY } } }
I20260710 13:26:29.639846 28238 raft_consensus.cc:1275] T 5b560b13ecb7452185f3a127f484bd8a P 52b87d992b1149c3ac9d368b2e6c1950 [term 2 FOLLOWER]: Refusing update from remote peer 5011c71112ee465d9920d1eae8adaf7f: Log matching property violated. Preceding OpId in replica: term: 1 index: 4. Preceding OpId from leader: term: 2 index: 5. (index mismatch)
I20260710 13:26:29.640882 29039 consensus_queue.cc:1048] T 5b560b13ecb7452185f3a127f484bd8a P 5011c71112ee465d9920d1eae8adaf7f [LEADER]: Connected to new peer: Peer: permanent_uuid: "52b87d992b1149c3ac9d368b2e6c1950" member_type: VOTER last_known_addr { host: "127.26.126.193" port: 41971 }, Status: LMP_MISMATCH, Last received: 0.0, Next index: 5, Last known committed idx: 4, Time since last communication: 0.000s
I20260710 13:26:29.653980 28308 raft_consensus.cc:1275] T 5b560b13ecb7452185f3a127f484bd8a P e0122523f21643468302a441622eaf79 [term 2 FOLLOWER]: Refusing update from remote peer 5011c71112ee465d9920d1eae8adaf7f: Log matching property violated. Preceding OpId in replica: term: 1 index: 4. Preceding OpId from leader: term: 2 index: 5. (index mismatch)
I20260710 13:26:29.655447 29063 consensus_queue.cc:1048] T 5b560b13ecb7452185f3a127f484bd8a P 5011c71112ee465d9920d1eae8adaf7f [LEADER]: Connected to new peer: Peer: permanent_uuid: "e0122523f21643468302a441622eaf79" member_type: VOTER last_known_addr { host: "127.26.126.194" port: 42499 }, Status: LMP_MISMATCH, Last received: 0.0, Next index: 5, Last known committed idx: 4, Time since last communication: 0.000s
I20260710 13:26:29.935520 28387 raft_consensus.cc:1275] T a1cec37e81be4ece9afe2d11e2eae841 P 5c9e4ac83bad402990c15cfefec6e99c [term 2 FOLLOWER]: Refusing update from remote peer 5011c71112ee465d9920d1eae8adaf7f: Log matching property violated. Preceding OpId in replica: term: 1 index: 4. Preceding OpId from leader: term: 2 index: 5. (index mismatch)
I20260710 13:26:29.936578 29063 consensus_queue.cc:1048] T a1cec37e81be4ece9afe2d11e2eae841 P 5011c71112ee465d9920d1eae8adaf7f [LEADER]: Connected to new peer: Peer: permanent_uuid: "5c9e4ac83bad402990c15cfefec6e99c" member_type: VOTER last_known_addr { host: "127.26.126.195" port: 38605 }, Status: LMP_MISMATCH, Last received: 0.0, Next index: 5, Last known committed idx: 4, Time since last communication: 0.000s
I20260710 13:26:29.944370 28234 raft_consensus.cc:1275] T a1cec37e81be4ece9afe2d11e2eae841 P 52b87d992b1149c3ac9d368b2e6c1950 [term 2 FOLLOWER]: Refusing update from remote peer 5011c71112ee465d9920d1eae8adaf7f: Log matching property violated. Preceding OpId in replica: term: 1 index: 4. Preceding OpId from leader: term: 2 index: 5. (index mismatch)
I20260710 13:26:29.948621 29063 consensus_queue.cc:1048] T a1cec37e81be4ece9afe2d11e2eae841 P 5011c71112ee465d9920d1eae8adaf7f [LEADER]: Connected to new peer: Peer: permanent_uuid: "52b87d992b1149c3ac9d368b2e6c1950" member_type: VOTER last_known_addr { host: "127.26.126.193" port: 41971 }, Status: LMP_MISMATCH, Last received: 0.0, Next index: 5, Last known committed idx: 4, Time since last communication: 0.000s
I20260710 13:26:30.118631 27131 auto_leader_rebalancer.cc:141] leader rebalance for table test-workload
I20260710 13:26:30.132910 27131 tablet_server.cc:179] TabletServer@127.26.126.193:0 shutting down...
W20260710 13:26:30.158970 28279 proxy.cc:239] Call had error, refreshing address and retrying: Remote error: Service unavailable: service kudu.consensus.ConsensusService not registered on TabletServer [suppressed 3 similar messages]
I20260710 13:26:30.160549 27131 ts_tablet_manager.cc:1507] Shutting down tablet manager...
I20260710 13:26:30.161746 27131 tablet_replica.cc:333] T b2df763d13ef4bc2844da27dadb8c1e3 P 52b87d992b1149c3ac9d368b2e6c1950: stopping tablet replica
I20260710 13:26:30.162936 27131 raft_consensus.cc:2243] T b2df763d13ef4bc2844da27dadb8c1e3 P 52b87d992b1149c3ac9d368b2e6c1950 [term 1 FOLLOWER]: Raft consensus shutting down.
I20260710 13:26:30.163475 27131 raft_consensus.cc:2272] T b2df763d13ef4bc2844da27dadb8c1e3 P 52b87d992b1149c3ac9d368b2e6c1950 [term 1 FOLLOWER]: Raft consensus is shut down!
I20260710 13:26:30.166090 27131 tablet_replica.cc:333] T 78d4c218b619444193c2efca5dc42bd1 P 52b87d992b1149c3ac9d368b2e6c1950: stopping tablet replica
I20260710 13:26:30.166652 27131 raft_consensus.cc:2243] T 78d4c218b619444193c2efca5dc42bd1 P 52b87d992b1149c3ac9d368b2e6c1950 [term 1 FOLLOWER]: Raft consensus shutting down.
I20260710 13:26:30.167052 27131 raft_consensus.cc:2272] T 78d4c218b619444193c2efca5dc42bd1 P 52b87d992b1149c3ac9d368b2e6c1950 [term 1 FOLLOWER]: Raft consensus is shut down!
I20260710 13:26:30.168728 27131 tablet_replica.cc:333] T 7ede289fa7d44ebcbe540a0610bce34e P 52b87d992b1149c3ac9d368b2e6c1950: stopping tablet replica
I20260710 13:26:30.169219 27131 raft_consensus.cc:2243] T 7ede289fa7d44ebcbe540a0610bce34e P 52b87d992b1149c3ac9d368b2e6c1950 [term 1 FOLLOWER]: Raft consensus shutting down.
I20260710 13:26:30.169811 27131 raft_consensus.cc:2272] T 7ede289fa7d44ebcbe540a0610bce34e P 52b87d992b1149c3ac9d368b2e6c1950 [term 1 FOLLOWER]: Raft consensus is shut down!
W20260710 13:26:30.170957 28279 consensus_peers.cc:597] T f797ed4a39c241e79cdf3b7659fb3162 P e0122523f21643468302a441622eaf79 -> Peer 52b87d992b1149c3ac9d368b2e6c1950 (127.26.126.193:41971): Couldn't send request to peer 52b87d992b1149c3ac9d368b2e6c1950. Status: Remote error: Service unavailable: service kudu.consensus.ConsensusService not registered on TabletServer. This is attempt 1: this message will repeat every 5th retry.
I20260710 13:26:30.172322 27131 tablet_replica.cc:333] T e01ff5dc383840cfa98bc84667b81cac P 52b87d992b1149c3ac9d368b2e6c1950: stopping tablet replica
I20260710 13:26:30.173082 27131 raft_consensus.cc:2243] T e01ff5dc383840cfa98bc84667b81cac P 52b87d992b1149c3ac9d368b2e6c1950 [term 1 FOLLOWER]: Raft consensus shutting down.
I20260710 13:26:30.173625 27131 raft_consensus.cc:2272] T e01ff5dc383840cfa98bc84667b81cac P 52b87d992b1149c3ac9d368b2e6c1950 [term 1 FOLLOWER]: Raft consensus is shut down!
I20260710 13:26:30.178052 27131 tablet_replica.cc:333] T f797ed4a39c241e79cdf3b7659fb3162 P 52b87d992b1149c3ac9d368b2e6c1950: stopping tablet replica
I20260710 13:26:30.178591 27131 raft_consensus.cc:2243] T f797ed4a39c241e79cdf3b7659fb3162 P 52b87d992b1149c3ac9d368b2e6c1950 [term 2 FOLLOWER]: Raft consensus shutting down.
I20260710 13:26:30.178962 27131 raft_consensus.cc:2272] T f797ed4a39c241e79cdf3b7659fb3162 P 52b87d992b1149c3ac9d368b2e6c1950 [term 2 FOLLOWER]: Raft consensus is shut down!
I20260710 13:26:30.180596 27131 tablet_replica.cc:333] T 31df3cb4fff74b47af7ce8a8af58afd3 P 52b87d992b1149c3ac9d368b2e6c1950: stopping tablet replica
I20260710 13:26:30.181121 27131 raft_consensus.cc:2243] T 31df3cb4fff74b47af7ce8a8af58afd3 P 52b87d992b1149c3ac9d368b2e6c1950 [term 1 LEADER]: Raft consensus shutting down.
I20260710 13:26:30.181815 27131 raft_consensus.cc:2272] T 31df3cb4fff74b47af7ce8a8af58afd3 P 52b87d992b1149c3ac9d368b2e6c1950 [term 1 FOLLOWER]: Raft consensus is shut down!
I20260710 13:26:30.183499 27131 tablet_replica.cc:333] T 8fe2a1f9191f4999a0db00c3036dcfad P 52b87d992b1149c3ac9d368b2e6c1950: stopping tablet replica
I20260710 13:26:30.183971 27131 raft_consensus.cc:2243] T 8fe2a1f9191f4999a0db00c3036dcfad P 52b87d992b1149c3ac9d368b2e6c1950 [term 1 FOLLOWER]: Raft consensus shutting down.
I20260710 13:26:30.184350 27131 raft_consensus.cc:2272] T 8fe2a1f9191f4999a0db00c3036dcfad P 52b87d992b1149c3ac9d368b2e6c1950 [term 1 FOLLOWER]: Raft consensus is shut down!
I20260710 13:26:30.185945 27131 tablet_replica.cc:333] T 99c2fdce50254da5bdedc6055c37b622 P 52b87d992b1149c3ac9d368b2e6c1950: stopping tablet replica
I20260710 13:26:30.186401 27131 raft_consensus.cc:2243] T 99c2fdce50254da5bdedc6055c37b622 P 52b87d992b1149c3ac9d368b2e6c1950 [term 1 FOLLOWER]: Raft consensus shutting down.
I20260710 13:26:30.186924 27131 raft_consensus.cc:2272] T 99c2fdce50254da5bdedc6055c37b622 P 52b87d992b1149c3ac9d368b2e6c1950 [term 1 FOLLOWER]: Raft consensus is shut down!
I20260710 13:26:30.188954 27131 tablet_replica.cc:333] T 9852bef33c5648b9b57fc90ba90ecbf3 P 52b87d992b1149c3ac9d368b2e6c1950: stopping tablet replica
I20260710 13:26:30.189605 27131 raft_consensus.cc:2243] T 9852bef33c5648b9b57fc90ba90ecbf3 P 52b87d992b1149c3ac9d368b2e6c1950 [term 1 FOLLOWER]: Raft consensus shutting down.
I20260710 13:26:30.190064 27131 raft_consensus.cc:2272] T 9852bef33c5648b9b57fc90ba90ecbf3 P 52b87d992b1149c3ac9d368b2e6c1950 [term 1 FOLLOWER]: Raft consensus is shut down!
I20260710 13:26:30.192168 27131 tablet_replica.cc:333] T 8860cca9c5174e2a9e4ec7eaec3647fd P 52b87d992b1149c3ac9d368b2e6c1950: stopping tablet replica
I20260710 13:26:30.192683 27131 raft_consensus.cc:2243] T 8860cca9c5174e2a9e4ec7eaec3647fd P 52b87d992b1149c3ac9d368b2e6c1950 [term 1 LEADER]: Raft consensus shutting down.
I20260710 13:26:30.193363 27131 raft_consensus.cc:2272] T 8860cca9c5174e2a9e4ec7eaec3647fd P 52b87d992b1149c3ac9d368b2e6c1950 [term 1 FOLLOWER]: Raft consensus is shut down!
I20260710 13:26:30.194972 27131 tablet_replica.cc:333] T 5b560b13ecb7452185f3a127f484bd8a P 52b87d992b1149c3ac9d368b2e6c1950: stopping tablet replica
I20260710 13:26:30.195410 27131 raft_consensus.cc:2243] T 5b560b13ecb7452185f3a127f484bd8a P 52b87d992b1149c3ac9d368b2e6c1950 [term 2 FOLLOWER]: Raft consensus shutting down.
I20260710 13:26:30.195950 27131 raft_consensus.cc:2272] T 5b560b13ecb7452185f3a127f484bd8a P 52b87d992b1149c3ac9d368b2e6c1950 [term 2 FOLLOWER]: Raft consensus is shut down!
I20260710 13:26:30.198132 27131 tablet_replica.cc:333] T 8508f8fbb39b409ea7e7e388023e8868 P 52b87d992b1149c3ac9d368b2e6c1950: stopping tablet replica
I20260710 13:26:30.198590 27131 raft_consensus.cc:2243] T 8508f8fbb39b409ea7e7e388023e8868 P 52b87d992b1149c3ac9d368b2e6c1950 [term 1 LEADER]: Raft consensus shutting down.
I20260710 13:26:30.199256 27131 raft_consensus.cc:2272] T 8508f8fbb39b409ea7e7e388023e8868 P 52b87d992b1149c3ac9d368b2e6c1950 [term 1 FOLLOWER]: Raft consensus is shut down!
I20260710 13:26:30.200873 27131 tablet_replica.cc:333] T 3719af4170374dee90dfc6787a633dd1 P 52b87d992b1149c3ac9d368b2e6c1950: stopping tablet replica
I20260710 13:26:30.201332 27131 raft_consensus.cc:2243] T 3719af4170374dee90dfc6787a633dd1 P 52b87d992b1149c3ac9d368b2e6c1950 [term 2 FOLLOWER]: Raft consensus shutting down.
I20260710 13:26:30.201699 27131 raft_consensus.cc:2272] T 3719af4170374dee90dfc6787a633dd1 P 52b87d992b1149c3ac9d368b2e6c1950 [term 2 FOLLOWER]: Raft consensus is shut down!
I20260710 13:26:30.203238 27131 tablet_replica.cc:333] T a49b74e0bd5743989af85ba74cce2b98 P 52b87d992b1149c3ac9d368b2e6c1950: stopping tablet replica
I20260710 13:26:30.203675 27131 raft_consensus.cc:2243] T a49b74e0bd5743989af85ba74cce2b98 P 52b87d992b1149c3ac9d368b2e6c1950 [term 1 LEADER]: Raft consensus shutting down.
I20260710 13:26:30.204336 27131 raft_consensus.cc:2272] T a49b74e0bd5743989af85ba74cce2b98 P 52b87d992b1149c3ac9d368b2e6c1950 [term 1 FOLLOWER]: Raft consensus is shut down!
I20260710 13:26:30.206126 27131 tablet_replica.cc:333] T a1cec37e81be4ece9afe2d11e2eae841 P 52b87d992b1149c3ac9d368b2e6c1950: stopping tablet replica
I20260710 13:26:30.206564 27131 raft_consensus.cc:2243] T a1cec37e81be4ece9afe2d11e2eae841 P 52b87d992b1149c3ac9d368b2e6c1950 [term 2 FOLLOWER]: Raft consensus shutting down.
I20260710 13:26:30.207026 27131 raft_consensus.cc:2272] T a1cec37e81be4ece9afe2d11e2eae841 P 52b87d992b1149c3ac9d368b2e6c1950 [term 2 FOLLOWER]: Raft consensus is shut down!
I20260710 13:26:30.209039 27131 tablet_replica.cc:333] T 19d833e3c38747a9a8b0e6bd865ee123 P 52b87d992b1149c3ac9d368b2e6c1950: stopping tablet replica
I20260710 13:26:30.209496 27131 raft_consensus.cc:2243] T 19d833e3c38747a9a8b0e6bd865ee123 P 52b87d992b1149c3ac9d368b2e6c1950 [term 1 LEADER]: Raft consensus shutting down.
I20260710 13:26:30.210153 27131 raft_consensus.cc:2272] T 19d833e3c38747a9a8b0e6bd865ee123 P 52b87d992b1149c3ac9d368b2e6c1950 [term 1 FOLLOWER]: Raft consensus is shut down!
I20260710 13:26:30.211823 27131 tablet_replica.cc:333] T a1b07cf9025c4405b15bfa3365e653c0 P 52b87d992b1149c3ac9d368b2e6c1950: stopping tablet replica
I20260710 13:26:30.212317 27131 raft_consensus.cc:2243] T a1b07cf9025c4405b15bfa3365e653c0 P 52b87d992b1149c3ac9d368b2e6c1950 [term 1 LEADER]: Raft consensus shutting down.
I20260710 13:26:30.213188 27131 raft_consensus.cc:2272] T a1b07cf9025c4405b15bfa3365e653c0 P 52b87d992b1149c3ac9d368b2e6c1950 [term 1 FOLLOWER]: Raft consensus is shut down!
I20260710 13:26:30.215535 27131 tablet_replica.cc:333] T 0f0db3b1796d4e2ab7f902850fc043d2 P 52b87d992b1149c3ac9d368b2e6c1950: stopping tablet replica
I20260710 13:26:30.216091 27131 raft_consensus.cc:2243] T 0f0db3b1796d4e2ab7f902850fc043d2 P 52b87d992b1149c3ac9d368b2e6c1950 [term 1 FOLLOWER]: Raft consensus shutting down.
I20260710 13:26:30.216605 27131 raft_consensus.cc:2272] T 0f0db3b1796d4e2ab7f902850fc043d2 P 52b87d992b1149c3ac9d368b2e6c1950 [term 1 FOLLOWER]: Raft consensus is shut down!
W20260710 13:26:30.226670 28614 consensus_peers.cc:597] T 3719af4170374dee90dfc6787a633dd1 P 5011c71112ee465d9920d1eae8adaf7f -> Peer 52b87d992b1149c3ac9d368b2e6c1950 (127.26.126.193:41971): Couldn't send request to peer 52b87d992b1149c3ac9d368b2e6c1950. Status: Remote error: Service unavailable: service kudu.consensus.ConsensusService not registered on TabletServer. This is attempt 1: this message will repeat every 5th retry.
I20260710 13:26:30.251327 27131 tablet_server.cc:196] TabletServer@127.26.126.193:0 shutdown complete.
I20260710 13:26:30.286767 27131 tablet_server.cc:179] TabletServer@127.26.126.194:0 shutting down...
I20260710 13:26:30.315249 27131 ts_tablet_manager.cc:1507] Shutting down tablet manager...
I20260710 13:26:30.316113 27131 tablet_replica.cc:333] T e04d002e89ca49f6b6dcde3f3042af55 P e0122523f21643468302a441622eaf79: stopping tablet replica
I20260710 13:26:30.316942 27131 raft_consensus.cc:2243] T e04d002e89ca49f6b6dcde3f3042af55 P e0122523f21643468302a441622eaf79 [term 1 LEADER]: Raft consensus shutting down.
I20260710 13:26:30.317736 27131 raft_consensus.cc:2272] T e04d002e89ca49f6b6dcde3f3042af55 P e0122523f21643468302a441622eaf79 [term 1 FOLLOWER]: Raft consensus is shut down!
I20260710 13:26:30.320056 27131 tablet_replica.cc:333] T b2df763d13ef4bc2844da27dadb8c1e3 P e0122523f21643468302a441622eaf79: stopping tablet replica
I20260710 13:26:30.320891 27131 raft_consensus.cc:2243] T b2df763d13ef4bc2844da27dadb8c1e3 P e0122523f21643468302a441622eaf79 [term 1 FOLLOWER]: Raft consensus shutting down.
I20260710 13:26:30.321421 27131 raft_consensus.cc:2272] T b2df763d13ef4bc2844da27dadb8c1e3 P e0122523f21643468302a441622eaf79 [term 1 FOLLOWER]: Raft consensus is shut down!
I20260710 13:26:30.324153 27131 tablet_replica.cc:333] T 78d4c218b619444193c2efca5dc42bd1 P e0122523f21643468302a441622eaf79: stopping tablet replica
I20260710 13:26:30.324839 27131 raft_consensus.cc:2243] T 78d4c218b619444193c2efca5dc42bd1 P e0122523f21643468302a441622eaf79 [term 1 LEADER]: Raft consensus shutting down.
W20260710 13:26:30.325335 28353 consensus_peers.cc:597] T e01ff5dc383840cfa98bc84667b81cac P 5c9e4ac83bad402990c15cfefec6e99c -> Peer 52b87d992b1149c3ac9d368b2e6c1950 (127.26.126.193:41971): Couldn't send request to peer 52b87d992b1149c3ac9d368b2e6c1950. Status: Network error: Client connection negotiation failed: client connection to 127.26.126.193:41971: connect: Connection refused (error 111). This is attempt 1: this message will repeat every 5th retry.
I20260710 13:26:30.325708 27131 raft_consensus.cc:2272] T 78d4c218b619444193c2efca5dc42bd1 P e0122523f21643468302a441622eaf79 [term 1 FOLLOWER]: Raft consensus is shut down!
I20260710 13:26:30.327546 27131 tablet_replica.cc:333] T b7666ceca9304797a955eb97618d1a2c P e0122523f21643468302a441622eaf79: stopping tablet replica
I20260710 13:26:30.328056 27131 raft_consensus.cc:2243] T b7666ceca9304797a955eb97618d1a2c P e0122523f21643468302a441622eaf79 [term 1 FOLLOWER]: Raft consensus shutting down.
I20260710 13:26:30.328488 27131 raft_consensus.cc:2272] T b7666ceca9304797a955eb97618d1a2c P e0122523f21643468302a441622eaf79 [term 1 FOLLOWER]: Raft consensus is shut down!
I20260710 13:26:30.330499 27131 tablet_replica.cc:333] T 8860cca9c5174e2a9e4ec7eaec3647fd P e0122523f21643468302a441622eaf79: stopping tablet replica
I20260710 13:26:30.330982 27131 raft_consensus.cc:2243] T 8860cca9c5174e2a9e4ec7eaec3647fd P e0122523f21643468302a441622eaf79 [term 1 FOLLOWER]: Raft consensus shutting down.
I20260710 13:26:30.331501 27131 raft_consensus.cc:2272] T 8860cca9c5174e2a9e4ec7eaec3647fd P e0122523f21643468302a441622eaf79 [term 1 FOLLOWER]: Raft consensus is shut down!
I20260710 13:26:30.333146 27131 tablet_replica.cc:333] T 7ede289fa7d44ebcbe540a0610bce34e P e0122523f21643468302a441622eaf79: stopping tablet replica
I20260710 13:26:30.333585 27131 raft_consensus.cc:2243] T 7ede289fa7d44ebcbe540a0610bce34e P e0122523f21643468302a441622eaf79 [term 1 LEADER]: Raft consensus shutting down.
I20260710 13:26:30.334285 27131 raft_consensus.cc:2272] T 7ede289fa7d44ebcbe540a0610bce34e P e0122523f21643468302a441622eaf79 [term 1 FOLLOWER]: Raft consensus is shut down!
I20260710 13:26:30.335909 27131 tablet_replica.cc:333] T 8508f8fbb39b409ea7e7e388023e8868 P e0122523f21643468302a441622eaf79: stopping tablet replica
I20260710 13:26:30.336409 27131 raft_consensus.cc:2243] T 8508f8fbb39b409ea7e7e388023e8868 P e0122523f21643468302a441622eaf79 [term 1 FOLLOWER]: Raft consensus shutting down.
I20260710 13:26:30.336746 27131 raft_consensus.cc:2272] T 8508f8fbb39b409ea7e7e388023e8868 P e0122523f21643468302a441622eaf79 [term 1 FOLLOWER]: Raft consensus is shut down!
I20260710 13:26:30.338351 27131 tablet_replica.cc:333] T 5b560b13ecb7452185f3a127f484bd8a P e0122523f21643468302a441622eaf79: stopping tablet replica
I20260710 13:26:30.338977 27131 raft_consensus.cc:2243] T 5b560b13ecb7452185f3a127f484bd8a P e0122523f21643468302a441622eaf79 [term 2 FOLLOWER]: Raft consensus shutting down.
I20260710 13:26:30.339421 27131 raft_consensus.cc:2272] T 5b560b13ecb7452185f3a127f484bd8a P e0122523f21643468302a441622eaf79 [term 2 FOLLOWER]: Raft consensus is shut down!
I20260710 13:26:30.342015 27131 tablet_replica.cc:333] T f797ed4a39c241e79cdf3b7659fb3162 P e0122523f21643468302a441622eaf79: stopping tablet replica
I20260710 13:26:30.342698 27131 raft_consensus.cc:2243] T f797ed4a39c241e79cdf3b7659fb3162 P e0122523f21643468302a441622eaf79 [term 2 LEADER]: Raft consensus shutting down.
I20260710 13:26:30.343561 27131 raft_consensus.cc:2272] T f797ed4a39c241e79cdf3b7659fb3162 P e0122523f21643468302a441622eaf79 [term 2 FOLLOWER]: Raft consensus is shut down!
I20260710 13:26:30.345427 27131 tablet_replica.cc:333] T 31df3cb4fff74b47af7ce8a8af58afd3 P e0122523f21643468302a441622eaf79: stopping tablet replica
I20260710 13:26:30.346113 27131 raft_consensus.cc:2243] T 31df3cb4fff74b47af7ce8a8af58afd3 P e0122523f21643468302a441622eaf79 [term 1 FOLLOWER]: Raft consensus shutting down.
I20260710 13:26:30.346746 27131 raft_consensus.cc:2272] T 31df3cb4fff74b47af7ce8a8af58afd3 P e0122523f21643468302a441622eaf79 [term 1 FOLLOWER]: Raft consensus is shut down!
W20260710 13:26:30.348341 28613 consensus_peers.cc:597] T 533a7324ce2d4ce8a5448ccc606eeb68 P 5011c71112ee465d9920d1eae8adaf7f -> Peer e0122523f21643468302a441622eaf79 (127.26.126.194:42499): Couldn't send request to peer e0122523f21643468302a441622eaf79. Status: Remote error: Service unavailable: service kudu.consensus.ConsensusService not registered on TabletServer. This is attempt 1: this message will repeat every 5th retry.
I20260710 13:26:30.348966 27131 tablet_replica.cc:333] T 8fe2a1f9191f4999a0db00c3036dcfad P e0122523f21643468302a441622eaf79: stopping tablet replica
I20260710 13:26:30.349463 27131 raft_consensus.cc:2243] T 8fe2a1f9191f4999a0db00c3036dcfad P e0122523f21643468302a441622eaf79 [term 1 LEADER]: Raft consensus shutting down.
I20260710 13:26:30.350143 27131 raft_consensus.cc:2272] T 8fe2a1f9191f4999a0db00c3036dcfad P e0122523f21643468302a441622eaf79 [term 1 FOLLOWER]: Raft consensus is shut down!
I20260710 13:26:30.351734 27131 tablet_replica.cc:333] T a49b74e0bd5743989af85ba74cce2b98 P e0122523f21643468302a441622eaf79: stopping tablet replica
I20260710 13:26:30.352357 27131 raft_consensus.cc:2243] T a49b74e0bd5743989af85ba74cce2b98 P e0122523f21643468302a441622eaf79 [term 1 FOLLOWER]: Raft consensus shutting down.
I20260710 13:26:30.352975 27131 raft_consensus.cc:2272] T a49b74e0bd5743989af85ba74cce2b98 P e0122523f21643468302a441622eaf79 [term 1 FOLLOWER]: Raft consensus is shut down!
I20260710 13:26:30.354686 27131 tablet_replica.cc:333] T 533a7324ce2d4ce8a5448ccc606eeb68 P e0122523f21643468302a441622eaf79: stopping tablet replica
I20260710 13:26:30.355126 27131 raft_consensus.cc:2243] T 533a7324ce2d4ce8a5448ccc606eeb68 P e0122523f21643468302a441622eaf79 [term 2 FOLLOWER]: Raft consensus shutting down.
W20260710 13:26:30.355275 28352 consensus_peers.cc:597] T b7666ceca9304797a955eb97618d1a2c P 5c9e4ac83bad402990c15cfefec6e99c -> Peer e0122523f21643468302a441622eaf79 (127.26.126.194:42499): Couldn't send request to peer e0122523f21643468302a441622eaf79. Status: Remote error: Service unavailable: service kudu.consensus.ConsensusService not registered on TabletServer. This is attempt 1: this message will repeat every 5th retry.
I20260710 13:26:30.355649 27131 raft_consensus.cc:2272] T 533a7324ce2d4ce8a5448ccc606eeb68 P e0122523f21643468302a441622eaf79 [term 2 FOLLOWER]: Raft consensus is shut down!
I20260710 13:26:30.357306 27131 tablet_replica.cc:333] T 79ad61a3c2d84124926993d89de2276b P e0122523f21643468302a441622eaf79: stopping tablet replica
I20260710 13:26:30.357782 27131 raft_consensus.cc:2243] T 79ad61a3c2d84124926993d89de2276b P e0122523f21643468302a441622eaf79 [term 2 FOLLOWER]: Raft consensus shutting down.
I20260710 13:26:30.358319 27131 raft_consensus.cc:2272] T 79ad61a3c2d84124926993d89de2276b P e0122523f21643468302a441622eaf79 [term 2 FOLLOWER]: Raft consensus is shut down!
I20260710 13:26:30.360013 27131 tablet_replica.cc:333] T fc2f1e7cad7c4289950c9dcbf0fbce19 P e0122523f21643468302a441622eaf79: stopping tablet replica
I20260710 13:26:30.360548 27131 raft_consensus.cc:2243] T fc2f1e7cad7c4289950c9dcbf0fbce19 P e0122523f21643468302a441622eaf79 [term 1 LEADER]: Raft consensus shutting down.
I20260710 13:26:30.361270 27131 raft_consensus.cc:2272] T fc2f1e7cad7c4289950c9dcbf0fbce19 P e0122523f21643468302a441622eaf79 [term 1 FOLLOWER]: Raft consensus is shut down!
I20260710 13:26:30.362928 27131 tablet_replica.cc:333] T a1b07cf9025c4405b15bfa3365e653c0 P e0122523f21643468302a441622eaf79: stopping tablet replica
I20260710 13:26:30.363377 27131 raft_consensus.cc:2243] T a1b07cf9025c4405b15bfa3365e653c0 P e0122523f21643468302a441622eaf79 [term 1 FOLLOWER]: Raft consensus shutting down.
I20260710 13:26:30.363917 27131 raft_consensus.cc:2272] T a1b07cf9025c4405b15bfa3365e653c0 P e0122523f21643468302a441622eaf79 [term 1 FOLLOWER]: Raft consensus is shut down!
I20260710 13:26:30.365718 27131 tablet_replica.cc:333] T 0f0db3b1796d4e2ab7f902850fc043d2 P e0122523f21643468302a441622eaf79: stopping tablet replica
I20260710 13:26:30.366153 27131 raft_consensus.cc:2243] T 0f0db3b1796d4e2ab7f902850fc043d2 P e0122523f21643468302a441622eaf79 [term 1 FOLLOWER]: Raft consensus shutting down.
I20260710 13:26:30.366608 27131 raft_consensus.cc:2272] T 0f0db3b1796d4e2ab7f902850fc043d2 P e0122523f21643468302a441622eaf79 [term 1 FOLLOWER]: Raft consensus is shut down!
I20260710 13:26:30.368835 27131 tablet_replica.cc:333] T 2b40c200b98e44f09a604227d82ddbcc P e0122523f21643468302a441622eaf79: stopping tablet replica
I20260710 13:26:30.369390 27131 raft_consensus.cc:2243] T 2b40c200b98e44f09a604227d82ddbcc P e0122523f21643468302a441622eaf79 [term 2 FOLLOWER]: Raft consensus shutting down.
I20260710 13:26:30.370002 27131 raft_consensus.cc:2272] T 2b40c200b98e44f09a604227d82ddbcc P e0122523f21643468302a441622eaf79 [term 2 FOLLOWER]: Raft consensus is shut down!
