W20260710 13:25:54.762584   673 leader_election.cc:343] T 9f49db797119444f9700333807439db1 P d2987e908f8a493c9e54be4e29b15c51 [CANDIDATE]: Term 1 pre-election: Tablet error from VoteRequest() call to peer d9c85c6fcee84d0b9c0a041ee36f8f53 (127.31.183.65:42019): Illegal state: must be running to vote when last-logged opid is not known
I20260710 13:25:54.763244   878 raft_consensus.cc:515] T 1a2ff1ea76ca469fa55ea4a926485cab P d2987e908f8a493c9e54be4e29b15c51 [term 1 FOLLOWER]: Starting leader election with config: opid_index: -1 OBSOLETE_local: false peers { permanent_uuid: "d9c85c6fcee84d0b9c0a041ee36f8f53" member_type: VOTER last_known_addr { host: "127.31.183.65" port: 42019 } } peers { permanent_uuid: "d2987e908f8a493c9e54be4e29b15c51" member_type: VOTER last_known_addr { host: "127.31.183.66" port: 46489 } } peers { permanent_uuid: "42b479ba85bc4dbbbd54aa2ce238224d" member_type: VOTER last_known_addr { host: "127.31.183.67" port: 46501 } }
I20260710 13:25:54.779937   824 ts_tablet_manager.cc:1434] T 9f49db797119444f9700333807439db1 P d9c85c6fcee84d0b9c0a041ee36f8f53: Time spent starting tablet: real 0.024s	user 0.006s	sys 0.000s
I20260710 13:25:54.781080   878 leader_election.cc:290] T 1a2ff1ea76ca469fa55ea4a926485cab P d2987e908f8a493c9e54be4e29b15c51 [CANDIDATE]: Term 1 election: Requested vote from peers d9c85c6fcee84d0b9c0a041ee36f8f53 (127.31.183.65:42019), 42b479ba85bc4dbbbd54aa2ce238224d (127.31.183.67:46501)
I20260710 13:25:54.781682   631 tablet_service.cc:1917] Received RequestConsensusVote() RPC: tablet_id: "1dc397ecdea4489abb22b0dc905d3637" candidate_uuid: "d2987e908f8a493c9e54be4e29b15c51" candidate_term: 1 candidate_status { last_received { term: 0 index: 0 } } ignore_live_leader: false dest_uuid: "d9c85c6fcee84d0b9c0a041ee36f8f53"
I20260710 13:25:54.781936   782 tablet_service.cc:1917] Received RequestConsensusVote() RPC: tablet_id: "1a2ff1ea76ca469fa55ea4a926485cab" candidate_uuid: "d2987e908f8a493c9e54be4e29b15c51" candidate_term: 1 candidate_status { last_received { term: 0 index: 0 } } ignore_live_leader: false dest_uuid: "42b479ba85bc4dbbbd54aa2ce238224d"
I20260710 13:25:54.782380   631 raft_consensus.cc:3060] T 1dc397ecdea4489abb22b0dc905d3637 P d9c85c6fcee84d0b9c0a041ee36f8f53 [term 0 FOLLOWER]: Advancing to term 1
I20260710 13:25:54.782896   782 raft_consensus.cc:3060] T 1a2ff1ea76ca469fa55ea4a926485cab P 42b479ba85bc4dbbbd54aa2ce238224d [term 0 FOLLOWER]: Advancing to term 1
I20260710 13:25:54.782311   781 raft_consensus.cc:2468] T 1dc397ecdea4489abb22b0dc905d3637 P 42b479ba85bc4dbbbd54aa2ce238224d [term 1 FOLLOWER]: Leader election vote request: Granting yes vote for candidate d2987e908f8a493c9e54be4e29b15c51 in term 1.
I20260710 13:25:54.784735   632 tablet_service.cc:1917] Received RequestConsensusVote() RPC: tablet_id: "1a2ff1ea76ca469fa55ea4a926485cab" candidate_uuid: "d2987e908f8a493c9e54be4e29b15c51" candidate_term: 1 candidate_status { last_received { term: 0 index: 0 } } ignore_live_leader: false dest_uuid: "d9c85c6fcee84d0b9c0a041ee36f8f53"
I20260710 13:25:54.785039   671 leader_election.cc:304] T 1dc397ecdea4489abb22b0dc905d3637 P d2987e908f8a493c9e54be4e29b15c51 [CANDIDATE]: Term 1 election: Election decided. Result: candidate won. Election summary: received 2 responses out of 3 voters: 2 yes votes; 0 no votes. yes voters: 42b479ba85bc4dbbbd54aa2ce238224d, d2987e908f8a493c9e54be4e29b15c51; no voters: 
I20260710 13:25:54.785261   632 raft_consensus.cc:3060] T 1a2ff1ea76ca469fa55ea4a926485cab P d9c85c6fcee84d0b9c0a041ee36f8f53 [term 0 FOLLOWER]: Advancing to term 1
I20260710 13:25:54.790055   782 raft_consensus.cc:2468] T 1a2ff1ea76ca469fa55ea4a926485cab P 42b479ba85bc4dbbbd54aa2ce238224d [term 1 FOLLOWER]: Leader election vote request: Granting yes vote for candidate d2987e908f8a493c9e54be4e29b15c51 in term 1.
I20260710 13:25:54.791167   671 leader_election.cc:304] T 1a2ff1ea76ca469fa55ea4a926485cab P d2987e908f8a493c9e54be4e29b15c51 [CANDIDATE]: Term 1 election: Election decided. Result: candidate won. Election summary: received 2 responses out of 3 voters: 2 yes votes; 0 no votes. yes voters: 42b479ba85bc4dbbbd54aa2ce238224d, d2987e908f8a493c9e54be4e29b15c51; no voters: 
I20260710 13:25:54.791875   830 raft_consensus.cc:515] T e3672f8ebc064b77b4026fced19194b3 P d9c85c6fcee84d0b9c0a041ee36f8f53 [term 1 FOLLOWER]: Starting leader election with config: opid_index: -1 OBSOLETE_local: false peers { permanent_uuid: "d9c85c6fcee84d0b9c0a041ee36f8f53" member_type: VOTER last_known_addr { host: "127.31.183.65" port: 42019 } } peers { permanent_uuid: "d2987e908f8a493c9e54be4e29b15c51" member_type: VOTER last_known_addr { host: "127.31.183.66" port: 46489 } } peers { permanent_uuid: "42b479ba85bc4dbbbd54aa2ce238224d" member_type: VOTER last_known_addr { host: "127.31.183.67" port: 46501 } }
I20260710 13:25:54.792531   632 raft_consensus.cc:2468] T 1a2ff1ea76ca469fa55ea4a926485cab P d9c85c6fcee84d0b9c0a041ee36f8f53 [term 1 FOLLOWER]: Leader election vote request: Granting yes vote for candidate d2987e908f8a493c9e54be4e29b15c51 in term 1.
I20260710 13:25:54.792584   633 tablet_service.cc:1917] Received RequestConsensusVote() RPC: tablet_id: "9f49db797119444f9700333807439db1" candidate_uuid: "d2987e908f8a493c9e54be4e29b15c51" candidate_term: 1 candidate_status { last_received { term: 0 index: 0 } } ignore_live_leader: false dest_uuid: "d9c85c6fcee84d0b9c0a041ee36f8f53"
I20260710 13:25:54.793222   633 raft_consensus.cc:3060] T 9f49db797119444f9700333807439db1 P d9c85c6fcee84d0b9c0a041ee36f8f53 [term 0 FOLLOWER]: Advancing to term 1
I20260710 13:25:54.794279   631 raft_consensus.cc:2468] T 1dc397ecdea4489abb22b0dc905d3637 P d9c85c6fcee84d0b9c0a041ee36f8f53 [term 1 FOLLOWER]: Leader election vote request: Granting yes vote for candidate d2987e908f8a493c9e54be4e29b15c51 in term 1.
I20260710 13:25:54.794845   780 tablet_service.cc:1917] Received RequestConsensusVote() RPC: tablet_id: "e3672f8ebc064b77b4026fced19194b3" candidate_uuid: "d9c85c6fcee84d0b9c0a041ee36f8f53" candidate_term: 1 candidate_status { last_received { term: 0 index: 0 } } ignore_live_leader: false dest_uuid: "42b479ba85bc4dbbbd54aa2ce238224d"
I20260710 13:25:54.795431   780 raft_consensus.cc:3060] T e3672f8ebc064b77b4026fced19194b3 P 42b479ba85bc4dbbbd54aa2ce238224d [term 0 FOLLOWER]: Advancing to term 1
I20260710 13:25:54.795940   708 raft_consensus.cc:2468] T b6d33c79a6ee47abb9855be5f490c912 P d2987e908f8a493c9e54be4e29b15c51 [term 1 FOLLOWER]: Leader election vote request: Granting yes vote for candidate 42b479ba85bc4dbbbd54aa2ce238224d in term 1.
I20260710 13:25:54.791391   781 tablet_service.cc:1917] Received RequestConsensusVote() RPC: tablet_id: "9f49db797119444f9700333807439db1" candidate_uuid: "d2987e908f8a493c9e54be4e29b15c51" candidate_term: 1 candidate_status { last_received { term: 0 index: 0 } } ignore_live_leader: false dest_uuid: "42b479ba85bc4dbbbd54aa2ce238224d"
I20260710 13:25:54.797704   830 leader_election.cc:290] T e3672f8ebc064b77b4026fced19194b3 P d9c85c6fcee84d0b9c0a041ee36f8f53 [CANDIDATE]: Term 1 election: Requested vote from peers d2987e908f8a493c9e54be4e29b15c51 (127.31.183.66:46489), 42b479ba85bc4dbbbd54aa2ce238224d (127.31.183.67:46501)
I20260710 13:25:54.798662   870 raft_consensus.cc:2804] T 1a2ff1ea76ca469fa55ea4a926485cab P d2987e908f8a493c9e54be4e29b15c51 [term 1 FOLLOWER]: Leader election won for term 1
I20260710 13:25:54.802932   870 raft_consensus.cc:697] T 1a2ff1ea76ca469fa55ea4a926485cab P d2987e908f8a493c9e54be4e29b15c51 [term 1 LEADER]: Becoming Leader. State: Replica: d2987e908f8a493c9e54be4e29b15c51, State: Running, Role: LEADER
I20260710 13:25:54.798565   530 catalog_manager.cc:5697] T b33c49f0dd3a412e898810e756758648 P d2987e908f8a493c9e54be4e29b15c51 reported cstate change: term changed from 0 to 1, leader changed from <none> to d2987e908f8a493c9e54be4e29b15c51 (127.31.183.66). New cstate: current_term: 1 leader_uuid: "d2987e908f8a493c9e54be4e29b15c51" committed_config { opid_index: -1 OBSOLETE_local: false peers { permanent_uuid: "d2987e908f8a493c9e54be4e29b15c51" member_type: VOTER last_known_addr { host: "127.31.183.66" port: 46489 } health_report { overall_health: HEALTHY } } peers { permanent_uuid: "42b479ba85bc4dbbbd54aa2ce238224d" member_type: VOTER last_known_addr { host: "127.31.183.67" port: 46501 } health_report { overall_health: UNKNOWN } } peers { permanent_uuid: "d9c85c6fcee84d0b9c0a041ee36f8f53" member_type: VOTER last_known_addr { host: "127.31.183.65" port: 42019 } health_report { overall_health: UNKNOWN } } }
I20260710 13:25:54.803720   870 consensus_queue.cc:237] T 1a2ff1ea76ca469fa55ea4a926485cab P d2987e908f8a493c9e54be4e29b15c51 [LEADER]: Queue going to LEADER mode. State: All replicated index: 0, Majority replicated index: 0, Committed index: 0, Last appended: 0.0, Last appended by leader: 0, Current term: 1, Majority size: 2, State: 0, Mode: LEADER, active raft config: opid_index: -1 OBSOLETE_local: false peers { permanent_uuid: "d9c85c6fcee84d0b9c0a041ee36f8f53" member_type: VOTER last_known_addr { host: "127.31.183.65" port: 42019 } } peers { permanent_uuid: "d2987e908f8a493c9e54be4e29b15c51" member_type: VOTER last_known_addr { host: "127.31.183.66" port: 46489 } } peers { permanent_uuid: "42b479ba85bc4dbbbd54aa2ce238224d" member_type: VOTER last_known_addr { host: "127.31.183.67" port: 46501 } }
I20260710 13:25:54.798954   708 tablet_service.cc:1917] Received RequestConsensusVote() RPC: tablet_id: "e3672f8ebc064b77b4026fced19194b3" candidate_uuid: "d9c85c6fcee84d0b9c0a041ee36f8f53" candidate_term: 1 candidate_status { last_received { term: 0 index: 0 } } ignore_live_leader: false dest_uuid: "d2987e908f8a493c9e54be4e29b15c51"
I20260710 13:25:54.806867   708 raft_consensus.cc:3060] T e3672f8ebc064b77b4026fced19194b3 P d2987e908f8a493c9e54be4e29b15c51 [term 0 FOLLOWER]: Advancing to term 1
I20260710 13:25:54.801193   531 catalog_manager.cc:5697] T b6d33c79a6ee47abb9855be5f490c912 P 42b479ba85bc4dbbbd54aa2ce238224d reported cstate change: term changed from 0 to 1, leader changed from <none> to 42b479ba85bc4dbbbd54aa2ce238224d (127.31.183.67). New cstate: current_term: 1 leader_uuid: "42b479ba85bc4dbbbd54aa2ce238224d" committed_config { opid_index: -1 OBSOLETE_local: false peers { permanent_uuid: "d9c85c6fcee84d0b9c0a041ee36f8f53" member_type: VOTER last_known_addr { host: "127.31.183.65" port: 42019 } health_report { overall_health: UNKNOWN } } peers { permanent_uuid: "d2987e908f8a493c9e54be4e29b15c51" member_type: VOTER last_known_addr { host: "127.31.183.66" port: 46489 } health_report { overall_health: UNKNOWN } } peers { permanent_uuid: "42b479ba85bc4dbbbd54aa2ce238224d" member_type: VOTER last_known_addr { host: "127.31.183.67" port: 46501 } health_report { overall_health: HEALTHY } } }
I20260710 13:25:54.801211   878 raft_consensus.cc:2804] T 1dc397ecdea4489abb22b0dc905d3637 P d2987e908f8a493c9e54be4e29b15c51 [term 1 FOLLOWER]: Leader election won for term 1
I20260710 13:25:54.809618   878 raft_consensus.cc:697] T 1dc397ecdea4489abb22b0dc905d3637 P d2987e908f8a493c9e54be4e29b15c51 [term 1 LEADER]: Becoming Leader. State: Replica: d2987e908f8a493c9e54be4e29b15c51, State: Running, Role: LEADER
I20260710 13:25:54.810392   878 consensus_queue.cc:237] T 1dc397ecdea4489abb22b0dc905d3637 P d2987e908f8a493c9e54be4e29b15c51 [LEADER]: Queue going to LEADER mode. State: All replicated index: 0, Majority replicated index: 0, Committed index: 0, Last appended: 0.0, Last appended by leader: 0, Current term: 1, Majority size: 2, State: 0, Mode: LEADER, active raft config: opid_index: -1 OBSOLETE_local: false peers { permanent_uuid: "d9c85c6fcee84d0b9c0a041ee36f8f53" member_type: VOTER last_known_addr { host: "127.31.183.65" port: 42019 } } peers { permanent_uuid: "d2987e908f8a493c9e54be4e29b15c51" member_type: VOTER last_known_addr { host: "127.31.183.66" port: 46489 } } peers { permanent_uuid: "42b479ba85bc4dbbbd54aa2ce238224d" member_type: VOTER last_known_addr { host: "127.31.183.67" port: 46501 } }
I20260710 13:25:54.801357   781 raft_consensus.cc:3060] T 9f49db797119444f9700333807439db1 P 42b479ba85bc4dbbbd54aa2ce238224d [term 0 FOLLOWER]: Advancing to term 1
I20260710 13:25:54.813860   872 raft_consensus.cc:493] T 6c399a5474244b88842bcd9adf9f65b1 P 42b479ba85bc4dbbbd54aa2ce238224d [term 0 FOLLOWER]: Starting pre-election (no leader contacted us within the election timeout)
I20260710 13:25:54.814363   872 raft_consensus.cc:515] T 6c399a5474244b88842bcd9adf9f65b1 P 42b479ba85bc4dbbbd54aa2ce238224d [term 0 FOLLOWER]: Starting pre-election with config: opid_index: -1 OBSOLETE_local: false peers { permanent_uuid: "d9c85c6fcee84d0b9c0a041ee36f8f53" member_type: VOTER last_known_addr { host: "127.31.183.65" port: 42019 } } peers { permanent_uuid: "d2987e908f8a493c9e54be4e29b15c51" member_type: VOTER last_known_addr { host: "127.31.183.66" port: 46489 } } peers { permanent_uuid: "42b479ba85bc4dbbbd54aa2ce238224d" member_type: VOTER last_known_addr { host: "127.31.183.67" port: 46501 } }
I20260710 13:25:54.799681   826 leader_election.cc:290] T 9f49db797119444f9700333807439db1 P d2987e908f8a493c9e54be4e29b15c51 [CANDIDATE]: Term 1 election: Requested vote from peers d9c85c6fcee84d0b9c0a041ee36f8f53 (127.31.183.65:42019), 42b479ba85bc4dbbbd54aa2ce238224d (127.31.183.67:46501)
I20260710 13:25:54.801894   633 raft_consensus.cc:2468] T 9f49db797119444f9700333807439db1 P d9c85c6fcee84d0b9c0a041ee36f8f53 [term 1 FOLLOWER]: Leader election vote request: Granting yes vote for candidate d2987e908f8a493c9e54be4e29b15c51 in term 1.
I20260710 13:25:54.816880   673 leader_election.cc:304] T 9f49db797119444f9700333807439db1 P d2987e908f8a493c9e54be4e29b15c51 [CANDIDATE]: Term 1 election: Election decided. Result: candidate won. Election summary: received 2 responses out of 3 voters: 2 yes votes; 0 no votes. yes voters: d2987e908f8a493c9e54be4e29b15c51, d9c85c6fcee84d0b9c0a041ee36f8f53; no voters: 
I20260710 13:25:54.817749   826 raft_consensus.cc:2804] T 9f49db797119444f9700333807439db1 P d2987e908f8a493c9e54be4e29b15c51 [term 1 FOLLOWER]: Leader election won for term 1
I20260710 13:25:54.818199   826 raft_consensus.cc:697] T 9f49db797119444f9700333807439db1 P d2987e908f8a493c9e54be4e29b15c51 [term 1 LEADER]: Becoming Leader. State: Replica: d2987e908f8a493c9e54be4e29b15c51, State: Running, Role: LEADER
I20260710 13:25:54.818107   781 raft_consensus.cc:2468] T 9f49db797119444f9700333807439db1 P 42b479ba85bc4dbbbd54aa2ce238224d [term 1 FOLLOWER]: Leader election vote request: Granting yes vote for candidate d2987e908f8a493c9e54be4e29b15c51 in term 1.
I20260710 13:25:54.819135   826 consensus_queue.cc:237] T 9f49db797119444f9700333807439db1 P d2987e908f8a493c9e54be4e29b15c51 [LEADER]: Queue going to LEADER mode. State: All replicated index: 0, Majority replicated index: 0, Committed index: 0, Last appended: 0.0, Last appended by leader: 0, Current term: 1, Majority size: 2, State: 0, Mode: LEADER, active raft config: opid_index: -1 OBSOLETE_local: false peers { permanent_uuid: "d9c85c6fcee84d0b9c0a041ee36f8f53" member_type: VOTER last_known_addr { host: "127.31.183.65" port: 42019 } } peers { permanent_uuid: "d2987e908f8a493c9e54be4e29b15c51" member_type: VOTER last_known_addr { host: "127.31.183.66" port: 46489 } } peers { permanent_uuid: "42b479ba85bc4dbbbd54aa2ce238224d" member_type: VOTER last_known_addr { host: "127.31.183.67" port: 46501 } }
I20260710 13:25:54.814383   708 raft_consensus.cc:2468] T e3672f8ebc064b77b4026fced19194b3 P d2987e908f8a493c9e54be4e29b15c51 [term 1 FOLLOWER]: Leader election vote request: Granting yes vote for candidate d9c85c6fcee84d0b9c0a041ee36f8f53 in term 1.
I20260710 13:25:54.822438   599 leader_election.cc:304] T e3672f8ebc064b77b4026fced19194b3 P d9c85c6fcee84d0b9c0a041ee36f8f53 [CANDIDATE]: Term 1 election: Election decided. Result: candidate won. Election summary: received 2 responses out of 3 voters: 2 yes votes; 0 no votes. yes voters: d2987e908f8a493c9e54be4e29b15c51, d9c85c6fcee84d0b9c0a041ee36f8f53; no voters: 
I20260710 13:25:54.823653   830 raft_consensus.cc:2804] T e3672f8ebc064b77b4026fced19194b3 P d9c85c6fcee84d0b9c0a041ee36f8f53 [term 1 FOLLOWER]: Leader election won for term 1
I20260710 13:25:54.825215   830 raft_consensus.cc:697] T e3672f8ebc064b77b4026fced19194b3 P d9c85c6fcee84d0b9c0a041ee36f8f53 [term 1 LEADER]: Becoming Leader. State: Replica: d9c85c6fcee84d0b9c0a041ee36f8f53, State: Running, Role: LEADER
I20260710 13:25:54.825372   633 tablet_service.cc:1917] Received RequestConsensusVote() RPC: tablet_id: "6c399a5474244b88842bcd9adf9f65b1" candidate_uuid: "42b479ba85bc4dbbbd54aa2ce238224d" candidate_term: 1 candidate_status { last_received { term: 0 index: 0 } } ignore_live_leader: false dest_uuid: "d9c85c6fcee84d0b9c0a041ee36f8f53" is_pre_election: true
I20260710 13:25:54.826197   633 raft_consensus.cc:2468] T 6c399a5474244b88842bcd9adf9f65b1 P d9c85c6fcee84d0b9c0a041ee36f8f53 [term 0 FOLLOWER]: Leader pre-election vote request: Granting yes vote for candidate 42b479ba85bc4dbbbd54aa2ce238224d in term 0.
I20260710 13:25:54.826409   830 consensus_queue.cc:237] T e3672f8ebc064b77b4026fced19194b3 P d9c85c6fcee84d0b9c0a041ee36f8f53 [LEADER]: Queue going to LEADER mode. State: All replicated index: 0, Majority replicated index: 0, Committed index: 0, Last appended: 0.0, Last appended by leader: 0, Current term: 1, Majority size: 2, State: 0, Mode: LEADER, active raft config: opid_index: -1 OBSOLETE_local: false peers { permanent_uuid: "d9c85c6fcee84d0b9c0a041ee36f8f53" member_type: VOTER last_known_addr { host: "127.31.183.65" port: 42019 } } peers { permanent_uuid: "d2987e908f8a493c9e54be4e29b15c51" member_type: VOTER last_known_addr { host: "127.31.183.66" port: 46489 } } peers { permanent_uuid: "42b479ba85bc4dbbbd54aa2ce238224d" member_type: VOTER last_known_addr { host: "127.31.183.67" port: 46501 } }
I20260710 13:25:54.827818   747 leader_election.cc:304] T 6c399a5474244b88842bcd9adf9f65b1 P 42b479ba85bc4dbbbd54aa2ce238224d [CANDIDATE]: Term 1 pre-election: Election decided. Result: candidate won. Election summary: received 2 responses out of 3 voters: 2 yes votes; 0 no votes. yes voters: 42b479ba85bc4dbbbd54aa2ce238224d, d9c85c6fcee84d0b9c0a041ee36f8f53; no voters: 
I20260710 13:25:54.828859   831 raft_consensus.cc:2804] T 6c399a5474244b88842bcd9adf9f65b1 P 42b479ba85bc4dbbbd54aa2ce238224d [term 0 FOLLOWER]: Leader pre-election won for term 1
I20260710 13:25:54.829288   831 raft_consensus.cc:493] T 6c399a5474244b88842bcd9adf9f65b1 P 42b479ba85bc4dbbbd54aa2ce238224d [term 0 FOLLOWER]: Starting leader election (no leader contacted us within the election timeout)
I20260710 13:25:54.829620   831 raft_consensus.cc:3060] T 6c399a5474244b88842bcd9adf9f65b1 P 42b479ba85bc4dbbbd54aa2ce238224d [term 0 FOLLOWER]: Advancing to term 1
I20260710 13:25:54.802132   780 raft_consensus.cc:2468] T e3672f8ebc064b77b4026fced19194b3 P 42b479ba85bc4dbbbd54aa2ce238224d [term 1 FOLLOWER]: Leader election vote request: Granting yes vote for candidate d9c85c6fcee84d0b9c0a041ee36f8f53 in term 1.
I20260710 13:25:54.836692   872 leader_election.cc:290] T 6c399a5474244b88842bcd9adf9f65b1 P 42b479ba85bc4dbbbd54aa2ce238224d [CANDIDATE]: Term 1 pre-election: Requested pre-vote from peers d9c85c6fcee84d0b9c0a041ee36f8f53 (127.31.183.65:42019), d2987e908f8a493c9e54be4e29b15c51 (127.31.183.66:46489)
I20260710 13:25:54.839432   708 tablet_service.cc:1917] Received RequestConsensusVote() RPC: tablet_id: "6c399a5474244b88842bcd9adf9f65b1" candidate_uuid: "42b479ba85bc4dbbbd54aa2ce238224d" candidate_term: 1 candidate_status { last_received { term: 0 index: 0 } } ignore_live_leader: false dest_uuid: "d2987e908f8a493c9e54be4e29b15c51" is_pre_election: true
I20260710 13:25:54.839376   531 catalog_manager.cc:5697] T e3672f8ebc064b77b4026fced19194b3 P d9c85c6fcee84d0b9c0a041ee36f8f53 reported cstate change: term changed from 0 to 1, leader changed from <none> to d9c85c6fcee84d0b9c0a041ee36f8f53 (127.31.183.65). New cstate: current_term: 1 leader_uuid: "d9c85c6fcee84d0b9c0a041ee36f8f53" committed_config { opid_index: -1 OBSOLETE_local: false peers { permanent_uuid: "d9c85c6fcee84d0b9c0a041ee36f8f53" member_type: VOTER last_known_addr { host: "127.31.183.65" port: 42019 } health_report { overall_health: HEALTHY } } peers { permanent_uuid: "d2987e908f8a493c9e54be4e29b15c51" member_type: VOTER last_known_addr { host: "127.31.183.66" port: 46489 } health_report { overall_health: UNKNOWN } } peers { permanent_uuid: "42b479ba85bc4dbbbd54aa2ce238224d" member_type: VOTER last_known_addr { host: "127.31.183.67" port: 46501 } health_report { overall_health: UNKNOWN } } }
I20260710 13:25:54.840153   708 raft_consensus.cc:2468] T 6c399a5474244b88842bcd9adf9f65b1 P d2987e908f8a493c9e54be4e29b15c51 [term 0 FOLLOWER]: Leader pre-election vote request: Granting yes vote for candidate 42b479ba85bc4dbbbd54aa2ce238224d in term 0.
I20260710 13:25:54.840940   831 raft_consensus.cc:515] T 6c399a5474244b88842bcd9adf9f65b1 P 42b479ba85bc4dbbbd54aa2ce238224d [term 1 FOLLOWER]: Starting leader election with config: opid_index: -1 OBSOLETE_local: false peers { permanent_uuid: "d9c85c6fcee84d0b9c0a041ee36f8f53" member_type: VOTER last_known_addr { host: "127.31.183.65" port: 42019 } } peers { permanent_uuid: "d2987e908f8a493c9e54be4e29b15c51" member_type: VOTER last_known_addr { host: "127.31.183.66" port: 46489 } } peers { permanent_uuid: "42b479ba85bc4dbbbd54aa2ce238224d" member_type: VOTER last_known_addr { host: "127.31.183.67" port: 46501 } }
I20260710 13:25:54.843617   633 tablet_service.cc:1917] Received RequestConsensusVote() RPC: tablet_id: "6c399a5474244b88842bcd9adf9f65b1" candidate_uuid: "42b479ba85bc4dbbbd54aa2ce238224d" candidate_term: 1 candidate_status { last_received { term: 0 index: 0 } } ignore_live_leader: false dest_uuid: "d9c85c6fcee84d0b9c0a041ee36f8f53"
I20260710 13:25:54.844002   708 tablet_service.cc:1917] Received RequestConsensusVote() RPC: tablet_id: "6c399a5474244b88842bcd9adf9f65b1" candidate_uuid: "42b479ba85bc4dbbbd54aa2ce238224d" candidate_term: 1 candidate_status { last_received { term: 0 index: 0 } } ignore_live_leader: false dest_uuid: "d2987e908f8a493c9e54be4e29b15c51"
I20260710 13:25:54.844156   633 raft_consensus.cc:3060] T 6c399a5474244b88842bcd9adf9f65b1 P d9c85c6fcee84d0b9c0a041ee36f8f53 [term 0 FOLLOWER]: Advancing to term 1
I20260710 13:25:54.844583   708 raft_consensus.cc:3060] T 6c399a5474244b88842bcd9adf9f65b1 P d2987e908f8a493c9e54be4e29b15c51 [term 0 FOLLOWER]: Advancing to term 1
I20260710 13:25:54.843895   530 catalog_manager.cc:5697] T 1a2ff1ea76ca469fa55ea4a926485cab P d2987e908f8a493c9e54be4e29b15c51 reported cstate change: term changed from 0 to 1, leader changed from <none> to d2987e908f8a493c9e54be4e29b15c51 (127.31.183.66). New cstate: current_term: 1 leader_uuid: "d2987e908f8a493c9e54be4e29b15c51" committed_config { opid_index: -1 OBSOLETE_local: false peers { permanent_uuid: "d9c85c6fcee84d0b9c0a041ee36f8f53" member_type: VOTER last_known_addr { host: "127.31.183.65" port: 42019 } health_report { overall_health: UNKNOWN } } peers { permanent_uuid: "d2987e908f8a493c9e54be4e29b15c51" member_type: VOTER last_known_addr { host: "127.31.183.66" port: 46489 } health_report { overall_health: HEALTHY } } peers { permanent_uuid: "42b479ba85bc4dbbbd54aa2ce238224d" member_type: VOTER last_known_addr { host: "127.31.183.67" port: 46501 } health_report { overall_health: UNKNOWN } } }
I20260710 13:25:54.845649   530 catalog_manager.cc:5697] T 1dc397ecdea4489abb22b0dc905d3637 P d2987e908f8a493c9e54be4e29b15c51 reported cstate change: term changed from 0 to 1, leader changed from <none> to d2987e908f8a493c9e54be4e29b15c51 (127.31.183.66). New cstate: current_term: 1 leader_uuid: "d2987e908f8a493c9e54be4e29b15c51" committed_config { opid_index: -1 OBSOLETE_local: false peers { permanent_uuid: "d9c85c6fcee84d0b9c0a041ee36f8f53" member_type: VOTER last_known_addr { host: "127.31.183.65" port: 42019 } health_report { overall_health: UNKNOWN } } peers { permanent_uuid: "d2987e908f8a493c9e54be4e29b15c51" member_type: VOTER last_known_addr { host: "127.31.183.66" port: 46489 } health_report { overall_health: HEALTHY } } peers { permanent_uuid: "42b479ba85bc4dbbbd54aa2ce238224d" member_type: VOTER last_known_addr { host: "127.31.183.67" port: 46501 } health_report { overall_health: UNKNOWN } } }
I20260710 13:25:54.851122   831 leader_election.cc:290] T 6c399a5474244b88842bcd9adf9f65b1 P 42b479ba85bc4dbbbd54aa2ce238224d [CANDIDATE]: Term 1 election: Requested vote from peers d9c85c6fcee84d0b9c0a041ee36f8f53 (127.31.183.65:42019), d2987e908f8a493c9e54be4e29b15c51 (127.31.183.66:46489)
I20260710 13:25:54.850786   708 raft_consensus.cc:2468] T 6c399a5474244b88842bcd9adf9f65b1 P d2987e908f8a493c9e54be4e29b15c51 [term 1 FOLLOWER]: Leader election vote request: Granting yes vote for candidate 42b479ba85bc4dbbbd54aa2ce238224d in term 1.
I20260710 13:25:54.852094   633 raft_consensus.cc:2468] T 6c399a5474244b88842bcd9adf9f65b1 P d9c85c6fcee84d0b9c0a041ee36f8f53 [term 1 FOLLOWER]: Leader election vote request: Granting yes vote for candidate 42b479ba85bc4dbbbd54aa2ce238224d in term 1.
I20260710 13:25:54.852439   748 leader_election.cc:304] T 6c399a5474244b88842bcd9adf9f65b1 P 42b479ba85bc4dbbbd54aa2ce238224d [CANDIDATE]: Term 1 election: Election decided. Result: candidate won. Election summary: received 2 responses out of 3 voters: 2 yes votes; 0 no votes. yes voters: 42b479ba85bc4dbbbd54aa2ce238224d, d2987e908f8a493c9e54be4e29b15c51; no voters: 
I20260710 13:25:54.853226   831 raft_consensus.cc:2804] T 6c399a5474244b88842bcd9adf9f65b1 P 42b479ba85bc4dbbbd54aa2ce238224d [term 1 FOLLOWER]: Leader election won for term 1
I20260710 13:25:54.853608   831 raft_consensus.cc:697] T 6c399a5474244b88842bcd9adf9f65b1 P 42b479ba85bc4dbbbd54aa2ce238224d [term 1 LEADER]: Becoming Leader. State: Replica: 42b479ba85bc4dbbbd54aa2ce238224d, State: Running, Role: LEADER
I20260710 13:25:54.854382   831 consensus_queue.cc:237] T 6c399a5474244b88842bcd9adf9f65b1 P 42b479ba85bc4dbbbd54aa2ce238224d [LEADER]: Queue going to LEADER mode. State: All replicated index: 0, Majority replicated index: 0, Committed index: 0, Last appended: 0.0, Last appended by leader: 0, Current term: 1, Majority size: 2, State: 0, Mode: LEADER, active raft config: opid_index: -1 OBSOLETE_local: false peers { permanent_uuid: "d9c85c6fcee84d0b9c0a041ee36f8f53" member_type: VOTER last_known_addr { host: "127.31.183.65" port: 42019 } } peers { permanent_uuid: "d2987e908f8a493c9e54be4e29b15c51" member_type: VOTER last_known_addr { host: "127.31.183.66" port: 46489 } } peers { permanent_uuid: "42b479ba85bc4dbbbd54aa2ce238224d" member_type: VOTER last_known_addr { host: "127.31.183.67" port: 46501 } }
I20260710 13:25:54.861867   530 catalog_manager.cc:5697] T 9f49db797119444f9700333807439db1 P d2987e908f8a493c9e54be4e29b15c51 reported cstate change: term changed from 0 to 1, leader changed from <none> to d2987e908f8a493c9e54be4e29b15c51 (127.31.183.66). New cstate: current_term: 1 leader_uuid: "d2987e908f8a493c9e54be4e29b15c51" committed_config { opid_index: -1 OBSOLETE_local: false peers { permanent_uuid: "d9c85c6fcee84d0b9c0a041ee36f8f53" member_type: VOTER last_known_addr { host: "127.31.183.65" port: 42019 } health_report { overall_health: UNKNOWN } } peers { permanent_uuid: "d2987e908f8a493c9e54be4e29b15c51" member_type: VOTER last_known_addr { host: "127.31.183.66" port: 46489 } health_report { overall_health: HEALTHY } } peers { permanent_uuid: "42b479ba85bc4dbbbd54aa2ce238224d" member_type: VOTER last_known_addr { host: "127.31.183.67" port: 46501 } health_report { overall_health: UNKNOWN } } }
I20260710 13:25:54.862773   531 catalog_manager.cc:5697] T 6c399a5474244b88842bcd9adf9f65b1 P 42b479ba85bc4dbbbd54aa2ce238224d reported cstate change: term changed from 0 to 1, leader changed from <none> to 42b479ba85bc4dbbbd54aa2ce238224d (127.31.183.67). New cstate: current_term: 1 leader_uuid: "42b479ba85bc4dbbbd54aa2ce238224d" committed_config { opid_index: -1 OBSOLETE_local: false peers { permanent_uuid: "d9c85c6fcee84d0b9c0a041ee36f8f53" member_type: VOTER last_known_addr { host: "127.31.183.65" port: 42019 } health_report { overall_health: UNKNOWN } } peers { permanent_uuid: "d2987e908f8a493c9e54be4e29b15c51" member_type: VOTER last_known_addr { host: "127.31.183.66" port: 46489 } health_report { overall_health: UNKNOWN } } peers { permanent_uuid: "42b479ba85bc4dbbbd54aa2ce238224d" member_type: VOTER last_known_addr { host: "127.31.183.67" port: 46501 } health_report { overall_health: HEALTHY } } }
I20260710 13:25:54.896700   708 tablet_service.cc:2072] Received LeaderStepDown RPC: tablet_id: "b33c49f0dd3a412e898810e756758648"
dest_uuid: "d2987e908f8a493c9e54be4e29b15c51"
mode: GRACEFUL
new_leader_uuid: "d9c85c6fcee84d0b9c0a041ee36f8f53"
 from {username='slave'} at 127.0.0.1:35144
I20260710 13:25:54.897202   708 raft_consensus.cc:606] T b33c49f0dd3a412e898810e756758648 P d2987e908f8a493c9e54be4e29b15c51 [term 1 LEADER]: Received request to transfer leadership to TS d9c85c6fcee84d0b9c0a041ee36f8f53
I20260710 13:25:54.901925   708 tablet_service.cc:2072] Received LeaderStepDown RPC: tablet_id: "1a2ff1ea76ca469fa55ea4a926485cab"
dest_uuid: "d2987e908f8a493c9e54be4e29b15c51"
mode: GRACEFUL
new_leader_uuid: "d9c85c6fcee84d0b9c0a041ee36f8f53"
 from {username='slave'} at 127.0.0.1:35144
I20260710 13:25:54.902392   708 raft_consensus.cc:606] T 1a2ff1ea76ca469fa55ea4a926485cab P d2987e908f8a493c9e54be4e29b15c51 [term 1 LEADER]: Received request to transfer leadership to TS d9c85c6fcee84d0b9c0a041ee36f8f53
I20260710 13:25:54.906844   708 tablet_service.cc:2072] Received LeaderStepDown RPC: tablet_id: "897a36425b404e1cbee09db036aefcb0"
dest_uuid: "d2987e908f8a493c9e54be4e29b15c51"
mode: GRACEFUL
new_leader_uuid: "d9c85c6fcee84d0b9c0a041ee36f8f53"
 from {username='slave'} at 127.0.0.1:35144
I20260710 13:25:54.907369   708 raft_consensus.cc:606] T 897a36425b404e1cbee09db036aefcb0 P d2987e908f8a493c9e54be4e29b15c51 [term 1 LEADER]: Received request to transfer leadership to TS d9c85c6fcee84d0b9c0a041ee36f8f53
I20260710 13:25:54.919507   780 tablet_service.cc:2072] Received LeaderStepDown RPC: tablet_id: "b6d33c79a6ee47abb9855be5f490c912"
dest_uuid: "42b479ba85bc4dbbbd54aa2ce238224d"
mode: GRACEFUL
new_leader_uuid: "d9c85c6fcee84d0b9c0a041ee36f8f53"
 from {username='slave'} at 127.0.0.1:37550
I20260710 13:25:54.920030   780 raft_consensus.cc:606] T b6d33c79a6ee47abb9855be5f490c912 P 42b479ba85bc4dbbbd54aa2ce238224d [term 1 LEADER]: Received request to transfer leadership to TS d9c85c6fcee84d0b9c0a041ee36f8f53
I20260710 13:25:54.924818   708 tablet_service.cc:2072] Received LeaderStepDown RPC: tablet_id: "1dc397ecdea4489abb22b0dc905d3637"
dest_uuid: "d2987e908f8a493c9e54be4e29b15c51"
mode: GRACEFUL
new_leader_uuid: "d9c85c6fcee84d0b9c0a041ee36f8f53"
 from {username='slave'} at 127.0.0.1:35144
I20260710 13:25:54.925282   708 raft_consensus.cc:606] T 1dc397ecdea4489abb22b0dc905d3637 P d2987e908f8a493c9e54be4e29b15c51 [term 1 LEADER]: Received request to transfer leadership to TS d9c85c6fcee84d0b9c0a041ee36f8f53
I20260710 13:25:54.936869   633 tablet_service.cc:2072] Received LeaderStepDown RPC: tablet_id: "e3672f8ebc064b77b4026fced19194b3"
dest_uuid: "d9c85c6fcee84d0b9c0a041ee36f8f53"
mode: GRACEFUL
new_leader_uuid: "d2987e908f8a493c9e54be4e29b15c51"
 from {username='slave'} at 127.0.0.1:35298
I20260710 13:25:54.937372   633 raft_consensus.cc:606] T e3672f8ebc064b77b4026fced19194b3 P d9c85c6fcee84d0b9c0a041ee36f8f53 [term 1 LEADER]: Received request to transfer leadership to TS d2987e908f8a493c9e54be4e29b15c51
I20260710 13:25:54.942263   780 tablet_service.cc:2072] Received LeaderStepDown RPC: tablet_id: "6c399a5474244b88842bcd9adf9f65b1"
dest_uuid: "42b479ba85bc4dbbbd54aa2ce238224d"
mode: GRACEFUL
new_leader_uuid: "d2987e908f8a493c9e54be4e29b15c51"
 from {username='slave'} at 127.0.0.1:37550
I20260710 13:25:54.942759   780 raft_consensus.cc:606] T 6c399a5474244b88842bcd9adf9f65b1 P 42b479ba85bc4dbbbd54aa2ce238224d [term 1 LEADER]: Received request to transfer leadership to TS d2987e908f8a493c9e54be4e29b15c51
I20260710 13:25:54.947362   633 tablet_service.cc:2072] Received LeaderStepDown RPC: tablet_id: "237b1de3ce8347a4a6702cabbb162d66"
dest_uuid: "d9c85c6fcee84d0b9c0a041ee36f8f53"
mode: GRACEFUL
new_leader_uuid: "d2987e908f8a493c9e54be4e29b15c51"
 from {username='slave'} at 127.0.0.1:35298
I20260710 13:25:54.947837   633 raft_consensus.cc:606] T 237b1de3ce8347a4a6702cabbb162d66 P d9c85c6fcee84d0b9c0a041ee36f8f53 [term 1 LEADER]: Received request to transfer leadership to TS d2987e908f8a493c9e54be4e29b15c51
I20260710 13:25:54.952641   633 tablet_service.cc:2072] Received LeaderStepDown RPC: tablet_id: "cc48d3ddcedb4b909bf23d1b02f706d1"
dest_uuid: "d9c85c6fcee84d0b9c0a041ee36f8f53"
mode: GRACEFUL
new_leader_uuid: "d2987e908f8a493c9e54be4e29b15c51"
 from {username='slave'} at 127.0.0.1:35298
I20260710 13:25:54.952531   830 consensus_queue.cc:1048] T cc48d3ddcedb4b909bf23d1b02f706d1 P d9c85c6fcee84d0b9c0a041ee36f8f53 [LEADER]: Connected to new peer: Peer: permanent_uuid: "42b479ba85bc4dbbbd54aa2ce238224d" member_type: VOTER last_known_addr { host: "127.31.183.67" port: 46501 }, Status: LMP_MISMATCH, Last received: 0.0, Next index: 1, Last known committed idx: 0, Time since last communication: 0.000s
I20260710 13:25:54.953277   633 raft_consensus.cc:606] T cc48d3ddcedb4b909bf23d1b02f706d1 P d9c85c6fcee84d0b9c0a041ee36f8f53 [term 1 LEADER]: Received request to transfer leadership to TS d2987e908f8a493c9e54be4e29b15c51
I20260710 13:25:54.958678   708 tablet_service.cc:2072] Received LeaderStepDown RPC: tablet_id: "9f49db797119444f9700333807439db1"
dest_uuid: "d2987e908f8a493c9e54be4e29b15c51"
mode: GRACEFUL
new_leader_uuid: "42b479ba85bc4dbbbd54aa2ce238224d"
 from {username='slave'} at 127.0.0.1:35144
I20260710 13:25:54.959268   708 raft_consensus.cc:606] T 9f49db797119444f9700333807439db1 P d2987e908f8a493c9e54be4e29b15c51 [term 1 LEADER]: Received request to transfer leadership to TS 42b479ba85bc4dbbbd54aa2ce238224d
I20260710 13:25:54.967692   890 consensus_queue.cc:1048] T cc48d3ddcedb4b909bf23d1b02f706d1 P d9c85c6fcee84d0b9c0a041ee36f8f53 [LEADER]: Connected to new peer: Peer: permanent_uuid: "d2987e908f8a493c9e54be4e29b15c51" member_type: VOTER last_known_addr { host: "127.31.183.66" port: 46489 }, Status: LMP_MISMATCH, Last received: 0.0, Next index: 1, Last known committed idx: 0, Time since last communication: 0.001s
I20260710 13:25:54.974284   830 raft_consensus.cc:993] T cc48d3ddcedb4b909bf23d1b02f706d1 P d9c85c6fcee84d0b9c0a041ee36f8f53: : Instructing follower d2987e908f8a493c9e54be4e29b15c51 to start an election
I20260710 13:25:54.974709   890 raft_consensus.cc:1081] T cc48d3ddcedb4b909bf23d1b02f706d1 P d9c85c6fcee84d0b9c0a041ee36f8f53 [term 1 LEADER]: Signalling peer d2987e908f8a493c9e54be4e29b15c51 to start an election
I20260710 13:25:54.976272   708 tablet_service.cc:2044] Received Run Leader Election RPC: tablet_id: "cc48d3ddcedb4b909bf23d1b02f706d1"
dest_uuid: "d2987e908f8a493c9e54be4e29b15c51"
 from {username='slave'} at 127.0.0.1:35120
I20260710 13:25:54.976701   708 raft_consensus.cc:493] T cc48d3ddcedb4b909bf23d1b02f706d1 P d2987e908f8a493c9e54be4e29b15c51 [term 1 FOLLOWER]: Starting forced leader election (received explicit request)
I20260710 13:25:54.977037   708 raft_consensus.cc:3060] T cc48d3ddcedb4b909bf23d1b02f706d1 P d2987e908f8a493c9e54be4e29b15c51 [term 1 FOLLOWER]: Advancing to term 2
I20260710 13:25:54.981645   708 raft_consensus.cc:515] T cc48d3ddcedb4b909bf23d1b02f706d1 P d2987e908f8a493c9e54be4e29b15c51 [term 2 FOLLOWER]: Starting forced leader election with config: opid_index: -1 OBSOLETE_local: false peers { permanent_uuid: "d9c85c6fcee84d0b9c0a041ee36f8f53" member_type: VOTER last_known_addr { host: "127.31.183.65" port: 42019 } } peers { permanent_uuid: "d2987e908f8a493c9e54be4e29b15c51" member_type: VOTER last_known_addr { host: "127.31.183.66" port: 46489 } } peers { permanent_uuid: "42b479ba85bc4dbbbd54aa2ce238224d" member_type: VOTER last_known_addr { host: "127.31.183.67" port: 46501 } }
I20260710 13:25:54.983410   708 leader_election.cc:290] T cc48d3ddcedb4b909bf23d1b02f706d1 P d2987e908f8a493c9e54be4e29b15c51 [CANDIDATE]: Term 2 election: Requested vote from peers d9c85c6fcee84d0b9c0a041ee36f8f53 (127.31.183.65:42019), 42b479ba85bc4dbbbd54aa2ce238224d (127.31.183.67:46501)
I20260710 13:25:54.984091   633 tablet_service.cc:1917] Received RequestConsensusVote() RPC: tablet_id: "cc48d3ddcedb4b909bf23d1b02f706d1" candidate_uuid: "d2987e908f8a493c9e54be4e29b15c51" candidate_term: 2 candidate_status { last_received { term: 1 index: 1 } } ignore_live_leader: true dest_uuid: "d9c85c6fcee84d0b9c0a041ee36f8f53"
I20260710 13:25:54.984627   633 raft_consensus.cc:3055] T cc48d3ddcedb4b909bf23d1b02f706d1 P d9c85c6fcee84d0b9c0a041ee36f8f53 [term 1 LEADER]: Stepping down as leader of term 1
I20260710 13:25:54.984961   633 raft_consensus.cc:740] T cc48d3ddcedb4b909bf23d1b02f706d1 P d9c85c6fcee84d0b9c0a041ee36f8f53 [term 1 LEADER]: Becoming Follower/Learner. State: Replica: d9c85c6fcee84d0b9c0a041ee36f8f53, State: Running, Role: LEADER
I20260710 13:25:54.985029   780 tablet_service.cc:1917] Received RequestConsensusVote() RPC: tablet_id: "cc48d3ddcedb4b909bf23d1b02f706d1" candidate_uuid: "d2987e908f8a493c9e54be4e29b15c51" candidate_term: 2 candidate_status { last_received { term: 1 index: 1 } } ignore_live_leader: true dest_uuid: "42b479ba85bc4dbbbd54aa2ce238224d"
I20260710 13:25:54.985620   780 raft_consensus.cc:3060] T cc48d3ddcedb4b909bf23d1b02f706d1 P 42b479ba85bc4dbbbd54aa2ce238224d [term 1 FOLLOWER]: Advancing to term 2
I20260710 13:25:54.985780   633 consensus_queue.cc:260] T cc48d3ddcedb4b909bf23d1b02f706d1 P d9c85c6fcee84d0b9c0a041ee36f8f53 [NON_LEADER]: Queue going to NON_LEADER mode. State: All replicated index: 0, Majority replicated index: 1, Committed index: 1, Last appended: 1.1, Last appended by leader: 1, Current term: 1, Majority size: -1, State: 0, Mode: NON_LEADER, active raft config: opid_index: -1 OBSOLETE_local: false peers { permanent_uuid: "d9c85c6fcee84d0b9c0a041ee36f8f53" member_type: VOTER last_known_addr { host: "127.31.183.65" port: 42019 } } peers { permanent_uuid: "d2987e908f8a493c9e54be4e29b15c51" member_type: VOTER last_known_addr { host: "127.31.183.66" port: 46489 } } peers { permanent_uuid: "42b479ba85bc4dbbbd54aa2ce238224d" member_type: VOTER last_known_addr { host: "127.31.183.67" port: 46501 } }
I20260710 13:25:54.986820   633 raft_consensus.cc:3060] T cc48d3ddcedb4b909bf23d1b02f706d1 P d9c85c6fcee84d0b9c0a041ee36f8f53 [term 1 FOLLOWER]: Advancing to term 2
I20260710 13:25:54.991572   780 raft_consensus.cc:2468] T cc48d3ddcedb4b909bf23d1b02f706d1 P 42b479ba85bc4dbbbd54aa2ce238224d [term 2 FOLLOWER]: Leader election vote request: Granting yes vote for candidate d2987e908f8a493c9e54be4e29b15c51 in term 2.
I20260710 13:25:54.991725   633 raft_consensus.cc:2468] T cc48d3ddcedb4b909bf23d1b02f706d1 P d9c85c6fcee84d0b9c0a041ee36f8f53 [term 2 FOLLOWER]: Leader election vote request: Granting yes vote for candidate d2987e908f8a493c9e54be4e29b15c51 in term 2.
I20260710 13:25:54.992578   671 leader_election.cc:304] T cc48d3ddcedb4b909bf23d1b02f706d1 P d2987e908f8a493c9e54be4e29b15c51 [CANDIDATE]: Term 2 election: Election decided. Result: candidate won. Election summary: received 2 responses out of 3 voters: 2 yes votes; 0 no votes. yes voters: 42b479ba85bc4dbbbd54aa2ce238224d, d2987e908f8a493c9e54be4e29b15c51; no voters: 
I20260710 13:25:54.993289   878 raft_consensus.cc:2804] T cc48d3ddcedb4b909bf23d1b02f706d1 P d2987e908f8a493c9e54be4e29b15c51 [term 2 FOLLOWER]: Leader election won for term 2
I20260710 13:25:54.993665   878 raft_consensus.cc:697] T cc48d3ddcedb4b909bf23d1b02f706d1 P d2987e908f8a493c9e54be4e29b15c51 [term 2 LEADER]: Becoming Leader. State: Replica: d2987e908f8a493c9e54be4e29b15c51, State: Running, Role: LEADER
I20260710 13:25:54.994359   878 consensus_queue.cc:237] T cc48d3ddcedb4b909bf23d1b02f706d1 P d2987e908f8a493c9e54be4e29b15c51 [LEADER]: Queue going to LEADER mode. State: All replicated index: 0, Majority replicated index: 1, Committed index: 1, Last appended: 1.1, Last appended by leader: 1, Current term: 2, Majority size: 2, State: 0, Mode: LEADER, active raft config: opid_index: -1 OBSOLETE_local: false peers { permanent_uuid: "d9c85c6fcee84d0b9c0a041ee36f8f53" member_type: VOTER last_known_addr { host: "127.31.183.65" port: 42019 } } peers { permanent_uuid: "d2987e908f8a493c9e54be4e29b15c51" member_type: VOTER last_known_addr { host: "127.31.183.66" port: 46489 } } peers { permanent_uuid: "42b479ba85bc4dbbbd54aa2ce238224d" member_type: VOTER last_known_addr { host: "127.31.183.67" port: 46501 } }
I20260710 13:25:55.001711   530 catalog_manager.cc:5697] T cc48d3ddcedb4b909bf23d1b02f706d1 P d2987e908f8a493c9e54be4e29b15c51 reported cstate change: term changed from 1 to 2, leader changed from d9c85c6fcee84d0b9c0a041ee36f8f53 (127.31.183.65) to d2987e908f8a493c9e54be4e29b15c51 (127.31.183.66). New cstate: current_term: 2 leader_uuid: "d2987e908f8a493c9e54be4e29b15c51" committed_config { opid_index: -1 OBSOLETE_local: false peers { permanent_uuid: "d9c85c6fcee84d0b9c0a041ee36f8f53" member_type: VOTER last_known_addr { host: "127.31.183.65" port: 42019 } health_report { overall_health: UNKNOWN } } peers { permanent_uuid: "d2987e908f8a493c9e54be4e29b15c51" member_type: VOTER last_known_addr { host: "127.31.183.66" port: 46489 } health_report { overall_health: HEALTHY } } peers { permanent_uuid: "42b479ba85bc4dbbbd54aa2ce238224d" member_type: VOTER last_known_addr { host: "127.31.183.67" port: 46501 } health_report { overall_health: UNKNOWN } } }
I20260710 13:25:55.054600   890 consensus_queue.cc:1048] T 237b1de3ce8347a4a6702cabbb162d66 P d9c85c6fcee84d0b9c0a041ee36f8f53 [LEADER]: Connected to new peer: Peer: permanent_uuid: "d2987e908f8a493c9e54be4e29b15c51" member_type: VOTER last_known_addr { host: "127.31.183.66" port: 46489 }, Status: LMP_MISMATCH, Last received: 0.0, Next index: 1, Last known committed idx: 0, Time since last communication: 0.000s
I20260710 13:25:55.060331   830 raft_consensus.cc:993] T 237b1de3ce8347a4a6702cabbb162d66 P d9c85c6fcee84d0b9c0a041ee36f8f53: : Instructing follower d2987e908f8a493c9e54be4e29b15c51 to start an election
I20260710 13:25:55.060796   850 raft_consensus.cc:1081] T 237b1de3ce8347a4a6702cabbb162d66 P d9c85c6fcee84d0b9c0a041ee36f8f53 [term 1 LEADER]: Signalling peer d2987e908f8a493c9e54be4e29b15c51 to start an election
I20260710 13:25:55.062453   707 tablet_service.cc:2044] Received Run Leader Election RPC: tablet_id: "237b1de3ce8347a4a6702cabbb162d66"
dest_uuid: "d2987e908f8a493c9e54be4e29b15c51"
 from {username='slave'} at 127.0.0.1:35120
I20260710 13:25:55.064603   707 raft_consensus.cc:493] T 237b1de3ce8347a4a6702cabbb162d66 P d2987e908f8a493c9e54be4e29b15c51 [term 1 FOLLOWER]: Starting forced leader election (received explicit request)
I20260710 13:25:55.064988   707 raft_consensus.cc:3060] T 237b1de3ce8347a4a6702cabbb162d66 P d2987e908f8a493c9e54be4e29b15c51 [term 1 FOLLOWER]: Advancing to term 2
I20260710 13:25:55.065217   850 consensus_queue.cc:1048] T 237b1de3ce8347a4a6702cabbb162d66 P d9c85c6fcee84d0b9c0a041ee36f8f53 [LEADER]: Connected to new peer: Peer: permanent_uuid: "42b479ba85bc4dbbbd54aa2ce238224d" member_type: VOTER last_known_addr { host: "127.31.183.67" port: 46501 }, Status: LMP_MISMATCH, Last received: 0.0, Next index: 1, Last known committed idx: 0, Time since last communication: 0.000s
I20260710 13:25:55.071911   707 raft_consensus.cc:515] T 237b1de3ce8347a4a6702cabbb162d66 P d2987e908f8a493c9e54be4e29b15c51 [term 2 FOLLOWER]: Starting forced leader election with config: opid_index: -1 OBSOLETE_local: false peers { permanent_uuid: "d9c85c6fcee84d0b9c0a041ee36f8f53" member_type: VOTER last_known_addr { host: "127.31.183.65" port: 42019 } } peers { permanent_uuid: "d2987e908f8a493c9e54be4e29b15c51" member_type: VOTER last_known_addr { host: "127.31.183.66" port: 46489 } } peers { permanent_uuid: "42b479ba85bc4dbbbd54aa2ce238224d" member_type: VOTER last_known_addr { host: "127.31.183.67" port: 46501 } }
I20260710 13:25:55.075326   878 consensus_queue.cc:1048] T 897a36425b404e1cbee09db036aefcb0 P d2987e908f8a493c9e54be4e29b15c51 [LEADER]: Connected to new peer: Peer: permanent_uuid: "d9c85c6fcee84d0b9c0a041ee36f8f53" member_type: VOTER last_known_addr { host: "127.31.183.65" port: 42019 }, Status: LMP_MISMATCH, Last received: 0.0, Next index: 1, Last known committed idx: 0, Time since last communication: 0.000s
I20260710 13:25:55.080108   707 leader_election.cc:290] T 237b1de3ce8347a4a6702cabbb162d66 P d2987e908f8a493c9e54be4e29b15c51 [CANDIDATE]: Term 2 election: Requested vote from peers d9c85c6fcee84d0b9c0a041ee36f8f53 (127.31.183.65:42019), 42b479ba85bc4dbbbd54aa2ce238224d (127.31.183.67:46501)
I20260710 13:25:55.080574   631 tablet_service.cc:1917] Received RequestConsensusVote() RPC: tablet_id: "237b1de3ce8347a4a6702cabbb162d66" candidate_uuid: "d2987e908f8a493c9e54be4e29b15c51" candidate_term: 2 candidate_status { last_received { term: 1 index: 1 } } ignore_live_leader: true dest_uuid: "d9c85c6fcee84d0b9c0a041ee36f8f53"
I20260710 13:25:55.081171   631 raft_consensus.cc:3055] T 237b1de3ce8347a4a6702cabbb162d66 P d9c85c6fcee84d0b9c0a041ee36f8f53 [term 1 LEADER]: Stepping down as leader of term 1
I20260710 13:25:55.081117   780 tablet_service.cc:1917] Received RequestConsensusVote() RPC: tablet_id: "237b1de3ce8347a4a6702cabbb162d66" candidate_uuid: "d2987e908f8a493c9e54be4e29b15c51" candidate_term: 2 candidate_status { last_received { term: 1 index: 1 } } ignore_live_leader: true dest_uuid: "42b479ba85bc4dbbbd54aa2ce238224d"
I20260710 13:25:55.081562   631 raft_consensus.cc:740] T 237b1de3ce8347a4a6702cabbb162d66 P d9c85c6fcee84d0b9c0a041ee36f8f53 [term 1 LEADER]: Becoming Follower/Learner. State: Replica: d9c85c6fcee84d0b9c0a041ee36f8f53, State: Running, Role: LEADER
I20260710 13:25:55.081732   780 raft_consensus.cc:3060] T 237b1de3ce8347a4a6702cabbb162d66 P 42b479ba85bc4dbbbd54aa2ce238224d [term 1 FOLLOWER]: Advancing to term 2
I20260710 13:25:55.082334   631 consensus_queue.cc:260] T 237b1de3ce8347a4a6702cabbb162d66 P d9c85c6fcee84d0b9c0a041ee36f8f53 [NON_LEADER]: Queue going to NON_LEADER mode. State: All replicated index: 0, Majority replicated index: 1, Committed index: 1, Last appended: 1.1, Last appended by leader: 1, Current term: 1, Majority size: -1, State: 0, Mode: NON_LEADER, active raft config: opid_index: -1 OBSOLETE_local: false peers { permanent_uuid: "d9c85c6fcee84d0b9c0a041ee36f8f53" member_type: VOTER last_known_addr { host: "127.31.183.65" port: 42019 } } peers { permanent_uuid: "d2987e908f8a493c9e54be4e29b15c51" member_type: VOTER last_known_addr { host: "127.31.183.66" port: 46489 } } peers { permanent_uuid: "42b479ba85bc4dbbbd54aa2ce238224d" member_type: VOTER last_known_addr { host: "127.31.183.67" port: 46501 } }
I20260710 13:25:55.086685   631 raft_consensus.cc:3060] T 237b1de3ce8347a4a6702cabbb162d66 P d9c85c6fcee84d0b9c0a041ee36f8f53 [term 1 FOLLOWER]: Advancing to term 2
I20260710 13:25:55.088984   780 raft_consensus.cc:2468] T 237b1de3ce8347a4a6702cabbb162d66 P 42b479ba85bc4dbbbd54aa2ce238224d [term 2 FOLLOWER]: Leader election vote request: Granting yes vote for candidate d2987e908f8a493c9e54be4e29b15c51 in term 2.
I20260710 13:25:55.091749   671 leader_election.cc:304] T 237b1de3ce8347a4a6702cabbb162d66 P d2987e908f8a493c9e54be4e29b15c51 [CANDIDATE]: Term 2 election: Election decided. Result: candidate won. Election summary: received 2 responses out of 3 voters: 2 yes votes; 0 no votes. yes voters: 42b479ba85bc4dbbbd54aa2ce238224d, d2987e908f8a493c9e54be4e29b15c51; no voters: 
I20260710 13:25:55.092146   878 raft_consensus.cc:993] T 897a36425b404e1cbee09db036aefcb0 P d2987e908f8a493c9e54be4e29b15c51: : Instructing follower d9c85c6fcee84d0b9c0a041ee36f8f53 to start an election
I20260710 13:25:55.092610   826 raft_consensus.cc:1081] T 897a36425b404e1cbee09db036aefcb0 P d2987e908f8a493c9e54be4e29b15c51 [term 1 LEADER]: Signalling peer d9c85c6fcee84d0b9c0a041ee36f8f53 to start an election
I20260710 13:25:55.092622   878 raft_consensus.cc:2804] T 237b1de3ce8347a4a6702cabbb162d66 P d2987e908f8a493c9e54be4e29b15c51 [term 2 FOLLOWER]: Leader election won for term 2
I20260710 13:25:55.093320   878 raft_consensus.cc:697] T 237b1de3ce8347a4a6702cabbb162d66 P d2987e908f8a493c9e54be4e29b15c51 [term 2 LEADER]: Becoming Leader. State: Replica: d2987e908f8a493c9e54be4e29b15c51, State: Running, Role: LEADER
I20260710 13:25:55.094141   878 consensus_queue.cc:237] T 237b1de3ce8347a4a6702cabbb162d66 P d2987e908f8a493c9e54be4e29b15c51 [LEADER]: Queue going to LEADER mode. State: All replicated index: 0, Majority replicated index: 1, Committed index: 1, Last appended: 1.1, Last appended by leader: 1, Current term: 2, Majority size: 2, State: 0, Mode: LEADER, active raft config: opid_index: -1 OBSOLETE_local: false peers { permanent_uuid: "d9c85c6fcee84d0b9c0a041ee36f8f53" member_type: VOTER last_known_addr { host: "127.31.183.65" port: 42019 } } peers { permanent_uuid: "d2987e908f8a493c9e54be4e29b15c51" member_type: VOTER last_known_addr { host: "127.31.183.66" port: 46489 } } peers { permanent_uuid: "42b479ba85bc4dbbbd54aa2ce238224d" member_type: VOTER last_known_addr { host: "127.31.183.67" port: 46501 } }
I20260710 13:25:55.096133   632 tablet_service.cc:2044] Received Run Leader Election RPC: tablet_id: "897a36425b404e1cbee09db036aefcb0"
dest_uuid: "d9c85c6fcee84d0b9c0a041ee36f8f53"
 from {username='slave'} at 127.0.0.1:35268
I20260710 13:25:55.096717   632 raft_consensus.cc:493] T 897a36425b404e1cbee09db036aefcb0 P d9c85c6fcee84d0b9c0a041ee36f8f53 [term 1 FOLLOWER]: Starting forced leader election (received explicit request)
I20260710 13:25:55.097107   632 raft_consensus.cc:3060] T 897a36425b404e1cbee09db036aefcb0 P d9c85c6fcee84d0b9c0a041ee36f8f53 [term 1 FOLLOWER]: Advancing to term 2
