I20260710 13:26:08.591905 28692 consensus_queue.cc:260] T 35e5e04483724eea8938c9d5c5c95f01 P 16f905164c8c4b519bafe1ade59c092d [NON_LEADER]: Queue going to NON_LEADER mode. State: All replicated index: 0, Majority replicated index: 0, Committed index: 0, Last appended: 0.0, Last appended by leader: 0, Current term: 0, Majority size: -1, State: 0, Mode: NON_LEADER, active raft config: opid_index: -1 OBSOLETE_local: false peers { permanent_uuid: "8ed3443990c14637b88e6c62cf4ab028" member_type: VOTER last_known_addr { host: "127.26.178.1" port: 37385 } } peers { permanent_uuid: "4b6e949c4dae4bb08b8f2a195b64ad90" member_type: VOTER last_known_addr { host: "127.26.178.2" port: 42281 } } peers { permanent_uuid: "16f905164c8c4b519bafe1ade59c092d" member_type: VOTER last_known_addr { host: "127.26.178.3" port: 41867 } }
I20260710 13:26:08.643543 28564 tablet_service.cc:1511] Processing CreateTablet for tablet bb6fb95eaf2e4a7b97b62dd648a48a03 (DEFAULT_TABLE table=test-workload [id=940a3b008e8848eca4a6ea687e7d8d02]), partition=RANGE (key) PARTITION 2058005155 <= VALUES
I20260710 13:26:08.649761 28564 data_dirs.cc:400] Could only allocate 1 dirs of requested 3 for tablet bb6fb95eaf2e4a7b97b62dd648a48a03. 1 dirs total, 0 dirs full, 0 dirs failed
I20260710 13:26:08.644991 28634 data_dirs.cc:400] Could only allocate 1 dirs of requested 3 for tablet bb6fb95eaf2e4a7b97b62dd648a48a03. 1 dirs total, 0 dirs full, 0 dirs failed
I20260710 13:26:08.644661 28693 tablet_bootstrap.cc:492] T d4de83b45252462faf95e314c39e6f62 P 4b6e949c4dae4bb08b8f2a195b64ad90: Bootstrap starting.
I20260710 13:26:08.669485 28693 tablet_bootstrap.cc:654] T d4de83b45252462faf95e314c39e6f62 P 4b6e949c4dae4bb08b8f2a195b64ad90: Neither blocks nor log segments found. Creating new log.
I20260710 13:26:08.708505 28561 tablet_service.cc:1511] Processing CreateTablet for tablet 7e3357551191442cbd44cd8892e8718d (DEFAULT_TABLE table=test-workload [id=940a3b008e8848eca4a6ea687e7d8d02]), partition=RANGE (key) PARTITION 1879048185 <= VALUES < 1968526670
I20260710 13:26:08.711095 28561 data_dirs.cc:400] Could only allocate 1 dirs of requested 3 for tablet 7e3357551191442cbd44cd8892e8718d. 1 dirs total, 0 dirs full, 0 dirs failed
I20260710 13:26:08.717727 28693 tablet_bootstrap.cc:492] T d4de83b45252462faf95e314c39e6f62 P 4b6e949c4dae4bb08b8f2a195b64ad90: No bootstrap required, opened a new log
I20260710 13:26:08.675115 28691 consensus_queue.cc:260] T 80010066c4664c12b8f229c6f5da9523 P 8ed3443990c14637b88e6c62cf4ab028 [NON_LEADER]: Queue going to NON_LEADER mode. State: All replicated index: 0, Majority replicated index: 0, Committed index: 0, Last appended: 0.0, Last appended by leader: 0, Current term: 0, Majority size: -1, State: 0, Mode: NON_LEADER, active raft config: opid_index: -1 OBSOLETE_local: false peers { permanent_uuid: "8ed3443990c14637b88e6c62cf4ab028" member_type: VOTER last_known_addr { host: "127.26.178.1" port: 37385 } } peers { permanent_uuid: "4b6e949c4dae4bb08b8f2a195b64ad90" member_type: VOTER last_known_addr { host: "127.26.178.2" port: 42281 } } peers { permanent_uuid: "16f905164c8c4b519bafe1ade59c092d" member_type: VOTER last_known_addr { host: "127.26.178.3" port: 41867 } }
I20260710 13:26:08.718276 28693 ts_tablet_manager.cc:1403] T d4de83b45252462faf95e314c39e6f62 P 4b6e949c4dae4bb08b8f2a195b64ad90: Time spent bootstrapping tablet: real 0.074s	user 0.025s	sys 0.025s
I20260710 13:26:08.720577 28527 heartbeater.cc:499] Master 127.26.178.62:33365 was elected leader, sending a full tablet report...
I20260710 13:26:08.721400 28693 raft_consensus.cc:359] T d4de83b45252462faf95e314c39e6f62 P 4b6e949c4dae4bb08b8f2a195b64ad90 [term 0 FOLLOWER]: Replica starting. Triggering 0 pending ops. Active config: opid_index: -1 OBSOLETE_local: false peers { permanent_uuid: "16f905164c8c4b519bafe1ade59c092d" member_type: VOTER last_known_addr { host: "127.26.178.3" port: 41867 } } peers { permanent_uuid: "4b6e949c4dae4bb08b8f2a195b64ad90" member_type: VOTER last_known_addr { host: "127.26.178.2" port: 42281 } } peers { permanent_uuid: "8ed3443990c14637b88e6c62cf4ab028" member_type: VOTER last_known_addr { host: "127.26.178.1" port: 37385 } }
I20260710 13:26:08.722178 28693 raft_consensus.cc:385] T d4de83b45252462faf95e314c39e6f62 P 4b6e949c4dae4bb08b8f2a195b64ad90 [term 0 FOLLOWER]: Consensus starting up: Expiring failure detector timer to make a prompt election more likely
I20260710 13:26:08.722497 28693 raft_consensus.cc:740] T d4de83b45252462faf95e314c39e6f62 P 4b6e949c4dae4bb08b8f2a195b64ad90 [term 0 FOLLOWER]: Becoming Follower/Learner. State: Replica: 4b6e949c4dae4bb08b8f2a195b64ad90, State: Initialized, Role: FOLLOWER
I20260710 13:26:08.723690 28693 consensus_queue.cc:260] T d4de83b45252462faf95e314c39e6f62 P 4b6e949c4dae4bb08b8f2a195b64ad90 [NON_LEADER]: Queue going to NON_LEADER mode. State: All replicated index: 0, Majority replicated index: 0, Committed index: 0, Last appended: 0.0, Last appended by leader: 0, Current term: 0, Majority size: -1, State: 0, Mode: NON_LEADER, active raft config: opid_index: -1 OBSOLETE_local: false peers { permanent_uuid: "16f905164c8c4b519bafe1ade59c092d" member_type: VOTER last_known_addr { host: "127.26.178.3" port: 41867 } } peers { permanent_uuid: "4b6e949c4dae4bb08b8f2a195b64ad90" member_type: VOTER last_known_addr { host: "127.26.178.2" port: 42281 } } peers { permanent_uuid: "8ed3443990c14637b88e6c62cf4ab028" member_type: VOTER last_known_addr { host: "127.26.178.1" port: 37385 } }
I20260710 13:26:08.726068 28693 ts_tablet_manager.cc:1434] T d4de83b45252462faf95e314c39e6f62 P 4b6e949c4dae4bb08b8f2a195b64ad90: Time spent starting tablet: real 0.007s	user 0.006s	sys 0.002s
I20260710 13:26:08.727236 28693 tablet_bootstrap.cc:492] T 54471bdef2ea45f2a6c52a79ae3d9c89 P 4b6e949c4dae4bb08b8f2a195b64ad90: Bootstrap starting.
I20260710 13:26:08.734033 28693 tablet_bootstrap.cc:654] T 54471bdef2ea45f2a6c52a79ae3d9c89 P 4b6e949c4dae4bb08b8f2a195b64ad90: Neither blocks nor log segments found. Creating new log.
I20260710 13:26:08.739377 28676 heartbeater.cc:499] Master 127.26.178.62:33365 was elected leader, sending a full tablet report...
I20260710 13:26:08.742312 28701 raft_consensus.cc:493] T 80010066c4664c12b8f229c6f5da9523 P 8ed3443990c14637b88e6c62cf4ab028 [term 0 FOLLOWER]: Starting pre-election (no leader contacted us within the election timeout)
I20260710 13:26:08.743314 28691 ts_tablet_manager.cc:1434] T 80010066c4664c12b8f229c6f5da9523 P 8ed3443990c14637b88e6c62cf4ab028: Time spent starting tablet: real 0.213s	user 0.015s	sys 0.000s
I20260710 13:26:08.743039 28701 raft_consensus.cc:515] T 80010066c4664c12b8f229c6f5da9523 P 8ed3443990c14637b88e6c62cf4ab028 [term 0 FOLLOWER]: Starting pre-election with config: opid_index: -1 OBSOLETE_local: false peers { permanent_uuid: "8ed3443990c14637b88e6c62cf4ab028" member_type: VOTER last_known_addr { host: "127.26.178.1" port: 37385 } } peers { permanent_uuid: "4b6e949c4dae4bb08b8f2a195b64ad90" member_type: VOTER last_known_addr { host: "127.26.178.2" port: 42281 } } peers { permanent_uuid: "16f905164c8c4b519bafe1ade59c092d" member_type: VOTER last_known_addr { host: "127.26.178.3" port: 41867 } }
I20260710 13:26:08.744457 28691 tablet_bootstrap.cc:492] T 54471bdef2ea45f2a6c52a79ae3d9c89 P 8ed3443990c14637b88e6c62cf4ab028: Bootstrap starting.
I20260710 13:26:08.746793 28701 leader_election.cc:290] T 80010066c4664c12b8f229c6f5da9523 P 8ed3443990c14637b88e6c62cf4ab028 [CANDIDATE]: Term 1 pre-election: Requested pre-vote from peers 4b6e949c4dae4bb08b8f2a195b64ad90 (127.26.178.2:42281), 16f905164c8c4b519bafe1ade59c092d (127.26.178.3:41867)
I20260710 13:26:08.762737 28697 raft_consensus.cc:493] T d4de83b45252462faf95e314c39e6f62 P 4b6e949c4dae4bb08b8f2a195b64ad90 [term 0 FOLLOWER]: Starting pre-election (no leader contacted us within the election timeout)
I20260710 13:26:08.763514 28697 raft_consensus.cc:515] T d4de83b45252462faf95e314c39e6f62 P 4b6e949c4dae4bb08b8f2a195b64ad90 [term 0 FOLLOWER]: Starting pre-election with config: opid_index: -1 OBSOLETE_local: false peers { permanent_uuid: "16f905164c8c4b519bafe1ade59c092d" member_type: VOTER last_known_addr { host: "127.26.178.3" port: 41867 } } peers { permanent_uuid: "4b6e949c4dae4bb08b8f2a195b64ad90" member_type: VOTER last_known_addr { host: "127.26.178.2" port: 42281 } } peers { permanent_uuid: "8ed3443990c14637b88e6c62cf4ab028" member_type: VOTER last_known_addr { host: "127.26.178.1" port: 37385 } }
I20260710 13:26:08.767194 28697 leader_election.cc:290] T d4de83b45252462faf95e314c39e6f62 P 4b6e949c4dae4bb08b8f2a195b64ad90 [CANDIDATE]: Term 1 pre-election: Requested pre-vote from peers 16f905164c8c4b519bafe1ade59c092d (127.26.178.3:41867), 8ed3443990c14637b88e6c62cf4ab028 (127.26.178.1:37385)
I20260710 13:26:08.768942 28692 ts_tablet_manager.cc:1434] T 35e5e04483724eea8938c9d5c5c95f01 P 16f905164c8c4b519bafe1ade59c092d: Time spent starting tablet: real 0.188s	user 0.016s	sys 0.005s
I20260710 13:26:08.770463 28692 tablet_bootstrap.cc:492] T d4de83b45252462faf95e314c39e6f62 P 16f905164c8c4b519bafe1ade59c092d: Bootstrap starting.
I20260710 13:26:08.803552 28692 tablet_bootstrap.cc:654] T d4de83b45252462faf95e314c39e6f62 P 16f905164c8c4b519bafe1ade59c092d: Neither blocks nor log segments found. Creating new log.
I20260710 13:26:08.806991 28691 tablet_bootstrap.cc:654] T 54471bdef2ea45f2a6c52a79ae3d9c89 P 8ed3443990c14637b88e6c62cf4ab028: Neither blocks nor log segments found. Creating new log.
I20260710 13:26:08.831588 28693 tablet_bootstrap.cc:492] T 54471bdef2ea45f2a6c52a79ae3d9c89 P 4b6e949c4dae4bb08b8f2a195b64ad90: No bootstrap required, opened a new log
I20260710 13:26:08.836704 28693 ts_tablet_manager.cc:1403] T 54471bdef2ea45f2a6c52a79ae3d9c89 P 4b6e949c4dae4bb08b8f2a195b64ad90: Time spent bootstrapping tablet: real 0.110s	user 0.028s	sys 0.021s
I20260710 13:26:08.842813 28693 raft_consensus.cc:359] T 54471bdef2ea45f2a6c52a79ae3d9c89 P 4b6e949c4dae4bb08b8f2a195b64ad90 [term 0 FOLLOWER]: Replica starting. Triggering 0 pending ops. Active config: opid_index: -1 OBSOLETE_local: false peers { permanent_uuid: "8ed3443990c14637b88e6c62cf4ab028" member_type: VOTER last_known_addr { host: "127.26.178.1" port: 37385 } } peers { permanent_uuid: "4b6e949c4dae4bb08b8f2a195b64ad90" member_type: VOTER last_known_addr { host: "127.26.178.2" port: 42281 } } peers { permanent_uuid: "16f905164c8c4b519bafe1ade59c092d" member_type: VOTER last_known_addr { host: "127.26.178.3" port: 41867 } }
I20260710 13:26:08.843575 28693 raft_consensus.cc:385] T 54471bdef2ea45f2a6c52a79ae3d9c89 P 4b6e949c4dae4bb08b8f2a195b64ad90 [term 0 FOLLOWER]: Consensus starting up: Expiring failure detector timer to make a prompt election more likely
I20260710 13:26:08.843917 28693 raft_consensus.cc:740] T 54471bdef2ea45f2a6c52a79ae3d9c89 P 4b6e949c4dae4bb08b8f2a195b64ad90 [term 0 FOLLOWER]: Becoming Follower/Learner. State: Replica: 4b6e949c4dae4bb08b8f2a195b64ad90, State: Initialized, Role: FOLLOWER
I20260710 13:26:08.849377 28693 consensus_queue.cc:260] T 54471bdef2ea45f2a6c52a79ae3d9c89 P 4b6e949c4dae4bb08b8f2a195b64ad90 [NON_LEADER]: Queue going to NON_LEADER mode. State: All replicated index: 0, Majority replicated index: 0, Committed index: 0, Last appended: 0.0, Last appended by leader: 0, Current term: 0, Majority size: -1, State: 0, Mode: NON_LEADER, active raft config: opid_index: -1 OBSOLETE_local: false peers { permanent_uuid: "8ed3443990c14637b88e6c62cf4ab028" member_type: VOTER last_known_addr { host: "127.26.178.1" port: 37385 } } peers { permanent_uuid: "4b6e949c4dae4bb08b8f2a195b64ad90" member_type: VOTER last_known_addr { host: "127.26.178.2" port: 42281 } } peers { permanent_uuid: "16f905164c8c4b519bafe1ade59c092d" member_type: VOTER last_known_addr { host: "127.26.178.3" port: 41867 } }
I20260710 13:26:08.850555 28651 tablet_service.cc:1917] Received RequestConsensusVote() RPC: tablet_id: "80010066c4664c12b8f229c6f5da9523" candidate_uuid: "8ed3443990c14637b88e6c62cf4ab028" candidate_term: 1 candidate_status { last_received { term: 0 index: 0 } } ignore_live_leader: false dest_uuid: "16f905164c8c4b519bafe1ade59c092d" is_pre_election: true
I20260710 13:26:08.851737 28693 ts_tablet_manager.cc:1434] T 54471bdef2ea45f2a6c52a79ae3d9c89 P 4b6e949c4dae4bb08b8f2a195b64ad90: Time spent starting tablet: real 0.015s	user 0.004s	sys 0.002s
I20260710 13:26:08.854662 28692 tablet_bootstrap.cc:492] T d4de83b45252462faf95e314c39e6f62 P 16f905164c8c4b519bafe1ade59c092d: No bootstrap required, opened a new log
I20260710 13:26:08.855248 28692 ts_tablet_manager.cc:1403] T d4de83b45252462faf95e314c39e6f62 P 16f905164c8c4b519bafe1ade59c092d: Time spent bootstrapping tablet: real 0.085s	user 0.011s	sys 0.005s
W20260710 13:26:08.855440 28467 leader_election.cc:343] T 80010066c4664c12b8f229c6f5da9523 P 8ed3443990c14637b88e6c62cf4ab028 [CANDIDATE]: Term 1 pre-election: Tablet error from VoteRequest() call to peer 16f905164c8c4b519bafe1ade59c092d (127.26.178.3:41867): Illegal state: must be running to vote when last-logged opid is not known
I20260710 13:26:08.858371 28692 raft_consensus.cc:359] T d4de83b45252462faf95e314c39e6f62 P 16f905164c8c4b519bafe1ade59c092d [term 0 FOLLOWER]: Replica starting. Triggering 0 pending ops. Active config: opid_index: -1 OBSOLETE_local: false peers { permanent_uuid: "16f905164c8c4b519bafe1ade59c092d" member_type: VOTER last_known_addr { host: "127.26.178.3" port: 41867 } } peers { permanent_uuid: "4b6e949c4dae4bb08b8f2a195b64ad90" member_type: VOTER last_known_addr { host: "127.26.178.2" port: 42281 } } peers { permanent_uuid: "8ed3443990c14637b88e6c62cf4ab028" member_type: VOTER last_known_addr { host: "127.26.178.1" port: 37385 } }
I20260710 13:26:08.859159 28692 raft_consensus.cc:385] T d4de83b45252462faf95e314c39e6f62 P 16f905164c8c4b519bafe1ade59c092d [term 0 FOLLOWER]: Consensus starting up: Expiring failure detector timer to make a prompt election more likely
I20260710 13:26:08.859484 28692 raft_consensus.cc:740] T d4de83b45252462faf95e314c39e6f62 P 16f905164c8c4b519bafe1ade59c092d [term 0 FOLLOWER]: Becoming Follower/Learner. State: Replica: 16f905164c8c4b519bafe1ade59c092d, State: Initialized, Role: FOLLOWER
I20260710 13:26:08.861256 28692 consensus_queue.cc:260] T d4de83b45252462faf95e314c39e6f62 P 16f905164c8c4b519bafe1ade59c092d [NON_LEADER]: Queue going to NON_LEADER mode. State: All replicated index: 0, Majority replicated index: 0, Committed index: 0, Last appended: 0.0, Last appended by leader: 0, Current term: 0, Majority size: -1, State: 0, Mode: NON_LEADER, active raft config: opid_index: -1 OBSOLETE_local: false peers { permanent_uuid: "16f905164c8c4b519bafe1ade59c092d" member_type: VOTER last_known_addr { host: "127.26.178.3" port: 41867 } } peers { permanent_uuid: "4b6e949c4dae4bb08b8f2a195b64ad90" member_type: VOTER last_known_addr { host: "127.26.178.2" port: 42281 } } peers { permanent_uuid: "8ed3443990c14637b88e6c62cf4ab028" member_type: VOTER last_known_addr { host: "127.26.178.1" port: 37385 } }
I20260710 13:26:08.862226 28651 tablet_service.cc:1917] Received RequestConsensusVote() RPC: tablet_id: "d4de83b45252462faf95e314c39e6f62" candidate_uuid: "4b6e949c4dae4bb08b8f2a195b64ad90" candidate_term: 1 candidate_status { last_received { term: 0 index: 0 } } ignore_live_leader: false dest_uuid: "16f905164c8c4b519bafe1ade59c092d" is_pre_election: true
I20260710 13:26:08.852862 28693 tablet_bootstrap.cc:492] T 80010066c4664c12b8f229c6f5da9523 P 4b6e949c4dae4bb08b8f2a195b64ad90: Bootstrap starting.
I20260710 13:26:08.863423 28651 raft_consensus.cc:2468] T d4de83b45252462faf95e314c39e6f62 P 16f905164c8c4b519bafe1ade59c092d [term 0 FOLLOWER]: Leader pre-election vote request: Granting yes vote for candidate 4b6e949c4dae4bb08b8f2a195b64ad90 in term 0.
I20260710 13:26:08.864270 28691 tablet_bootstrap.cc:492] T 54471bdef2ea45f2a6c52a79ae3d9c89 P 8ed3443990c14637b88e6c62cf4ab028: No bootstrap required, opened a new log
I20260710 13:26:08.864881 28691 ts_tablet_manager.cc:1403] T 54471bdef2ea45f2a6c52a79ae3d9c89 P 8ed3443990c14637b88e6c62cf4ab028: Time spent bootstrapping tablet: real 0.121s	user 0.006s	sys 0.015s
I20260710 13:26:08.865103 28542 leader_election.cc:304] T d4de83b45252462faf95e314c39e6f62 P 4b6e949c4dae4bb08b8f2a195b64ad90 [CANDIDATE]: Term 1 pre-election: Election decided. Result: candidate won. Election summary: received 2 responses out of 3 voters: 2 yes votes; 0 no votes. yes voters: 16f905164c8c4b519bafe1ade59c092d, 4b6e949c4dae4bb08b8f2a195b64ad90; no voters: 
I20260710 13:26:08.866160 28697 raft_consensus.cc:2804] T d4de83b45252462faf95e314c39e6f62 P 4b6e949c4dae4bb08b8f2a195b64ad90 [term 0 FOLLOWER]: Leader pre-election won for term 1
I20260710 13:26:08.866561 28697 raft_consensus.cc:493] T d4de83b45252462faf95e314c39e6f62 P 4b6e949c4dae4bb08b8f2a195b64ad90 [term 0 FOLLOWER]: Starting leader election (no leader contacted us within the election timeout)
I20260710 13:26:08.866904 28697 raft_consensus.cc:3060] T d4de83b45252462faf95e314c39e6f62 P 4b6e949c4dae4bb08b8f2a195b64ad90 [term 0 FOLLOWER]: Advancing to term 1
I20260710 13:26:08.868438 28691 raft_consensus.cc:359] T 54471bdef2ea45f2a6c52a79ae3d9c89 P 8ed3443990c14637b88e6c62cf4ab028 [term 0 FOLLOWER]: Replica starting. Triggering 0 pending ops. Active config: opid_index: -1 OBSOLETE_local: false peers { permanent_uuid: "8ed3443990c14637b88e6c62cf4ab028" member_type: VOTER last_known_addr { host: "127.26.178.1" port: 37385 } } peers { permanent_uuid: "4b6e949c4dae4bb08b8f2a195b64ad90" member_type: VOTER last_known_addr { host: "127.26.178.2" port: 42281 } } peers { permanent_uuid: "16f905164c8c4b519bafe1ade59c092d" member_type: VOTER last_known_addr { host: "127.26.178.3" port: 41867 } }
I20260710 13:26:08.869408 28692 ts_tablet_manager.cc:1434] T d4de83b45252462faf95e314c39e6f62 P 16f905164c8c4b519bafe1ade59c092d: Time spent starting tablet: real 0.014s	user 0.009s	sys 0.000s
I20260710 13:26:08.869674 28691 raft_consensus.cc:385] T 54471bdef2ea45f2a6c52a79ae3d9c89 P 8ed3443990c14637b88e6c62cf4ab028 [term 0 FOLLOWER]: Consensus starting up: Expiring failure detector timer to make a prompt election more likely
I20260710 13:26:08.870187 28691 raft_consensus.cc:740] T 54471bdef2ea45f2a6c52a79ae3d9c89 P 8ed3443990c14637b88e6c62cf4ab028 [term 0 FOLLOWER]: Becoming Follower/Learner. State: Replica: 8ed3443990c14637b88e6c62cf4ab028, State: Initialized, Role: FOLLOWER
I20260710 13:26:08.870630 28692 tablet_bootstrap.cc:492] T 8852c92a79d74f9abb766a369b7fdd11 P 16f905164c8c4b519bafe1ade59c092d: Bootstrap starting.
I20260710 13:26:08.871176 28691 consensus_queue.cc:260] T 54471bdef2ea45f2a6c52a79ae3d9c89 P 8ed3443990c14637b88e6c62cf4ab028 [NON_LEADER]: Queue going to NON_LEADER mode. State: All replicated index: 0, Majority replicated index: 0, Committed index: 0, Last appended: 0.0, Last appended by leader: 0, Current term: 0, Majority size: -1, State: 0, Mode: NON_LEADER, active raft config: opid_index: -1 OBSOLETE_local: false peers { permanent_uuid: "8ed3443990c14637b88e6c62cf4ab028" member_type: VOTER last_known_addr { host: "127.26.178.1" port: 37385 } } peers { permanent_uuid: "4b6e949c4dae4bb08b8f2a195b64ad90" member_type: VOTER last_known_addr { host: "127.26.178.2" port: 42281 } } peers { permanent_uuid: "16f905164c8c4b519bafe1ade59c092d" member_type: VOTER last_known_addr { host: "127.26.178.3" port: 41867 } }
I20260710 13:26:08.875820 28502 tablet_service.cc:1917] Received RequestConsensusVote() RPC: tablet_id: "d4de83b45252462faf95e314c39e6f62" candidate_uuid: "4b6e949c4dae4bb08b8f2a195b64ad90" candidate_term: 1 candidate_status { last_received { term: 0 index: 0 } } ignore_live_leader: false dest_uuid: "8ed3443990c14637b88e6c62cf4ab028" is_pre_election: true
I20260710 13:26:08.876104 28577 tablet_service.cc:1917] Received RequestConsensusVote() RPC: tablet_id: "80010066c4664c12b8f229c6f5da9523" candidate_uuid: "8ed3443990c14637b88e6c62cf4ab028" candidate_term: 1 candidate_status { last_received { term: 0 index: 0 } } ignore_live_leader: false dest_uuid: "4b6e949c4dae4bb08b8f2a195b64ad90" is_pre_election: true
I20260710 13:26:08.874890 28691 ts_tablet_manager.cc:1434] T 54471bdef2ea45f2a6c52a79ae3d9c89 P 8ed3443990c14637b88e6c62cf4ab028: Time spent starting tablet: real 0.010s	user 0.004s	sys 0.004s
I20260710 13:26:08.876766 28697 raft_consensus.cc:515] T d4de83b45252462faf95e314c39e6f62 P 4b6e949c4dae4bb08b8f2a195b64ad90 [term 1 FOLLOWER]: Starting leader election with config: opid_index: -1 OBSOLETE_local: false peers { permanent_uuid: "16f905164c8c4b519bafe1ade59c092d" member_type: VOTER last_known_addr { host: "127.26.178.3" port: 41867 } } peers { permanent_uuid: "4b6e949c4dae4bb08b8f2a195b64ad90" member_type: VOTER last_known_addr { host: "127.26.178.2" port: 42281 } } peers { permanent_uuid: "8ed3443990c14637b88e6c62cf4ab028" member_type: VOTER last_known_addr { host: "127.26.178.1" port: 37385 } }
W20260710 13:26:08.877677 28543 leader_election.cc:343] T d4de83b45252462faf95e314c39e6f62 P 4b6e949c4dae4bb08b8f2a195b64ad90 [CANDIDATE]: Term 1 pre-election: Tablet error from VoteRequest() call to peer 8ed3443990c14637b88e6c62cf4ab028 (127.26.178.1:37385): Illegal state: must be running to vote when last-logged opid is not known
I20260710 13:26:08.877993 28692 tablet_bootstrap.cc:654] T 8852c92a79d74f9abb766a369b7fdd11 P 16f905164c8c4b519bafe1ade59c092d: Neither blocks nor log segments found. Creating new log.
I20260710 13:26:08.878368 28691 tablet_bootstrap.cc:492] T 35e5e04483724eea8938c9d5c5c95f01 P 8ed3443990c14637b88e6c62cf4ab028: Bootstrap starting.
W20260710 13:26:08.878911 28466 leader_election.cc:343] T 80010066c4664c12b8f229c6f5da9523 P 8ed3443990c14637b88e6c62cf4ab028 [CANDIDATE]: Term 1 pre-election: Tablet error from VoteRequest() call to peer 4b6e949c4dae4bb08b8f2a195b64ad90 (127.26.178.2:42281): Illegal state: must be running to vote when last-logged opid is not known
I20260710 13:26:08.879417 28466 leader_election.cc:304] T 80010066c4664c12b8f229c6f5da9523 P 8ed3443990c14637b88e6c62cf4ab028 [CANDIDATE]: Term 1 pre-election: Election decided. Result: candidate lost. Election summary: received 3 responses out of 3 voters: 1 yes votes; 2 no votes. yes voters: 8ed3443990c14637b88e6c62cf4ab028; no voters: 16f905164c8c4b519bafe1ade59c092d, 4b6e949c4dae4bb08b8f2a195b64ad90
I20260710 13:26:08.879945 28651 tablet_service.cc:1917] Received RequestConsensusVote() RPC: tablet_id: "d4de83b45252462faf95e314c39e6f62" candidate_uuid: "4b6e949c4dae4bb08b8f2a195b64ad90" candidate_term: 1 candidate_status { last_received { term: 0 index: 0 } } ignore_live_leader: false dest_uuid: "16f905164c8c4b519bafe1ade59c092d"
I20260710 13:26:08.880404 28699 raft_consensus.cc:2749] T 80010066c4664c12b8f229c6f5da9523 P 8ed3443990c14637b88e6c62cf4ab028 [term 0 FOLLOWER]: Leader pre-election lost for term 1. Reason: could not achieve majority
I20260710 13:26:08.880620 28651 raft_consensus.cc:3060] T d4de83b45252462faf95e314c39e6f62 P 16f905164c8c4b519bafe1ade59c092d [term 0 FOLLOWER]: Advancing to term 1
I20260710 13:26:08.881821 28693 tablet_bootstrap.cc:654] T 80010066c4664c12b8f229c6f5da9523 P 4b6e949c4dae4bb08b8f2a195b64ad90: Neither blocks nor log segments found. Creating new log.
I20260710 13:26:08.886801 28691 tablet_bootstrap.cc:654] T 35e5e04483724eea8938c9d5c5c95f01 P 8ed3443990c14637b88e6c62cf4ab028: Neither blocks nor log segments found. Creating new log.
I20260710 13:26:08.889461 28651 raft_consensus.cc:2468] T d4de83b45252462faf95e314c39e6f62 P 16f905164c8c4b519bafe1ade59c092d [term 1 FOLLOWER]: Leader election vote request: Granting yes vote for candidate 4b6e949c4dae4bb08b8f2a195b64ad90 in term 1.
I20260710 13:26:08.891451 28542 leader_election.cc:304] T d4de83b45252462faf95e314c39e6f62 P 4b6e949c4dae4bb08b8f2a195b64ad90 [CANDIDATE]: Term 1 election: Election decided. Result: candidate won. Election summary: received 2 responses out of 3 voters: 2 yes votes; 0 no votes. yes voters: 16f905164c8c4b519bafe1ade59c092d, 4b6e949c4dae4bb08b8f2a195b64ad90; no voters: 
I20260710 13:26:08.892589 28697 leader_election.cc:290] T d4de83b45252462faf95e314c39e6f62 P 4b6e949c4dae4bb08b8f2a195b64ad90 [CANDIDATE]: Term 1 election: Requested vote from peers 16f905164c8c4b519bafe1ade59c092d (127.26.178.3:41867), 8ed3443990c14637b88e6c62cf4ab028 (127.26.178.1:37385)
I20260710 13:26:08.902916 28502 tablet_service.cc:1917] Received RequestConsensusVote() RPC: tablet_id: "d4de83b45252462faf95e314c39e6f62" candidate_uuid: "4b6e949c4dae4bb08b8f2a195b64ad90" candidate_term: 1 candidate_status { last_received { term: 0 index: 0 } } ignore_live_leader: false dest_uuid: "8ed3443990c14637b88e6c62cf4ab028"
I20260710 13:26:08.903398 28697 raft_consensus.cc:2804] T d4de83b45252462faf95e314c39e6f62 P 4b6e949c4dae4bb08b8f2a195b64ad90 [term 1 FOLLOWER]: Leader election won for term 1
I20260710 13:26:08.904145 28697 raft_consensus.cc:697] T d4de83b45252462faf95e314c39e6f62 P 4b6e949c4dae4bb08b8f2a195b64ad90 [term 1 LEADER]: Becoming Leader. State: Replica: 4b6e949c4dae4bb08b8f2a195b64ad90, State: Running, Role: LEADER
W20260710 13:26:08.904448 28543 leader_election.cc:343] T d4de83b45252462faf95e314c39e6f62 P 4b6e949c4dae4bb08b8f2a195b64ad90 [CANDIDATE]: Term 1 election: Tablet error from VoteRequest() call to peer 8ed3443990c14637b88e6c62cf4ab028 (127.26.178.1:37385): Illegal state: must be running to vote when last-logged opid is not known
I20260710 13:26:08.905332 28697 consensus_queue.cc:237] T d4de83b45252462faf95e314c39e6f62 P 4b6e949c4dae4bb08b8f2a195b64ad90 [LEADER]: Queue going to LEADER mode. State: All replicated index: 0, Majority replicated index: 0, Committed index: 0, Last appended: 0.0, Last appended by leader: 0, Current term: 1, Majority size: 2, State: 0, Mode: LEADER, active raft config: opid_index: -1 OBSOLETE_local: false peers { permanent_uuid: "16f905164c8c4b519bafe1ade59c092d" member_type: VOTER last_known_addr { host: "127.26.178.3" port: 41867 } } peers { permanent_uuid: "4b6e949c4dae4bb08b8f2a195b64ad90" member_type: VOTER last_known_addr { host: "127.26.178.2" port: 42281 } } peers { permanent_uuid: "8ed3443990c14637b88e6c62cf4ab028" member_type: VOTER last_known_addr { host: "127.26.178.1" port: 37385 } }
I20260710 13:26:08.911113 28693 tablet_bootstrap.cc:492] T 80010066c4664c12b8f229c6f5da9523 P 4b6e949c4dae4bb08b8f2a195b64ad90: No bootstrap required, opened a new log
I20260710 13:26:08.912801 28691 tablet_bootstrap.cc:492] T 35e5e04483724eea8938c9d5c5c95f01 P 8ed3443990c14637b88e6c62cf4ab028: No bootstrap required, opened a new log
I20260710 13:26:08.913511 28691 ts_tablet_manager.cc:1403] T 35e5e04483724eea8938c9d5c5c95f01 P 8ed3443990c14637b88e6c62cf4ab028: Time spent bootstrapping tablet: real 0.035s	user 0.006s	sys 0.010s
I20260710 13:26:08.911844 28693 ts_tablet_manager.cc:1403] T 80010066c4664c12b8f229c6f5da9523 P 4b6e949c4dae4bb08b8f2a195b64ad90: Time spent bootstrapping tablet: real 0.059s	user 0.013s	sys 0.005s
I20260710 13:26:08.921903 28693 raft_consensus.cc:359] T 80010066c4664c12b8f229c6f5da9523 P 4b6e949c4dae4bb08b8f2a195b64ad90 [term 0 FOLLOWER]: Replica starting. Triggering 0 pending ops. Active config: opid_index: -1 OBSOLETE_local: false peers { permanent_uuid: "8ed3443990c14637b88e6c62cf4ab028" member_type: VOTER last_known_addr { host: "127.26.178.1" port: 37385 } } peers { permanent_uuid: "4b6e949c4dae4bb08b8f2a195b64ad90" member_type: VOTER last_known_addr { host: "127.26.178.2" port: 42281 } } peers { permanent_uuid: "16f905164c8c4b519bafe1ade59c092d" member_type: VOTER last_known_addr { host: "127.26.178.3" port: 41867 } }
I20260710 13:26:08.922910 28693 raft_consensus.cc:385] T 80010066c4664c12b8f229c6f5da9523 P 4b6e949c4dae4bb08b8f2a195b64ad90 [term 0 FOLLOWER]: Consensus starting up: Expiring failure detector timer to make a prompt election more likely
I20260710 13:26:08.923280 28693 raft_consensus.cc:740] T 80010066c4664c12b8f229c6f5da9523 P 4b6e949c4dae4bb08b8f2a195b64ad90 [term 0 FOLLOWER]: Becoming Follower/Learner. State: Replica: 4b6e949c4dae4bb08b8f2a195b64ad90, State: Initialized, Role: FOLLOWER
I20260710 13:26:08.925148 28691 raft_consensus.cc:359] T 35e5e04483724eea8938c9d5c5c95f01 P 8ed3443990c14637b88e6c62cf4ab028 [term 0 FOLLOWER]: Replica starting. Triggering 0 pending ops. Active config: opid_index: -1 OBSOLETE_local: false peers { permanent_uuid: "8ed3443990c14637b88e6c62cf4ab028" member_type: VOTER last_known_addr { host: "127.26.178.1" port: 37385 } } peers { permanent_uuid: "4b6e949c4dae4bb08b8f2a195b64ad90" member_type: VOTER last_known_addr { host: "127.26.178.2" port: 42281 } } peers { permanent_uuid: "16f905164c8c4b519bafe1ade59c092d" member_type: VOTER last_known_addr { host: "127.26.178.3" port: 41867 } }
I20260710 13:26:08.926465 28691 raft_consensus.cc:385] T 35e5e04483724eea8938c9d5c5c95f01 P 8ed3443990c14637b88e6c62cf4ab028 [term 0 FOLLOWER]: Consensus starting up: Expiring failure detector timer to make a prompt election more likely
I20260710 13:26:08.926879 28691 raft_consensus.cc:740] T 35e5e04483724eea8938c9d5c5c95f01 P 8ed3443990c14637b88e6c62cf4ab028 [term 0 FOLLOWER]: Becoming Follower/Learner. State: Replica: 8ed3443990c14637b88e6c62cf4ab028, State: Initialized, Role: FOLLOWER
I20260710 13:26:08.927892 28693 consensus_queue.cc:260] T 80010066c4664c12b8f229c6f5da9523 P 4b6e949c4dae4bb08b8f2a195b64ad90 [NON_LEADER]: Queue going to NON_LEADER mode. State: All replicated index: 0, Majority replicated index: 0, Committed index: 0, Last appended: 0.0, Last appended by leader: 0, Current term: 0, Majority size: -1, State: 0, Mode: NON_LEADER, active raft config: opid_index: -1 OBSOLETE_local: false peers { permanent_uuid: "8ed3443990c14637b88e6c62cf4ab028" member_type: VOTER last_known_addr { host: "127.26.178.1" port: 37385 } } peers { permanent_uuid: "4b6e949c4dae4bb08b8f2a195b64ad90" member_type: VOTER last_known_addr { host: "127.26.178.2" port: 42281 } } peers { permanent_uuid: "16f905164c8c4b519bafe1ade59c092d" member_type: VOTER last_known_addr { host: "127.26.178.3" port: 41867 } }
I20260710 13:26:08.931528 28691 consensus_queue.cc:260] T 35e5e04483724eea8938c9d5c5c95f01 P 8ed3443990c14637b88e6c62cf4ab028 [NON_LEADER]: Queue going to NON_LEADER mode. State: All replicated index: 0, Majority replicated index: 0, Committed index: 0, Last appended: 0.0, Last appended by leader: 0, Current term: 0, Majority size: -1, State: 0, Mode: NON_LEADER, active raft config: opid_index: -1 OBSOLETE_local: false peers { permanent_uuid: "8ed3443990c14637b88e6c62cf4ab028" member_type: VOTER last_known_addr { host: "127.26.178.1" port: 37385 } } peers { permanent_uuid: "4b6e949c4dae4bb08b8f2a195b64ad90" member_type: VOTER last_known_addr { host: "127.26.178.2" port: 42281 } } peers { permanent_uuid: "16f905164c8c4b519bafe1ade59c092d" member_type: VOTER last_known_addr { host: "127.26.178.3" port: 41867 } }
I20260710 13:26:08.938331 28692 tablet_bootstrap.cc:492] T 8852c92a79d74f9abb766a369b7fdd11 P 16f905164c8c4b519bafe1ade59c092d: No bootstrap required, opened a new log
I20260710 13:26:08.938475 28691 ts_tablet_manager.cc:1434] T 35e5e04483724eea8938c9d5c5c95f01 P 8ed3443990c14637b88e6c62cf4ab028: Time spent starting tablet: real 0.024s	user 0.006s	sys 0.004s
I20260710 13:26:08.938902 28692 ts_tablet_manager.cc:1403] T 8852c92a79d74f9abb766a369b7fdd11 P 16f905164c8c4b519bafe1ade59c092d: Time spent bootstrapping tablet: real 0.068s	user 0.028s	sys 0.026s
I20260710 13:26:08.939611 28691 tablet_bootstrap.cc:492] T bd057f7ba1fd465abdb3ebfe18f247d4 P 8ed3443990c14637b88e6c62cf4ab028: Bootstrap starting.
I20260710 13:26:08.941165 28716 raft_consensus.cc:493] T 35e5e04483724eea8938c9d5c5c95f01 P 4b6e949c4dae4bb08b8f2a195b64ad90 [term 0 FOLLOWER]: Starting pre-election (no leader contacted us within the election timeout)
I20260710 13:26:08.942850 28716 raft_consensus.cc:515] T 35e5e04483724eea8938c9d5c5c95f01 P 4b6e949c4dae4bb08b8f2a195b64ad90 [term 0 FOLLOWER]: Starting pre-election with config: opid_index: -1 OBSOLETE_local: false peers { permanent_uuid: "8ed3443990c14637b88e6c62cf4ab028" member_type: VOTER last_known_addr { host: "127.26.178.1" port: 37385 } } peers { permanent_uuid: "4b6e949c4dae4bb08b8f2a195b64ad90" member_type: VOTER last_known_addr { host: "127.26.178.2" port: 42281 } } peers { permanent_uuid: "16f905164c8c4b519bafe1ade59c092d" member_type: VOTER last_known_addr { host: "127.26.178.3" port: 41867 } }
I20260710 13:26:08.942358 28692 raft_consensus.cc:359] T 8852c92a79d74f9abb766a369b7fdd11 P 16f905164c8c4b519bafe1ade59c092d [term 0 FOLLOWER]: Replica starting. Triggering 0 pending ops. Active config: opid_index: -1 OBSOLETE_local: false peers { permanent_uuid: "8ed3443990c14637b88e6c62cf4ab028" member_type: VOTER last_known_addr { host: "127.26.178.1" port: 37385 } } peers { permanent_uuid: "4b6e949c4dae4bb08b8f2a195b64ad90" member_type: VOTER last_known_addr { host: "127.26.178.2" port: 42281 } } peers { permanent_uuid: "16f905164c8c4b519bafe1ade59c092d" member_type: VOTER last_known_addr { host: "127.26.178.3" port: 41867 } }
I20260710 13:26:08.945802 28692 raft_consensus.cc:385] T 8852c92a79d74f9abb766a369b7fdd11 P 16f905164c8c4b519bafe1ade59c092d [term 0 FOLLOWER]: Consensus starting up: Expiring failure detector timer to make a prompt election more likely
I20260710 13:26:08.946184 28692 raft_consensus.cc:740] T 8852c92a79d74f9abb766a369b7fdd11 P 16f905164c8c4b519bafe1ade59c092d [term 0 FOLLOWER]: Becoming Follower/Learner. State: Replica: 16f905164c8c4b519bafe1ade59c092d, State: Initialized, Role: FOLLOWER
I20260710 13:26:08.947032 28692 consensus_queue.cc:260] T 8852c92a79d74f9abb766a369b7fdd11 P 16f905164c8c4b519bafe1ade59c092d [NON_LEADER]: Queue going to NON_LEADER mode. State: All replicated index: 0, Majority replicated index: 0, Committed index: 0, Last appended: 0.0, Last appended by leader: 0, Current term: 0, Majority size: -1, State: 0, Mode: NON_LEADER, active raft config: opid_index: -1 OBSOLETE_local: false peers { permanent_uuid: "8ed3443990c14637b88e6c62cf4ab028" member_type: VOTER last_known_addr { host: "127.26.178.1" port: 37385 } } peers { permanent_uuid: "4b6e949c4dae4bb08b8f2a195b64ad90" member_type: VOTER last_known_addr { host: "127.26.178.2" port: 42281 } } peers { permanent_uuid: "16f905164c8c4b519bafe1ade59c092d" member_type: VOTER last_known_addr { host: "127.26.178.3" port: 41867 } }
I20260710 13:26:08.947705 28691 tablet_bootstrap.cc:654] T bd057f7ba1fd465abdb3ebfe18f247d4 P 8ed3443990c14637b88e6c62cf4ab028: Neither blocks nor log segments found. Creating new log.
I20260710 13:26:08.949164 28502 tablet_service.cc:1917] Received RequestConsensusVote() RPC: tablet_id: "35e5e04483724eea8938c9d5c5c95f01" candidate_uuid: "4b6e949c4dae4bb08b8f2a195b64ad90" candidate_term: 1 candidate_status { last_received { term: 0 index: 0 } } ignore_live_leader: false dest_uuid: "8ed3443990c14637b88e6c62cf4ab028" is_pre_election: true
I20260710 13:26:08.949985 28692 ts_tablet_manager.cc:1434] T 8852c92a79d74f9abb766a369b7fdd11 P 16f905164c8c4b519bafe1ade59c092d: Time spent starting tablet: real 0.011s	user 0.008s	sys 0.001s
I20260710 13:26:08.950052 28502 raft_consensus.cc:2468] T 35e5e04483724eea8938c9d5c5c95f01 P 8ed3443990c14637b88e6c62cf4ab028 [term 0 FOLLOWER]: Leader pre-election vote request: Granting yes vote for candidate 4b6e949c4dae4bb08b8f2a195b64ad90 in term 0.
I20260710 13:26:08.951117 28692 tablet_bootstrap.cc:492] T 54471bdef2ea45f2a6c52a79ae3d9c89 P 16f905164c8c4b519bafe1ade59c092d: Bootstrap starting.
I20260710 13:26:08.952436 28651 tablet_service.cc:1917] Received RequestConsensusVote() RPC: tablet_id: "35e5e04483724eea8938c9d5c5c95f01" candidate_uuid: "4b6e949c4dae4bb08b8f2a195b64ad90" candidate_term: 1 candidate_status { last_received { term: 0 index: 0 } } ignore_live_leader: false dest_uuid: "16f905164c8c4b519bafe1ade59c092d" is_pre_election: true
I20260710 13:26:08.953210 28651 raft_consensus.cc:2468] T 35e5e04483724eea8938c9d5c5c95f01 P 16f905164c8c4b519bafe1ade59c092d [term 0 FOLLOWER]: Leader pre-election vote request: Granting yes vote for candidate 4b6e949c4dae4bb08b8f2a195b64ad90 in term 0.
I20260710 13:26:08.952481 28716 leader_election.cc:290] T 35e5e04483724eea8938c9d5c5c95f01 P 4b6e949c4dae4bb08b8f2a195b64ad90 [CANDIDATE]: Term 1 pre-election: Requested pre-vote from peers 8ed3443990c14637b88e6c62cf4ab028 (127.26.178.1:37385), 16f905164c8c4b519bafe1ade59c092d (127.26.178.3:41867)
I20260710 13:26:08.954571 28542 leader_election.cc:304] T 35e5e04483724eea8938c9d5c5c95f01 P 4b6e949c4dae4bb08b8f2a195b64ad90 [CANDIDATE]: Term 1 pre-election: Election decided. Result: candidate won. Election summary: received 2 responses out of 3 voters: 2 yes votes; 0 no votes. yes voters: 16f905164c8c4b519bafe1ade59c092d, 4b6e949c4dae4bb08b8f2a195b64ad90; no voters: 
I20260710 13:26:08.958201 28692 tablet_bootstrap.cc:654] T 54471bdef2ea45f2a6c52a79ae3d9c89 P 16f905164c8c4b519bafe1ade59c092d: Neither blocks nor log segments found. Creating new log.
I20260710 13:26:08.960789 28691 tablet_bootstrap.cc:492] T bd057f7ba1fd465abdb3ebfe18f247d4 P 8ed3443990c14637b88e6c62cf4ab028: No bootstrap required, opened a new log
I20260710 13:26:08.961440 28691 ts_tablet_manager.cc:1403] T bd057f7ba1fd465abdb3ebfe18f247d4 P 8ed3443990c14637b88e6c62cf4ab028: Time spent bootstrapping tablet: real 0.022s	user 0.017s	sys 0.003s
I20260710 13:26:08.962888 28697 raft_consensus.cc:2804] T 35e5e04483724eea8938c9d5c5c95f01 P 4b6e949c4dae4bb08b8f2a195b64ad90 [term 0 FOLLOWER]: Leader pre-election won for term 1
I20260710 13:26:08.963538 28697 raft_consensus.cc:493] T 35e5e04483724eea8938c9d5c5c95f01 P 4b6e949c4dae4bb08b8f2a195b64ad90 [term 0 FOLLOWER]: Starting leader election (no leader contacted us within the election timeout)
I20260710 13:26:08.964176 28697 raft_consensus.cc:3060] T 35e5e04483724eea8938c9d5c5c95f01 P 4b6e949c4dae4bb08b8f2a195b64ad90 [term 0 FOLLOWER]: Advancing to term 1
I20260710 13:26:08.969650 28691 raft_consensus.cc:359] T bd057f7ba1fd465abdb3ebfe18f247d4 P 8ed3443990c14637b88e6c62cf4ab028 [term 0 FOLLOWER]: Replica starting. Triggering 0 pending ops. Active config: opid_index: -1 OBSOLETE_local: false peers { permanent_uuid: "8ed3443990c14637b88e6c62cf4ab028" member_type: VOTER last_known_addr { host: "127.26.178.1" port: 37385 } } peers { permanent_uuid: "4b6e949c4dae4bb08b8f2a195b64ad90" member_type: VOTER last_known_addr { host: "127.26.178.2" port: 42281 } } peers { permanent_uuid: "16f905164c8c4b519bafe1ade59c092d" member_type: VOTER last_known_addr { host: "127.26.178.3" port: 41867 } }
I20260710 13:26:08.970453 28691 raft_consensus.cc:385] T bd057f7ba1fd465abdb3ebfe18f247d4 P 8ed3443990c14637b88e6c62cf4ab028 [term 0 FOLLOWER]: Consensus starting up: Expiring failure detector timer to make a prompt election more likely
I20260710 13:26:08.970758 28691 raft_consensus.cc:740] T bd057f7ba1fd465abdb3ebfe18f247d4 P 8ed3443990c14637b88e6c62cf4ab028 [term 0 FOLLOWER]: Becoming Follower/Learner. State: Replica: 8ed3443990c14637b88e6c62cf4ab028, State: Initialized, Role: FOLLOWER
I20260710 13:26:08.972052 28697 raft_consensus.cc:515] T 35e5e04483724eea8938c9d5c5c95f01 P 4b6e949c4dae4bb08b8f2a195b64ad90 [term 1 FOLLOWER]: Starting leader election with config: opid_index: -1 OBSOLETE_local: false peers { permanent_uuid: "8ed3443990c14637b88e6c62cf4ab028" member_type: VOTER last_known_addr { host: "127.26.178.1" port: 37385 } } peers { permanent_uuid: "4b6e949c4dae4bb08b8f2a195b64ad90" member_type: VOTER last_known_addr { host: "127.26.178.2" port: 42281 } } peers { permanent_uuid: "16f905164c8c4b519bafe1ade59c092d" member_type: VOTER last_known_addr { host: "127.26.178.3" port: 41867 } }
I20260710 13:26:08.971537 28691 consensus_queue.cc:260] T bd057f7ba1fd465abdb3ebfe18f247d4 P 8ed3443990c14637b88e6c62cf4ab028 [NON_LEADER]: Queue going to NON_LEADER mode. State: All replicated index: 0, Majority replicated index: 0, Committed index: 0, Last appended: 0.0, Last appended by leader: 0, Current term: 0, Majority size: -1, State: 0, Mode: NON_LEADER, active raft config: opid_index: -1 OBSOLETE_local: false peers { permanent_uuid: "8ed3443990c14637b88e6c62cf4ab028" member_type: VOTER last_known_addr { host: "127.26.178.1" port: 37385 } } peers { permanent_uuid: "4b6e949c4dae4bb08b8f2a195b64ad90" member_type: VOTER last_known_addr { host: "127.26.178.2" port: 42281 } } peers { permanent_uuid: "16f905164c8c4b519bafe1ade59c092d" member_type: VOTER last_known_addr { host: "127.26.178.3" port: 41867 } }
I20260710 13:26:08.974947 28691 ts_tablet_manager.cc:1434] T bd057f7ba1fd465abdb3ebfe18f247d4 P 8ed3443990c14637b88e6c62cf4ab028: Time spent starting tablet: real 0.013s	user 0.003s	sys 0.003s
I20260710 13:26:08.975026 28502 tablet_service.cc:1917] Received RequestConsensusVote() RPC: tablet_id: "35e5e04483724eea8938c9d5c5c95f01" candidate_uuid: "4b6e949c4dae4bb08b8f2a195b64ad90" candidate_term: 1 candidate_status { last_received { term: 0 index: 0 } } ignore_live_leader: false dest_uuid: "8ed3443990c14637b88e6c62cf4ab028"
I20260710 13:26:08.975663 28502 raft_consensus.cc:3060] T 35e5e04483724eea8938c9d5c5c95f01 P 8ed3443990c14637b88e6c62cf4ab028 [term 0 FOLLOWER]: Advancing to term 1
I20260710 13:26:08.976147 28691 tablet_bootstrap.cc:492] T b5c67ac7679a4f059d2673aa6ae58743 P 8ed3443990c14637b88e6c62cf4ab028: Bootstrap starting.
I20260710 13:26:08.983207 28691 tablet_bootstrap.cc:654] T b5c67ac7679a4f059d2673aa6ae58743 P 8ed3443990c14637b88e6c62cf4ab028: Neither blocks nor log segments found. Creating new log.
I20260710 13:26:08.984001 28502 raft_consensus.cc:2468] T 35e5e04483724eea8938c9d5c5c95f01 P 8ed3443990c14637b88e6c62cf4ab028 [term 1 FOLLOWER]: Leader election vote request: Granting yes vote for candidate 4b6e949c4dae4bb08b8f2a195b64ad90 in term 1.
I20260710 13:26:08.985461 28543 leader_election.cc:304] T 35e5e04483724eea8938c9d5c5c95f01 P 4b6e949c4dae4bb08b8f2a195b64ad90 [CANDIDATE]: Term 1 election: Election decided. Result: candidate won. Election summary: received 2 responses out of 3 voters: 2 yes votes; 0 no votes. yes voters: 4b6e949c4dae4bb08b8f2a195b64ad90, 8ed3443990c14637b88e6c62cf4ab028; no voters: 
I20260710 13:26:08.986433 28716 raft_consensus.cc:2804] T 35e5e04483724eea8938c9d5c5c95f01 P 4b6e949c4dae4bb08b8f2a195b64ad90 [term 1 FOLLOWER]: Leader election won for term 1
I20260710 13:26:08.986724 28692 tablet_bootstrap.cc:492] T 54471bdef2ea45f2a6c52a79ae3d9c89 P 16f905164c8c4b519bafe1ade59c092d: No bootstrap required, opened a new log
I20260710 13:26:08.986927 28716 raft_consensus.cc:697] T 35e5e04483724eea8938c9d5c5c95f01 P 4b6e949c4dae4bb08b8f2a195b64ad90 [term 1 LEADER]: Becoming Leader. State: Replica: 4b6e949c4dae4bb08b8f2a195b64ad90, State: Running, Role: LEADER
I20260710 13:26:08.987255 28692 ts_tablet_manager.cc:1403] T 54471bdef2ea45f2a6c52a79ae3d9c89 P 16f905164c8c4b519bafe1ade59c092d: Time spent bootstrapping tablet: real 0.036s	user 0.016s	sys 0.019s
I20260710 13:26:08.988164 28716 consensus_queue.cc:237] T 35e5e04483724eea8938c9d5c5c95f01 P 4b6e949c4dae4bb08b8f2a195b64ad90 [LEADER]: Queue going to LEADER mode. State: All replicated index: 0, Majority replicated index: 0, Committed index: 0, Last appended: 0.0, Last appended by leader: 0, Current term: 1, Majority size: 2, State: 0, Mode: LEADER, active raft config: opid_index: -1 OBSOLETE_local: false peers { permanent_uuid: "8ed3443990c14637b88e6c62cf4ab028" member_type: VOTER last_known_addr { host: "127.26.178.1" port: 37385 } } peers { permanent_uuid: "4b6e949c4dae4bb08b8f2a195b64ad90" member_type: VOTER last_known_addr { host: "127.26.178.2" port: 42281 } } peers { permanent_uuid: "16f905164c8c4b519bafe1ade59c092d" member_type: VOTER last_known_addr { host: "127.26.178.3" port: 41867 } }
I20260710 13:26:08.992800 28693 ts_tablet_manager.cc:1434] T 80010066c4664c12b8f229c6f5da9523 P 4b6e949c4dae4bb08b8f2a195b64ad90: Time spent starting tablet: real 0.076s	user 0.014s	sys 0.003s
I20260710 13:26:08.990449 28692 raft_consensus.cc:359] T 54471bdef2ea45f2a6c52a79ae3d9c89 P 16f905164c8c4b519bafe1ade59c092d [term 0 FOLLOWER]: Replica starting. Triggering 0 pending ops. Active config: opid_index: -1 OBSOLETE_local: false peers { permanent_uuid: "8ed3443990c14637b88e6c62cf4ab028" member_type: VOTER last_known_addr { host: "127.26.178.1" port: 37385 } } peers { permanent_uuid: "4b6e949c4dae4bb08b8f2a195b64ad90" member_type: VOTER last_known_addr { host: "127.26.178.2" port: 42281 } } peers { permanent_uuid: "16f905164c8c4b519bafe1ade59c092d" member_type: VOTER last_known_addr { host: "127.26.178.3" port: 41867 } }
I20260710 13:26:08.994084 28692 raft_consensus.cc:385] T 54471bdef2ea45f2a6c52a79ae3d9c89 P 16f905164c8c4b519bafe1ade59c092d [term 0 FOLLOWER]: Consensus starting up: Expiring failure detector timer to make a prompt election more likely
I20260710 13:26:08.994278 28693 tablet_bootstrap.cc:492] T 46272481f4ab4482953fe8c553617810 P 4b6e949c4dae4bb08b8f2a195b64ad90: Bootstrap starting.
I20260710 13:26:08.994423 28692 raft_consensus.cc:740] T 54471bdef2ea45f2a6c52a79ae3d9c89 P 16f905164c8c4b519bafe1ade59c092d [term 0 FOLLOWER]: Becoming Follower/Learner. State: Replica: 16f905164c8c4b519bafe1ade59c092d, State: Initialized, Role: FOLLOWER
I20260710 13:26:08.995503 28692 consensus_queue.cc:260] T 54471bdef2ea45f2a6c52a79ae3d9c89 P 16f905164c8c4b519bafe1ade59c092d [NON_LEADER]: Queue going to NON_LEADER mode. State: All replicated index: 0, Majority replicated index: 0, Committed index: 0, Last appended: 0.0, Last appended by leader: 0, Current term: 0, Majority size: -1, State: 0, Mode: NON_LEADER, active raft config: opid_index: -1 OBSOLETE_local: false peers { permanent_uuid: "8ed3443990c14637b88e6c62cf4ab028" member_type: VOTER last_known_addr { host: "127.26.178.1" port: 37385 } } peers { permanent_uuid: "4b6e949c4dae4bb08b8f2a195b64ad90" member_type: VOTER last_known_addr { host: "127.26.178.2" port: 42281 } } peers { permanent_uuid: "16f905164c8c4b519bafe1ade59c092d" member_type: VOTER last_known_addr { host: "127.26.178.3" port: 41867 } }
I20260710 13:26:08.998235 28692 ts_tablet_manager.cc:1434] T 54471bdef2ea45f2a6c52a79ae3d9c89 P 16f905164c8c4b519bafe1ade59c092d: Time spent starting tablet: real 0.011s	user 0.000s	sys 0.006s
I20260710 13:26:08.999292 28692 tablet_bootstrap.cc:492] T 80010066c4664c12b8f229c6f5da9523 P 16f905164c8c4b519bafe1ade59c092d: Bootstrap starting.
I20260710 13:26:08.995958 28397 catalog_manager.cc:5697] T d4de83b45252462faf95e314c39e6f62 P 4b6e949c4dae4bb08b8f2a195b64ad90 reported cstate change: term changed from 0 to 1, leader changed from <none> to 4b6e949c4dae4bb08b8f2a195b64ad90 (127.26.178.2). New cstate: current_term: 1 leader_uuid: "4b6e949c4dae4bb08b8f2a195b64ad90" committed_config { opid_index: -1 OBSOLETE_local: false peers { permanent_uuid: "16f905164c8c4b519bafe1ade59c092d" member_type: VOTER last_known_addr { host: "127.26.178.3" port: 41867 } health_report { overall_health: UNKNOWN } } peers { permanent_uuid: "4b6e949c4dae4bb08b8f2a195b64ad90" member_type: VOTER last_known_addr { host: "127.26.178.2" port: 42281 } health_report { overall_health: HEALTHY } } peers { permanent_uuid: "8ed3443990c14637b88e6c62cf4ab028" member_type: VOTER last_known_addr { host: "127.26.178.1" port: 37385 } health_report { overall_health: UNKNOWN } } }
I20260710 13:26:09.006155 28651 tablet_service.cc:1917] Received RequestConsensusVote() RPC: tablet_id: "35e5e04483724eea8938c9d5c5c95f01" candidate_uuid: "4b6e949c4dae4bb08b8f2a195b64ad90" candidate_term: 1 candidate_status { last_received { term: 0 index: 0 } } ignore_live_leader: false dest_uuid: "16f905164c8c4b519bafe1ade59c092d"
I20260710 13:26:09.007090 28651 raft_consensus.cc:3060] T 35e5e04483724eea8938c9d5c5c95f01 P 16f905164c8c4b519bafe1ade59c092d [term 0 FOLLOWER]: Advancing to term 1
I20260710 13:26:09.010028 28692 tablet_bootstrap.cc:654] T 80010066c4664c12b8f229c6f5da9523 P 16f905164c8c4b519bafe1ade59c092d: Neither blocks nor log segments found. Creating new log.
I20260710 13:26:09.006752 28697 leader_election.cc:290] T 35e5e04483724eea8938c9d5c5c95f01 P 4b6e949c4dae4bb08b8f2a195b64ad90 [CANDIDATE]: Term 1 election: Requested vote from peers 8ed3443990c14637b88e6c62cf4ab028 (127.26.178.1:37385), 16f905164c8c4b519bafe1ade59c092d (127.26.178.3:41867)
I20260710 13:26:09.013478 28691 tablet_bootstrap.cc:492] T b5c67ac7679a4f059d2673aa6ae58743 P 8ed3443990c14637b88e6c62cf4ab028: No bootstrap required, opened a new log
I20260710 13:26:09.014413 28691 ts_tablet_manager.cc:1403] T b5c67ac7679a4f059d2673aa6ae58743 P 8ed3443990c14637b88e6c62cf4ab028: Time spent bootstrapping tablet: real 0.039s	user 0.013s	sys 0.015s
I20260710 13:26:09.018740 28691 raft_consensus.cc:359] T b5c67ac7679a4f059d2673aa6ae58743 P 8ed3443990c14637b88e6c62cf4ab028 [term 0 FOLLOWER]: Replica starting. Triggering 0 pending ops. Active config: opid_index: -1 OBSOLETE_local: false peers { permanent_uuid: "8ed3443990c14637b88e6c62cf4ab028" member_type: VOTER last_known_addr { host: "127.26.178.1" port: 37385 } } peers { permanent_uuid: "4b6e949c4dae4bb08b8f2a195b64ad90" member_type: VOTER last_known_addr { host: "127.26.178.2" port: 42281 } } peers { permanent_uuid: "16f905164c8c4b519bafe1ade59c092d" member_type: VOTER last_known_addr { host: "127.26.178.3" port: 41867 } }
I20260710 13:26:09.019841 28691 raft_consensus.cc:385] T b5c67ac7679a4f059d2673aa6ae58743 P 8ed3443990c14637b88e6c62cf4ab028 [term 0 FOLLOWER]: Consensus starting up: Expiring failure detector timer to make a prompt election more likely
I20260710 13:26:09.019596 28651 raft_consensus.cc:2468] T 35e5e04483724eea8938c9d5c5c95f01 P 16f905164c8c4b519bafe1ade59c092d [term 1 FOLLOWER]: Leader election vote request: Granting yes vote for candidate 4b6e949c4dae4bb08b8f2a195b64ad90 in term 1.
I20260710 13:26:09.020601 28691 raft_consensus.cc:740] T b5c67ac7679a4f059d2673aa6ae58743 P 8ed3443990c14637b88e6c62cf4ab028 [term 0 FOLLOWER]: Becoming Follower/Learner. State: Replica: 8ed3443990c14637b88e6c62cf4ab028, State: Initialized, Role: FOLLOWER
