I20260710 13:26:03.514022 28682 ts_tablet_manager.cc:1434] T 7089ea5e7e694c3989271c1ae424c404 P 2fc143c15ce64695b99725f64b60cf13: Time spent starting tablet: real 0.007s	user 0.007s	sys 0.000s
I20260710 13:26:03.514945 28682 tablet_bootstrap.cc:492] T c2b249d36af14b62b57f916e37f9ef07 P 2fc143c15ce64695b99725f64b60cf13: Bootstrap starting.
I20260710 13:26:03.511034 28679 raft_consensus.cc:740] T 849145d902c04a2ca4cb3fd944e2e2b4 P 417f031a0a594fdf872135d8b0a5983f [term 0 FOLLOWER]: Becoming Follower/Learner. State: Replica: 417f031a0a594fdf872135d8b0a5983f, State: Initialized, Role: FOLLOWER
I20260710 13:26:03.519112 28679 consensus_queue.cc:260] T 849145d902c04a2ca4cb3fd944e2e2b4 P 417f031a0a594fdf872135d8b0a5983f [NON_LEADER]: Queue going to NON_LEADER mode. State: All replicated index: 0, Majority replicated index: 0, Committed index: 0, Last appended: 0.0, Last appended by leader: 0, Current term: 0, Majority size: -1, State: 0, Mode: NON_LEADER, active raft config: opid_index: -1 OBSOLETE_local: false peers { permanent_uuid: "417f031a0a594fdf872135d8b0a5983f" member_type: VOTER last_known_addr { host: "127.26.183.65" port: 37611 } } peers { permanent_uuid: "281e31bbeb35489985a537df9ed8b927" member_type: VOTER last_known_addr { host: "127.26.183.66" port: 37219 } } peers { permanent_uuid: "2fc143c15ce64695b99725f64b60cf13" member_type: VOTER last_known_addr { host: "127.26.183.67" port: 40647 } }
I20260710 13:26:03.523913 28679 ts_tablet_manager.cc:1434] T 849145d902c04a2ca4cb3fd944e2e2b4 P 417f031a0a594fdf872135d8b0a5983f: Time spent starting tablet: real 0.017s	user 0.005s	sys 0.001s
I20260710 13:26:03.524971 28679 tablet_bootstrap.cc:492] T cf42f377ce6844f89a6207a92a26d773 P 417f031a0a594fdf872135d8b0a5983f: Bootstrap starting.
I20260710 13:26:03.529333 28682 tablet_bootstrap.cc:654] T c2b249d36af14b62b57f916e37f9ef07 P 2fc143c15ce64695b99725f64b60cf13: Neither blocks nor log segments found. Creating new log.
I20260710 13:26:03.534967 28698 raft_consensus.cc:515] T ba70d731256548958079b71d9a95bc21 P 417f031a0a594fdf872135d8b0a5983f [term 1 FOLLOWER]: Starting leader election with config: opid_index: -1 OBSOLETE_local: false peers { permanent_uuid: "417f031a0a594fdf872135d8b0a5983f" member_type: VOTER last_known_addr { host: "127.26.183.65" port: 37611 } } peers { permanent_uuid: "281e31bbeb35489985a537df9ed8b927" member_type: VOTER last_known_addr { host: "127.26.183.66" port: 37219 } } peers { permanent_uuid: "2fc143c15ce64695b99725f64b60cf13" member_type: VOTER last_known_addr { host: "127.26.183.67" port: 40647 } }
I20260710 13:26:03.536579 28680 tablet_bootstrap.cc:492] T c2b249d36af14b62b57f916e37f9ef07 P 281e31bbeb35489985a537df9ed8b927: No bootstrap required, opened a new log
I20260710 13:26:03.537123 28680 ts_tablet_manager.cc:1403] T c2b249d36af14b62b57f916e37f9ef07 P 281e31bbeb35489985a537df9ed8b927: Time spent bootstrapping tablet: real 0.047s	user 0.016s	sys 0.006s
I20260710 13:26:03.538079 28679 tablet_bootstrap.cc:654] T cf42f377ce6844f89a6207a92a26d773 P 417f031a0a594fdf872135d8b0a5983f: Neither blocks nor log segments found. Creating new log.
I20260710 13:26:03.538180 28565 tablet_service.cc:1917] Received RequestConsensusVote() RPC: tablet_id: "ba70d731256548958079b71d9a95bc21" candidate_uuid: "417f031a0a594fdf872135d8b0a5983f" candidate_term: 1 candidate_status { last_received { term: 0 index: 0 } } ignore_live_leader: false dest_uuid: "281e31bbeb35489985a537df9ed8b927"
W20260710 13:26:03.539798 28456 leader_election.cc:343] T ba70d731256548958079b71d9a95bc21 P 417f031a0a594fdf872135d8b0a5983f [CANDIDATE]: Term 1 election: Tablet error from VoteRequest() call to peer 281e31bbeb35489985a537df9ed8b927 (127.26.183.66:37219): Illegal state: must be running to vote when last-logged opid is not known
I20260710 13:26:03.539997 28680 raft_consensus.cc:359] T c2b249d36af14b62b57f916e37f9ef07 P 281e31bbeb35489985a537df9ed8b927 [term 0 FOLLOWER]: Replica starting. Triggering 0 pending ops. Active config: opid_index: -1 OBSOLETE_local: false peers { permanent_uuid: "417f031a0a594fdf872135d8b0a5983f" member_type: VOTER last_known_addr { host: "127.26.183.65" port: 37611 } } peers { permanent_uuid: "281e31bbeb35489985a537df9ed8b927" member_type: VOTER last_known_addr { host: "127.26.183.66" port: 37219 } } peers { permanent_uuid: "2fc143c15ce64695b99725f64b60cf13" member_type: VOTER last_known_addr { host: "127.26.183.67" port: 40647 } }
I20260710 13:26:03.540695 28680 raft_consensus.cc:385] T c2b249d36af14b62b57f916e37f9ef07 P 281e31bbeb35489985a537df9ed8b927 [term 0 FOLLOWER]: Consensus starting up: Expiring failure detector timer to make a prompt election more likely
I20260710 13:26:03.540966 28680 raft_consensus.cc:740] T c2b249d36af14b62b57f916e37f9ef07 P 281e31bbeb35489985a537df9ed8b927 [term 0 FOLLOWER]: Becoming Follower/Learner. State: Replica: 281e31bbeb35489985a537df9ed8b927, State: Initialized, Role: FOLLOWER
I20260710 13:26:03.541265 28682 tablet_bootstrap.cc:492] T c2b249d36af14b62b57f916e37f9ef07 P 2fc143c15ce64695b99725f64b60cf13: No bootstrap required, opened a new log
I20260710 13:26:03.541785 28682 ts_tablet_manager.cc:1403] T c2b249d36af14b62b57f916e37f9ef07 P 2fc143c15ce64695b99725f64b60cf13: Time spent bootstrapping tablet: real 0.027s	user 0.007s	sys 0.004s
I20260710 13:26:03.541791 28680 consensus_queue.cc:260] T c2b249d36af14b62b57f916e37f9ef07 P 281e31bbeb35489985a537df9ed8b927 [NON_LEADER]: Queue going to NON_LEADER mode. State: All replicated index: 0, Majority replicated index: 0, Committed index: 0, Last appended: 0.0, Last appended by leader: 0, Current term: 0, Majority size: -1, State: 0, Mode: NON_LEADER, active raft config: opid_index: -1 OBSOLETE_local: false peers { permanent_uuid: "417f031a0a594fdf872135d8b0a5983f" member_type: VOTER last_known_addr { host: "127.26.183.65" port: 37611 } } peers { permanent_uuid: "281e31bbeb35489985a537df9ed8b927" member_type: VOTER last_known_addr { host: "127.26.183.66" port: 37219 } } peers { permanent_uuid: "2fc143c15ce64695b99725f64b60cf13" member_type: VOTER last_known_addr { host: "127.26.183.67" port: 40647 } }
I20260710 13:26:03.544641 28682 raft_consensus.cc:359] T c2b249d36af14b62b57f916e37f9ef07 P 2fc143c15ce64695b99725f64b60cf13 [term 0 FOLLOWER]: Replica starting. Triggering 0 pending ops. Active config: opid_index: -1 OBSOLETE_local: false peers { permanent_uuid: "417f031a0a594fdf872135d8b0a5983f" member_type: VOTER last_known_addr { host: "127.26.183.65" port: 37611 } } peers { permanent_uuid: "281e31bbeb35489985a537df9ed8b927" member_type: VOTER last_known_addr { host: "127.26.183.66" port: 37219 } } peers { permanent_uuid: "2fc143c15ce64695b99725f64b60cf13" member_type: VOTER last_known_addr { host: "127.26.183.67" port: 40647 } }
I20260710 13:26:03.545408 28682 raft_consensus.cc:385] T c2b249d36af14b62b57f916e37f9ef07 P 2fc143c15ce64695b99725f64b60cf13 [term 0 FOLLOWER]: Consensus starting up: Expiring failure detector timer to make a prompt election more likely
I20260710 13:26:03.545722 28682 raft_consensus.cc:740] T c2b249d36af14b62b57f916e37f9ef07 P 2fc143c15ce64695b99725f64b60cf13 [term 0 FOLLOWER]: Becoming Follower/Learner. State: Replica: 2fc143c15ce64695b99725f64b60cf13, State: Initialized, Role: FOLLOWER
I20260710 13:26:03.546572 28682 consensus_queue.cc:260] T c2b249d36af14b62b57f916e37f9ef07 P 2fc143c15ce64695b99725f64b60cf13 [NON_LEADER]: Queue going to NON_LEADER mode. State: All replicated index: 0, Majority replicated index: 0, Committed index: 0, Last appended: 0.0, Last appended by leader: 0, Current term: 0, Majority size: -1, State: 0, Mode: NON_LEADER, active raft config: opid_index: -1 OBSOLETE_local: false peers { permanent_uuid: "417f031a0a594fdf872135d8b0a5983f" member_type: VOTER last_known_addr { host: "127.26.183.65" port: 37611 } } peers { permanent_uuid: "281e31bbeb35489985a537df9ed8b927" member_type: VOTER last_known_addr { host: "127.26.183.66" port: 37219 } } peers { permanent_uuid: "2fc143c15ce64695b99725f64b60cf13" member_type: VOTER last_known_addr { host: "127.26.183.67" port: 40647 } }
I20260710 13:26:03.548854 28680 ts_tablet_manager.cc:1434] T c2b249d36af14b62b57f916e37f9ef07 P 281e31bbeb35489985a537df9ed8b927: Time spent starting tablet: real 0.011s	user 0.006s	sys 0.000s
I20260710 13:26:03.548854 28682 ts_tablet_manager.cc:1434] T c2b249d36af14b62b57f916e37f9ef07 P 2fc143c15ce64695b99725f64b60cf13: Time spent starting tablet: real 0.007s	user 0.005s	sys 0.000s
I20260710 13:26:03.549993 28680 tablet_bootstrap.cc:492] T 6e3646e779a84f42b663df949cdba3ef P 281e31bbeb35489985a537df9ed8b927: Bootstrap starting.
I20260710 13:26:03.549993 28682 tablet_bootstrap.cc:492] T dcc50b51ca4c40999a3c5ce62f43bffd P 2fc143c15ce64695b99725f64b60cf13: Bootstrap starting.
I20260710 13:26:03.556241 28680 tablet_bootstrap.cc:654] T 6e3646e779a84f42b663df949cdba3ef P 281e31bbeb35489985a537df9ed8b927: Neither blocks nor log segments found. Creating new log.
I20260710 13:26:03.556241 28682 tablet_bootstrap.cc:654] T dcc50b51ca4c40999a3c5ce62f43bffd P 2fc143c15ce64695b99725f64b60cf13: Neither blocks nor log segments found. Creating new log.
I20260710 13:26:03.566847 28682 tablet_bootstrap.cc:492] T dcc50b51ca4c40999a3c5ce62f43bffd P 2fc143c15ce64695b99725f64b60cf13: No bootstrap required, opened a new log
I20260710 13:26:03.567520 28682 ts_tablet_manager.cc:1403] T dcc50b51ca4c40999a3c5ce62f43bffd P 2fc143c15ce64695b99725f64b60cf13: Time spent bootstrapping tablet: real 0.018s	user 0.012s	sys 0.003s
I20260710 13:26:03.570538 28682 raft_consensus.cc:359] T dcc50b51ca4c40999a3c5ce62f43bffd P 2fc143c15ce64695b99725f64b60cf13 [term 0 FOLLOWER]: Replica starting. Triggering 0 pending ops. Active config: opid_index: -1 OBSOLETE_local: false peers { permanent_uuid: "417f031a0a594fdf872135d8b0a5983f" member_type: VOTER last_known_addr { host: "127.26.183.65" port: 37611 } } peers { permanent_uuid: "281e31bbeb35489985a537df9ed8b927" member_type: VOTER last_known_addr { host: "127.26.183.66" port: 37219 } } peers { permanent_uuid: "2fc143c15ce64695b99725f64b60cf13" member_type: VOTER last_known_addr { host: "127.26.183.67" port: 40647 } }
I20260710 13:26:03.571348 28710 raft_consensus.cc:515] T 60277a1b17234e0795986f6493aec914 P 281e31bbeb35489985a537df9ed8b927 [term 1 FOLLOWER]: Starting leader election with config: opid_index: -1 OBSOLETE_local: false peers { permanent_uuid: "417f031a0a594fdf872135d8b0a5983f" member_type: VOTER last_known_addr { host: "127.26.183.65" port: 37611 } } peers { permanent_uuid: "281e31bbeb35489985a537df9ed8b927" member_type: VOTER last_known_addr { host: "127.26.183.66" port: 37219 } } peers { permanent_uuid: "2fc143c15ce64695b99725f64b60cf13" member_type: VOTER last_known_addr { host: "127.26.183.67" port: 40647 } }
I20260710 13:26:03.572206 28682 raft_consensus.cc:385] T dcc50b51ca4c40999a3c5ce62f43bffd P 2fc143c15ce64695b99725f64b60cf13 [term 0 FOLLOWER]: Consensus starting up: Expiring failure detector timer to make a prompt election more likely
I20260710 13:26:03.572573 28682 raft_consensus.cc:740] T dcc50b51ca4c40999a3c5ce62f43bffd P 2fc143c15ce64695b99725f64b60cf13 [term 0 FOLLOWER]: Becoming Follower/Learner. State: Replica: 2fc143c15ce64695b99725f64b60cf13, State: Initialized, Role: FOLLOWER
I20260710 13:26:03.573411 28682 consensus_queue.cc:260] T dcc50b51ca4c40999a3c5ce62f43bffd P 2fc143c15ce64695b99725f64b60cf13 [NON_LEADER]: Queue going to NON_LEADER mode. State: All replicated index: 0, Majority replicated index: 0, Committed index: 0, Last appended: 0.0, Last appended by leader: 0, Current term: 0, Majority size: -1, State: 0, Mode: NON_LEADER, active raft config: opid_index: -1 OBSOLETE_local: false peers { permanent_uuid: "417f031a0a594fdf872135d8b0a5983f" member_type: VOTER last_known_addr { host: "127.26.183.65" port: 37611 } } peers { permanent_uuid: "281e31bbeb35489985a537df9ed8b927" member_type: VOTER last_known_addr { host: "127.26.183.66" port: 37219 } } peers { permanent_uuid: "2fc143c15ce64695b99725f64b60cf13" member_type: VOTER last_known_addr { host: "127.26.183.67" port: 40647 } }
I20260710 13:26:03.575712 28490 tablet_service.cc:1917] Received RequestConsensusVote() RPC: tablet_id: "60277a1b17234e0795986f6493aec914" candidate_uuid: "281e31bbeb35489985a537df9ed8b927" candidate_term: 1 candidate_status { last_received { term: 0 index: 0 } } ignore_live_leader: false dest_uuid: "417f031a0a594fdf872135d8b0a5983f"
I20260710 13:26:03.576300 28490 raft_consensus.cc:3060] T 60277a1b17234e0795986f6493aec914 P 417f031a0a594fdf872135d8b0a5983f [term 0 FOLLOWER]: Advancing to term 1
I20260710 13:26:03.579113 28682 ts_tablet_manager.cc:1434] T dcc50b51ca4c40999a3c5ce62f43bffd P 2fc143c15ce64695b99725f64b60cf13: Time spent starting tablet: real 0.011s	user 0.006s	sys 0.000s
I20260710 13:26:03.580210 28682 tablet_bootstrap.cc:492] T 6e3646e779a84f42b663df949cdba3ef P 2fc143c15ce64695b99725f64b60cf13: Bootstrap starting.
I20260710 13:26:03.583047 28637 tablet_service.cc:1917] Received RequestConsensusVote() RPC: tablet_id: "60277a1b17234e0795986f6493aec914" candidate_uuid: "281e31bbeb35489985a537df9ed8b927" candidate_term: 1 candidate_status { last_received { term: 0 index: 0 } } ignore_live_leader: false dest_uuid: "2fc143c15ce64695b99725f64b60cf13"
I20260710 13:26:03.583715 28637 raft_consensus.cc:3060] T 60277a1b17234e0795986f6493aec914 P 2fc143c15ce64695b99725f64b60cf13 [term 0 FOLLOWER]: Advancing to term 1
I20260710 13:26:03.586051 28682 tablet_bootstrap.cc:654] T 6e3646e779a84f42b663df949cdba3ef P 2fc143c15ce64695b99725f64b60cf13: Neither blocks nor log segments found. Creating new log.
I20260710 13:26:03.592671 28490 raft_consensus.cc:2468] T 60277a1b17234e0795986f6493aec914 P 417f031a0a594fdf872135d8b0a5983f [term 1 FOLLOWER]: Leader election vote request: Granting yes vote for candidate 281e31bbeb35489985a537df9ed8b927 in term 1.
I20260710 13:26:03.593801 28743 consensus_queue.cc:1048] T 6fc76a8a8ffc42bf94c820a05c912622 P 417f031a0a594fdf872135d8b0a5983f [LEADER]: Connected to new peer: Peer: permanent_uuid: "281e31bbeb35489985a537df9ed8b927" member_type: VOTER last_known_addr { host: "127.26.183.66" port: 37219 }, Status: LMP_MISMATCH, Last received: 0.0, Next index: 1, Last known committed idx: 0, Time since last communication: 0.001s
I20260710 13:26:03.594138 28528 leader_election.cc:304] T 60277a1b17234e0795986f6493aec914 P 281e31bbeb35489985a537df9ed8b927 [CANDIDATE]: Term 1 election: Election decided. Result: candidate won. Election summary: received 2 responses out of 3 voters: 2 yes votes; 0 no votes. yes voters: 281e31bbeb35489985a537df9ed8b927, 417f031a0a594fdf872135d8b0a5983f; no voters: 
I20260710 13:26:03.595150 28711 raft_consensus.cc:2804] T 60277a1b17234e0795986f6493aec914 P 281e31bbeb35489985a537df9ed8b927 [term 1 FOLLOWER]: Leader election won for term 1
I20260710 13:26:03.595647 28711 raft_consensus.cc:697] T 60277a1b17234e0795986f6493aec914 P 281e31bbeb35489985a537df9ed8b927 [term 1 LEADER]: Becoming Leader. State: Replica: 281e31bbeb35489985a537df9ed8b927, State: Running, Role: LEADER
I20260710 13:26:03.596454 28711 consensus_queue.cc:237] T 60277a1b17234e0795986f6493aec914 P 281e31bbeb35489985a537df9ed8b927 [LEADER]: Queue going to LEADER mode. State: All replicated index: 0, Majority replicated index: 0, Committed index: 0, Last appended: 0.0, Last appended by leader: 0, Current term: 1, Majority size: 2, State: 0, Mode: LEADER, active raft config: opid_index: -1 OBSOLETE_local: false peers { permanent_uuid: "417f031a0a594fdf872135d8b0a5983f" member_type: VOTER last_known_addr { host: "127.26.183.65" port: 37611 } } peers { permanent_uuid: "281e31bbeb35489985a537df9ed8b927" member_type: VOTER last_known_addr { host: "127.26.183.66" port: 37219 } } peers { permanent_uuid: "2fc143c15ce64695b99725f64b60cf13" member_type: VOTER last_known_addr { host: "127.26.183.67" port: 40647 } }
I20260710 13:26:03.597671 28682 tablet_bootstrap.cc:492] T 6e3646e779a84f42b663df949cdba3ef P 2fc143c15ce64695b99725f64b60cf13: No bootstrap required, opened a new log
I20260710 13:26:03.598197 28682 ts_tablet_manager.cc:1403] T 6e3646e779a84f42b663df949cdba3ef P 2fc143c15ce64695b99725f64b60cf13: Time spent bootstrapping tablet: real 0.018s	user 0.010s	sys 0.007s
I20260710 13:26:03.601233 28682 raft_consensus.cc:359] T 6e3646e779a84f42b663df949cdba3ef P 2fc143c15ce64695b99725f64b60cf13 [term 0 FOLLOWER]: Replica starting. Triggering 0 pending ops. Active config: opid_index: -1 OBSOLETE_local: false peers { permanent_uuid: "417f031a0a594fdf872135d8b0a5983f" member_type: VOTER last_known_addr { host: "127.26.183.65" port: 37611 } } peers { permanent_uuid: "281e31bbeb35489985a537df9ed8b927" member_type: VOTER last_known_addr { host: "127.26.183.66" port: 37219 } } peers { permanent_uuid: "2fc143c15ce64695b99725f64b60cf13" member_type: VOTER last_known_addr { host: "127.26.183.67" port: 40647 } }
I20260710 13:26:03.602205 28682 raft_consensus.cc:385] T 6e3646e779a84f42b663df949cdba3ef P 2fc143c15ce64695b99725f64b60cf13 [term 0 FOLLOWER]: Consensus starting up: Expiring failure detector timer to make a prompt election more likely
I20260710 13:26:03.602564 28682 raft_consensus.cc:740] T 6e3646e779a84f42b663df949cdba3ef P 2fc143c15ce64695b99725f64b60cf13 [term 0 FOLLOWER]: Becoming Follower/Learner. State: Replica: 2fc143c15ce64695b99725f64b60cf13, State: Initialized, Role: FOLLOWER
I20260710 13:26:03.601497 28637 raft_consensus.cc:2468] T 60277a1b17234e0795986f6493aec914 P 2fc143c15ce64695b99725f64b60cf13 [term 1 FOLLOWER]: Leader election vote request: Granting yes vote for candidate 281e31bbeb35489985a537df9ed8b927 in term 1.
I20260710 13:26:03.603334 28682 consensus_queue.cc:260] T 6e3646e779a84f42b663df949cdba3ef P 2fc143c15ce64695b99725f64b60cf13 [NON_LEADER]: Queue going to NON_LEADER mode. State: All replicated index: 0, Majority replicated index: 0, Committed index: 0, Last appended: 0.0, Last appended by leader: 0, Current term: 0, Majority size: -1, State: 0, Mode: NON_LEADER, active raft config: opid_index: -1 OBSOLETE_local: false peers { permanent_uuid: "417f031a0a594fdf872135d8b0a5983f" member_type: VOTER last_known_addr { host: "127.26.183.65" port: 37611 } } peers { permanent_uuid: "281e31bbeb35489985a537df9ed8b927" member_type: VOTER last_known_addr { host: "127.26.183.66" port: 37219 } } peers { permanent_uuid: "2fc143c15ce64695b99725f64b60cf13" member_type: VOTER last_known_addr { host: "127.26.183.67" port: 40647 } }
I20260710 13:26:03.605032 28728 raft_consensus.cc:493] T 7089ea5e7e694c3989271c1ae424c404 P 2fc143c15ce64695b99725f64b60cf13 [term 0 FOLLOWER]: Starting pre-election (no leader contacted us within the election timeout)
I20260710 13:26:03.605587 28728 raft_consensus.cc:515] T 7089ea5e7e694c3989271c1ae424c404 P 2fc143c15ce64695b99725f64b60cf13 [term 0 FOLLOWER]: Starting pre-election with config: opid_index: -1 OBSOLETE_local: false peers { permanent_uuid: "417f031a0a594fdf872135d8b0a5983f" member_type: VOTER last_known_addr { host: "127.26.183.65" port: 37611 } } peers { permanent_uuid: "281e31bbeb35489985a537df9ed8b927" member_type: VOTER last_known_addr { host: "127.26.183.66" port: 37219 } } peers { permanent_uuid: "2fc143c15ce64695b99725f64b60cf13" member_type: VOTER last_known_addr { host: "127.26.183.67" port: 40647 } }
I20260710 13:26:03.606339 28680 tablet_bootstrap.cc:492] T 6e3646e779a84f42b663df949cdba3ef P 281e31bbeb35489985a537df9ed8b927: No bootstrap required, opened a new log
I20260710 13:26:03.606798 28680 ts_tablet_manager.cc:1403] T 6e3646e779a84f42b663df949cdba3ef P 281e31bbeb35489985a537df9ed8b927: Time spent bootstrapping tablet: real 0.057s	user 0.012s	sys 0.011s
I20260710 13:26:03.606844 28682 ts_tablet_manager.cc:1434] T 6e3646e779a84f42b663df949cdba3ef P 2fc143c15ce64695b99725f64b60cf13: Time spent starting tablet: real 0.008s	user 0.005s	sys 0.001s
I20260710 13:26:03.608064 28728 leader_election.cc:290] T 7089ea5e7e694c3989271c1ae424c404 P 2fc143c15ce64695b99725f64b60cf13 [CANDIDATE]: Term 1 pre-election: Requested pre-vote from peers 417f031a0a594fdf872135d8b0a5983f (127.26.183.65:37611), 281e31bbeb35489985a537df9ed8b927 (127.26.183.66:37219)
I20260710 13:26:03.608867 28682 tablet_bootstrap.cc:492] T 849145d902c04a2ca4cb3fd944e2e2b4 P 2fc143c15ce64695b99725f64b60cf13: Bootstrap starting.
I20260710 13:26:03.609093 28563 tablet_service.cc:1917] Received RequestConsensusVote() RPC: tablet_id: "7089ea5e7e694c3989271c1ae424c404" candidate_uuid: "2fc143c15ce64695b99725f64b60cf13" candidate_term: 1 candidate_status { last_received { term: 0 index: 0 } } ignore_live_leader: false dest_uuid: "281e31bbeb35489985a537df9ed8b927" is_pre_election: true
I20260710 13:26:03.611142 28490 tablet_service.cc:1917] Received RequestConsensusVote() RPC: tablet_id: "7089ea5e7e694c3989271c1ae424c404" candidate_uuid: "2fc143c15ce64695b99725f64b60cf13" candidate_term: 1 candidate_status { last_received { term: 0 index: 0 } } ignore_live_leader: false dest_uuid: "417f031a0a594fdf872135d8b0a5983f" is_pre_election: true
I20260710 13:26:03.614212 28490 raft_consensus.cc:2393] T 7089ea5e7e694c3989271c1ae424c404 P 417f031a0a594fdf872135d8b0a5983f [term 1 FOLLOWER]: Leader pre-election vote request: Denying vote to candidate 2fc143c15ce64695b99725f64b60cf13 in current term 1: Already voted for candidate 281e31bbeb35489985a537df9ed8b927 in this term.
I20260710 13:26:03.615552 28682 tablet_bootstrap.cc:654] T 849145d902c04a2ca4cb3fd944e2e2b4 P 2fc143c15ce64695b99725f64b60cf13: Neither blocks nor log segments found. Creating new log.
I20260710 13:26:03.615360 28602 leader_election.cc:304] T 7089ea5e7e694c3989271c1ae424c404 P 2fc143c15ce64695b99725f64b60cf13 [CANDIDATE]: Term 1 pre-election: Election decided. Result: candidate lost. Election summary: received 3 responses out of 3 voters: 1 yes votes; 2 no votes. yes voters: 2fc143c15ce64695b99725f64b60cf13; no voters: 281e31bbeb35489985a537df9ed8b927, 417f031a0a594fdf872135d8b0a5983f
I20260710 13:26:03.616542 28728 raft_consensus.cc:3060] T 7089ea5e7e694c3989271c1ae424c404 P 2fc143c15ce64695b99725f64b60cf13 [term 0 FOLLOWER]: Advancing to term 1
I20260710 13:26:03.624229 28728 raft_consensus.cc:2749] T 7089ea5e7e694c3989271c1ae424c404 P 2fc143c15ce64695b99725f64b60cf13 [term 1 FOLLOWER]: Leader pre-election lost for term 1. Reason: could not achieve majority
I20260710 13:26:03.627205 28637 tablet_service.cc:1917] Received RequestConsensusVote() RPC: tablet_id: "ba70d731256548958079b71d9a95bc21" candidate_uuid: "417f031a0a594fdf872135d8b0a5983f" candidate_term: 1 candidate_status { last_received { term: 0 index: 0 } } ignore_live_leader: false dest_uuid: "2fc143c15ce64695b99725f64b60cf13"
I20260710 13:26:03.628003 28637 raft_consensus.cc:3060] T ba70d731256548958079b71d9a95bc21 P 2fc143c15ce64695b99725f64b60cf13 [term 0 FOLLOWER]: Advancing to term 1
I20260710 13:26:03.630707 28680 raft_consensus.cc:359] T 6e3646e779a84f42b663df949cdba3ef P 281e31bbeb35489985a537df9ed8b927 [term 0 FOLLOWER]: Replica starting. Triggering 0 pending ops. Active config: opid_index: -1 OBSOLETE_local: false peers { permanent_uuid: "417f031a0a594fdf872135d8b0a5983f" member_type: VOTER last_known_addr { host: "127.26.183.65" port: 37611 } } peers { permanent_uuid: "281e31bbeb35489985a537df9ed8b927" member_type: VOTER last_known_addr { host: "127.26.183.66" port: 37219 } } peers { permanent_uuid: "2fc143c15ce64695b99725f64b60cf13" member_type: VOTER last_known_addr { host: "127.26.183.67" port: 40647 } }
I20260710 13:26:03.631388 28680 raft_consensus.cc:385] T 6e3646e779a84f42b663df949cdba3ef P 281e31bbeb35489985a537df9ed8b927 [term 0 FOLLOWER]: Consensus starting up: Expiring failure detector timer to make a prompt election more likely
I20260710 13:26:03.631413 28682 tablet_bootstrap.cc:492] T 849145d902c04a2ca4cb3fd944e2e2b4 P 2fc143c15ce64695b99725f64b60cf13: No bootstrap required, opened a new log
I20260710 13:26:03.631704 28680 raft_consensus.cc:740] T 6e3646e779a84f42b663df949cdba3ef P 281e31bbeb35489985a537df9ed8b927 [term 0 FOLLOWER]: Becoming Follower/Learner. State: Replica: 281e31bbeb35489985a537df9ed8b927, State: Initialized, Role: FOLLOWER
I20260710 13:26:03.632084 28682 ts_tablet_manager.cc:1403] T 849145d902c04a2ca4cb3fd944e2e2b4 P 2fc143c15ce64695b99725f64b60cf13: Time spent bootstrapping tablet: real 0.023s	user 0.013s	sys 0.004s
I20260710 13:26:03.634907 28682 raft_consensus.cc:359] T 849145d902c04a2ca4cb3fd944e2e2b4 P 2fc143c15ce64695b99725f64b60cf13 [term 0 FOLLOWER]: Replica starting. Triggering 0 pending ops. Active config: opid_index: -1 OBSOLETE_local: false peers { permanent_uuid: "417f031a0a594fdf872135d8b0a5983f" member_type: VOTER last_known_addr { host: "127.26.183.65" port: 37611 } } peers { permanent_uuid: "281e31bbeb35489985a537df9ed8b927" member_type: VOTER last_known_addr { host: "127.26.183.66" port: 37219 } } peers { permanent_uuid: "2fc143c15ce64695b99725f64b60cf13" member_type: VOTER last_known_addr { host: "127.26.183.67" port: 40647 } }
I20260710 13:26:03.635391 28680 consensus_queue.cc:260] T 6e3646e779a84f42b663df949cdba3ef P 281e31bbeb35489985a537df9ed8b927 [NON_LEADER]: Queue going to NON_LEADER mode. State: All replicated index: 0, Majority replicated index: 0, Committed index: 0, Last appended: 0.0, Last appended by leader: 0, Current term: 0, Majority size: -1, State: 0, Mode: NON_LEADER, active raft config: opid_index: -1 OBSOLETE_local: false peers { permanent_uuid: "417f031a0a594fdf872135d8b0a5983f" member_type: VOTER last_known_addr { host: "127.26.183.65" port: 37611 } } peers { permanent_uuid: "281e31bbeb35489985a537df9ed8b927" member_type: VOTER last_known_addr { host: "127.26.183.66" port: 37219 } } peers { permanent_uuid: "2fc143c15ce64695b99725f64b60cf13" member_type: VOTER last_known_addr { host: "127.26.183.67" port: 40647 } }
I20260710 13:26:03.637204 28682 raft_consensus.cc:385] T 849145d902c04a2ca4cb3fd944e2e2b4 P 2fc143c15ce64695b99725f64b60cf13 [term 0 FOLLOWER]: Consensus starting up: Expiring failure detector timer to make a prompt election more likely
I20260710 13:26:03.636814 28637 raft_consensus.cc:2468] T ba70d731256548958079b71d9a95bc21 P 2fc143c15ce64695b99725f64b60cf13 [term 1 FOLLOWER]: Leader election vote request: Granting yes vote for candidate 417f031a0a594fdf872135d8b0a5983f in term 1.
I20260710 13:26:03.637647 28682 raft_consensus.cc:740] T 849145d902c04a2ca4cb3fd944e2e2b4 P 2fc143c15ce64695b99725f64b60cf13 [term 0 FOLLOWER]: Becoming Follower/Learner. State: Replica: 2fc143c15ce64695b99725f64b60cf13, State: Initialized, Role: FOLLOWER
I20260710 13:26:03.638536 28680 ts_tablet_manager.cc:1434] T 6e3646e779a84f42b663df949cdba3ef P 281e31bbeb35489985a537df9ed8b927: Time spent starting tablet: real 0.031s	user 0.008s	sys 0.000s
I20260710 13:26:03.639098 28453 leader_election.cc:304] T ba70d731256548958079b71d9a95bc21 P 417f031a0a594fdf872135d8b0a5983f [CANDIDATE]: Term 1 election: Election decided. Result: candidate won. Election summary: received 3 responses out of 3 voters: 2 yes votes; 1 no votes. yes voters: 2fc143c15ce64695b99725f64b60cf13, 417f031a0a594fdf872135d8b0a5983f; no voters: 281e31bbeb35489985a537df9ed8b927
I20260710 13:26:03.638999 28682 consensus_queue.cc:260] T 849145d902c04a2ca4cb3fd944e2e2b4 P 2fc143c15ce64695b99725f64b60cf13 [NON_LEADER]: Queue going to NON_LEADER mode. State: All replicated index: 0, Majority replicated index: 0, Committed index: 0, Last appended: 0.0, Last appended by leader: 0, Current term: 0, Majority size: -1, State: 0, Mode: NON_LEADER, active raft config: opid_index: -1 OBSOLETE_local: false peers { permanent_uuid: "417f031a0a594fdf872135d8b0a5983f" member_type: VOTER last_known_addr { host: "127.26.183.65" port: 37611 } } peers { permanent_uuid: "281e31bbeb35489985a537df9ed8b927" member_type: VOTER last_known_addr { host: "127.26.183.66" port: 37219 } } peers { permanent_uuid: "2fc143c15ce64695b99725f64b60cf13" member_type: VOTER last_known_addr { host: "127.26.183.67" port: 40647 } }
I20260710 13:26:03.639755 28680 tablet_bootstrap.cc:492] T ba70d731256548958079b71d9a95bc21 P 281e31bbeb35489985a537df9ed8b927: Bootstrap starting.
I20260710 13:26:03.640048 28743 raft_consensus.cc:2804] T ba70d731256548958079b71d9a95bc21 P 417f031a0a594fdf872135d8b0a5983f [term 1 FOLLOWER]: Leader election won for term 1
I20260710 13:26:03.640718 28743 raft_consensus.cc:697] T ba70d731256548958079b71d9a95bc21 P 417f031a0a594fdf872135d8b0a5983f [term 1 LEADER]: Becoming Leader. State: Replica: 417f031a0a594fdf872135d8b0a5983f, State: Running, Role: LEADER
I20260710 13:26:03.640884 28688 raft_consensus.cc:493] T 08786490381d41e9a90e7eea1d82a140 P 281e31bbeb35489985a537df9ed8b927 [term 0 FOLLOWER]: Starting pre-election (no leader contacted us within the election timeout)
I20260710 13:26:03.641348 28688 raft_consensus.cc:515] T 08786490381d41e9a90e7eea1d82a140 P 281e31bbeb35489985a537df9ed8b927 [term 0 FOLLOWER]: Starting pre-election with config: opid_index: -1 OBSOLETE_local: false peers { permanent_uuid: "417f031a0a594fdf872135d8b0a5983f" member_type: VOTER last_known_addr { host: "127.26.183.65" port: 37611 } } peers { permanent_uuid: "281e31bbeb35489985a537df9ed8b927" member_type: VOTER last_known_addr { host: "127.26.183.66" port: 37219 } } peers { permanent_uuid: "2fc143c15ce64695b99725f64b60cf13" member_type: VOTER last_known_addr { host: "127.26.183.67" port: 40647 } }
I20260710 13:26:03.641666 28743 consensus_queue.cc:237] T ba70d731256548958079b71d9a95bc21 P 417f031a0a594fdf872135d8b0a5983f [LEADER]: Queue going to LEADER mode. State: All replicated index: 0, Majority replicated index: 0, Committed index: 0, Last appended: 0.0, Last appended by leader: 0, Current term: 1, Majority size: 2, State: 0, Mode: LEADER, active raft config: opid_index: -1 OBSOLETE_local: false peers { permanent_uuid: "417f031a0a594fdf872135d8b0a5983f" member_type: VOTER last_known_addr { host: "127.26.183.65" port: 37611 } } peers { permanent_uuid: "281e31bbeb35489985a537df9ed8b927" member_type: VOTER last_known_addr { host: "127.26.183.66" port: 37219 } } peers { permanent_uuid: "2fc143c15ce64695b99725f64b60cf13" member_type: VOTER last_known_addr { host: "127.26.183.67" port: 40647 } }
I20260710 13:26:03.644819 28490 tablet_service.cc:1917] Received RequestConsensusVote() RPC: tablet_id: "08786490381d41e9a90e7eea1d82a140" candidate_uuid: "281e31bbeb35489985a537df9ed8b927" candidate_term: 1 candidate_status { last_received { term: 0 index: 0 } } ignore_live_leader: false dest_uuid: "417f031a0a594fdf872135d8b0a5983f" is_pre_election: true
I20260710 13:26:03.645640 28490 raft_consensus.cc:2393] T 08786490381d41e9a90e7eea1d82a140 P 417f031a0a594fdf872135d8b0a5983f [term 1 FOLLOWER]: Leader pre-election vote request: Denying vote to candidate 281e31bbeb35489985a537df9ed8b927 in current term 1: Already voted for candidate 417f031a0a594fdf872135d8b0a5983f in this term.
I20260710 13:26:03.648437 28698 leader_election.cc:290] T ba70d731256548958079b71d9a95bc21 P 417f031a0a594fdf872135d8b0a5983f [CANDIDATE]: Term 1 election: Requested vote from peers 281e31bbeb35489985a537df9ed8b927 (127.26.183.66:37219), 2fc143c15ce64695b99725f64b60cf13 (127.26.183.67:40647)
I20260710 13:26:03.573637 28710 leader_election.cc:290] T 60277a1b17234e0795986f6493aec914 P 281e31bbeb35489985a537df9ed8b927 [CANDIDATE]: Term 1 election: Requested vote from peers 417f031a0a594fdf872135d8b0a5983f (127.26.183.65:37611), 2fc143c15ce64695b99725f64b60cf13 (127.26.183.67:40647)
I20260710 13:26:03.650378 28688 leader_election.cc:290] T 08786490381d41e9a90e7eea1d82a140 P 281e31bbeb35489985a537df9ed8b927 [CANDIDATE]: Term 1 pre-election: Requested pre-vote from peers 417f031a0a594fdf872135d8b0a5983f (127.26.183.65:37611), 2fc143c15ce64695b99725f64b60cf13 (127.26.183.67:40647)
I20260710 13:26:03.641368 28682 ts_tablet_manager.cc:1434] T 849145d902c04a2ca4cb3fd944e2e2b4 P 2fc143c15ce64695b99725f64b60cf13: Time spent starting tablet: real 0.009s	user 0.004s	sys 0.000s
I20260710 13:26:03.651849 28682 tablet_bootstrap.cc:492] T 9c1297fd3d944c9da46ffff8d5d5110f P 2fc143c15ce64695b99725f64b60cf13: Bootstrap starting.
I20260710 13:26:03.654227 28637 tablet_service.cc:1917] Received RequestConsensusVote() RPC: tablet_id: "08786490381d41e9a90e7eea1d82a140" candidate_uuid: "281e31bbeb35489985a537df9ed8b927" candidate_term: 1 candidate_status { last_received { term: 0 index: 0 } } ignore_live_leader: false dest_uuid: "2fc143c15ce64695b99725f64b60cf13" is_pre_election: true
I20260710 13:26:03.655683 28637 raft_consensus.cc:2393] T 08786490381d41e9a90e7eea1d82a140 P 2fc143c15ce64695b99725f64b60cf13 [term 1 FOLLOWER]: Leader pre-election vote request: Denying vote to candidate 281e31bbeb35489985a537df9ed8b927 in current term 1: Already voted for candidate 2fc143c15ce64695b99725f64b60cf13 in this term.
I20260710 13:26:03.656801 28688 raft_consensus.cc:493] T 0bef1074c4994ab09bccb8b41249becb P 281e31bbeb35489985a537df9ed8b927 [term 0 FOLLOWER]: Starting pre-election (no leader contacted us within the election timeout)
I20260710 13:26:03.657267 28528 leader_election.cc:304] T 08786490381d41e9a90e7eea1d82a140 P 281e31bbeb35489985a537df9ed8b927 [CANDIDATE]: Term 1 pre-election: Election decided. Result: candidate lost. Election summary: received 3 responses out of 3 voters: 1 yes votes; 2 no votes. yes voters: 281e31bbeb35489985a537df9ed8b927; no voters: 2fc143c15ce64695b99725f64b60cf13, 417f031a0a594fdf872135d8b0a5983f
I20260710 13:26:03.657341 28688 raft_consensus.cc:515] T 0bef1074c4994ab09bccb8b41249becb P 281e31bbeb35489985a537df9ed8b927 [term 0 FOLLOWER]: Starting pre-election with config: opid_index: -1 OBSOLETE_local: false peers { permanent_uuid: "417f031a0a594fdf872135d8b0a5983f" member_type: VOTER last_known_addr { host: "127.26.183.65" port: 37611 } } peers { permanent_uuid: "281e31bbeb35489985a537df9ed8b927" member_type: VOTER last_known_addr { host: "127.26.183.66" port: 37219 } } peers { permanent_uuid: "2fc143c15ce64695b99725f64b60cf13" member_type: VOTER last_known_addr { host: "127.26.183.67" port: 40647 } }
I20260710 13:26:03.659911 28688 leader_election.cc:290] T 0bef1074c4994ab09bccb8b41249becb P 281e31bbeb35489985a537df9ed8b927 [CANDIDATE]: Term 1 pre-election: Requested pre-vote from peers 417f031a0a594fdf872135d8b0a5983f (127.26.183.65:37611), 2fc143c15ce64695b99725f64b60cf13 (127.26.183.67:40647)
I20260710 13:26:03.649839 28680 tablet_bootstrap.cc:654] T ba70d731256548958079b71d9a95bc21 P 281e31bbeb35489985a537df9ed8b927: Neither blocks nor log segments found. Creating new log.
I20260710 13:26:03.661600 28490 tablet_service.cc:1917] Received RequestConsensusVote() RPC: tablet_id: "0bef1074c4994ab09bccb8b41249becb" candidate_uuid: "281e31bbeb35489985a537df9ed8b927" candidate_term: 1 candidate_status { last_received { term: 0 index: 0 } } ignore_live_leader: false dest_uuid: "417f031a0a594fdf872135d8b0a5983f" is_pre_election: true
I20260710 13:26:03.662631 28490 raft_consensus.cc:2393] T 0bef1074c4994ab09bccb8b41249becb P 417f031a0a594fdf872135d8b0a5983f [term 1 FOLLOWER]: Leader pre-election vote request: Denying vote to candidate 281e31bbeb35489985a537df9ed8b927 in current term 1: Already voted for candidate 2fc143c15ce64695b99725f64b60cf13 in this term.
I20260710 13:26:03.663960 28682 tablet_bootstrap.cc:654] T 9c1297fd3d944c9da46ffff8d5d5110f P 2fc143c15ce64695b99725f64b60cf13: Neither blocks nor log segments found. Creating new log.
I20260710 13:26:03.664546 28637 tablet_service.cc:1917] Received RequestConsensusVote() RPC: tablet_id: "0bef1074c4994ab09bccb8b41249becb" candidate_uuid: "281e31bbeb35489985a537df9ed8b927" candidate_term: 1 candidate_status { last_received { term: 0 index: 0 } } ignore_live_leader: false dest_uuid: "2fc143c15ce64695b99725f64b60cf13" is_pre_election: true
I20260710 13:26:03.665361 28759 raft_consensus.cc:3060] T 08786490381d41e9a90e7eea1d82a140 P 281e31bbeb35489985a537df9ed8b927 [term 0 FOLLOWER]: Advancing to term 1
I20260710 13:26:03.666064 28698 raft_consensus.cc:493] T 9c1297fd3d944c9da46ffff8d5d5110f P 417f031a0a594fdf872135d8b0a5983f [term 0 FOLLOWER]: Starting pre-election (no leader contacted us within the election timeout)
I20260710 13:26:03.668454 28698 raft_consensus.cc:515] T 9c1297fd3d944c9da46ffff8d5d5110f P 417f031a0a594fdf872135d8b0a5983f [term 0 FOLLOWER]: Starting pre-election with config: opid_index: -1 OBSOLETE_local: false peers { permanent_uuid: "417f031a0a594fdf872135d8b0a5983f" member_type: VOTER last_known_addr { host: "127.26.183.65" port: 37611 } } peers { permanent_uuid: "281e31bbeb35489985a537df9ed8b927" member_type: VOTER last_known_addr { host: "127.26.183.66" port: 37219 } } peers { permanent_uuid: "2fc143c15ce64695b99725f64b60cf13" member_type: VOTER last_known_addr { host: "127.26.183.67" port: 40647 } }
I20260710 13:26:03.670338 28680 tablet_bootstrap.cc:492] T ba70d731256548958079b71d9a95bc21 P 281e31bbeb35489985a537df9ed8b927: No bootstrap required, opened a new log
I20260710 13:26:03.672179 28680 ts_tablet_manager.cc:1403] T ba70d731256548958079b71d9a95bc21 P 281e31bbeb35489985a537df9ed8b927: Time spent bootstrapping tablet: real 0.033s	user 0.012s	sys 0.000s
I20260710 13:26:03.690431 28728 raft_consensus.cc:493] T 6e3646e779a84f42b663df949cdba3ef P 2fc143c15ce64695b99725f64b60cf13 [term 0 FOLLOWER]: Starting pre-election (no leader contacted us within the election timeout)
I20260710 13:26:03.679003 28386 catalog_manager.cc:5697] T 60277a1b17234e0795986f6493aec914 P 281e31bbeb35489985a537df9ed8b927 reported cstate change: term changed from 0 to 1, leader changed from <none> to 281e31bbeb35489985a537df9ed8b927 (127.26.183.66). New cstate: current_term: 1 leader_uuid: "281e31bbeb35489985a537df9ed8b927" committed_config { opid_index: -1 OBSOLETE_local: false peers { permanent_uuid: "417f031a0a594fdf872135d8b0a5983f" member_type: VOTER last_known_addr { host: "127.26.183.65" port: 37611 } health_report { overall_health: UNKNOWN } } peers { permanent_uuid: "281e31bbeb35489985a537df9ed8b927" member_type: VOTER last_known_addr { host: "127.26.183.66" port: 37219 } health_report { overall_health: HEALTHY } } peers { permanent_uuid: "2fc143c15ce64695b99725f64b60cf13" member_type: VOTER last_known_addr { host: "127.26.183.67" port: 40647 } health_report { overall_health: UNKNOWN } } }
I20260710 13:26:03.698113 28728 raft_consensus.cc:515] T 6e3646e779a84f42b663df949cdba3ef P 2fc143c15ce64695b99725f64b60cf13 [term 0 FOLLOWER]: Starting pre-election with config: opid_index: -1 OBSOLETE_local: false peers { permanent_uuid: "417f031a0a594fdf872135d8b0a5983f" member_type: VOTER last_known_addr { host: "127.26.183.65" port: 37611 } } peers { permanent_uuid: "281e31bbeb35489985a537df9ed8b927" member_type: VOTER last_known_addr { host: "127.26.183.66" port: 37219 } } peers { permanent_uuid: "2fc143c15ce64695b99725f64b60cf13" member_type: VOTER last_known_addr { host: "127.26.183.67" port: 40647 } }
I20260710 13:26:03.737027 28688 raft_consensus.cc:493] T 6e3646e779a84f42b663df949cdba3ef P 281e31bbeb35489985a537df9ed8b927 [term 0 FOLLOWER]: Starting pre-election (no leader contacted us within the election timeout)
I20260710 13:26:03.675132 28528 leader_election.cc:304] T 0bef1074c4994ab09bccb8b41249becb P 281e31bbeb35489985a537df9ed8b927 [CANDIDATE]: Term 1 pre-election: Election decided. Result: candidate lost. Election summary: received 3 responses out of 3 voters: 1 yes votes; 2 no votes. yes voters: 281e31bbeb35489985a537df9ed8b927; no voters: 2fc143c15ce64695b99725f64b60cf13, 417f031a0a594fdf872135d8b0a5983f
I20260710 13:26:03.737692 28688 raft_consensus.cc:515] T 6e3646e779a84f42b663df949cdba3ef P 281e31bbeb35489985a537df9ed8b927 [term 0 FOLLOWER]: Starting pre-election with config: opid_index: -1 OBSOLETE_local: false peers { permanent_uuid: "417f031a0a594fdf872135d8b0a5983f" member_type: VOTER last_known_addr { host: "127.26.183.65" port: 37611 } } peers { permanent_uuid: "281e31bbeb35489985a537df9ed8b927" member_type: VOTER last_known_addr { host: "127.26.183.66" port: 37219 } } peers { permanent_uuid: "2fc143c15ce64695b99725f64b60cf13" member_type: VOTER last_known_addr { host: "127.26.183.67" port: 40647 } }
I20260710 13:26:03.759642 28490 tablet_service.cc:1917] Received RequestConsensusVote() RPC: tablet_id: "6e3646e779a84f42b663df949cdba3ef" candidate_uuid: "2fc143c15ce64695b99725f64b60cf13" candidate_term: 1 candidate_status { last_received { term: 0 index: 0 } } ignore_live_leader: false dest_uuid: "417f031a0a594fdf872135d8b0a5983f" is_pre_election: true
I20260710 13:26:03.760092 28728 leader_election.cc:290] T 6e3646e779a84f42b663df949cdba3ef P 2fc143c15ce64695b99725f64b60cf13 [CANDIDATE]: Term 1 pre-election: Requested pre-vote from peers 417f031a0a594fdf872135d8b0a5983f (127.26.183.65:37611), 281e31bbeb35489985a537df9ed8b927 (127.26.183.66:37219)
W20260710 13:26:03.760239 28456 outbound_call.cc:321] RPC callback for RPC call kudu.consensus.ConsensusService.UpdateConsensus -> {remote=127.26.183.66:37219, user_credentials={real_user=slave}} blocked reactor thread for 72653.3us
W20260710 13:26:03.762821 28602 leader_election.cc:343] T 6e3646e779a84f42b663df949cdba3ef P 2fc143c15ce64695b99725f64b60cf13 [CANDIDATE]: Term 1 pre-election: Tablet error from VoteRequest() call to peer 417f031a0a594fdf872135d8b0a5983f (127.26.183.65:37611): Illegal state: must be running to vote when last-logged opid is not known
I20260710 13:26:03.763501 28563 tablet_service.cc:1917] Received RequestConsensusVote() RPC: tablet_id: "6e3646e779a84f42b663df949cdba3ef" candidate_uuid: "2fc143c15ce64695b99725f64b60cf13" candidate_term: 1 candidate_status { last_received { term: 0 index: 0 } } ignore_live_leader: false dest_uuid: "281e31bbeb35489985a537df9ed8b927" is_pre_election: true
I20260710 13:26:03.764113 28563 raft_consensus.cc:2468] T 6e3646e779a84f42b663df949cdba3ef P 281e31bbeb35489985a537df9ed8b927 [term 0 FOLLOWER]: Leader pre-election vote request: Granting yes vote for candidate 2fc143c15ce64695b99725f64b60cf13 in term 0.
I20260710 13:26:03.764904 28710 raft_consensus.cc:3060] T 0bef1074c4994ab09bccb8b41249becb P 281e31bbeb35489985a537df9ed8b927 [term 0 FOLLOWER]: Advancing to term 1
I20260710 13:26:03.740700 28727 raft_consensus.cc:493] T 93bf37aa935f49d78ffcfa488f903378 P 2fc143c15ce64695b99725f64b60cf13 [term 0 FOLLOWER]: Starting pre-election (no leader contacted us within the election timeout)
I20260710 13:26:03.765259 28605 leader_election.cc:304] T 6e3646e779a84f42b663df949cdba3ef P 2fc143c15ce64695b99725f64b60cf13 [CANDIDATE]: Term 1 pre-election: Election decided. Result: candidate won. Election summary: received 3 responses out of 3 voters: 2 yes votes; 1 no votes. yes voters: 281e31bbeb35489985a537df9ed8b927, 2fc143c15ce64695b99725f64b60cf13; no voters: 417f031a0a594fdf872135d8b0a5983f
I20260710 13:26:03.765731 28727 raft_consensus.cc:515] T 93bf37aa935f49d78ffcfa488f903378 P 2fc143c15ce64695b99725f64b60cf13 [term 0 FOLLOWER]: Starting pre-election with config: opid_index: -1 OBSOLETE_local: false peers { permanent_uuid: "417f031a0a594fdf872135d8b0a5983f" member_type: VOTER last_known_addr { host: "127.26.183.65" port: 37611 } } peers { permanent_uuid: "281e31bbeb35489985a537df9ed8b927" member_type: VOTER last_known_addr { host: "127.26.183.66" port: 37219 } } peers { permanent_uuid: "2fc143c15ce64695b99725f64b60cf13" member_type: VOTER last_known_addr { host: "127.26.183.67" port: 40647 } }
I20260710 13:26:03.768016 28727 leader_election.cc:290] T 93bf37aa935f49d78ffcfa488f903378 P 2fc143c15ce64695b99725f64b60cf13 [CANDIDATE]: Term 1 pre-election: Requested pre-vote from peers 417f031a0a594fdf872135d8b0a5983f (127.26.183.65:37611), 281e31bbeb35489985a537df9ed8b927 (127.26.183.66:37219)
I20260710 13:26:03.768980 28688 leader_election.cc:290] T 6e3646e779a84f42b663df949cdba3ef P 281e31bbeb35489985a537df9ed8b927 [CANDIDATE]: Term 1 pre-election: Requested pre-vote from peers 417f031a0a594fdf872135d8b0a5983f (127.26.183.65:37611), 2fc143c15ce64695b99725f64b60cf13 (127.26.183.67:40647)
I20260710 13:26:03.770036 28687 raft_consensus.cc:2804] T 6e3646e779a84f42b663df949cdba3ef P 2fc143c15ce64695b99725f64b60cf13 [term 0 FOLLOWER]: Leader pre-election won for term 1
I20260710 13:26:03.770732 28563 tablet_service.cc:1917] Received RequestConsensusVote() RPC: tablet_id: "93bf37aa935f49d78ffcfa488f903378" candidate_uuid: "2fc143c15ce64695b99725f64b60cf13" candidate_term: 1 candidate_status { last_received { term: 0 index: 0 } } ignore_live_leader: false dest_uuid: "281e31bbeb35489985a537df9ed8b927" is_pre_election: true
I20260710 13:26:03.771348 28563 raft_consensus.cc:2468] T 93bf37aa935f49d78ffcfa488f903378 P 281e31bbeb35489985a537df9ed8b927 [term 0 FOLLOWER]: Leader pre-election vote request: Granting yes vote for candidate 2fc143c15ce64695b99725f64b60cf13 in term 0.
I20260710 13:26:03.770767 28687 raft_consensus.cc:493] T 6e3646e779a84f42b663df949cdba3ef P 2fc143c15ce64695b99725f64b60cf13 [term 0 FOLLOWER]: Starting leader election (no leader contacted us within the election timeout)
I20260710 13:26:03.772464 28687 raft_consensus.cc:3060] T 6e3646e779a84f42b663df949cdba3ef P 2fc143c15ce64695b99725f64b60cf13 [term 0 FOLLOWER]: Advancing to term 1
I20260710 13:26:03.772804 28679 tablet_bootstrap.cc:492] T cf42f377ce6844f89a6207a92a26d773 P 417f031a0a594fdf872135d8b0a5983f: No bootstrap required, opened a new log
I20260710 13:26:03.773324 28679 ts_tablet_manager.cc:1403] T cf42f377ce6844f89a6207a92a26d773 P 417f031a0a594fdf872135d8b0a5983f: Time spent bootstrapping tablet: real 0.249s	user 0.050s	sys 0.107s
I20260710 13:26:03.769819 28728 consensus_queue.cc:1048] T cb6ab2b48e3148b09cc5c73d0e064d54 P 2fc143c15ce64695b99725f64b60cf13 [LEADER]: Connected to new peer: Peer: permanent_uuid: "281e31bbeb35489985a537df9ed8b927" member_type: VOTER last_known_addr { host: "127.26.183.66" port: 37219 }, Status: LMP_MISMATCH, Last received: 0.0, Next index: 1, Last known committed idx: 0, Time since last communication: 0.010s
I20260710 13:26:03.776243 28679 raft_consensus.cc:359] T cf42f377ce6844f89a6207a92a26d773 P 417f031a0a594fdf872135d8b0a5983f [term 0 FOLLOWER]: Replica starting. Triggering 0 pending ops. Active config: opid_index: -1 OBSOLETE_local: false peers { permanent_uuid: "417f031a0a594fdf872135d8b0a5983f" member_type: VOTER last_known_addr { host: "127.26.183.65" port: 37611 } } peers { permanent_uuid: "281e31bbeb35489985a537df9ed8b927" member_type: VOTER last_known_addr { host: "127.26.183.66" port: 37219 } } peers { permanent_uuid: "2fc143c15ce64695b99725f64b60cf13" member_type: VOTER last_known_addr { host: "127.26.183.67" port: 40647 } }
I20260710 13:26:03.776961 28679 raft_consensus.cc:385] T cf42f377ce6844f89a6207a92a26d773 P 417f031a0a594fdf872135d8b0a5983f [term 0 FOLLOWER]: Consensus starting up: Expiring failure detector timer to make a prompt election more likely
I20260710 13:26:03.777240 28679 raft_consensus.cc:740] T cf42f377ce6844f89a6207a92a26d773 P 417f031a0a594fdf872135d8b0a5983f [term 0 FOLLOWER]: Becoming Follower/Learner. State: Replica: 417f031a0a594fdf872135d8b0a5983f, State: Initialized, Role: FOLLOWER
W20260710 13:26:03.778090 28528 outbound_call.cc:321] RPC callback for RPC call kudu.consensus.ConsensusService.RequestConsensusVote -> {remote=127.26.183.67:40647, user_credentials={real_user=slave}} blocked reactor thread for 104485us
I20260710 13:26:03.777967 28727 consensus_queue.cc:1048] T cb6ab2b48e3148b09cc5c73d0e064d54 P 2fc143c15ce64695b99725f64b60cf13 [LEADER]: Connected to new peer: Peer: permanent_uuid: "417f031a0a594fdf872135d8b0a5983f" member_type: VOTER last_known_addr { host: "127.26.183.65" port: 37611 }, Status: LMP_MISMATCH, Last received: 0.0, Next index: 1, Last known committed idx: 0, Time since last communication: 0.001s
I20260710 13:26:03.779925 28688 raft_consensus.cc:493] T c2b249d36af14b62b57f916e37f9ef07 P 281e31bbeb35489985a537df9ed8b927 [term 0 FOLLOWER]: Starting pre-election (no leader contacted us within the election timeout)
I20260710 13:26:03.780476 28688 raft_consensus.cc:515] T c2b249d36af14b62b57f916e37f9ef07 P 281e31bbeb35489985a537df9ed8b927 [term 0 FOLLOWER]: Starting pre-election with config: opid_index: -1 OBSOLETE_local: false peers { permanent_uuid: "417f031a0a594fdf872135d8b0a5983f" member_type: VOTER last_known_addr { host: "127.26.183.65" port: 37611 } } peers { permanent_uuid: "281e31bbeb35489985a537df9ed8b927" member_type: VOTER last_known_addr { host: "127.26.183.66" port: 37219 } } peers { permanent_uuid: "2fc143c15ce64695b99725f64b60cf13" member_type: VOTER last_known_addr { host: "127.26.183.67" port: 40647 } }
I20260710 13:26:03.782307 28711 consensus_queue.cc:1048] T 4db7a9bc761c4542b419d97300f026e2 P 281e31bbeb35489985a537df9ed8b927 [LEADER]: Connected to new peer: Peer: permanent_uuid: "417f031a0a594fdf872135d8b0a5983f" member_type: VOTER last_known_addr { host: "127.26.183.65" port: 37611 }, Status: LMP_MISMATCH, Last received: 0.0, Next index: 1, Last known committed idx: 0, Time since last communication: 0.000s
I20260710 13:26:03.782770 28688 leader_election.cc:290] T c2b249d36af14b62b57f916e37f9ef07 P 281e31bbeb35489985a537df9ed8b927 [CANDIDATE]: Term 1 pre-election: Requested pre-vote from peers 417f031a0a594fdf872135d8b0a5983f (127.26.183.65:37611), 2fc143c15ce64695b99725f64b60cf13 (127.26.183.67:40647)
I20260710 13:26:03.783375 28688 consensus_queue.cc:1048] T 4db7a9bc761c4542b419d97300f026e2 P 281e31bbeb35489985a537df9ed8b927 [LEADER]: Connected to new peer: Peer: permanent_uuid: "2fc143c15ce64695b99725f64b60cf13" member_type: VOTER last_known_addr { host: "127.26.183.67" port: 40647 }, Status: LMP_MISMATCH, Last received: 0.0, Next index: 1, Last known committed idx: 0, Time since last communication: 0.000s
