I20260710 13:25:47.243880 27852 consensus_queue.cc:237] T 01905fb400644353bd4a017e09a95c7e P 17b2ff38111644e4b869d8f191357d1d [LEADER]: Queue going to LEADER mode. State: All replicated index: 0, Majority replicated index: 0, Committed index: 0, Last appended: 0.0, Last appended by leader: 0, Current term: 1, Majority size: 2, State: 0, Mode: LEADER, active raft config: opid_index: -1 OBSOLETE_local: false peers { permanent_uuid: "17b2ff38111644e4b869d8f191357d1d" member_type: VOTER last_known_addr { host: "127.26.96.129" port: 45733 } } peers { permanent_uuid: "503a17cf43214d0eb965393e2555d66e" member_type: VOTER last_known_addr { host: "127.26.96.130" port: 39729 } } peers { permanent_uuid: "224d7d04bcc544648ee63c5ccac9d50b" member_type: VOTER last_known_addr { host: "127.26.96.131" port: 40689 } }
I20260710 13:25:47.246474 27829 raft_consensus.cc:493] T c5c739e79b824e14858860a5539132c6 P 17b2ff38111644e4b869d8f191357d1d [term 0 FOLLOWER]: Starting pre-election (no leader contacted us within the election timeout)
I20260710 13:25:47.246902 27829 raft_consensus.cc:515] T c5c739e79b824e14858860a5539132c6 P 17b2ff38111644e4b869d8f191357d1d [term 0 FOLLOWER]: Starting pre-election with config: opid_index: -1 OBSOLETE_local: false peers { permanent_uuid: "17b2ff38111644e4b869d8f191357d1d" member_type: VOTER last_known_addr { host: "127.26.96.129" port: 45733 } } peers { permanent_uuid: "503a17cf43214d0eb965393e2555d66e" member_type: VOTER last_known_addr { host: "127.26.96.130" port: 39729 } } peers { permanent_uuid: "224d7d04bcc544648ee63c5ccac9d50b" member_type: VOTER last_known_addr { host: "127.26.96.131" port: 40689 } }
I20260710 13:25:47.248775 27829 leader_election.cc:290] T c5c739e79b824e14858860a5539132c6 P 17b2ff38111644e4b869d8f191357d1d [CANDIDATE]: Term 1 pre-election: Requested pre-vote from peers 503a17cf43214d0eb965393e2555d66e (127.26.96.130:39729), 224d7d04bcc544648ee63c5ccac9d50b (127.26.96.131:40689)
I20260710 13:25:47.250020 27778 tablet_service.cc:1917] Received RequestConsensusVote() RPC: tablet_id: "c5c739e79b824e14858860a5539132c6" candidate_uuid: "17b2ff38111644e4b869d8f191357d1d" candidate_term: 1 candidate_status { last_received { term: 0 index: 0 } } ignore_live_leader: false dest_uuid: "224d7d04bcc544648ee63c5ccac9d50b" is_pre_election: true
W20260710 13:25:47.251539 27594 leader_election.cc:343] T c5c739e79b824e14858860a5539132c6 P 17b2ff38111644e4b869d8f191357d1d [CANDIDATE]: Term 1 pre-election: Tablet error from VoteRequest() call to peer 224d7d04bcc544648ee63c5ccac9d50b (127.26.96.131:40689): Illegal state: must be running to vote when last-logged opid is not known
I20260710 13:25:47.252911 27779 raft_consensus.cc:2468] T 01905fb400644353bd4a017e09a95c7e P 224d7d04bcc544648ee63c5ccac9d50b [term 1 FOLLOWER]: Leader election vote request: Granting yes vote for candidate 17b2ff38111644e4b869d8f191357d1d in term 1.
I20260710 13:25:47.253633 27705 tablet_service.cc:1917] Received RequestConsensusVote() RPC: tablet_id: "c5c739e79b824e14858860a5539132c6" candidate_uuid: "17b2ff38111644e4b869d8f191357d1d" candidate_term: 1 candidate_status { last_received { term: 0 index: 0 } } ignore_live_leader: false dest_uuid: "503a17cf43214d0eb965393e2555d66e" is_pre_election: true
I20260710 13:25:47.255136 27705 raft_consensus.cc:2468] T c5c739e79b824e14858860a5539132c6 P 503a17cf43214d0eb965393e2555d66e [term 0 FOLLOWER]: Leader pre-election vote request: Granting yes vote for candidate 17b2ff38111644e4b869d8f191357d1d in term 0.
I20260710 13:25:47.256234 27596 leader_election.cc:304] T c5c739e79b824e14858860a5539132c6 P 17b2ff38111644e4b869d8f191357d1d [CANDIDATE]: Term 1 pre-election: Election decided. Result: candidate won. Election summary: received 3 responses out of 3 voters: 2 yes votes; 1 no votes. yes voters: 17b2ff38111644e4b869d8f191357d1d, 503a17cf43214d0eb965393e2555d66e; no voters: 224d7d04bcc544648ee63c5ccac9d50b
I20260710 13:25:47.257014 27829 raft_consensus.cc:2804] T c5c739e79b824e14858860a5539132c6 P 17b2ff38111644e4b869d8f191357d1d [term 0 FOLLOWER]: Leader pre-election won for term 1
I20260710 13:25:47.257347 27829 raft_consensus.cc:493] T c5c739e79b824e14858860a5539132c6 P 17b2ff38111644e4b869d8f191357d1d [term 0 FOLLOWER]: Starting leader election (no leader contacted us within the election timeout)
I20260710 13:25:47.257655 27829 raft_consensus.cc:3060] T c5c739e79b824e14858860a5539132c6 P 17b2ff38111644e4b869d8f191357d1d [term 0 FOLLOWER]: Advancing to term 1
I20260710 13:25:47.257705 27847 leader_election.cc:290] T 01905fb400644353bd4a017e09a95c7e P 17b2ff38111644e4b869d8f191357d1d [CANDIDATE]: Term 1 election: Requested vote from peers 503a17cf43214d0eb965393e2555d66e (127.26.96.130:39729), 224d7d04bcc544648ee63c5ccac9d50b (127.26.96.131:40689)
I20260710 13:25:47.258577 27824 raft_consensus.cc:493] T fc5e6acb8d334e4899b2914198e9a893 P 503a17cf43214d0eb965393e2555d66e [term 0 FOLLOWER]: Starting pre-election (no leader contacted us within the election timeout)
I20260710 13:25:47.259043 27824 raft_consensus.cc:515] T fc5e6acb8d334e4899b2914198e9a893 P 503a17cf43214d0eb965393e2555d66e [term 0 FOLLOWER]: Starting pre-election with config: opid_index: -1 OBSOLETE_local: false peers { permanent_uuid: "17b2ff38111644e4b869d8f191357d1d" member_type: VOTER last_known_addr { host: "127.26.96.129" port: 45733 } } peers { permanent_uuid: "503a17cf43214d0eb965393e2555d66e" member_type: VOTER last_known_addr { host: "127.26.96.130" port: 39729 } } peers { permanent_uuid: "224d7d04bcc544648ee63c5ccac9d50b" member_type: VOTER last_known_addr { host: "127.26.96.131" port: 40689 } }
I20260710 13:25:47.260905 27824 leader_election.cc:290] T fc5e6acb8d334e4899b2914198e9a893 P 503a17cf43214d0eb965393e2555d66e [CANDIDATE]: Term 1 pre-election: Requested pre-vote from peers 17b2ff38111644e4b869d8f191357d1d (127.26.96.129:45733), 224d7d04bcc544648ee63c5ccac9d50b (127.26.96.131:40689)
I20260710 13:25:47.263129 27829 raft_consensus.cc:515] T c5c739e79b824e14858860a5539132c6 P 17b2ff38111644e4b869d8f191357d1d [term 1 FOLLOWER]: Starting leader election with config: opid_index: -1 OBSOLETE_local: false peers { permanent_uuid: "17b2ff38111644e4b869d8f191357d1d" member_type: VOTER last_known_addr { host: "127.26.96.129" port: 45733 } } peers { permanent_uuid: "503a17cf43214d0eb965393e2555d66e" member_type: VOTER last_known_addr { host: "127.26.96.130" port: 39729 } } peers { permanent_uuid: "224d7d04bcc544648ee63c5ccac9d50b" member_type: VOTER last_known_addr { host: "127.26.96.131" port: 40689 } }
I20260710 13:25:47.265249 27705 tablet_service.cc:1917] Received RequestConsensusVote() RPC: tablet_id: "c5c739e79b824e14858860a5539132c6" candidate_uuid: "17b2ff38111644e4b869d8f191357d1d" candidate_term: 1 candidate_status { last_received { term: 0 index: 0 } } ignore_live_leader: false dest_uuid: "503a17cf43214d0eb965393e2555d66e"
I20260710 13:25:47.266515 27705 raft_consensus.cc:3060] T c5c739e79b824e14858860a5539132c6 P 503a17cf43214d0eb965393e2555d66e [term 0 FOLLOWER]: Advancing to term 1
I20260710 13:25:47.267284 27631 tablet_service.cc:1917] Received RequestConsensusVote() RPC: tablet_id: "fc5e6acb8d334e4899b2914198e9a893" candidate_uuid: "503a17cf43214d0eb965393e2555d66e" candidate_term: 1 candidate_status { last_received { term: 0 index: 0 } } ignore_live_leader: false dest_uuid: "17b2ff38111644e4b869d8f191357d1d" is_pre_election: true
I20260710 13:25:47.265982 27779 tablet_service.cc:1917] Received RequestConsensusVote() RPC: tablet_id: "c5c739e79b824e14858860a5539132c6" candidate_uuid: "17b2ff38111644e4b869d8f191357d1d" candidate_term: 1 candidate_status { last_received { term: 0 index: 0 } } ignore_live_leader: false dest_uuid: "224d7d04bcc544648ee63c5ccac9d50b"
W20260710 13:25:47.268442 27594 leader_election.cc:343] T c5c739e79b824e14858860a5539132c6 P 17b2ff38111644e4b869d8f191357d1d [CANDIDATE]: Term 1 election: Tablet error from VoteRequest() call to peer 224d7d04bcc544648ee63c5ccac9d50b (127.26.96.131:40689): Illegal state: must be running to vote when last-logged opid is not known
I20260710 13:25:47.269230 27778 tablet_service.cc:1917] Received RequestConsensusVote() RPC: tablet_id: "fc5e6acb8d334e4899b2914198e9a893" candidate_uuid: "503a17cf43214d0eb965393e2555d66e" candidate_term: 1 candidate_status { last_received { term: 0 index: 0 } } ignore_live_leader: false dest_uuid: "224d7d04bcc544648ee63c5ccac9d50b" is_pre_election: true
I20260710 13:25:47.269776 27778 raft_consensus.cc:2468] T fc5e6acb8d334e4899b2914198e9a893 P 224d7d04bcc544648ee63c5ccac9d50b [term 0 FOLLOWER]: Leader pre-election vote request: Granting yes vote for candidate 503a17cf43214d0eb965393e2555d66e in term 0.
I20260710 13:25:47.271335 27669 leader_election.cc:304] T fc5e6acb8d334e4899b2914198e9a893 P 503a17cf43214d0eb965393e2555d66e [CANDIDATE]: Term 1 pre-election: Election decided. Result: candidate won. Election summary: received 2 responses out of 3 voters: 2 yes votes; 0 no votes. yes voters: 224d7d04bcc544648ee63c5ccac9d50b, 503a17cf43214d0eb965393e2555d66e; no voters: 
I20260710 13:25:47.272449 27829 leader_election.cc:290] T c5c739e79b824e14858860a5539132c6 P 17b2ff38111644e4b869d8f191357d1d [CANDIDATE]: Term 1 election: Requested vote from peers 503a17cf43214d0eb965393e2555d66e (127.26.96.130:39729), 224d7d04bcc544648ee63c5ccac9d50b (127.26.96.131:40689)
I20260710 13:25:47.275835 27705 raft_consensus.cc:2468] T c5c739e79b824e14858860a5539132c6 P 503a17cf43214d0eb965393e2555d66e [term 1 FOLLOWER]: Leader election vote request: Granting yes vote for candidate 17b2ff38111644e4b869d8f191357d1d in term 1.
I20260710 13:25:47.276288 27827 raft_consensus.cc:493] T 258de1c9bb8a4512901b2a76c2ee9383 P 224d7d04bcc544648ee63c5ccac9d50b [term 0 FOLLOWER]: Starting pre-election (no leader contacted us within the election timeout)
I20260710 13:25:47.276911 27596 leader_election.cc:304] T c5c739e79b824e14858860a5539132c6 P 17b2ff38111644e4b869d8f191357d1d [CANDIDATE]: Term 1 election: Election decided. Result: candidate won. Election summary: received 3 responses out of 3 voters: 2 yes votes; 1 no votes. yes voters: 17b2ff38111644e4b869d8f191357d1d, 503a17cf43214d0eb965393e2555d66e; no voters: 224d7d04bcc544648ee63c5ccac9d50b
I20260710 13:25:47.276779 27827 raft_consensus.cc:515] T 258de1c9bb8a4512901b2a76c2ee9383 P 224d7d04bcc544648ee63c5ccac9d50b [term 0 FOLLOWER]: Starting pre-election with config: opid_index: -1 OBSOLETE_local: false peers { permanent_uuid: "17b2ff38111644e4b869d8f191357d1d" member_type: VOTER last_known_addr { host: "127.26.96.129" port: 45733 } } peers { permanent_uuid: "503a17cf43214d0eb965393e2555d66e" member_type: VOTER last_known_addr { host: "127.26.96.130" port: 39729 } } peers { permanent_uuid: "224d7d04bcc544648ee63c5ccac9d50b" member_type: VOTER last_known_addr { host: "127.26.96.131" port: 40689 } }
W20260710 13:25:47.277235 27669 leader_election.cc:343] T fc5e6acb8d334e4899b2914198e9a893 P 503a17cf43214d0eb965393e2555d66e [CANDIDATE]: Term 1 pre-election: Tablet error from VoteRequest() call to peer 17b2ff38111644e4b869d8f191357d1d (127.26.96.129:45733): Illegal state: must be running to vote when last-logged opid is not known
I20260710 13:25:47.276846 27824 raft_consensus.cc:2804] T fc5e6acb8d334e4899b2914198e9a893 P 503a17cf43214d0eb965393e2555d66e [term 0 FOLLOWER]: Leader pre-election won for term 1
I20260710 13:25:47.277982 27852 raft_consensus.cc:2804] T c5c739e79b824e14858860a5539132c6 P 17b2ff38111644e4b869d8f191357d1d [term 1 FOLLOWER]: Leader election won for term 1
I20260710 13:25:47.278196 27824 raft_consensus.cc:493] T fc5e6acb8d334e4899b2914198e9a893 P 503a17cf43214d0eb965393e2555d66e [term 0 FOLLOWER]: Starting leader election (no leader contacted us within the election timeout)
I20260710 13:25:47.280030 27824 raft_consensus.cc:3060] T fc5e6acb8d334e4899b2914198e9a893 P 503a17cf43214d0eb965393e2555d66e [term 0 FOLLOWER]: Advancing to term 1
I20260710 13:25:47.280109 27852 raft_consensus.cc:697] T c5c739e79b824e14858860a5539132c6 P 17b2ff38111644e4b869d8f191357d1d [term 1 LEADER]: Becoming Leader. State: Replica: 17b2ff38111644e4b869d8f191357d1d, State: Running, Role: LEADER
I20260710 13:25:47.281219 27852 consensus_queue.cc:237] T c5c739e79b824e14858860a5539132c6 P 17b2ff38111644e4b869d8f191357d1d [LEADER]: Queue going to LEADER mode. State: All replicated index: 0, Majority replicated index: 0, Committed index: 0, Last appended: 0.0, Last appended by leader: 0, Current term: 1, Majority size: 2, State: 0, Mode: LEADER, active raft config: opid_index: -1 OBSOLETE_local: false peers { permanent_uuid: "17b2ff38111644e4b869d8f191357d1d" member_type: VOTER last_known_addr { host: "127.26.96.129" port: 45733 } } peers { permanent_uuid: "503a17cf43214d0eb965393e2555d66e" member_type: VOTER last_known_addr { host: "127.26.96.130" port: 39729 } } peers { permanent_uuid: "224d7d04bcc544648ee63c5ccac9d50b" member_type: VOTER last_known_addr { host: "127.26.96.131" port: 40689 } }
I20260710 13:25:47.283957 27827 leader_election.cc:290] T 258de1c9bb8a4512901b2a76c2ee9383 P 224d7d04bcc544648ee63c5ccac9d50b [CANDIDATE]: Term 1 pre-election: Requested pre-vote from peers 17b2ff38111644e4b869d8f191357d1d (127.26.96.129:45733), 503a17cf43214d0eb965393e2555d66e (127.26.96.130:39729)
I20260710 13:25:47.289402 27780 raft_consensus.cc:2468] T 169db5ad618b4679af71f84a030a70c4 P 224d7d04bcc544648ee63c5ccac9d50b [term 1 FOLLOWER]: Leader election vote request: Granting yes vote for candidate 503a17cf43214d0eb965393e2555d66e in term 1.
I20260710 13:25:47.292078 27669 leader_election.cc:304] T 169db5ad618b4679af71f84a030a70c4 P 503a17cf43214d0eb965393e2555d66e [CANDIDATE]: Term 1 election: Election decided. Result: candidate won. Election summary: received 3 responses out of 3 voters: 2 yes votes; 1 no votes. yes voters: 224d7d04bcc544648ee63c5ccac9d50b, 503a17cf43214d0eb965393e2555d66e; no voters: 17b2ff38111644e4b869d8f191357d1d
I20260710 13:25:47.292932 27822 tablet_bootstrap.cc:492] T 258de1c9bb8a4512901b2a76c2ee9383 P 17b2ff38111644e4b869d8f191357d1d: No bootstrap required, opened a new log
I20260710 13:25:47.293409 27822 ts_tablet_manager.cc:1403] T 258de1c9bb8a4512901b2a76c2ee9383 P 17b2ff38111644e4b869d8f191357d1d: Time spent bootstrapping tablet: real 0.147s	user 0.051s	sys 0.071s
I20260710 13:25:47.293105 27824 raft_consensus.cc:515] T fc5e6acb8d334e4899b2914198e9a893 P 503a17cf43214d0eb965393e2555d66e [term 1 FOLLOWER]: Starting leader election with config: opid_index: -1 OBSOLETE_local: false peers { permanent_uuid: "17b2ff38111644e4b869d8f191357d1d" member_type: VOTER last_known_addr { host: "127.26.96.129" port: 45733 } } peers { permanent_uuid: "503a17cf43214d0eb965393e2555d66e" member_type: VOTER last_known_addr { host: "127.26.96.130" port: 39729 } } peers { permanent_uuid: "224d7d04bcc544648ee63c5ccac9d50b" member_type: VOTER last_known_addr { host: "127.26.96.131" port: 40689 } }
I20260710 13:25:47.295858 27824 leader_election.cc:290] T fc5e6acb8d334e4899b2914198e9a893 P 503a17cf43214d0eb965393e2555d66e [CANDIDATE]: Term 1 election: Requested vote from peers 17b2ff38111644e4b869d8f191357d1d (127.26.96.129:45733), 224d7d04bcc544648ee63c5ccac9d50b (127.26.96.131:40689)
I20260710 13:25:47.298192 27824 raft_consensus.cc:2804] T 169db5ad618b4679af71f84a030a70c4 P 503a17cf43214d0eb965393e2555d66e [term 1 FOLLOWER]: Leader election won for term 1
I20260710 13:25:47.298695 27824 raft_consensus.cc:697] T 169db5ad618b4679af71f84a030a70c4 P 503a17cf43214d0eb965393e2555d66e [term 1 LEADER]: Becoming Leader. State: Replica: 503a17cf43214d0eb965393e2555d66e, State: Running, Role: LEADER
I20260710 13:25:47.298892 27822 raft_consensus.cc:359] T 258de1c9bb8a4512901b2a76c2ee9383 P 17b2ff38111644e4b869d8f191357d1d [term 0 FOLLOWER]: Replica starting. Triggering 0 pending ops. Active config: opid_index: -1 OBSOLETE_local: false peers { permanent_uuid: "17b2ff38111644e4b869d8f191357d1d" member_type: VOTER last_known_addr { host: "127.26.96.129" port: 45733 } } peers { permanent_uuid: "503a17cf43214d0eb965393e2555d66e" member_type: VOTER last_known_addr { host: "127.26.96.130" port: 39729 } } peers { permanent_uuid: "224d7d04bcc544648ee63c5ccac9d50b" member_type: VOTER last_known_addr { host: "127.26.96.131" port: 40689 } }
I20260710 13:25:47.299589 27822 raft_consensus.cc:385] T 258de1c9bb8a4512901b2a76c2ee9383 P 17b2ff38111644e4b869d8f191357d1d [term 0 FOLLOWER]: Consensus starting up: Expiring failure detector timer to make a prompt election more likely
W20260710 13:25:47.300036 27577 auto_rebalancer.cc:288] Could not retrieve cluster info: Service unavailable: Tablet not running
I20260710 13:25:47.300045 27822 raft_consensus.cc:740] T 258de1c9bb8a4512901b2a76c2ee9383 P 17b2ff38111644e4b869d8f191357d1d [term 0 FOLLOWER]: Becoming Follower/Learner. State: Replica: 17b2ff38111644e4b869d8f191357d1d, State: Initialized, Role: FOLLOWER
I20260710 13:25:47.299567 27824 consensus_queue.cc:237] T 169db5ad618b4679af71f84a030a70c4 P 503a17cf43214d0eb965393e2555d66e [LEADER]: Queue going to LEADER mode. State: All replicated index: 0, Majority replicated index: 0, Committed index: 0, Last appended: 0.0, Last appended by leader: 0, Current term: 1, Majority size: 2, State: 0, Mode: LEADER, active raft config: opid_index: -1 OBSOLETE_local: false peers { permanent_uuid: "17b2ff38111644e4b869d8f191357d1d" member_type: VOTER last_known_addr { host: "127.26.96.129" port: 45733 } } peers { permanent_uuid: "503a17cf43214d0eb965393e2555d66e" member_type: VOTER last_known_addr { host: "127.26.96.130" port: 39729 } } peers { permanent_uuid: "224d7d04bcc544648ee63c5ccac9d50b" member_type: VOTER last_known_addr { host: "127.26.96.131" port: 40689 } }
I20260710 13:25:47.301051 27822 consensus_queue.cc:260] T 258de1c9bb8a4512901b2a76c2ee9383 P 17b2ff38111644e4b869d8f191357d1d [NON_LEADER]: Queue going to NON_LEADER mode. State: All replicated index: 0, Majority replicated index: 0, Committed index: 0, Last appended: 0.0, Last appended by leader: 0, Current term: 0, Majority size: -1, State: 0, Mode: NON_LEADER, active raft config: opid_index: -1 OBSOLETE_local: false peers { permanent_uuid: "17b2ff38111644e4b869d8f191357d1d" member_type: VOTER last_known_addr { host: "127.26.96.129" port: 45733 } } peers { permanent_uuid: "503a17cf43214d0eb965393e2555d66e" member_type: VOTER last_known_addr { host: "127.26.96.130" port: 39729 } } peers { permanent_uuid: "224d7d04bcc544648ee63c5ccac9d50b" member_type: VOTER last_known_addr { host: "127.26.96.131" port: 40689 } }
I20260710 13:25:47.303475 27822 ts_tablet_manager.cc:1434] T 258de1c9bb8a4512901b2a76c2ee9383 P 17b2ff38111644e4b869d8f191357d1d: Time spent starting tablet: real 0.010s	user 0.003s	sys 0.003s
I20260710 13:25:47.304466 27822 tablet_bootstrap.cc:492] T f9e558ca8407443e997f00afe1ea9eba P 17b2ff38111644e4b869d8f191357d1d: Bootstrap starting.
I20260710 13:25:47.310487 27822 tablet_bootstrap.cc:654] T f9e558ca8407443e997f00afe1ea9eba P 17b2ff38111644e4b869d8f191357d1d: Neither blocks nor log segments found. Creating new log.
I20260710 13:25:47.312386 27631 tablet_service.cc:1917] Received RequestConsensusVote() RPC: tablet_id: "fc5e6acb8d334e4899b2914198e9a893" candidate_uuid: "503a17cf43214d0eb965393e2555d66e" candidate_term: 1 candidate_status { last_received { term: 0 index: 0 } } ignore_live_leader: false dest_uuid: "17b2ff38111644e4b869d8f191357d1d"
I20260710 13:25:47.316453 27705 tablet_service.cc:1917] Received RequestConsensusVote() RPC: tablet_id: "258de1c9bb8a4512901b2a76c2ee9383" candidate_uuid: "224d7d04bcc544648ee63c5ccac9d50b" candidate_term: 1 candidate_status { last_received { term: 0 index: 0 } } ignore_live_leader: false dest_uuid: "503a17cf43214d0eb965393e2555d66e" is_pre_election: true
I20260710 13:25:47.317126 27705 raft_consensus.cc:2468] T 258de1c9bb8a4512901b2a76c2ee9383 P 503a17cf43214d0eb965393e2555d66e [term 0 FOLLOWER]: Leader pre-election vote request: Granting yes vote for candidate 224d7d04bcc544648ee63c5ccac9d50b in term 0.
I20260710 13:25:47.317127 27528 catalog_manager.cc:5697] T 01905fb400644353bd4a017e09a95c7e P 17b2ff38111644e4b869d8f191357d1d reported cstate change: term changed from 0 to 1, leader changed from <none> to 17b2ff38111644e4b869d8f191357d1d (127.26.96.129). New cstate: current_term: 1 leader_uuid: "17b2ff38111644e4b869d8f191357d1d" committed_config { opid_index: -1 OBSOLETE_local: false peers { permanent_uuid: "17b2ff38111644e4b869d8f191357d1d" member_type: VOTER last_known_addr { host: "127.26.96.129" port: 45733 } health_report { overall_health: HEALTHY } } peers { permanent_uuid: "503a17cf43214d0eb965393e2555d66e" member_type: VOTER last_known_addr { host: "127.26.96.130" port: 39729 } health_report { overall_health: UNKNOWN } } peers { permanent_uuid: "224d7d04bcc544648ee63c5ccac9d50b" member_type: VOTER last_known_addr { host: "127.26.96.131" port: 40689 } health_report { overall_health: UNKNOWN } } }
I20260710 13:25:47.319948 27528 catalog_manager.cc:5697] T c5c739e79b824e14858860a5539132c6 P 17b2ff38111644e4b869d8f191357d1d reported cstate change: term changed from 0 to 1, leader changed from <none> to 17b2ff38111644e4b869d8f191357d1d (127.26.96.129). New cstate: current_term: 1 leader_uuid: "17b2ff38111644e4b869d8f191357d1d" committed_config { opid_index: -1 OBSOLETE_local: false peers { permanent_uuid: "17b2ff38111644e4b869d8f191357d1d" member_type: VOTER last_known_addr { host: "127.26.96.129" port: 45733 } health_report { overall_health: HEALTHY } } peers { permanent_uuid: "503a17cf43214d0eb965393e2555d66e" member_type: VOTER last_known_addr { host: "127.26.96.130" port: 39729 } health_report { overall_health: UNKNOWN } } peers { permanent_uuid: "224d7d04bcc544648ee63c5ccac9d50b" member_type: VOTER last_known_addr { host: "127.26.96.131" port: 40689 } health_report { overall_health: UNKNOWN } } }
I20260710 13:25:47.322744 27631 tablet_service.cc:1917] Received RequestConsensusVote() RPC: tablet_id: "258de1c9bb8a4512901b2a76c2ee9383" candidate_uuid: "224d7d04bcc544648ee63c5ccac9d50b" candidate_term: 1 candidate_status { last_received { term: 0 index: 0 } } ignore_live_leader: false dest_uuid: "17b2ff38111644e4b869d8f191357d1d" is_pre_election: true
I20260710 13:25:47.323426 27631 raft_consensus.cc:2468] T 258de1c9bb8a4512901b2a76c2ee9383 P 17b2ff38111644e4b869d8f191357d1d [term 0 FOLLOWER]: Leader pre-election vote request: Granting yes vote for candidate 224d7d04bcc544648ee63c5ccac9d50b in term 0.
I20260710 13:25:47.323535 27780 tablet_service.cc:1917] Received RequestConsensusVote() RPC: tablet_id: "fc5e6acb8d334e4899b2914198e9a893" candidate_uuid: "503a17cf43214d0eb965393e2555d66e" candidate_term: 1 candidate_status { last_received { term: 0 index: 0 } } ignore_live_leader: false dest_uuid: "224d7d04bcc544648ee63c5ccac9d50b"
I20260710 13:25:47.324116 27780 raft_consensus.cc:3060] T fc5e6acb8d334e4899b2914198e9a893 P 224d7d04bcc544648ee63c5ccac9d50b [term 0 FOLLOWER]: Advancing to term 1
I20260710 13:25:47.324529 27745 leader_election.cc:304] T 258de1c9bb8a4512901b2a76c2ee9383 P 224d7d04bcc544648ee63c5ccac9d50b [CANDIDATE]: Term 1 pre-election: Election decided. Result: candidate won. Election summary: received 2 responses out of 3 voters: 2 yes votes; 0 no votes. yes voters: 224d7d04bcc544648ee63c5ccac9d50b, 503a17cf43214d0eb965393e2555d66e; no voters: 
I20260710 13:25:47.325361 27827 raft_consensus.cc:2804] T 258de1c9bb8a4512901b2a76c2ee9383 P 224d7d04bcc544648ee63c5ccac9d50b [term 0 FOLLOWER]: Leader pre-election won for term 1
I20260710 13:25:47.325703 27827 raft_consensus.cc:493] T 258de1c9bb8a4512901b2a76c2ee9383 P 224d7d04bcc544648ee63c5ccac9d50b [term 0 FOLLOWER]: Starting leader election (no leader contacted us within the election timeout)
W20260710 13:25:47.322867 27669 leader_election.cc:343] T fc5e6acb8d334e4899b2914198e9a893 P 503a17cf43214d0eb965393e2555d66e [CANDIDATE]: Term 1 election: Tablet error from VoteRequest() call to peer 17b2ff38111644e4b869d8f191357d1d (127.26.96.129:45733): Illegal state: must be running to vote when last-logged opid is not known
I20260710 13:25:47.326022 27827 raft_consensus.cc:3060] T 258de1c9bb8a4512901b2a76c2ee9383 P 224d7d04bcc544648ee63c5ccac9d50b [term 0 FOLLOWER]: Advancing to term 1
I20260710 13:25:47.321614 27528 catalog_manager.cc:5697] T 693db77c6b5e46ff949f21f019711ce2 P 17b2ff38111644e4b869d8f191357d1d reported cstate change: term changed from 0 to 1, leader changed from <none> to 17b2ff38111644e4b869d8f191357d1d (127.26.96.129). New cstate: current_term: 1 leader_uuid: "17b2ff38111644e4b869d8f191357d1d" committed_config { opid_index: -1 OBSOLETE_local: false peers { permanent_uuid: "17b2ff38111644e4b869d8f191357d1d" member_type: VOTER last_known_addr { host: "127.26.96.129" port: 45733 } health_report { overall_health: HEALTHY } } peers { permanent_uuid: "503a17cf43214d0eb965393e2555d66e" member_type: VOTER last_known_addr { host: "127.26.96.130" port: 39729 } health_report { overall_health: UNKNOWN } } peers { permanent_uuid: "224d7d04bcc544648ee63c5ccac9d50b" member_type: VOTER last_known_addr { host: "127.26.96.131" port: 40689 } health_report { overall_health: UNKNOWN } } }
I20260710 13:25:47.328176 27820 tablet_bootstrap.cc:492] T f9e558ca8407443e997f00afe1ea9eba P 503a17cf43214d0eb965393e2555d66e: No bootstrap required, opened a new log
I20260710 13:25:47.328617 27820 ts_tablet_manager.cc:1403] T f9e558ca8407443e997f00afe1ea9eba P 503a17cf43214d0eb965393e2555d66e: Time spent bootstrapping tablet: real 0.144s	user 0.042s	sys 0.058s
I20260710 13:25:47.331171 27820 raft_consensus.cc:359] T f9e558ca8407443e997f00afe1ea9eba P 503a17cf43214d0eb965393e2555d66e [term 0 FOLLOWER]: Replica starting. Triggering 0 pending ops. Active config: opid_index: -1 OBSOLETE_local: false peers { permanent_uuid: "17b2ff38111644e4b869d8f191357d1d" member_type: VOTER last_known_addr { host: "127.26.96.129" port: 45733 } } peers { permanent_uuid: "503a17cf43214d0eb965393e2555d66e" member_type: VOTER last_known_addr { host: "127.26.96.130" port: 39729 } } peers { permanent_uuid: "224d7d04bcc544648ee63c5ccac9d50b" member_type: VOTER last_known_addr { host: "127.26.96.131" port: 40689 } }
I20260710 13:25:47.331756 27820 raft_consensus.cc:385] T f9e558ca8407443e997f00afe1ea9eba P 503a17cf43214d0eb965393e2555d66e [term 0 FOLLOWER]: Consensus starting up: Expiring failure detector timer to make a prompt election more likely
I20260710 13:25:47.332002 27820 raft_consensus.cc:740] T f9e558ca8407443e997f00afe1ea9eba P 503a17cf43214d0eb965393e2555d66e [term 0 FOLLOWER]: Becoming Follower/Learner. State: Replica: 503a17cf43214d0eb965393e2555d66e, State: Initialized, Role: FOLLOWER
I20260710 13:25:47.332808 27820 consensus_queue.cc:260] T f9e558ca8407443e997f00afe1ea9eba P 503a17cf43214d0eb965393e2555d66e [NON_LEADER]: Queue going to NON_LEADER mode. State: All replicated index: 0, Majority replicated index: 0, Committed index: 0, Last appended: 0.0, Last appended by leader: 0, Current term: 0, Majority size: -1, State: 0, Mode: NON_LEADER, active raft config: opid_index: -1 OBSOLETE_local: false peers { permanent_uuid: "17b2ff38111644e4b869d8f191357d1d" member_type: VOTER last_known_addr { host: "127.26.96.129" port: 45733 } } peers { permanent_uuid: "503a17cf43214d0eb965393e2555d66e" member_type: VOTER last_known_addr { host: "127.26.96.130" port: 39729 } } peers { permanent_uuid: "224d7d04bcc544648ee63c5ccac9d50b" member_type: VOTER last_known_addr { host: "127.26.96.131" port: 40689 } }
I20260710 13:25:47.333249 27827 raft_consensus.cc:515] T 258de1c9bb8a4512901b2a76c2ee9383 P 224d7d04bcc544648ee63c5ccac9d50b [term 1 FOLLOWER]: Starting leader election with config: opid_index: -1 OBSOLETE_local: false peers { permanent_uuid: "17b2ff38111644e4b869d8f191357d1d" member_type: VOTER last_known_addr { host: "127.26.96.129" port: 45733 } } peers { permanent_uuid: "503a17cf43214d0eb965393e2555d66e" member_type: VOTER last_known_addr { host: "127.26.96.130" port: 39729 } } peers { permanent_uuid: "224d7d04bcc544648ee63c5ccac9d50b" member_type: VOTER last_known_addr { host: "127.26.96.131" port: 40689 } }
I20260710 13:25:47.335144 27820 ts_tablet_manager.cc:1434] T f9e558ca8407443e997f00afe1ea9eba P 503a17cf43214d0eb965393e2555d66e: Time spent starting tablet: real 0.006s	user 0.006s	sys 0.001s
I20260710 13:25:47.336109 27631 tablet_service.cc:1917] Received RequestConsensusVote() RPC: tablet_id: "258de1c9bb8a4512901b2a76c2ee9383" candidate_uuid: "224d7d04bcc544648ee63c5ccac9d50b" candidate_term: 1 candidate_status { last_received { term: 0 index: 0 } } ignore_live_leader: false dest_uuid: "17b2ff38111644e4b869d8f191357d1d"
I20260710 13:25:47.336301 27821 tablet_bootstrap.cc:492] T c5c739e79b824e14858860a5539132c6 P 224d7d04bcc544648ee63c5ccac9d50b: No bootstrap required, opened a new log
I20260710 13:25:47.336550 27631 raft_consensus.cc:3060] T 258de1c9bb8a4512901b2a76c2ee9383 P 17b2ff38111644e4b869d8f191357d1d [term 0 FOLLOWER]: Advancing to term 1
I20260710 13:25:47.336776 27821 ts_tablet_manager.cc:1403] T c5c739e79b824e14858860a5539132c6 P 224d7d04bcc544648ee63c5ccac9d50b: Time spent bootstrapping tablet: real 0.134s	user 0.010s	sys 0.000s
I20260710 13:25:47.339377 27821 raft_consensus.cc:359] T c5c739e79b824e14858860a5539132c6 P 224d7d04bcc544648ee63c5ccac9d50b [term 0 FOLLOWER]: Replica starting. Triggering 0 pending ops. Active config: opid_index: -1 OBSOLETE_local: false peers { permanent_uuid: "17b2ff38111644e4b869d8f191357d1d" member_type: VOTER last_known_addr { host: "127.26.96.129" port: 45733 } } peers { permanent_uuid: "503a17cf43214d0eb965393e2555d66e" member_type: VOTER last_known_addr { host: "127.26.96.130" port: 39729 } } peers { permanent_uuid: "224d7d04bcc544648ee63c5ccac9d50b" member_type: VOTER last_known_addr { host: "127.26.96.131" port: 40689 } }
I20260710 13:25:47.339994 27821 raft_consensus.cc:385] T c5c739e79b824e14858860a5539132c6 P 224d7d04bcc544648ee63c5ccac9d50b [term 0 FOLLOWER]: Consensus starting up: Expiring failure detector timer to make a prompt election more likely
I20260710 13:25:47.340256 27821 raft_consensus.cc:740] T c5c739e79b824e14858860a5539132c6 P 224d7d04bcc544648ee63c5ccac9d50b [term 0 FOLLOWER]: Becoming Follower/Learner. State: Replica: 224d7d04bcc544648ee63c5ccac9d50b, State: Initialized, Role: FOLLOWER
I20260710 13:25:47.340871 27821 consensus_queue.cc:260] T c5c739e79b824e14858860a5539132c6 P 224d7d04bcc544648ee63c5ccac9d50b [NON_LEADER]: Queue going to NON_LEADER mode. State: All replicated index: 0, Majority replicated index: 0, Committed index: 0, Last appended: 0.0, Last appended by leader: 0, Current term: 0, Majority size: -1, State: 0, Mode: NON_LEADER, active raft config: opid_index: -1 OBSOLETE_local: false peers { permanent_uuid: "17b2ff38111644e4b869d8f191357d1d" member_type: VOTER last_known_addr { host: "127.26.96.129" port: 45733 } } peers { permanent_uuid: "503a17cf43214d0eb965393e2555d66e" member_type: VOTER last_known_addr { host: "127.26.96.130" port: 39729 } } peers { permanent_uuid: "224d7d04bcc544648ee63c5ccac9d50b" member_type: VOTER last_known_addr { host: "127.26.96.131" port: 40689 } }
I20260710 13:25:47.342232 27631 raft_consensus.cc:2468] T 258de1c9bb8a4512901b2a76c2ee9383 P 17b2ff38111644e4b869d8f191357d1d [term 1 FOLLOWER]: Leader election vote request: Granting yes vote for candidate 224d7d04bcc544648ee63c5ccac9d50b in term 1.
I20260710 13:25:47.343516 27743 leader_election.cc:304] T 258de1c9bb8a4512901b2a76c2ee9383 P 224d7d04bcc544648ee63c5ccac9d50b [CANDIDATE]: Term 1 election: Election decided. Result: candidate won. Election summary: received 2 responses out of 3 voters: 2 yes votes; 0 no votes. yes voters: 17b2ff38111644e4b869d8f191357d1d, 224d7d04bcc544648ee63c5ccac9d50b; no voters: 
I20260710 13:25:47.346622 27865 raft_consensus.cc:493] T 41f67a91253f467fa451b77dddce9c6d P 503a17cf43214d0eb965393e2555d66e [term 0 FOLLOWER]: Starting pre-election (no leader contacted us within the election timeout)
I20260710 13:25:47.346892 27868 raft_consensus.cc:2804] T 258de1c9bb8a4512901b2a76c2ee9383 P 224d7d04bcc544648ee63c5ccac9d50b [term 1 FOLLOWER]: Leader election won for term 1
I20260710 13:25:47.347132 27865 raft_consensus.cc:515] T 41f67a91253f467fa451b77dddce9c6d P 503a17cf43214d0eb965393e2555d66e [term 0 FOLLOWER]: Starting pre-election with config: opid_index: -1 OBSOLETE_local: false peers { permanent_uuid: "17b2ff38111644e4b869d8f191357d1d" member_type: VOTER last_known_addr { host: "127.26.96.129" port: 45733 } } peers { permanent_uuid: "503a17cf43214d0eb965393e2555d66e" member_type: VOTER last_known_addr { host: "127.26.96.130" port: 39729 } } peers { permanent_uuid: "224d7d04bcc544648ee63c5ccac9d50b" member_type: VOTER last_known_addr { host: "127.26.96.131" port: 40689 } }
I20260710 13:25:47.347533 27868 raft_consensus.cc:697] T 258de1c9bb8a4512901b2a76c2ee9383 P 224d7d04bcc544648ee63c5ccac9d50b [term 1 LEADER]: Becoming Leader. State: Replica: 224d7d04bcc544648ee63c5ccac9d50b, State: Running, Role: LEADER
I20260710 13:25:47.349440 27865 leader_election.cc:290] T 41f67a91253f467fa451b77dddce9c6d P 503a17cf43214d0eb965393e2555d66e [CANDIDATE]: Term 1 pre-election: Requested pre-vote from peers 17b2ff38111644e4b869d8f191357d1d (127.26.96.129:45733), 224d7d04bcc544648ee63c5ccac9d50b (127.26.96.131:40689)
I20260710 13:25:47.348568 27868 consensus_queue.cc:237] T 258de1c9bb8a4512901b2a76c2ee9383 P 224d7d04bcc544648ee63c5ccac9d50b [LEADER]: Queue going to LEADER mode. State: All replicated index: 0, Majority replicated index: 0, Committed index: 0, Last appended: 0.0, Last appended by leader: 0, Current term: 1, Majority size: 2, State: 0, Mode: LEADER, active raft config: opid_index: -1 OBSOLETE_local: false peers { permanent_uuid: "17b2ff38111644e4b869d8f191357d1d" member_type: VOTER last_known_addr { host: "127.26.96.129" port: 45733 } } peers { permanent_uuid: "503a17cf43214d0eb965393e2555d66e" member_type: VOTER last_known_addr { host: "127.26.96.130" port: 39729 } } peers { permanent_uuid: "224d7d04bcc544648ee63c5ccac9d50b" member_type: VOTER last_known_addr { host: "127.26.96.131" port: 40689 } }
I20260710 13:25:47.350880 27822 tablet_bootstrap.cc:492] T f9e558ca8407443e997f00afe1ea9eba P 17b2ff38111644e4b869d8f191357d1d: No bootstrap required, opened a new log
I20260710 13:25:47.351320 27822 ts_tablet_manager.cc:1403] T f9e558ca8407443e997f00afe1ea9eba P 17b2ff38111644e4b869d8f191357d1d: Time spent bootstrapping tablet: real 0.047s	user 0.009s	sys 0.013s
I20260710 13:25:47.351727 27778 tablet_service.cc:1917] Received RequestConsensusVote() RPC: tablet_id: "41f67a91253f467fa451b77dddce9c6d" candidate_uuid: "503a17cf43214d0eb965393e2555d66e" candidate_term: 1 candidate_status { last_received { term: 0 index: 0 } } ignore_live_leader: false dest_uuid: "224d7d04bcc544648ee63c5ccac9d50b" is_pre_election: true
I20260710 13:25:47.352356 27778 raft_consensus.cc:2468] T 41f67a91253f467fa451b77dddce9c6d P 224d7d04bcc544648ee63c5ccac9d50b [term 0 FOLLOWER]: Leader pre-election vote request: Granting yes vote for candidate 503a17cf43214d0eb965393e2555d66e in term 0.
I20260710 13:25:47.353564 27669 leader_election.cc:304] T 41f67a91253f467fa451b77dddce9c6d P 503a17cf43214d0eb965393e2555d66e [CANDIDATE]: Term 1 pre-election: Election decided. Result: candidate won. Election summary: received 2 responses out of 3 voters: 2 yes votes; 0 no votes. yes voters: 224d7d04bcc544648ee63c5ccac9d50b, 503a17cf43214d0eb965393e2555d66e; no voters: 
I20260710 13:25:47.354390 27865 raft_consensus.cc:2804] T 41f67a91253f467fa451b77dddce9c6d P 503a17cf43214d0eb965393e2555d66e [term 0 FOLLOWER]: Leader pre-election won for term 1
I20260710 13:25:47.354810 27865 raft_consensus.cc:493] T 41f67a91253f467fa451b77dddce9c6d P 503a17cf43214d0eb965393e2555d66e [term 0 FOLLOWER]: Starting leader election (no leader contacted us within the election timeout)
I20260710 13:25:47.355137 27865 raft_consensus.cc:3060] T 41f67a91253f467fa451b77dddce9c6d P 503a17cf43214d0eb965393e2555d66e [term 0 FOLLOWER]: Advancing to term 1
I20260710 13:25:47.356132 27705 tablet_service.cc:1917] Received RequestConsensusVote() RPC: tablet_id: "258de1c9bb8a4512901b2a76c2ee9383" candidate_uuid: "224d7d04bcc544648ee63c5ccac9d50b" candidate_term: 1 candidate_status { last_received { term: 0 index: 0 } } ignore_live_leader: false dest_uuid: "503a17cf43214d0eb965393e2555d66e"
I20260710 13:25:47.356688 27705 raft_consensus.cc:3060] T 258de1c9bb8a4512901b2a76c2ee9383 P 503a17cf43214d0eb965393e2555d66e [term 0 FOLLOWER]: Advancing to term 1
I20260710 13:25:47.363438 27705 raft_consensus.cc:2468] T 258de1c9bb8a4512901b2a76c2ee9383 P 503a17cf43214d0eb965393e2555d66e [term 1 FOLLOWER]: Leader election vote request: Granting yes vote for candidate 224d7d04bcc544648ee63c5ccac9d50b in term 1.
I20260710 13:25:47.364727 27827 leader_election.cc:290] T 258de1c9bb8a4512901b2a76c2ee9383 P 224d7d04bcc544648ee63c5ccac9d50b [CANDIDATE]: Term 1 election: Requested vote from peers 17b2ff38111644e4b869d8f191357d1d (127.26.96.129:45733), 503a17cf43214d0eb965393e2555d66e (127.26.96.130:39729)
I20260710 13:25:47.354097 27822 raft_consensus.cc:359] T f9e558ca8407443e997f00afe1ea9eba P 17b2ff38111644e4b869d8f191357d1d [term 0 FOLLOWER]: Replica starting. Triggering 0 pending ops. Active config: opid_index: -1 OBSOLETE_local: false peers { permanent_uuid: "17b2ff38111644e4b869d8f191357d1d" member_type: VOTER last_known_addr { host: "127.26.96.129" port: 45733 } } peers { permanent_uuid: "503a17cf43214d0eb965393e2555d66e" member_type: VOTER last_known_addr { host: "127.26.96.130" port: 39729 } } peers { permanent_uuid: "224d7d04bcc544648ee63c5ccac9d50b" member_type: VOTER last_known_addr { host: "127.26.96.131" port: 40689 } }
I20260710 13:25:47.365749 27822 raft_consensus.cc:385] T f9e558ca8407443e997f00afe1ea9eba P 17b2ff38111644e4b869d8f191357d1d [term 0 FOLLOWER]: Consensus starting up: Expiring failure detector timer to make a prompt election more likely
I20260710 13:25:47.365624 27631 tablet_service.cc:1917] Received RequestConsensusVote() RPC: tablet_id: "41f67a91253f467fa451b77dddce9c6d" candidate_uuid: "503a17cf43214d0eb965393e2555d66e" candidate_term: 1 candidate_status { last_received { term: 0 index: 0 } } ignore_live_leader: false dest_uuid: "17b2ff38111644e4b869d8f191357d1d" is_pre_election: true
I20260710 13:25:47.366024 27822 raft_consensus.cc:740] T f9e558ca8407443e997f00afe1ea9eba P 17b2ff38111644e4b869d8f191357d1d [term 0 FOLLOWER]: Becoming Follower/Learner. State: Replica: 17b2ff38111644e4b869d8f191357d1d, State: Initialized, Role: FOLLOWER
W20260710 13:25:47.367050 27669 leader_election.cc:343] T 41f67a91253f467fa451b77dddce9c6d P 503a17cf43214d0eb965393e2555d66e [CANDIDATE]: Term 1 pre-election: Tablet error from VoteRequest() call to peer 17b2ff38111644e4b869d8f191357d1d (127.26.96.129:45733): Illegal state: must be running to vote when last-logged opid is not known
I20260710 13:25:47.366796 27822 consensus_queue.cc:260] T f9e558ca8407443e997f00afe1ea9eba P 17b2ff38111644e4b869d8f191357d1d [NON_LEADER]: Queue going to NON_LEADER mode. State: All replicated index: 0, Majority replicated index: 0, Committed index: 0, Last appended: 0.0, Last appended by leader: 0, Current term: 0, Majority size: -1, State: 0, Mode: NON_LEADER, active raft config: opid_index: -1 OBSOLETE_local: false peers { permanent_uuid: "17b2ff38111644e4b869d8f191357d1d" member_type: VOTER last_known_addr { host: "127.26.96.129" port: 45733 } } peers { permanent_uuid: "503a17cf43214d0eb965393e2555d66e" member_type: VOTER last_known_addr { host: "127.26.96.130" port: 39729 } } peers { permanent_uuid: "224d7d04bcc544648ee63c5ccac9d50b" member_type: VOTER last_known_addr { host: "127.26.96.131" port: 40689 } }
I20260710 13:25:47.369158 27822 ts_tablet_manager.cc:1434] T f9e558ca8407443e997f00afe1ea9eba P 17b2ff38111644e4b869d8f191357d1d: Time spent starting tablet: real 0.018s	user 0.006s	sys 0.000s
I20260710 13:25:47.370079 27822 tablet_bootstrap.cc:492] T fc5e6acb8d334e4899b2914198e9a893 P 17b2ff38111644e4b869d8f191357d1d: Bootstrap starting.
I20260710 13:25:47.370020 27865 raft_consensus.cc:515] T 41f67a91253f467fa451b77dddce9c6d P 503a17cf43214d0eb965393e2555d66e [term 1 FOLLOWER]: Starting leader election with config: opid_index: -1 OBSOLETE_local: false peers { permanent_uuid: "17b2ff38111644e4b869d8f191357d1d" member_type: VOTER last_known_addr { host: "127.26.96.129" port: 45733 } } peers { permanent_uuid: "503a17cf43214d0eb965393e2555d66e" member_type: VOTER last_known_addr { host: "127.26.96.130" port: 39729 } } peers { permanent_uuid: "224d7d04bcc544648ee63c5ccac9d50b" member_type: VOTER last_known_addr { host: "127.26.96.131" port: 40689 } }
I20260710 13:25:47.371994 27865 leader_election.cc:290] T 41f67a91253f467fa451b77dddce9c6d P 503a17cf43214d0eb965393e2555d66e [CANDIDATE]: Term 1 election: Requested vote from peers 17b2ff38111644e4b869d8f191357d1d (127.26.96.129:45733), 224d7d04bcc544648ee63c5ccac9d50b (127.26.96.131:40689)
I20260710 13:25:47.368345 27780 raft_consensus.cc:2468] T fc5e6acb8d334e4899b2914198e9a893 P 224d7d04bcc544648ee63c5ccac9d50b [term 1 FOLLOWER]: Leader election vote request: Granting yes vote for candidate 503a17cf43214d0eb965393e2555d66e in term 1.
I20260710 13:25:47.373485 27669 leader_election.cc:304] T fc5e6acb8d334e4899b2914198e9a893 P 503a17cf43214d0eb965393e2555d66e [CANDIDATE]: Term 1 election: Election decided. Result: candidate won. Election summary: received 3 responses out of 3 voters: 2 yes votes; 1 no votes. yes voters: 224d7d04bcc544648ee63c5ccac9d50b, 503a17cf43214d0eb965393e2555d66e; no voters: 17b2ff38111644e4b869d8f191357d1d
I20260710 13:25:47.374037 27821 ts_tablet_manager.cc:1434] T c5c739e79b824e14858860a5539132c6 P 224d7d04bcc544648ee63c5ccac9d50b: Time spent starting tablet: real 0.037s	user 0.007s	sys 0.001s
I20260710 13:25:47.374545 27865 raft_consensus.cc:2804] T fc5e6acb8d334e4899b2914198e9a893 P 503a17cf43214d0eb965393e2555d66e [term 1 FOLLOWER]: Leader election won for term 1
I20260710 13:25:47.375208 27865 raft_consensus.cc:697] T fc5e6acb8d334e4899b2914198e9a893 P 503a17cf43214d0eb965393e2555d66e [term 1 LEADER]: Becoming Leader. State: Replica: 503a17cf43214d0eb965393e2555d66e, State: Running, Role: LEADER
I20260710 13:25:47.375970 27865 consensus_queue.cc:237] T fc5e6acb8d334e4899b2914198e9a893 P 503a17cf43214d0eb965393e2555d66e [LEADER]: Queue going to LEADER mode. State: All replicated index: 0, Majority replicated index: 0, Committed index: 0, Last appended: 0.0, Last appended by leader: 0, Current term: 1, Majority size: 2, State: 0, Mode: LEADER, active raft config: opid_index: -1 OBSOLETE_local: false peers { permanent_uuid: "17b2ff38111644e4b869d8f191357d1d" member_type: VOTER last_known_addr { host: "127.26.96.129" port: 45733 } } peers { permanent_uuid: "503a17cf43214d0eb965393e2555d66e" member_type: VOTER last_known_addr { host: "127.26.96.130" port: 39729 } } peers { permanent_uuid: "224d7d04bcc544648ee63c5ccac9d50b" member_type: VOTER last_known_addr { host: "127.26.96.131" port: 40689 } }
I20260710 13:25:47.377530 27822 tablet_bootstrap.cc:654] T fc5e6acb8d334e4899b2914198e9a893 P 17b2ff38111644e4b869d8f191357d1d: Neither blocks nor log segments found. Creating new log.
I20260710 13:25:47.378211 27529 catalog_manager.cc:5697] T 258de1c9bb8a4512901b2a76c2ee9383 P 224d7d04bcc544648ee63c5ccac9d50b reported cstate change: term changed from 0 to 1, leader changed from <none> to 224d7d04bcc544648ee63c5ccac9d50b (127.26.96.131). New cstate: current_term: 1 leader_uuid: "224d7d04bcc544648ee63c5ccac9d50b" committed_config { opid_index: -1 OBSOLETE_local: false peers { permanent_uuid: "17b2ff38111644e4b869d8f191357d1d" member_type: VOTER last_known_addr { host: "127.26.96.129" port: 45733 } health_report { overall_health: UNKNOWN } } peers { permanent_uuid: "503a17cf43214d0eb965393e2555d66e" member_type: VOTER last_known_addr { host: "127.26.96.130" port: 39729 } health_report { overall_health: UNKNOWN } } peers { permanent_uuid: "224d7d04bcc544648ee63c5ccac9d50b" member_type: VOTER last_known_addr { host: "127.26.96.131" port: 40689 } health_report { overall_health: HEALTHY } } }
I20260710 13:25:47.378791 27526 catalog_manager.cc:5697] T 169db5ad618b4679af71f84a030a70c4 P 503a17cf43214d0eb965393e2555d66e reported cstate change: term changed from 0 to 1, leader changed from <none> to 503a17cf43214d0eb965393e2555d66e (127.26.96.130). New cstate: current_term: 1 leader_uuid: "503a17cf43214d0eb965393e2555d66e" committed_config { opid_index: -1 OBSOLETE_local: false peers { permanent_uuid: "17b2ff38111644e4b869d8f191357d1d" member_type: VOTER last_known_addr { host: "127.26.96.129" port: 45733 } health_report { overall_health: UNKNOWN } } peers { permanent_uuid: "503a17cf43214d0eb965393e2555d66e" member_type: VOTER last_known_addr { host: "127.26.96.130" port: 39729 } health_report { overall_health: HEALTHY } } peers { permanent_uuid: "224d7d04bcc544648ee63c5ccac9d50b" member_type: VOTER last_known_addr { host: "127.26.96.131" port: 40689 } health_report { overall_health: UNKNOWN } } }
I20260710 13:25:47.381263 27631 tablet_service.cc:1917] Received RequestConsensusVote() RPC: tablet_id: "41f67a91253f467fa451b77dddce9c6d" candidate_uuid: "503a17cf43214d0eb965393e2555d66e" candidate_term: 1 candidate_status { last_received { term: 0 index: 0 } } ignore_live_leader: false dest_uuid: "17b2ff38111644e4b869d8f191357d1d"
W20260710 13:25:47.392328 27669 leader_election.cc:343] T 41f67a91253f467fa451b77dddce9c6d P 503a17cf43214d0eb965393e2555d66e [CANDIDATE]: Term 1 election: Tablet error from VoteRequest() call to peer 17b2ff38111644e4b869d8f191357d1d (127.26.96.129:45733): Illegal state: must be running to vote when last-logged opid is not known
I20260710 13:25:47.392328 27778 tablet_service.cc:1917] Received RequestConsensusVote() RPC: tablet_id: "41f67a91253f467fa451b77dddce9c6d" candidate_uuid: "503a17cf43214d0eb965393e2555d66e" candidate_term: 1 candidate_status { last_received { term: 0 index: 0 } } ignore_live_leader: false dest_uuid: "224d7d04bcc544648ee63c5ccac9d50b"
I20260710 13:25:47.392979 27778 raft_consensus.cc:3060] T 41f67a91253f467fa451b77dddce9c6d P 224d7d04bcc544648ee63c5ccac9d50b [term 0 FOLLOWER]: Advancing to term 1
I20260710 13:25:47.394359 27822 tablet_bootstrap.cc:492] T fc5e6acb8d334e4899b2914198e9a893 P 17b2ff38111644e4b869d8f191357d1d: No bootstrap required, opened a new log
I20260710 13:25:47.394829 27822 ts_tablet_manager.cc:1403] T fc5e6acb8d334e4899b2914198e9a893 P 17b2ff38111644e4b869d8f191357d1d: Time spent bootstrapping tablet: real 0.025s	user 0.021s	sys 0.000s
I20260710 13:25:47.394498 27821 tablet_bootstrap.cc:492] T f9e558ca8407443e997f00afe1ea9eba P 224d7d04bcc544648ee63c5ccac9d50b: Bootstrap starting.
I20260710 13:25:47.397553 27822 raft_consensus.cc:359] T fc5e6acb8d334e4899b2914198e9a893 P 17b2ff38111644e4b869d8f191357d1d [term 0 FOLLOWER]: Replica starting. Triggering 0 pending ops. Active config: opid_index: -1 OBSOLETE_local: false peers { permanent_uuid: "17b2ff38111644e4b869d8f191357d1d" member_type: VOTER last_known_addr { host: "127.26.96.129" port: 45733 } } peers { permanent_uuid: "503a17cf43214d0eb965393e2555d66e" member_type: VOTER last_known_addr { host: "127.26.96.130" port: 39729 } } peers { permanent_uuid: "224d7d04bcc544648ee63c5ccac9d50b" member_type: VOTER last_known_addr { host: "127.26.96.131" port: 40689 } }
I20260710 13:25:47.398202 27822 raft_consensus.cc:385] T fc5e6acb8d334e4899b2914198e9a893 P 17b2ff38111644e4b869d8f191357d1d [term 0 FOLLOWER]: Consensus starting up: Expiring failure detector timer to make a prompt election more likely
I20260710 13:25:47.398501 27822 raft_consensus.cc:740] T fc5e6acb8d334e4899b2914198e9a893 P 17b2ff38111644e4b869d8f191357d1d [term 0 FOLLOWER]: Becoming Follower/Learner. State: Replica: 17b2ff38111644e4b869d8f191357d1d, State: Initialized, Role: FOLLOWER
I20260710 13:25:47.399168 27822 consensus_queue.cc:260] T fc5e6acb8d334e4899b2914198e9a893 P 17b2ff38111644e4b869d8f191357d1d [NON_LEADER]: Queue going to NON_LEADER mode. State: All replicated index: 0, Majority replicated index: 0, Committed index: 0, Last appended: 0.0, Last appended by leader: 0, Current term: 0, Majority size: -1, State: 0, Mode: NON_LEADER, active raft config: opid_index: -1 OBSOLETE_local: false peers { permanent_uuid: "17b2ff38111644e4b869d8f191357d1d" member_type: VOTER last_known_addr { host: "127.26.96.129" port: 45733 } } peers { permanent_uuid: "503a17cf43214d0eb965393e2555d66e" member_type: VOTER last_known_addr { host: "127.26.96.130" port: 39729 } } peers { permanent_uuid: "224d7d04bcc544648ee63c5ccac9d50b" member_type: VOTER last_known_addr { host: "127.26.96.131" port: 40689 } }
I20260710 13:25:47.401600 27822 ts_tablet_manager.cc:1434] T fc5e6acb8d334e4899b2914198e9a893 P 17b2ff38111644e4b869d8f191357d1d: Time spent starting tablet: real 0.006s	user 0.006s	sys 0.000s
I20260710 13:25:47.401827 27778 raft_consensus.cc:2468] T 41f67a91253f467fa451b77dddce9c6d P 224d7d04bcc544648ee63c5ccac9d50b [term 1 FOLLOWER]: Leader election vote request: Granting yes vote for candidate 503a17cf43214d0eb965393e2555d66e in term 1.
I20260710 13:25:47.402532 27822 tablet_bootstrap.cc:492] T 41f67a91253f467fa451b77dddce9c6d P 17b2ff38111644e4b869d8f191357d1d: Bootstrap starting.
I20260710 13:25:47.402899 27669 leader_election.cc:304] T 41f67a91253f467fa451b77dddce9c6d P 503a17cf43214d0eb965393e2555d66e [CANDIDATE]: Term 1 election: Election decided. Result: candidate won. Election summary: received 3 responses out of 3 voters: 2 yes votes; 1 no votes. yes voters: 224d7d04bcc544648ee63c5ccac9d50b, 503a17cf43214d0eb965393e2555d66e; no voters: 17b2ff38111644e4b869d8f191357d1d
I20260710 13:25:47.405771 27824 raft_consensus.cc:2804] T 41f67a91253f467fa451b77dddce9c6d P 503a17cf43214d0eb965393e2555d66e [term 1 FOLLOWER]: Leader election won for term 1
