I20260710 13:25:36.775203 27586 leader_election.cc:290] T ee54e9027de24b34a8c01431fef1c1d5 P 6fc6706192264ee4a6fa1926476af0f3 [CANDIDATE]: Term 1 election: Requested vote from peers 277aa1a8f8724b5bae93a97c2c9b6905 (127.26.157.129:46837), 0c13362ce2e3442bb2e3dd168f03e50d (127.26.157.130:40643)
I20260710 13:25:36.788195 27386 tablet_service.cc:1917] Received RequestConsensusVote() RPC: tablet_id: "ee54e9027de24b34a8c01431fef1c1d5" candidate_uuid: "6fc6706192264ee4a6fa1926476af0f3" candidate_term: 1 candidate_status { last_received { term: 0 index: 0 } } ignore_live_leader: false dest_uuid: "277aa1a8f8724b5bae93a97c2c9b6905"
I20260710 13:25:36.788920 27386 raft_consensus.cc:3060] T ee54e9027de24b34a8c01431fef1c1d5 P 277aa1a8f8724b5bae93a97c2c9b6905 [term 0 FOLLOWER]: Advancing to term 1
I20260710 13:25:36.801517 27464 raft_consensus.cc:2468] T ee54e9027de24b34a8c01431fef1c1d5 P 0c13362ce2e3442bb2e3dd168f03e50d [term 1 FOLLOWER]: Leader election vote request: Granting yes vote for candidate 6fc6706192264ee4a6fa1926476af0f3 in term 1.
I20260710 13:25:36.818203 27581 tablet_bootstrap.cc:492] T a158833e5ff54bbd978cdb9b8c7cd078 P 277aa1a8f8724b5bae93a97c2c9b6905: No bootstrap required, opened a new log
I20260710 13:25:36.818706 27581 ts_tablet_manager.cc:1403] T a158833e5ff54bbd978cdb9b8c7cd078 P 277aa1a8f8724b5bae93a97c2c9b6905: Time spent bootstrapping tablet: real 0.167s	user 0.034s	sys 0.043s
I20260710 13:25:36.821045 27586 raft_consensus.cc:493] T 29ea16707b2046db839d6305e1c4301c P 6fc6706192264ee4a6fa1926476af0f3 [term 0 FOLLOWER]: Starting pre-election (no leader contacted us within the election timeout)
I20260710 13:25:36.822911 27536 tablet_service.cc:1917] Received RequestConsensusVote() RPC: tablet_id: "8769a3f242f5474ca1910d6b80c626b7" candidate_uuid: "0c13362ce2e3442bb2e3dd168f03e50d" candidate_term: 1 candidate_status { last_received { term: 0 index: 0 } } ignore_live_leader: false dest_uuid: "6fc6706192264ee4a6fa1926476af0f3"
I20260710 13:25:36.826546 27536 raft_consensus.cc:3060] T 8769a3f242f5474ca1910d6b80c626b7 P 6fc6706192264ee4a6fa1926476af0f3 [term 0 FOLLOWER]: Advancing to term 1
I20260710 13:25:36.824949 27503 leader_election.cc:304] T ee54e9027de24b34a8c01431fef1c1d5 P 6fc6706192264ee4a6fa1926476af0f3 [CANDIDATE]: Term 1 election: Election decided. Result: candidate won. Election summary: received 2 responses out of 3 voters: 2 yes votes; 0 no votes. yes voters: 0c13362ce2e3442bb2e3dd168f03e50d, 6fc6706192264ee4a6fa1926476af0f3; no voters: 
I20260710 13:25:36.826869 27596 consensus_queue.cc:1048] T 49784993cc454f6e89ce4275583025b0 P 277aa1a8f8724b5bae93a97c2c9b6905 [LEADER]: Connected to new peer: Peer: permanent_uuid: "6fc6706192264ee4a6fa1926476af0f3" member_type: VOTER last_known_addr { host: "127.26.157.131" port: 32895 }, Status: LMP_MISMATCH, Last received: 0.0, Next index: 1, Last known committed idx: 0, Time since last communication: 0.000s
I20260710 13:25:36.827651 27622 raft_consensus.cc:2804] T ee54e9027de24b34a8c01431fef1c1d5 P 6fc6706192264ee4a6fa1926476af0f3 [term 1 FOLLOWER]: Leader election won for term 1
I20260710 13:25:36.828475 27596 consensus_queue.cc:1048] T 49784993cc454f6e89ce4275583025b0 P 277aa1a8f8724b5bae93a97c2c9b6905 [LEADER]: Connected to new peer: Peer: permanent_uuid: "0c13362ce2e3442bb2e3dd168f03e50d" member_type: VOTER last_known_addr { host: "127.26.157.130" port: 40643 }, Status: LMP_MISMATCH, Last received: 0.0, Next index: 1, Last known committed idx: 0, Time since last communication: 0.000s
I20260710 13:25:36.828691 27586 raft_consensus.cc:515] T 29ea16707b2046db839d6305e1c4301c P 6fc6706192264ee4a6fa1926476af0f3 [term 0 FOLLOWER]: Starting pre-election with config: opid_index: -1 OBSOLETE_local: false peers { permanent_uuid: "277aa1a8f8724b5bae93a97c2c9b6905" member_type: VOTER last_known_addr { host: "127.26.157.129" port: 46837 } } peers { permanent_uuid: "0c13362ce2e3442bb2e3dd168f03e50d" member_type: VOTER last_known_addr { host: "127.26.157.130" port: 40643 } } peers { permanent_uuid: "6fc6706192264ee4a6fa1926476af0f3" member_type: VOTER last_known_addr { host: "127.26.157.131" port: 32895 } }
I20260710 13:25:36.823457 27535 tablet_service.cc:1917] Received RequestConsensusVote() RPC: tablet_id: "29ea16707b2046db839d6305e1c4301c" candidate_uuid: "0c13362ce2e3442bb2e3dd168f03e50d" candidate_term: 1 candidate_status { last_received { term: 0 index: 0 } } ignore_live_leader: false dest_uuid: "6fc6706192264ee4a6fa1926476af0f3"
I20260710 13:25:36.830075 27535 raft_consensus.cc:3060] T 29ea16707b2046db839d6305e1c4301c P 6fc6706192264ee4a6fa1926476af0f3 [term 0 FOLLOWER]: Advancing to term 1
I20260710 13:25:36.830762 27586 leader_election.cc:290] T 29ea16707b2046db839d6305e1c4301c P 6fc6706192264ee4a6fa1926476af0f3 [CANDIDATE]: Term 1 pre-election: Requested pre-vote from peers 277aa1a8f8724b5bae93a97c2c9b6905 (127.26.157.129:46837), 0c13362ce2e3442bb2e3dd168f03e50d (127.26.157.130:40643)
I20260710 13:25:36.833570 27388 tablet_service.cc:1917] Received RequestConsensusVote() RPC: tablet_id: "29ea16707b2046db839d6305e1c4301c" candidate_uuid: "6fc6706192264ee4a6fa1926476af0f3" candidate_term: 1 candidate_status { last_received { term: 0 index: 0 } } ignore_live_leader: false dest_uuid: "277aa1a8f8724b5bae93a97c2c9b6905" is_pre_election: true
I20260710 13:25:36.835631 27581 raft_consensus.cc:359] T a158833e5ff54bbd978cdb9b8c7cd078 P 277aa1a8f8724b5bae93a97c2c9b6905 [term 0 FOLLOWER]: Replica starting. Triggering 0 pending ops. Active config: opid_index: -1 OBSOLETE_local: false peers { permanent_uuid: "277aa1a8f8724b5bae93a97c2c9b6905" member_type: VOTER last_known_addr { host: "127.26.157.129" port: 46837 } } peers { permanent_uuid: "0c13362ce2e3442bb2e3dd168f03e50d" member_type: VOTER last_known_addr { host: "127.26.157.130" port: 40643 } } peers { permanent_uuid: "6fc6706192264ee4a6fa1926476af0f3" member_type: VOTER last_known_addr { host: "127.26.157.131" port: 32895 } }
I20260710 13:25:36.836265 27581 raft_consensus.cc:385] T a158833e5ff54bbd978cdb9b8c7cd078 P 277aa1a8f8724b5bae93a97c2c9b6905 [term 0 FOLLOWER]: Consensus starting up: Expiring failure detector timer to make a prompt election more likely
I20260710 13:25:36.836514 27581 raft_consensus.cc:740] T a158833e5ff54bbd978cdb9b8c7cd078 P 277aa1a8f8724b5bae93a97c2c9b6905 [term 0 FOLLOWER]: Becoming Follower/Learner. State: Replica: 277aa1a8f8724b5bae93a97c2c9b6905, State: Initialized, Role: FOLLOWER
I20260710 13:25:36.837546 27581 consensus_queue.cc:260] T a158833e5ff54bbd978cdb9b8c7cd078 P 277aa1a8f8724b5bae93a97c2c9b6905 [NON_LEADER]: Queue going to NON_LEADER mode. State: All replicated index: 0, Majority replicated index: 0, Committed index: 0, Last appended: 0.0, Last appended by leader: 0, Current term: 0, Majority size: -1, State: 0, Mode: NON_LEADER, active raft config: opid_index: -1 OBSOLETE_local: false peers { permanent_uuid: "277aa1a8f8724b5bae93a97c2c9b6905" member_type: VOTER last_known_addr { host: "127.26.157.129" port: 46837 } } peers { permanent_uuid: "0c13362ce2e3442bb2e3dd168f03e50d" member_type: VOTER last_known_addr { host: "127.26.157.130" port: 40643 } } peers { permanent_uuid: "6fc6706192264ee4a6fa1926476af0f3" member_type: VOTER last_known_addr { host: "127.26.157.131" port: 32895 } }
I20260710 13:25:36.834980 27388 raft_consensus.cc:2393] T 29ea16707b2046db839d6305e1c4301c P 277aa1a8f8724b5bae93a97c2c9b6905 [term 1 FOLLOWER]: Leader pre-election vote request: Denying vote to candidate 6fc6706192264ee4a6fa1926476af0f3 in current term 1: Already voted for candidate 0c13362ce2e3442bb2e3dd168f03e50d in this term.
I20260710 13:25:36.833570 27463 tablet_service.cc:1917] Received RequestConsensusVote() RPC: tablet_id: "29ea16707b2046db839d6305e1c4301c" candidate_uuid: "6fc6706192264ee4a6fa1926476af0f3" candidate_term: 1 candidate_status { last_received { term: 0 index: 0 } } ignore_live_leader: false dest_uuid: "0c13362ce2e3442bb2e3dd168f03e50d" is_pre_election: true
I20260710 13:25:36.838701 27386 raft_consensus.cc:2468] T ee54e9027de24b34a8c01431fef1c1d5 P 277aa1a8f8724b5bae93a97c2c9b6905 [term 1 FOLLOWER]: Leader election vote request: Granting yes vote for candidate 6fc6706192264ee4a6fa1926476af0f3 in term 1.
I20260710 13:25:36.845047 27502 leader_election.cc:304] T 29ea16707b2046db839d6305e1c4301c P 6fc6706192264ee4a6fa1926476af0f3 [CANDIDATE]: Term 1 pre-election: Election decided. Result: candidate lost. Election summary: received 3 responses out of 3 voters: 1 yes votes; 2 no votes. yes voters: 6fc6706192264ee4a6fa1926476af0f3; no voters: 0c13362ce2e3442bb2e3dd168f03e50d, 277aa1a8f8724b5bae93a97c2c9b6905
I20260710 13:25:36.846130 27581 ts_tablet_manager.cc:1434] T a158833e5ff54bbd978cdb9b8c7cd078 P 277aa1a8f8724b5bae93a97c2c9b6905: Time spent starting tablet: real 0.027s	user 0.006s	sys 0.000s
I20260710 13:25:36.847932 27581 tablet_bootstrap.cc:492] T f66ed3584825412887469215e78fd968 P 277aa1a8f8724b5bae93a97c2c9b6905: Bootstrap starting.
I20260710 13:25:36.849159 27583 tablet_bootstrap.cc:492] T f66ed3584825412887469215e78fd968 P 0c13362ce2e3442bb2e3dd168f03e50d: No bootstrap required, opened a new log
I20260710 13:25:36.849749 27583 ts_tablet_manager.cc:1403] T f66ed3584825412887469215e78fd968 P 0c13362ce2e3442bb2e3dd168f03e50d: Time spent bootstrapping tablet: real 0.142s	user 0.018s	sys 0.013s
I20260710 13:25:36.843293 27535 raft_consensus.cc:2468] T 29ea16707b2046db839d6305e1c4301c P 6fc6706192264ee4a6fa1926476af0f3 [term 1 FOLLOWER]: Leader election vote request: Granting yes vote for candidate 0c13362ce2e3442bb2e3dd168f03e50d in term 1.
I20260710 13:25:36.863246 27586 raft_consensus.cc:2749] T 29ea16707b2046db839d6305e1c4301c P 6fc6706192264ee4a6fa1926476af0f3 [term 1 FOLLOWER]: Leader pre-election lost for term 1. Reason: could not achieve majority
I20260710 13:25:36.873117 27536 raft_consensus.cc:2468] T 8769a3f242f5474ca1910d6b80c626b7 P 6fc6706192264ee4a6fa1926476af0f3 [term 1 FOLLOWER]: Leader election vote request: Granting yes vote for candidate 0c13362ce2e3442bb2e3dd168f03e50d in term 1.
I20260710 13:25:36.873252 27622 raft_consensus.cc:697] T ee54e9027de24b34a8c01431fef1c1d5 P 6fc6706192264ee4a6fa1926476af0f3 [term 1 LEADER]: Becoming Leader. State: Replica: 6fc6706192264ee4a6fa1926476af0f3, State: Running, Role: LEADER
I20260710 13:25:36.881906 27589 raft_consensus.cc:493] T 7a8198e399f14627a994fc5d07985ff6 P 277aa1a8f8724b5bae93a97c2c9b6905 [term 0 FOLLOWER]: Starting pre-election (no leader contacted us within the election timeout)
I20260710 13:25:36.882403 27583 raft_consensus.cc:359] T f66ed3584825412887469215e78fd968 P 0c13362ce2e3442bb2e3dd168f03e50d [term 0 FOLLOWER]: Replica starting. Triggering 0 pending ops. Active config: opid_index: -1 OBSOLETE_local: false peers { permanent_uuid: "277aa1a8f8724b5bae93a97c2c9b6905" member_type: VOTER last_known_addr { host: "127.26.157.129" port: 46837 } } peers { permanent_uuid: "0c13362ce2e3442bb2e3dd168f03e50d" member_type: VOTER last_known_addr { host: "127.26.157.130" port: 40643 } } peers { permanent_uuid: "6fc6706192264ee4a6fa1926476af0f3" member_type: VOTER last_known_addr { host: "127.26.157.131" port: 32895 } }
I20260710 13:25:36.882411 27589 raft_consensus.cc:515] T 7a8198e399f14627a994fc5d07985ff6 P 277aa1a8f8724b5bae93a97c2c9b6905 [term 0 FOLLOWER]: Starting pre-election with config: opid_index: -1 OBSOLETE_local: false peers { permanent_uuid: "277aa1a8f8724b5bae93a97c2c9b6905" member_type: VOTER last_known_addr { host: "127.26.157.129" port: 46837 } } peers { permanent_uuid: "0c13362ce2e3442bb2e3dd168f03e50d" member_type: VOTER last_known_addr { host: "127.26.157.130" port: 40643 } } peers { permanent_uuid: "6fc6706192264ee4a6fa1926476af0f3" member_type: VOTER last_known_addr { host: "127.26.157.131" port: 32895 } }
I20260710 13:25:36.883283 27583 raft_consensus.cc:385] T f66ed3584825412887469215e78fd968 P 0c13362ce2e3442bb2e3dd168f03e50d [term 0 FOLLOWER]: Consensus starting up: Expiring failure detector timer to make a prompt election more likely
I20260710 13:25:36.883603 27583 raft_consensus.cc:740] T f66ed3584825412887469215e78fd968 P 0c13362ce2e3442bb2e3dd168f03e50d [term 0 FOLLOWER]: Becoming Follower/Learner. State: Replica: 0c13362ce2e3442bb2e3dd168f03e50d, State: Initialized, Role: FOLLOWER
I20260710 13:25:36.885876 27583 consensus_queue.cc:260] T f66ed3584825412887469215e78fd968 P 0c13362ce2e3442bb2e3dd168f03e50d [NON_LEADER]: Queue going to NON_LEADER mode. State: All replicated index: 0, Majority replicated index: 0, Committed index: 0, Last appended: 0.0, Last appended by leader: 0, Current term: 0, Majority size: -1, State: 0, Mode: NON_LEADER, active raft config: opid_index: -1 OBSOLETE_local: false peers { permanent_uuid: "277aa1a8f8724b5bae93a97c2c9b6905" member_type: VOTER last_known_addr { host: "127.26.157.129" port: 46837 } } peers { permanent_uuid: "0c13362ce2e3442bb2e3dd168f03e50d" member_type: VOTER last_known_addr { host: "127.26.157.130" port: 40643 } } peers { permanent_uuid: "6fc6706192264ee4a6fa1926476af0f3" member_type: VOTER last_known_addr { host: "127.26.157.131" port: 32895 } }
I20260710 13:25:36.886998 27464 tablet_service.cc:1917] Received RequestConsensusVote() RPC: tablet_id: "7a8198e399f14627a994fc5d07985ff6" candidate_uuid: "277aa1a8f8724b5bae93a97c2c9b6905" candidate_term: 1 candidate_status { last_received { term: 0 index: 0 } } ignore_live_leader: false dest_uuid: "0c13362ce2e3442bb2e3dd168f03e50d" is_pre_election: true
I20260710 13:25:36.900921 27621 raft_consensus.cc:493] T 7a8198e399f14627a994fc5d07985ff6 P 0c13362ce2e3442bb2e3dd168f03e50d [term 0 FOLLOWER]: Starting pre-election (no leader contacted us within the election timeout)
I20260710 13:25:36.906009 27581 tablet_bootstrap.cc:654] T f66ed3584825412887469215e78fd968 P 277aa1a8f8724b5bae93a97c2c9b6905: Neither blocks nor log segments found. Creating new log.
I20260710 13:25:36.904704 27285 catalog_manager.cc:5697] T 29ea16707b2046db839d6305e1c4301c P 0c13362ce2e3442bb2e3dd168f03e50d reported cstate change: term changed from 0 to 1, leader changed from <none> to 0c13362ce2e3442bb2e3dd168f03e50d (127.26.157.130). New cstate: current_term: 1 leader_uuid: "0c13362ce2e3442bb2e3dd168f03e50d" committed_config { opid_index: -1 OBSOLETE_local: false peers { permanent_uuid: "277aa1a8f8724b5bae93a97c2c9b6905" member_type: VOTER last_known_addr { host: "127.26.157.129" port: 46837 } health_report { overall_health: UNKNOWN } } peers { permanent_uuid: "0c13362ce2e3442bb2e3dd168f03e50d" member_type: VOTER last_known_addr { host: "127.26.157.130" port: 40643 } health_report { overall_health: HEALTHY } } peers { permanent_uuid: "6fc6706192264ee4a6fa1926476af0f3" member_type: VOTER last_known_addr { host: "127.26.157.131" port: 32895 } health_report { overall_health: UNKNOWN } } }
I20260710 13:25:36.908385 27582 tablet_bootstrap.cc:654] T a158833e5ff54bbd978cdb9b8c7cd078 P 6fc6706192264ee4a6fa1926476af0f3: Neither blocks nor log segments found. Creating new log.
I20260710 13:25:36.887508 27589 leader_election.cc:290] T 7a8198e399f14627a994fc5d07985ff6 P 277aa1a8f8724b5bae93a97c2c9b6905 [CANDIDATE]: Term 1 pre-election: Requested pre-vote from peers 0c13362ce2e3442bb2e3dd168f03e50d (127.26.157.130:40643), 6fc6706192264ee4a6fa1926476af0f3 (127.26.157.131:32895)
I20260710 13:25:36.910033 27583 ts_tablet_manager.cc:1434] T f66ed3584825412887469215e78fd968 P 0c13362ce2e3442bb2e3dd168f03e50d: Time spent starting tablet: real 0.060s	user 0.008s	sys 0.004s
I20260710 13:25:36.908558 27536 tablet_service.cc:1917] Received RequestConsensusVote() RPC: tablet_id: "7a8198e399f14627a994fc5d07985ff6" candidate_uuid: "277aa1a8f8724b5bae93a97c2c9b6905" candidate_term: 1 candidate_status { last_received { term: 0 index: 0 } } ignore_live_leader: false dest_uuid: "6fc6706192264ee4a6fa1926476af0f3" is_pre_election: true
I20260710 13:25:36.910908 27583 tablet_bootstrap.cc:492] T a158833e5ff54bbd978cdb9b8c7cd078 P 0c13362ce2e3442bb2e3dd168f03e50d: Bootstrap starting.
I20260710 13:25:36.909122 27621 raft_consensus.cc:515] T 7a8198e399f14627a994fc5d07985ff6 P 0c13362ce2e3442bb2e3dd168f03e50d [term 0 FOLLOWER]: Starting pre-election with config: opid_index: -1 OBSOLETE_local: false peers { permanent_uuid: "277aa1a8f8724b5bae93a97c2c9b6905" member_type: VOTER last_known_addr { host: "127.26.157.129" port: 46837 } } peers { permanent_uuid: "0c13362ce2e3442bb2e3dd168f03e50d" member_type: VOTER last_known_addr { host: "127.26.157.130" port: 40643 } } peers { permanent_uuid: "6fc6706192264ee4a6fa1926476af0f3" member_type: VOTER last_known_addr { host: "127.26.157.131" port: 32895 } }
I20260710 13:25:36.912052 27464 raft_consensus.cc:2468] T 7a8198e399f14627a994fc5d07985ff6 P 0c13362ce2e3442bb2e3dd168f03e50d [term 0 FOLLOWER]: Leader pre-election vote request: Granting yes vote for candidate 277aa1a8f8724b5bae93a97c2c9b6905 in term 0.
W20260710 13:25:36.913483 27352 leader_election.cc:343] T 7a8198e399f14627a994fc5d07985ff6 P 277aa1a8f8724b5bae93a97c2c9b6905 [CANDIDATE]: Term 1 pre-election: Tablet error from VoteRequest() call to peer 6fc6706192264ee4a6fa1926476af0f3 (127.26.157.131:32895): Illegal state: must be running to vote when last-logged opid is not known
I20260710 13:25:36.914639 27386 tablet_service.cc:1917] Received RequestConsensusVote() RPC: tablet_id: "7a8198e399f14627a994fc5d07985ff6" candidate_uuid: "0c13362ce2e3442bb2e3dd168f03e50d" candidate_term: 1 candidate_status { last_received { term: 0 index: 0 } } ignore_live_leader: false dest_uuid: "277aa1a8f8724b5bae93a97c2c9b6905" is_pre_election: true
I20260710 13:25:36.915238 27386 raft_consensus.cc:2468] T 7a8198e399f14627a994fc5d07985ff6 P 277aa1a8f8724b5bae93a97c2c9b6905 [term 0 FOLLOWER]: Leader pre-election vote request: Granting yes vote for candidate 0c13362ce2e3442bb2e3dd168f03e50d in term 0.
I20260710 13:25:36.916568 27428 leader_election.cc:304] T 7a8198e399f14627a994fc5d07985ff6 P 0c13362ce2e3442bb2e3dd168f03e50d [CANDIDATE]: Term 1 pre-election: Election decided. Result: candidate won. Election summary: received 2 responses out of 3 voters: 2 yes votes; 0 no votes. yes voters: 0c13362ce2e3442bb2e3dd168f03e50d, 277aa1a8f8724b5bae93a97c2c9b6905; no voters: 
I20260710 13:25:36.917028 27621 leader_election.cc:290] T 7a8198e399f14627a994fc5d07985ff6 P 0c13362ce2e3442bb2e3dd168f03e50d [CANDIDATE]: Term 1 pre-election: Requested pre-vote from peers 277aa1a8f8724b5bae93a97c2c9b6905 (127.26.157.129:46837), 6fc6706192264ee4a6fa1926476af0f3 (127.26.157.131:32895)
I20260710 13:25:36.917052 27354 leader_election.cc:304] T 7a8198e399f14627a994fc5d07985ff6 P 277aa1a8f8724b5bae93a97c2c9b6905 [CANDIDATE]: Term 1 pre-election: Election decided. Result: candidate won. Election summary: received 3 responses out of 3 voters: 2 yes votes; 1 no votes. yes voters: 0c13362ce2e3442bb2e3dd168f03e50d, 277aa1a8f8724b5bae93a97c2c9b6905; no voters: 6fc6706192264ee4a6fa1926476af0f3
I20260710 13:25:36.917418 27590 raft_consensus.cc:2804] T 7a8198e399f14627a994fc5d07985ff6 P 0c13362ce2e3442bb2e3dd168f03e50d [term 0 FOLLOWER]: Leader pre-election won for term 1
I20260710 13:25:36.917999 27590 raft_consensus.cc:493] T 7a8198e399f14627a994fc5d07985ff6 P 0c13362ce2e3442bb2e3dd168f03e50d [term 0 FOLLOWER]: Starting leader election (no leader contacted us within the election timeout)
I20260710 13:25:36.918356 27590 raft_consensus.cc:3060] T 7a8198e399f14627a994fc5d07985ff6 P 0c13362ce2e3442bb2e3dd168f03e50d [term 0 FOLLOWER]: Advancing to term 1
I20260710 13:25:36.921257 27589 raft_consensus.cc:2804] T 7a8198e399f14627a994fc5d07985ff6 P 277aa1a8f8724b5bae93a97c2c9b6905 [term 0 FOLLOWER]: Leader pre-election won for term 1
I20260710 13:25:36.921638 27589 raft_consensus.cc:493] T 7a8198e399f14627a994fc5d07985ff6 P 277aa1a8f8724b5bae93a97c2c9b6905 [term 0 FOLLOWER]: Starting leader election (no leader contacted us within the election timeout)
I20260710 13:25:36.925189 27589 raft_consensus.cc:3060] T 7a8198e399f14627a994fc5d07985ff6 P 277aa1a8f8724b5bae93a97c2c9b6905 [term 0 FOLLOWER]: Advancing to term 1
I20260710 13:25:36.936975 27536 tablet_service.cc:1917] Received RequestConsensusVote() RPC: tablet_id: "7a8198e399f14627a994fc5d07985ff6" candidate_uuid: "0c13362ce2e3442bb2e3dd168f03e50d" candidate_term: 1 candidate_status { last_received { term: 0 index: 0 } } ignore_live_leader: false dest_uuid: "6fc6706192264ee4a6fa1926476af0f3" is_pre_election: true
W20260710 13:25:36.938652 27427 leader_election.cc:343] T 7a8198e399f14627a994fc5d07985ff6 P 0c13362ce2e3442bb2e3dd168f03e50d [CANDIDATE]: Term 1 pre-election: Tablet error from VoteRequest() call to peer 6fc6706192264ee4a6fa1926476af0f3 (127.26.157.131:32895): Illegal state: must be running to vote when last-logged opid is not known
I20260710 13:25:36.939339 27589 raft_consensus.cc:515] T 7a8198e399f14627a994fc5d07985ff6 P 277aa1a8f8724b5bae93a97c2c9b6905 [term 1 FOLLOWER]: Starting leader election with config: opid_index: -1 OBSOLETE_local: false peers { permanent_uuid: "277aa1a8f8724b5bae93a97c2c9b6905" member_type: VOTER last_known_addr { host: "127.26.157.129" port: 46837 } } peers { permanent_uuid: "0c13362ce2e3442bb2e3dd168f03e50d" member_type: VOTER last_known_addr { host: "127.26.157.130" port: 40643 } } peers { permanent_uuid: "6fc6706192264ee4a6fa1926476af0f3" member_type: VOTER last_known_addr { host: "127.26.157.131" port: 32895 } }
I20260710 13:25:36.909600 27622 consensus_queue.cc:237] T ee54e9027de24b34a8c01431fef1c1d5 P 6fc6706192264ee4a6fa1926476af0f3 [LEADER]: Queue going to LEADER mode. State: All replicated index: 0, Majority replicated index: 0, Committed index: 0, Last appended: 0.0, Last appended by leader: 0, Current term: 1, Majority size: 2, State: 0, Mode: LEADER, active raft config: opid_index: -1 OBSOLETE_local: false peers { permanent_uuid: "277aa1a8f8724b5bae93a97c2c9b6905" member_type: VOTER last_known_addr { host: "127.26.157.129" port: 46837 } } peers { permanent_uuid: "0c13362ce2e3442bb2e3dd168f03e50d" member_type: VOTER last_known_addr { host: "127.26.157.130" port: 40643 } } peers { permanent_uuid: "6fc6706192264ee4a6fa1926476af0f3" member_type: VOTER last_known_addr { host: "127.26.157.131" port: 32895 } }
I20260710 13:25:36.948366 27464 tablet_service.cc:1917] Received RequestConsensusVote() RPC: tablet_id: "7a8198e399f14627a994fc5d07985ff6" candidate_uuid: "277aa1a8f8724b5bae93a97c2c9b6905" candidate_term: 1 candidate_status { last_received { term: 0 index: 0 } } ignore_live_leader: false dest_uuid: "0c13362ce2e3442bb2e3dd168f03e50d"
I20260710 13:25:36.936870 27590 raft_consensus.cc:515] T 7a8198e399f14627a994fc5d07985ff6 P 0c13362ce2e3442bb2e3dd168f03e50d [term 1 FOLLOWER]: Starting leader election with config: opid_index: -1 OBSOLETE_local: false peers { permanent_uuid: "277aa1a8f8724b5bae93a97c2c9b6905" member_type: VOTER last_known_addr { host: "127.26.157.129" port: 46837 } } peers { permanent_uuid: "0c13362ce2e3442bb2e3dd168f03e50d" member_type: VOTER last_known_addr { host: "127.26.157.130" port: 40643 } } peers { permanent_uuid: "6fc6706192264ee4a6fa1926476af0f3" member_type: VOTER last_known_addr { host: "127.26.157.131" port: 32895 } }
I20260710 13:25:36.954018 27581 tablet_bootstrap.cc:492] T f66ed3584825412887469215e78fd968 P 277aa1a8f8724b5bae93a97c2c9b6905: No bootstrap required, opened a new log
I20260710 13:25:36.954473 27581 ts_tablet_manager.cc:1403] T f66ed3584825412887469215e78fd968 P 277aa1a8f8724b5bae93a97c2c9b6905: Time spent bootstrapping tablet: real 0.107s	user 0.006s	sys 0.006s
I20260710 13:25:36.965317 27589 leader_election.cc:290] T 7a8198e399f14627a994fc5d07985ff6 P 277aa1a8f8724b5bae93a97c2c9b6905 [CANDIDATE]: Term 1 election: Requested vote from peers 0c13362ce2e3442bb2e3dd168f03e50d (127.26.157.130:40643), 6fc6706192264ee4a6fa1926476af0f3 (127.26.157.131:32895)
I20260710 13:25:36.968361 27537 tablet_service.cc:1917] Received RequestConsensusVote() RPC: tablet_id: "7a8198e399f14627a994fc5d07985ff6" candidate_uuid: "277aa1a8f8724b5bae93a97c2c9b6905" candidate_term: 1 candidate_status { last_received { term: 0 index: 0 } } ignore_live_leader: false dest_uuid: "6fc6706192264ee4a6fa1926476af0f3"
I20260710 13:25:36.971915 27464 raft_consensus.cc:2393] T 7a8198e399f14627a994fc5d07985ff6 P 0c13362ce2e3442bb2e3dd168f03e50d [term 1 FOLLOWER]: Leader election vote request: Denying vote to candidate 277aa1a8f8724b5bae93a97c2c9b6905 in current term 1: Already voted for candidate 0c13362ce2e3442bb2e3dd168f03e50d in this term.
W20260710 13:25:36.971992 27352 leader_election.cc:343] T 7a8198e399f14627a994fc5d07985ff6 P 277aa1a8f8724b5bae93a97c2c9b6905 [CANDIDATE]: Term 1 election: Tablet error from VoteRequest() call to peer 6fc6706192264ee4a6fa1926476af0f3 (127.26.157.131:32895): Illegal state: must be running to vote when last-logged opid is not known
I20260710 13:25:36.973789 27354 leader_election.cc:304] T 7a8198e399f14627a994fc5d07985ff6 P 277aa1a8f8724b5bae93a97c2c9b6905 [CANDIDATE]: Term 1 election: Election decided. Result: candidate lost. Election summary: received 3 responses out of 3 voters: 1 yes votes; 2 no votes. yes voters: 277aa1a8f8724b5bae93a97c2c9b6905; no voters: 0c13362ce2e3442bb2e3dd168f03e50d, 6fc6706192264ee4a6fa1926476af0f3
I20260710 13:25:36.974174 27590 leader_election.cc:290] T 7a8198e399f14627a994fc5d07985ff6 P 0c13362ce2e3442bb2e3dd168f03e50d [CANDIDATE]: Term 1 election: Requested vote from peers 277aa1a8f8724b5bae93a97c2c9b6905 (127.26.157.129:46837), 6fc6706192264ee4a6fa1926476af0f3 (127.26.157.131:32895)
I20260710 13:25:36.976042 27536 tablet_service.cc:1917] Received RequestConsensusVote() RPC: tablet_id: "7a8198e399f14627a994fc5d07985ff6" candidate_uuid: "0c13362ce2e3442bb2e3dd168f03e50d" candidate_term: 1 candidate_status { last_received { term: 0 index: 0 } } ignore_live_leader: false dest_uuid: "6fc6706192264ee4a6fa1926476af0f3"
I20260710 13:25:36.976938 27386 tablet_service.cc:1917] Received RequestConsensusVote() RPC: tablet_id: "7a8198e399f14627a994fc5d07985ff6" candidate_uuid: "0c13362ce2e3442bb2e3dd168f03e50d" candidate_term: 1 candidate_status { last_received { term: 0 index: 0 } } ignore_live_leader: false dest_uuid: "277aa1a8f8724b5bae93a97c2c9b6905"
I20260710 13:25:36.977645 27583 tablet_bootstrap.cc:654] T a158833e5ff54bbd978cdb9b8c7cd078 P 0c13362ce2e3442bb2e3dd168f03e50d: Neither blocks nor log segments found. Creating new log.
I20260710 13:25:36.980032 27582 tablet_bootstrap.cc:492] T a158833e5ff54bbd978cdb9b8c7cd078 P 6fc6706192264ee4a6fa1926476af0f3: No bootstrap required, opened a new log
W20260710 13:25:36.981705 27427 leader_election.cc:343] T 7a8198e399f14627a994fc5d07985ff6 P 0c13362ce2e3442bb2e3dd168f03e50d [CANDIDATE]: Term 1 election: Tablet error from VoteRequest() call to peer 6fc6706192264ee4a6fa1926476af0f3 (127.26.157.131:32895): Illegal state: must be running to vote when last-logged opid is not known
I20260710 13:25:36.984114 27581 raft_consensus.cc:359] T f66ed3584825412887469215e78fd968 P 277aa1a8f8724b5bae93a97c2c9b6905 [term 0 FOLLOWER]: Replica starting. Triggering 0 pending ops. Active config: opid_index: -1 OBSOLETE_local: false peers { permanent_uuid: "277aa1a8f8724b5bae93a97c2c9b6905" member_type: VOTER last_known_addr { host: "127.26.157.129" port: 46837 } } peers { permanent_uuid: "0c13362ce2e3442bb2e3dd168f03e50d" member_type: VOTER last_known_addr { host: "127.26.157.130" port: 40643 } } peers { permanent_uuid: "6fc6706192264ee4a6fa1926476af0f3" member_type: VOTER last_known_addr { host: "127.26.157.131" port: 32895 } }
I20260710 13:25:36.985064 27582 ts_tablet_manager.cc:1403] T a158833e5ff54bbd978cdb9b8c7cd078 P 6fc6706192264ee4a6fa1926476af0f3: Time spent bootstrapping tablet: real 0.236s	user 0.021s	sys 0.014s
I20260710 13:25:36.985114 27581 raft_consensus.cc:385] T f66ed3584825412887469215e78fd968 P 277aa1a8f8724b5bae93a97c2c9b6905 [term 0 FOLLOWER]: Consensus starting up: Expiring failure detector timer to make a prompt election more likely
I20260710 13:25:36.985519 27581 raft_consensus.cc:740] T f66ed3584825412887469215e78fd968 P 277aa1a8f8724b5bae93a97c2c9b6905 [term 0 FOLLOWER]: Becoming Follower/Learner. State: Replica: 277aa1a8f8724b5bae93a97c2c9b6905, State: Initialized, Role: FOLLOWER
I20260710 13:25:36.985730 27286 catalog_manager.cc:5697] T 8769a3f242f5474ca1910d6b80c626b7 P 0c13362ce2e3442bb2e3dd168f03e50d reported cstate change: term changed from 0 to 1, leader changed from <none> to 0c13362ce2e3442bb2e3dd168f03e50d (127.26.157.130). New cstate: current_term: 1 leader_uuid: "0c13362ce2e3442bb2e3dd168f03e50d" committed_config { opid_index: -1 OBSOLETE_local: false peers { permanent_uuid: "277aa1a8f8724b5bae93a97c2c9b6905" member_type: VOTER last_known_addr { host: "127.26.157.129" port: 46837 } health_report { overall_health: UNKNOWN } } peers { permanent_uuid: "0c13362ce2e3442bb2e3dd168f03e50d" member_type: VOTER last_known_addr { host: "127.26.157.130" port: 40643 } health_report { overall_health: HEALTHY } } peers { permanent_uuid: "6fc6706192264ee4a6fa1926476af0f3" member_type: VOTER last_known_addr { host: "127.26.157.131" port: 32895 } health_report { overall_health: UNKNOWN } } }
I20260710 13:25:36.990507 27636 raft_consensus.cc:2749] T 7a8198e399f14627a994fc5d07985ff6 P 277aa1a8f8724b5bae93a97c2c9b6905 [term 1 FOLLOWER]: Leader election lost for term 1. Reason: could not achieve majority
I20260710 13:25:36.992977 27386 raft_consensus.cc:2393] T 7a8198e399f14627a994fc5d07985ff6 P 277aa1a8f8724b5bae93a97c2c9b6905 [term 1 FOLLOWER]: Leader election vote request: Denying vote to candidate 0c13362ce2e3442bb2e3dd168f03e50d in current term 1: Already voted for candidate 277aa1a8f8724b5bae93a97c2c9b6905 in this term.
I20260710 13:25:36.995415 27428 leader_election.cc:304] T 7a8198e399f14627a994fc5d07985ff6 P 0c13362ce2e3442bb2e3dd168f03e50d [CANDIDATE]: Term 1 election: Election decided. Result: candidate lost. Election summary: received 3 responses out of 3 voters: 1 yes votes; 2 no votes. yes voters: 0c13362ce2e3442bb2e3dd168f03e50d; no voters: 277aa1a8f8724b5bae93a97c2c9b6905, 6fc6706192264ee4a6fa1926476af0f3
I20260710 13:25:36.996377 27590 raft_consensus.cc:2749] T 7a8198e399f14627a994fc5d07985ff6 P 0c13362ce2e3442bb2e3dd168f03e50d [term 1 FOLLOWER]: Leader election lost for term 1. Reason: could not achieve majority
I20260710 13:25:36.991508 27582 raft_consensus.cc:359] T a158833e5ff54bbd978cdb9b8c7cd078 P 6fc6706192264ee4a6fa1926476af0f3 [term 0 FOLLOWER]: Replica starting. Triggering 0 pending ops. Active config: opid_index: -1 OBSOLETE_local: false peers { permanent_uuid: "277aa1a8f8724b5bae93a97c2c9b6905" member_type: VOTER last_known_addr { host: "127.26.157.129" port: 46837 } } peers { permanent_uuid: "0c13362ce2e3442bb2e3dd168f03e50d" member_type: VOTER last_known_addr { host: "127.26.157.130" port: 40643 } } peers { permanent_uuid: "6fc6706192264ee4a6fa1926476af0f3" member_type: VOTER last_known_addr { host: "127.26.157.131" port: 32895 } }
I20260710 13:25:36.997563 27582 raft_consensus.cc:385] T a158833e5ff54bbd978cdb9b8c7cd078 P 6fc6706192264ee4a6fa1926476af0f3 [term 0 FOLLOWER]: Consensus starting up: Expiring failure detector timer to make a prompt election more likely
I20260710 13:25:36.997941 27582 raft_consensus.cc:740] T a158833e5ff54bbd978cdb9b8c7cd078 P 6fc6706192264ee4a6fa1926476af0f3 [term 0 FOLLOWER]: Becoming Follower/Learner. State: Replica: 6fc6706192264ee4a6fa1926476af0f3, State: Initialized, Role: FOLLOWER
I20260710 13:25:36.998925 27582 consensus_queue.cc:260] T a158833e5ff54bbd978cdb9b8c7cd078 P 6fc6706192264ee4a6fa1926476af0f3 [NON_LEADER]: Queue going to NON_LEADER mode. State: All replicated index: 0, Majority replicated index: 0, Committed index: 0, Last appended: 0.0, Last appended by leader: 0, Current term: 0, Majority size: -1, State: 0, Mode: NON_LEADER, active raft config: opid_index: -1 OBSOLETE_local: false peers { permanent_uuid: "277aa1a8f8724b5bae93a97c2c9b6905" member_type: VOTER last_known_addr { host: "127.26.157.129" port: 46837 } } peers { permanent_uuid: "0c13362ce2e3442bb2e3dd168f03e50d" member_type: VOTER last_known_addr { host: "127.26.157.130" port: 40643 } } peers { permanent_uuid: "6fc6706192264ee4a6fa1926476af0f3" member_type: VOTER last_known_addr { host: "127.26.157.131" port: 32895 } }
I20260710 13:25:37.004282 27581 consensus_queue.cc:260] T f66ed3584825412887469215e78fd968 P 277aa1a8f8724b5bae93a97c2c9b6905 [NON_LEADER]: Queue going to NON_LEADER mode. State: All replicated index: 0, Majority replicated index: 0, Committed index: 0, Last appended: 0.0, Last appended by leader: 0, Current term: 0, Majority size: -1, State: 0, Mode: NON_LEADER, active raft config: opid_index: -1 OBSOLETE_local: false peers { permanent_uuid: "277aa1a8f8724b5bae93a97c2c9b6905" member_type: VOTER last_known_addr { host: "127.26.157.129" port: 46837 } } peers { permanent_uuid: "0c13362ce2e3442bb2e3dd168f03e50d" member_type: VOTER last_known_addr { host: "127.26.157.130" port: 40643 } } peers { permanent_uuid: "6fc6706192264ee4a6fa1926476af0f3" member_type: VOTER last_known_addr { host: "127.26.157.131" port: 32895 } }
I20260710 13:25:37.006090 27582 ts_tablet_manager.cc:1434] T a158833e5ff54bbd978cdb9b8c7cd078 P 6fc6706192264ee4a6fa1926476af0f3: Time spent starting tablet: real 0.021s	user 0.006s	sys 0.002s
I20260710 13:25:37.006242 27581 ts_tablet_manager.cc:1434] T f66ed3584825412887469215e78fd968 P 277aa1a8f8724b5bae93a97c2c9b6905: Time spent starting tablet: real 0.051s	user 0.011s	sys 0.000s
I20260710 13:25:37.017259 27582 tablet_bootstrap.cc:492] T 7a8198e399f14627a994fc5d07985ff6 P 6fc6706192264ee4a6fa1926476af0f3: Bootstrap starting.
I20260710 13:25:37.023233 27583 tablet_bootstrap.cc:492] T a158833e5ff54bbd978cdb9b8c7cd078 P 0c13362ce2e3442bb2e3dd168f03e50d: No bootstrap required, opened a new log
I20260710 13:25:37.023702 27583 ts_tablet_manager.cc:1403] T a158833e5ff54bbd978cdb9b8c7cd078 P 0c13362ce2e3442bb2e3dd168f03e50d: Time spent bootstrapping tablet: real 0.113s	user 0.006s	sys 0.012s
I20260710 13:25:37.026154 27582 tablet_bootstrap.cc:654] T 7a8198e399f14627a994fc5d07985ff6 P 6fc6706192264ee4a6fa1926476af0f3: Neither blocks nor log segments found. Creating new log.
I20260710 13:25:37.025614 27283 catalog_manager.cc:5697] T ee54e9027de24b34a8c01431fef1c1d5 P 6fc6706192264ee4a6fa1926476af0f3 reported cstate change: term changed from 0 to 1, leader changed from <none> to 6fc6706192264ee4a6fa1926476af0f3 (127.26.157.131). New cstate: current_term: 1 leader_uuid: "6fc6706192264ee4a6fa1926476af0f3" committed_config { opid_index: -1 OBSOLETE_local: false peers { permanent_uuid: "277aa1a8f8724b5bae93a97c2c9b6905" member_type: VOTER last_known_addr { host: "127.26.157.129" port: 46837 } health_report { overall_health: UNKNOWN } } peers { permanent_uuid: "0c13362ce2e3442bb2e3dd168f03e50d" member_type: VOTER last_known_addr { host: "127.26.157.130" port: 40643 } health_report { overall_health: UNKNOWN } } peers { permanent_uuid: "6fc6706192264ee4a6fa1926476af0f3" member_type: VOTER last_known_addr { host: "127.26.157.131" port: 32895 } health_report { overall_health: HEALTHY } } }
I20260710 13:25:37.027806 27583 raft_consensus.cc:359] T a158833e5ff54bbd978cdb9b8c7cd078 P 0c13362ce2e3442bb2e3dd168f03e50d [term 0 FOLLOWER]: Replica starting. Triggering 0 pending ops. Active config: opid_index: -1 OBSOLETE_local: false peers { permanent_uuid: "277aa1a8f8724b5bae93a97c2c9b6905" member_type: VOTER last_known_addr { host: "127.26.157.129" port: 46837 } } peers { permanent_uuid: "0c13362ce2e3442bb2e3dd168f03e50d" member_type: VOTER last_known_addr { host: "127.26.157.130" port: 40643 } } peers { permanent_uuid: "6fc6706192264ee4a6fa1926476af0f3" member_type: VOTER last_known_addr { host: "127.26.157.131" port: 32895 } }
I20260710 13:25:37.028466 27583 raft_consensus.cc:385] T a158833e5ff54bbd978cdb9b8c7cd078 P 0c13362ce2e3442bb2e3dd168f03e50d [term 0 FOLLOWER]: Consensus starting up: Expiring failure detector timer to make a prompt election more likely
I20260710 13:25:37.028833 27583 raft_consensus.cc:740] T a158833e5ff54bbd978cdb9b8c7cd078 P 0c13362ce2e3442bb2e3dd168f03e50d [term 0 FOLLOWER]: Becoming Follower/Learner. State: Replica: 0c13362ce2e3442bb2e3dd168f03e50d, State: Initialized, Role: FOLLOWER
I20260710 13:25:37.029059 27636 raft_consensus.cc:493] T f66ed3584825412887469215e78fd968 P 277aa1a8f8724b5bae93a97c2c9b6905 [term 0 FOLLOWER]: Starting pre-election (no leader contacted us within the election timeout)
I20260710 13:25:37.029523 27583 consensus_queue.cc:260] T a158833e5ff54bbd978cdb9b8c7cd078 P 0c13362ce2e3442bb2e3dd168f03e50d [NON_LEADER]: Queue going to NON_LEADER mode. State: All replicated index: 0, Majority replicated index: 0, Committed index: 0, Last appended: 0.0, Last appended by leader: 0, Current term: 0, Majority size: -1, State: 0, Mode: NON_LEADER, active raft config: opid_index: -1 OBSOLETE_local: false peers { permanent_uuid: "277aa1a8f8724b5bae93a97c2c9b6905" member_type: VOTER last_known_addr { host: "127.26.157.129" port: 46837 } } peers { permanent_uuid: "0c13362ce2e3442bb2e3dd168f03e50d" member_type: VOTER last_known_addr { host: "127.26.157.130" port: 40643 } } peers { permanent_uuid: "6fc6706192264ee4a6fa1926476af0f3" member_type: VOTER last_known_addr { host: "127.26.157.131" port: 32895 } }
I20260710 13:25:37.029498 27636 raft_consensus.cc:515] T f66ed3584825412887469215e78fd968 P 277aa1a8f8724b5bae93a97c2c9b6905 [term 0 FOLLOWER]: Starting pre-election with config: opid_index: -1 OBSOLETE_local: false peers { permanent_uuid: "277aa1a8f8724b5bae93a97c2c9b6905" member_type: VOTER last_known_addr { host: "127.26.157.129" port: 46837 } } peers { permanent_uuid: "0c13362ce2e3442bb2e3dd168f03e50d" member_type: VOTER last_known_addr { host: "127.26.157.130" port: 40643 } } peers { permanent_uuid: "6fc6706192264ee4a6fa1926476af0f3" member_type: VOTER last_known_addr { host: "127.26.157.131" port: 32895 } }
I20260710 13:25:37.031834 27636 leader_election.cc:290] T f66ed3584825412887469215e78fd968 P 277aa1a8f8724b5bae93a97c2c9b6905 [CANDIDATE]: Term 1 pre-election: Requested pre-vote from peers 0c13362ce2e3442bb2e3dd168f03e50d (127.26.157.130:40643), 6fc6706192264ee4a6fa1926476af0f3 (127.26.157.131:32895)
I20260710 13:25:37.033771 27464 tablet_service.cc:1917] Received RequestConsensusVote() RPC: tablet_id: "f66ed3584825412887469215e78fd968" candidate_uuid: "277aa1a8f8724b5bae93a97c2c9b6905" candidate_term: 1 candidate_status { last_received { term: 0 index: 0 } } ignore_live_leader: false dest_uuid: "0c13362ce2e3442bb2e3dd168f03e50d" is_pre_election: true
I20260710 13:25:37.034467 27464 raft_consensus.cc:2468] T f66ed3584825412887469215e78fd968 P 0c13362ce2e3442bb2e3dd168f03e50d [term 0 FOLLOWER]: Leader pre-election vote request: Granting yes vote for candidate 277aa1a8f8724b5bae93a97c2c9b6905 in term 0.
I20260710 13:25:37.036602 27583 ts_tablet_manager.cc:1434] T a158833e5ff54bbd978cdb9b8c7cd078 P 0c13362ce2e3442bb2e3dd168f03e50d: Time spent starting tablet: real 0.013s	user 0.007s	sys 0.002s
I20260710 13:25:37.037377 27354 leader_election.cc:304] T f66ed3584825412887469215e78fd968 P 277aa1a8f8724b5bae93a97c2c9b6905 [CANDIDATE]: Term 1 pre-election: Election decided. Result: candidate won. Election summary: received 2 responses out of 3 voters: 2 yes votes; 0 no votes. yes voters: 0c13362ce2e3442bb2e3dd168f03e50d, 277aa1a8f8724b5bae93a97c2c9b6905; no voters: 
I20260710 13:25:37.036406 27537 tablet_service.cc:1917] Received RequestConsensusVote() RPC: tablet_id: "f66ed3584825412887469215e78fd968" candidate_uuid: "277aa1a8f8724b5bae93a97c2c9b6905" candidate_term: 1 candidate_status { last_received { term: 0 index: 0 } } ignore_live_leader: false dest_uuid: "6fc6706192264ee4a6fa1926476af0f3" is_pre_election: true
W20260710 13:25:37.038942 27352 leader_election.cc:343] T f66ed3584825412887469215e78fd968 P 277aa1a8f8724b5bae93a97c2c9b6905 [CANDIDATE]: Term 1 pre-election: Tablet error from VoteRequest() call to peer 6fc6706192264ee4a6fa1926476af0f3 (127.26.157.131:32895): Illegal state: must be running to vote when last-logged opid is not known
I20260710 13:25:37.039781 27636 raft_consensus.cc:2804] T f66ed3584825412887469215e78fd968 P 277aa1a8f8724b5bae93a97c2c9b6905 [term 0 FOLLOWER]: Leader pre-election won for term 1
I20260710 13:25:37.040279 27636 raft_consensus.cc:493] T f66ed3584825412887469215e78fd968 P 277aa1a8f8724b5bae93a97c2c9b6905 [term 0 FOLLOWER]: Starting leader election (no leader contacted us within the election timeout)
I20260710 13:25:37.040784 27636 raft_consensus.cc:3060] T f66ed3584825412887469215e78fd968 P 277aa1a8f8724b5bae93a97c2c9b6905 [term 0 FOLLOWER]: Advancing to term 1
I20260710 13:25:37.047824 27636 raft_consensus.cc:515] T f66ed3584825412887469215e78fd968 P 277aa1a8f8724b5bae93a97c2c9b6905 [term 1 FOLLOWER]: Starting leader election with config: opid_index: -1 OBSOLETE_local: false peers { permanent_uuid: "277aa1a8f8724b5bae93a97c2c9b6905" member_type: VOTER last_known_addr { host: "127.26.157.129" port: 46837 } } peers { permanent_uuid: "0c13362ce2e3442bb2e3dd168f03e50d" member_type: VOTER last_known_addr { host: "127.26.157.130" port: 40643 } } peers { permanent_uuid: "6fc6706192264ee4a6fa1926476af0f3" member_type: VOTER last_known_addr { host: "127.26.157.131" port: 32895 } }
I20260710 13:25:37.050463 27464 tablet_service.cc:1917] Received RequestConsensusVote() RPC: tablet_id: "f66ed3584825412887469215e78fd968" candidate_uuid: "277aa1a8f8724b5bae93a97c2c9b6905" candidate_term: 1 candidate_status { last_received { term: 0 index: 0 } } ignore_live_leader: false dest_uuid: "0c13362ce2e3442bb2e3dd168f03e50d"
I20260710 13:25:37.050644 27582 tablet_bootstrap.cc:492] T 7a8198e399f14627a994fc5d07985ff6 P 6fc6706192264ee4a6fa1926476af0f3: No bootstrap required, opened a new log
I20260710 13:25:37.051019 27464 raft_consensus.cc:3060] T f66ed3584825412887469215e78fd968 P 0c13362ce2e3442bb2e3dd168f03e50d [term 0 FOLLOWER]: Advancing to term 1
I20260710 13:25:37.051242 27582 ts_tablet_manager.cc:1403] T 7a8198e399f14627a994fc5d07985ff6 P 6fc6706192264ee4a6fa1926476af0f3: Time spent bootstrapping tablet: real 0.034s	user 0.004s	sys 0.008s
I20260710 13:25:37.053647 27582 raft_consensus.cc:359] T 7a8198e399f14627a994fc5d07985ff6 P 6fc6706192264ee4a6fa1926476af0f3 [term 0 FOLLOWER]: Replica starting. Triggering 0 pending ops. Active config: opid_index: -1 OBSOLETE_local: false peers { permanent_uuid: "277aa1a8f8724b5bae93a97c2c9b6905" member_type: VOTER last_known_addr { host: "127.26.157.129" port: 46837 } } peers { permanent_uuid: "0c13362ce2e3442bb2e3dd168f03e50d" member_type: VOTER last_known_addr { host: "127.26.157.130" port: 40643 } } peers { permanent_uuid: "6fc6706192264ee4a6fa1926476af0f3" member_type: VOTER last_known_addr { host: "127.26.157.131" port: 32895 } }
I20260710 13:25:37.054139 27582 raft_consensus.cc:385] T 7a8198e399f14627a994fc5d07985ff6 P 6fc6706192264ee4a6fa1926476af0f3 [term 0 FOLLOWER]: Consensus starting up: Expiring failure detector timer to make a prompt election more likely
I20260710 13:25:37.054369 27582 raft_consensus.cc:740] T 7a8198e399f14627a994fc5d07985ff6 P 6fc6706192264ee4a6fa1926476af0f3 [term 0 FOLLOWER]: Becoming Follower/Learner. State: Replica: 6fc6706192264ee4a6fa1926476af0f3, State: Initialized, Role: FOLLOWER
I20260710 13:25:37.054957 27582 consensus_queue.cc:260] T 7a8198e399f14627a994fc5d07985ff6 P 6fc6706192264ee4a6fa1926476af0f3 [NON_LEADER]: Queue going to NON_LEADER mode. State: All replicated index: 0, Majority replicated index: 0, Committed index: 0, Last appended: 0.0, Last appended by leader: 0, Current term: 0, Majority size: -1, State: 0, Mode: NON_LEADER, active raft config: opid_index: -1 OBSOLETE_local: false peers { permanent_uuid: "277aa1a8f8724b5bae93a97c2c9b6905" member_type: VOTER last_known_addr { host: "127.26.157.129" port: 46837 } } peers { permanent_uuid: "0c13362ce2e3442bb2e3dd168f03e50d" member_type: VOTER last_known_addr { host: "127.26.157.130" port: 40643 } } peers { permanent_uuid: "6fc6706192264ee4a6fa1926476af0f3" member_type: VOTER last_known_addr { host: "127.26.157.131" port: 32895 } }
I20260710 13:25:37.056922 27582 ts_tablet_manager.cc:1434] T 7a8198e399f14627a994fc5d07985ff6 P 6fc6706192264ee4a6fa1926476af0f3: Time spent starting tablet: real 0.005s	user 0.005s	sys 0.000s
I20260710 13:25:37.057438 27464 raft_consensus.cc:2468] T f66ed3584825412887469215e78fd968 P 0c13362ce2e3442bb2e3dd168f03e50d [term 1 FOLLOWER]: Leader election vote request: Granting yes vote for candidate 277aa1a8f8724b5bae93a97c2c9b6905 in term 1.
I20260710 13:25:37.058028 27582 tablet_bootstrap.cc:492] T f66ed3584825412887469215e78fd968 P 6fc6706192264ee4a6fa1926476af0f3: Bootstrap starting.
I20260710 13:25:37.058583 27354 leader_election.cc:304] T f66ed3584825412887469215e78fd968 P 277aa1a8f8724b5bae93a97c2c9b6905 [CANDIDATE]: Term 1 election: Election decided. Result: candidate won. Election summary: received 2 responses out of 3 voters: 2 yes votes; 0 no votes. yes voters: 0c13362ce2e3442bb2e3dd168f03e50d, 277aa1a8f8724b5bae93a97c2c9b6905; no voters: 
I20260710 13:25:37.059393 27589 raft_consensus.cc:2804] T f66ed3584825412887469215e78fd968 P 277aa1a8f8724b5bae93a97c2c9b6905 [term 1 FOLLOWER]: Leader election won for term 1
I20260710 13:25:37.059839 27589 raft_consensus.cc:697] T f66ed3584825412887469215e78fd968 P 277aa1a8f8724b5bae93a97c2c9b6905 [term 1 LEADER]: Becoming Leader. State: Replica: 277aa1a8f8724b5bae93a97c2c9b6905, State: Running, Role: LEADER
I20260710 13:25:37.060179 27622 raft_consensus.cc:493] T a158833e5ff54bbd978cdb9b8c7cd078 P 6fc6706192264ee4a6fa1926476af0f3 [term 0 FOLLOWER]: Starting pre-election (no leader contacted us within the election timeout)
I20260710 13:25:37.060612 27589 consensus_queue.cc:237] T f66ed3584825412887469215e78fd968 P 277aa1a8f8724b5bae93a97c2c9b6905 [LEADER]: Queue going to LEADER mode. State: All replicated index: 0, Majority replicated index: 0, Committed index: 0, Last appended: 0.0, Last appended by leader: 0, Current term: 1, Majority size: 2, State: 0, Mode: LEADER, active raft config: opid_index: -1 OBSOLETE_local: false peers { permanent_uuid: "277aa1a8f8724b5bae93a97c2c9b6905" member_type: VOTER last_known_addr { host: "127.26.157.129" port: 46837 } } peers { permanent_uuid: "0c13362ce2e3442bb2e3dd168f03e50d" member_type: VOTER last_known_addr { host: "127.26.157.130" port: 40643 } } peers { permanent_uuid: "6fc6706192264ee4a6fa1926476af0f3" member_type: VOTER last_known_addr { host: "127.26.157.131" port: 32895 } }
I20260710 13:25:37.064006 27582 tablet_bootstrap.cc:654] T f66ed3584825412887469215e78fd968 P 6fc6706192264ee4a6fa1926476af0f3: Neither blocks nor log segments found. Creating new log.
I20260710 13:25:37.060654 27622 raft_consensus.cc:515] T a158833e5ff54bbd978cdb9b8c7cd078 P 6fc6706192264ee4a6fa1926476af0f3 [term 0 FOLLOWER]: Starting pre-election with config: opid_index: -1 OBSOLETE_local: false peers { permanent_uuid: "277aa1a8f8724b5bae93a97c2c9b6905" member_type: VOTER last_known_addr { host: "127.26.157.129" port: 46837 } } peers { permanent_uuid: "0c13362ce2e3442bb2e3dd168f03e50d" member_type: VOTER last_known_addr { host: "127.26.157.130" port: 40643 } } peers { permanent_uuid: "6fc6706192264ee4a6fa1926476af0f3" member_type: VOTER last_known_addr { host: "127.26.157.131" port: 32895 } }
I20260710 13:25:37.066984 27622 leader_election.cc:290] T a158833e5ff54bbd978cdb9b8c7cd078 P 6fc6706192264ee4a6fa1926476af0f3 [CANDIDATE]: Term 1 pre-election: Requested pre-vote from peers 277aa1a8f8724b5bae93a97c2c9b6905 (127.26.157.129:46837), 0c13362ce2e3442bb2e3dd168f03e50d (127.26.157.130:40643)
I20260710 13:25:37.069205 27386 tablet_service.cc:1917] Received RequestConsensusVote() RPC: tablet_id: "a158833e5ff54bbd978cdb9b8c7cd078" candidate_uuid: "6fc6706192264ee4a6fa1926476af0f3" candidate_term: 1 candidate_status { last_received { term: 0 index: 0 } } ignore_live_leader: false dest_uuid: "277aa1a8f8724b5bae93a97c2c9b6905" is_pre_election: true
I20260710 13:25:37.069833 27386 raft_consensus.cc:2468] T a158833e5ff54bbd978cdb9b8c7cd078 P 277aa1a8f8724b5bae93a97c2c9b6905 [term 0 FOLLOWER]: Leader pre-election vote request: Granting yes vote for candidate 6fc6706192264ee4a6fa1926476af0f3 in term 0.
I20260710 13:25:37.069169 27463 tablet_service.cc:1917] Received RequestConsensusVote() RPC: tablet_id: "a158833e5ff54bbd978cdb9b8c7cd078" candidate_uuid: "6fc6706192264ee4a6fa1926476af0f3" candidate_term: 1 candidate_status { last_received { term: 0 index: 0 } } ignore_live_leader: false dest_uuid: "0c13362ce2e3442bb2e3dd168f03e50d" is_pre_election: true
I20260710 13:25:37.070999 27463 raft_consensus.cc:2468] T a158833e5ff54bbd978cdb9b8c7cd078 P 0c13362ce2e3442bb2e3dd168f03e50d [term 0 FOLLOWER]: Leader pre-election vote request: Granting yes vote for candidate 6fc6706192264ee4a6fa1926476af0f3 in term 0.
I20260710 13:25:37.072126 27502 leader_election.cc:304] T a158833e5ff54bbd978cdb9b8c7cd078 P 6fc6706192264ee4a6fa1926476af0f3 [CANDIDATE]: Term 1 pre-election: Election decided. Result: candidate won. Election summary: received 2 responses out of 3 voters: 2 yes votes; 0 no votes. yes voters: 277aa1a8f8724b5bae93a97c2c9b6905, 6fc6706192264ee4a6fa1926476af0f3; no voters: 
I20260710 13:25:37.073894 27622 raft_consensus.cc:2804] T a158833e5ff54bbd978cdb9b8c7cd078 P 6fc6706192264ee4a6fa1926476af0f3 [term 0 FOLLOWER]: Leader pre-election won for term 1
I20260710 13:25:37.074242 27622 raft_consensus.cc:493] T a158833e5ff54bbd978cdb9b8c7cd078 P 6fc6706192264ee4a6fa1926476af0f3 [term 0 FOLLOWER]: Starting leader election (no leader contacted us within the election timeout)
I20260710 13:25:37.074668 27622 raft_consensus.cc:3060] T a158833e5ff54bbd978cdb9b8c7cd078 P 6fc6706192264ee4a6fa1926476af0f3 [term 0 FOLLOWER]: Advancing to term 1
I20260710 13:25:37.079882 27582 tablet_bootstrap.cc:492] T f66ed3584825412887469215e78fd968 P 6fc6706192264ee4a6fa1926476af0f3: No bootstrap required, opened a new log
