I20260710 13:25:59.185259 18143 tablet_copy_service.cc:342] P 539d02432a4544a3ad044863da93f943: Request end of tablet copy session 775aab36421040ac976eaa3b76793f56-a4d138306b2c481a8f319a938c473c80 received from {username='slave'} at 127.0.0.1:36416
I20260710 13:25:59.185727 18143 tablet_copy_service.cc:434] P 539d02432a4544a3ad044863da93f943: ending tablet copy session 775aab36421040ac976eaa3b76793f56-a4d138306b2c481a8f319a938c473c80 on tablet a4d138306b2c481a8f319a938c473c80 with peer 775aab36421040ac976eaa3b76793f56
I20260710 13:25:59.203325 18464 ts_tablet_manager.cc:933] T ae9f10ed5ad54784906fd3e984052e46 P 775aab36421040ac976eaa3b76793f56: Initiating tablet copy from peer 649dc6373a48467aa6a890efc97e429c (127.16.114.194:41739)
I20260710 13:25:59.205047 18464 tablet_copy_client.cc:323] T ae9f10ed5ad54784906fd3e984052e46 P 775aab36421040ac976eaa3b76793f56: tablet copy: Beginning tablet copy session from remote peer at address 127.16.114.194:41739
I20260710 13:25:59.206620 18069 tablet_copy_service.cc:140] P 649dc6373a48467aa6a890efc97e429c: Received BeginTabletCopySession request for tablet ae9f10ed5ad54784906fd3e984052e46 from peer 775aab36421040ac976eaa3b76793f56 ({username='slave'} at 127.0.0.1:43864)
I20260710 13:25:59.207144 18069 tablet_copy_service.cc:161] P 649dc6373a48467aa6a890efc97e429c: Beginning new tablet copy session on tablet ae9f10ed5ad54784906fd3e984052e46 from peer 775aab36421040ac976eaa3b76793f56 at {username='slave'} at 127.0.0.1:43864: session id = 775aab36421040ac976eaa3b76793f56-ae9f10ed5ad54784906fd3e984052e46
I20260710 13:25:59.214596 18069 tablet_copy_source_session.cc:215] T ae9f10ed5ad54784906fd3e984052e46 P 649dc6373a48467aa6a890efc97e429c: Tablet Copy: opened 0 blocks and 1 log segments
I20260710 13:25:59.217510 18464 data_dirs.cc:400] Could only allocate 1 dirs of requested 3 for tablet ae9f10ed5ad54784906fd3e984052e46. 1 dirs total, 0 dirs full, 0 dirs failed
I20260710 13:25:59.231130 18464 tablet_copy_client.cc:806] T ae9f10ed5ad54784906fd3e984052e46 P 775aab36421040ac976eaa3b76793f56: tablet copy: Starting download of 0 data blocks...
I20260710 13:25:59.231612 18464 tablet_copy_client.cc:670] T ae9f10ed5ad54784906fd3e984052e46 P 775aab36421040ac976eaa3b76793f56: tablet copy: Starting download of 1 WAL segments...
I20260710 13:25:59.235081 18464 tablet_copy_client.cc:538] T ae9f10ed5ad54784906fd3e984052e46 P 775aab36421040ac976eaa3b76793f56: tablet copy: Tablet Copy complete. Replacing tablet superblock.
I20260710 13:25:59.240168 18464 tablet_bootstrap.cc:492] T ae9f10ed5ad54784906fd3e984052e46 P 775aab36421040ac976eaa3b76793f56: Bootstrap starting.
I20260710 13:25:59.253394 18464 tablet_bootstrap.cc:492] T ae9f10ed5ad54784906fd3e984052e46 P 775aab36421040ac976eaa3b76793f56: Bootstrap replayed 1/1 log segments. Stats: ops{read=2 overwritten=0 applied=2 ignored=0} inserts{seen=0 ignored=0} mutations{seen=0 ignored=0} orphaned_commits=0. Pending: 0 replicates
I20260710 13:25:59.254066 18464 tablet_bootstrap.cc:492] T ae9f10ed5ad54784906fd3e984052e46 P 775aab36421040ac976eaa3b76793f56: Bootstrap complete.
I20260710 13:25:59.254562 18464 ts_tablet_manager.cc:1403] T ae9f10ed5ad54784906fd3e984052e46 P 775aab36421040ac976eaa3b76793f56: Time spent bootstrapping tablet: real 0.015s	user 0.012s	sys 0.000s
I20260710 13:25:59.256417 18464 raft_consensus.cc:359] T ae9f10ed5ad54784906fd3e984052e46 P 775aab36421040ac976eaa3b76793f56 [term 1 LEARNER]: Replica starting. Triggering 0 pending ops. Active config: opid_index: 2 OBSOLETE_local: false peers { permanent_uuid: "630b6a2c63a645b89e45fd0d8d71c634" member_type: VOTER last_known_addr { host: "127.16.114.193" port: 39055 } attrs { replace: true } } peers { permanent_uuid: "649dc6373a48467aa6a890efc97e429c" member_type: VOTER last_known_addr { host: "127.16.114.194" port: 41739 } } peers { permanent_uuid: "539d02432a4544a3ad044863da93f943" member_type: VOTER last_known_addr { host: "127.16.114.195" port: 40865 } } peers { permanent_uuid: "775aab36421040ac976eaa3b76793f56" member_type: NON_VOTER last_known_addr { host: "127.16.114.196" port: 34761 } attrs { promote: true } }
I20260710 13:25:59.256981 18464 raft_consensus.cc:740] T ae9f10ed5ad54784906fd3e984052e46 P 775aab36421040ac976eaa3b76793f56 [term 1 LEARNER]: Becoming Follower/Learner. State: Replica: 775aab36421040ac976eaa3b76793f56, State: Initialized, Role: LEARNER
I20260710 13:25:59.257411 18464 consensus_queue.cc:260] T ae9f10ed5ad54784906fd3e984052e46 P 775aab36421040ac976eaa3b76793f56 [NON_LEADER]: Queue going to NON_LEADER mode. State: All replicated index: 0, Majority replicated index: 0, Committed index: 2, Last appended: 1.2, Last appended by leader: 2, Current term: 0, Majority size: -1, State: 0, Mode: NON_LEADER, active raft config: opid_index: 2 OBSOLETE_local: false peers { permanent_uuid: "630b6a2c63a645b89e45fd0d8d71c634" member_type: VOTER last_known_addr { host: "127.16.114.193" port: 39055 } attrs { replace: true } } peers { permanent_uuid: "649dc6373a48467aa6a890efc97e429c" member_type: VOTER last_known_addr { host: "127.16.114.194" port: 41739 } } peers { permanent_uuid: "539d02432a4544a3ad044863da93f943" member_type: VOTER last_known_addr { host: "127.16.114.195" port: 40865 } } peers { permanent_uuid: "775aab36421040ac976eaa3b76793f56" member_type: NON_VOTER last_known_addr { host: "127.16.114.196" port: 34761 } attrs { promote: true } }
I20260710 13:25:59.258946 18464 ts_tablet_manager.cc:1434] T ae9f10ed5ad54784906fd3e984052e46 P 775aab36421040ac976eaa3b76793f56: Time spent starting tablet: real 0.004s	user 0.004s	sys 0.000s
I20260710 13:25:59.260684 18069 tablet_copy_service.cc:342] P 649dc6373a48467aa6a890efc97e429c: Request end of tablet copy session 775aab36421040ac976eaa3b76793f56-ae9f10ed5ad54784906fd3e984052e46 received from {username='slave'} at 127.0.0.1:43864
I20260710 13:25:59.261045 18069 tablet_copy_service.cc:434] P 649dc6373a48467aa6a890efc97e429c: ending tablet copy session 775aab36421040ac976eaa3b76793f56-ae9f10ed5ad54784906fd3e984052e46 on tablet ae9f10ed5ad54784906fd3e984052e46 with peer 775aab36421040ac976eaa3b76793f56
I20260710 13:25:59.306375 18404 raft_consensus.cc:1217] T 3665812bc8e74a3081262f9c54a64b36 P 775aab36421040ac976eaa3b76793f56 [term 1 LEARNER]: Deduplicated request from leader. Original: 1.1->[1.2-1.2]   Dedup: 1.2->[]
I20260710 13:25:59.436252 18404 raft_consensus.cc:1217] T 0a06f6a7af424377adaf0b8c02c68ec8 P 775aab36421040ac976eaa3b76793f56 [term 1 LEARNER]: Deduplicated request from leader. Original: 1.1->[1.2-1.2]   Dedup: 1.2->[]
I20260710 13:25:59.506186 18404 raft_consensus.cc:1217] T a4d138306b2c481a8f319a938c473c80 P 775aab36421040ac976eaa3b76793f56 [term 1 LEARNER]: Deduplicated request from leader. Original: 1.1->[1.2-1.2]   Dedup: 1.2->[]
I20260710 13:25:59.671267 18404 raft_consensus.cc:1217] T ae9f10ed5ad54784906fd3e984052e46 P 775aab36421040ac976eaa3b76793f56 [term 1 LEARNER]: Deduplicated request from leader. Original: 1.1->[1.2-1.2]   Dedup: 1.2->[]
I20260710 13:25:59.873831 18478 raft_consensus.cc:1064] T 3665812bc8e74a3081262f9c54a64b36 P 649dc6373a48467aa6a890efc97e429c: attempting to promote NON_VOTER 775aab36421040ac976eaa3b76793f56 to VOTER
I20260710 13:25:59.877353 18478 consensus_queue.cc:237] T 3665812bc8e74a3081262f9c54a64b36 P 649dc6373a48467aa6a890efc97e429c [LEADER]: Queue going to LEADER mode. State: All replicated index: 0, Majority replicated index: 2, Committed index: 2, Last appended: 1.2, Last appended by leader: 0, Current term: 1, Majority size: 3, State: 0, Mode: LEADER, active raft config: opid_index: 3 OBSOLETE_local: false peers { permanent_uuid: "630b6a2c63a645b89e45fd0d8d71c634" member_type: VOTER last_known_addr { host: "127.16.114.193" port: 39055 } } peers { permanent_uuid: "649dc6373a48467aa6a890efc97e429c" member_type: VOTER last_known_addr { host: "127.16.114.194" port: 41739 } } peers { permanent_uuid: "539d02432a4544a3ad044863da93f943" member_type: VOTER last_known_addr { host: "127.16.114.195" port: 40865 } attrs { replace: true } } peers { permanent_uuid: "775aab36421040ac976eaa3b76793f56" member_type: VOTER last_known_addr { host: "127.16.114.196" port: 34761 } attrs { promote: false } }
I20260710 13:25:59.885362 17982 raft_consensus.cc:1275] T 3665812bc8e74a3081262f9c54a64b36 P 630b6a2c63a645b89e45fd0d8d71c634 [term 1 FOLLOWER]: Refusing update from remote peer 649dc6373a48467aa6a890efc97e429c: Log matching property violated. Preceding OpId in replica: term: 1 index: 2. Preceding OpId from leader: term: 1 index: 3. (index mismatch)
I20260710 13:25:59.885401 18133 raft_consensus.cc:1275] T 3665812bc8e74a3081262f9c54a64b36 P 539d02432a4544a3ad044863da93f943 [term 1 FOLLOWER]: Refusing update from remote peer 649dc6373a48467aa6a890efc97e429c: Log matching property violated. Preceding OpId in replica: term: 1 index: 2. Preceding OpId from leader: term: 1 index: 3. (index mismatch)
I20260710 13:25:59.887039 18481 consensus_queue.cc:1048] T 3665812bc8e74a3081262f9c54a64b36 P 649dc6373a48467aa6a890efc97e429c [LEADER]: Connected to new peer: Peer: permanent_uuid: "630b6a2c63a645b89e45fd0d8d71c634" member_type: VOTER last_known_addr { host: "127.16.114.193" port: 39055 }, Status: LMP_MISMATCH, Last received: 0.0, Next index: 3, Last known committed idx: 2, Time since last communication: 0.000s
I20260710 13:25:59.888451 18404 raft_consensus.cc:1275] T 3665812bc8e74a3081262f9c54a64b36 P 775aab36421040ac976eaa3b76793f56 [term 1 LEARNER]: Refusing update from remote peer 649dc6373a48467aa6a890efc97e429c: Log matching property violated. Preceding OpId in replica: term: 1 index: 2. Preceding OpId from leader: term: 1 index: 3. (index mismatch)
I20260710 13:25:59.888774 18267 consensus_queue.cc:1048] T 3665812bc8e74a3081262f9c54a64b36 P 649dc6373a48467aa6a890efc97e429c [LEADER]: Connected to new peer: Peer: permanent_uuid: "539d02432a4544a3ad044863da93f943" member_type: VOTER last_known_addr { host: "127.16.114.195" port: 40865 } attrs { replace: true }, Status: LMP_MISMATCH, Last received: 0.0, Next index: 3, Last known committed idx: 2, Time since last communication: 0.000s
I20260710 13:25:59.890560 18481 consensus_queue.cc:1048] T 3665812bc8e74a3081262f9c54a64b36 P 649dc6373a48467aa6a890efc97e429c [LEADER]: Connected to new peer: Peer: permanent_uuid: "775aab36421040ac976eaa3b76793f56" member_type: VOTER last_known_addr { host: "127.16.114.196" port: 34761 } attrs { promote: false }, Status: LMP_MISMATCH, Last received: 0.0, Next index: 3, Last known committed idx: 2, Time since last communication: 0.000s
I20260710 13:25:59.902666 18481 raft_consensus.cc:2955] T 3665812bc8e74a3081262f9c54a64b36 P 649dc6373a48467aa6a890efc97e429c [term 1 LEADER]: Committing config change with OpId 1.3: config changed from index 2 to 3, 775aab36421040ac976eaa3b76793f56 (127.16.114.196) changed from NON_VOTER to VOTER. New config: { opid_index: 3 OBSOLETE_local: false peers { permanent_uuid: "630b6a2c63a645b89e45fd0d8d71c634" member_type: VOTER last_known_addr { host: "127.16.114.193" port: 39055 } } peers { permanent_uuid: "649dc6373a48467aa6a890efc97e429c" member_type: VOTER last_known_addr { host: "127.16.114.194" port: 41739 } } peers { permanent_uuid: "539d02432a4544a3ad044863da93f943" member_type: VOTER last_known_addr { host: "127.16.114.195" port: 40865 } attrs { replace: true } } peers { permanent_uuid: "775aab36421040ac976eaa3b76793f56" member_type: VOTER last_known_addr { host: "127.16.114.196" port: 34761 } attrs { promote: false } } }
I20260710 13:25:59.904851 18404 raft_consensus.cc:2955] T 3665812bc8e74a3081262f9c54a64b36 P 775aab36421040ac976eaa3b76793f56 [term 1 FOLLOWER]: Committing config change with OpId 1.3: config changed from index 2 to 3, 775aab36421040ac976eaa3b76793f56 (127.16.114.196) changed from NON_VOTER to VOTER. New config: { opid_index: 3 OBSOLETE_local: false peers { permanent_uuid: "630b6a2c63a645b89e45fd0d8d71c634" member_type: VOTER last_known_addr { host: "127.16.114.193" port: 39055 } } peers { permanent_uuid: "649dc6373a48467aa6a890efc97e429c" member_type: VOTER last_known_addr { host: "127.16.114.194" port: 41739 } } peers { permanent_uuid: "539d02432a4544a3ad044863da93f943" member_type: VOTER last_known_addr { host: "127.16.114.195" port: 40865 } attrs { replace: true } } peers { permanent_uuid: "775aab36421040ac976eaa3b76793f56" member_type: VOTER last_known_addr { host: "127.16.114.196" port: 34761 } attrs { promote: false } } }
I20260710 13:25:59.915872 17982 raft_consensus.cc:2955] T 3665812bc8e74a3081262f9c54a64b36 P 630b6a2c63a645b89e45fd0d8d71c634 [term 1 FOLLOWER]: Committing config change with OpId 1.3: config changed from index 2 to 3, 775aab36421040ac976eaa3b76793f56 (127.16.114.196) changed from NON_VOTER to VOTER. New config: { opid_index: 3 OBSOLETE_local: false peers { permanent_uuid: "630b6a2c63a645b89e45fd0d8d71c634" member_type: VOTER last_known_addr { host: "127.16.114.193" port: 39055 } } peers { permanent_uuid: "649dc6373a48467aa6a890efc97e429c" member_type: VOTER last_known_addr { host: "127.16.114.194" port: 41739 } } peers { permanent_uuid: "539d02432a4544a3ad044863da93f943" member_type: VOTER last_known_addr { host: "127.16.114.195" port: 40865 } attrs { replace: true } } peers { permanent_uuid: "775aab36421040ac976eaa3b76793f56" member_type: VOTER last_known_addr { host: "127.16.114.196" port: 34761 } attrs { promote: false } } }
I20260710 13:25:59.920557 18133 raft_consensus.cc:2955] T 3665812bc8e74a3081262f9c54a64b36 P 539d02432a4544a3ad044863da93f943 [term 1 FOLLOWER]: Committing config change with OpId 1.3: config changed from index 2 to 3, 775aab36421040ac976eaa3b76793f56 (127.16.114.196) changed from NON_VOTER to VOTER. New config: { opid_index: 3 OBSOLETE_local: false peers { permanent_uuid: "630b6a2c63a645b89e45fd0d8d71c634" member_type: VOTER last_known_addr { host: "127.16.114.193" port: 39055 } } peers { permanent_uuid: "649dc6373a48467aa6a890efc97e429c" member_type: VOTER last_known_addr { host: "127.16.114.194" port: 41739 } } peers { permanent_uuid: "539d02432a4544a3ad044863da93f943" member_type: VOTER last_known_addr { host: "127.16.114.195" port: 40865 } attrs { replace: true } } peers { permanent_uuid: "775aab36421040ac976eaa3b76793f56" member_type: VOTER last_known_addr { host: "127.16.114.196" port: 34761 } attrs { promote: false } } }
I20260710 13:25:59.924849 17879 catalog_manager.cc:5697] T 3665812bc8e74a3081262f9c54a64b36 P 775aab36421040ac976eaa3b76793f56 reported cstate change: config changed from index 2 to 3, 775aab36421040ac976eaa3b76793f56 (127.16.114.196) changed from NON_VOTER to VOTER. New cstate: current_term: 1 leader_uuid: "649dc6373a48467aa6a890efc97e429c" committed_config { opid_index: 3 OBSOLETE_local: false peers { permanent_uuid: "630b6a2c63a645b89e45fd0d8d71c634" member_type: VOTER last_known_addr { host: "127.16.114.193" port: 39055 } } peers { permanent_uuid: "649dc6373a48467aa6a890efc97e429c" member_type: VOTER last_known_addr { host: "127.16.114.194" port: 41739 } } peers { permanent_uuid: "539d02432a4544a3ad044863da93f943" member_type: VOTER last_known_addr { host: "127.16.114.195" port: 40865 } attrs { replace: true } } peers { permanent_uuid: "775aab36421040ac976eaa3b76793f56" member_type: VOTER last_known_addr { host: "127.16.114.196" port: 34761 } attrs { promote: false } } }
I20260710 13:25:59.956087 18057 consensus_queue.cc:237] T 3665812bc8e74a3081262f9c54a64b36 P 649dc6373a48467aa6a890efc97e429c [LEADER]: Queue going to LEADER mode. State: All replicated index: 0, Majority replicated index: 3, Committed index: 3, Last appended: 1.3, Last appended by leader: 0, Current term: 1, Majority size: 2, State: 0, Mode: LEADER, active raft config: opid_index: 4 OBSOLETE_local: false peers { permanent_uuid: "630b6a2c63a645b89e45fd0d8d71c634" member_type: VOTER last_known_addr { host: "127.16.114.193" port: 39055 } } peers { permanent_uuid: "649dc6373a48467aa6a890efc97e429c" member_type: VOTER last_known_addr { host: "127.16.114.194" port: 41739 } } peers { permanent_uuid: "775aab36421040ac976eaa3b76793f56" member_type: VOTER last_known_addr { host: "127.16.114.196" port: 34761 } attrs { promote: false } }
I20260710 13:25:59.960783 18404 raft_consensus.cc:1275] T 3665812bc8e74a3081262f9c54a64b36 P 775aab36421040ac976eaa3b76793f56 [term 1 FOLLOWER]: Refusing update from remote peer 649dc6373a48467aa6a890efc97e429c: Log matching property violated. Preceding OpId in replica: term: 1 index: 3. Preceding OpId from leader: term: 1 index: 4. (index mismatch)
I20260710 13:25:59.961274 17982 raft_consensus.cc:1275] T 3665812bc8e74a3081262f9c54a64b36 P 630b6a2c63a645b89e45fd0d8d71c634 [term 1 FOLLOWER]: Refusing update from remote peer 649dc6373a48467aa6a890efc97e429c: Log matching property violated. Preceding OpId in replica: term: 1 index: 3. Preceding OpId from leader: term: 1 index: 4. (index mismatch)
I20260710 13:25:59.962354 18437 consensus_queue.cc:1048] T 3665812bc8e74a3081262f9c54a64b36 P 649dc6373a48467aa6a890efc97e429c [LEADER]: Connected to new peer: Peer: permanent_uuid: "775aab36421040ac976eaa3b76793f56" member_type: VOTER last_known_addr { host: "127.16.114.196" port: 34761 } attrs { promote: false }, Status: LMP_MISMATCH, Last received: 0.0, Next index: 4, Last known committed idx: 3, Time since last communication: 0.000s
I20260710 13:25:59.963189 18478 consensus_queue.cc:1048] T 3665812bc8e74a3081262f9c54a64b36 P 649dc6373a48467aa6a890efc97e429c [LEADER]: Connected to new peer: Peer: permanent_uuid: "630b6a2c63a645b89e45fd0d8d71c634" member_type: VOTER last_known_addr { host: "127.16.114.193" port: 39055 }, Status: LMP_MISMATCH, Last received: 0.0, Next index: 4, Last known committed idx: 3, Time since last communication: 0.000s
I20260710 13:25:59.969789 18478 raft_consensus.cc:2955] T 3665812bc8e74a3081262f9c54a64b36 P 649dc6373a48467aa6a890efc97e429c [term 1 LEADER]: Committing config change with OpId 1.4: config changed from index 3 to 4, VOTER 539d02432a4544a3ad044863da93f943 (127.16.114.195) evicted. New config: { opid_index: 4 OBSOLETE_local: false peers { permanent_uuid: "630b6a2c63a645b89e45fd0d8d71c634" member_type: VOTER last_known_addr { host: "127.16.114.193" port: 39055 } } peers { permanent_uuid: "649dc6373a48467aa6a890efc97e429c" member_type: VOTER last_known_addr { host: "127.16.114.194" port: 41739 } } peers { permanent_uuid: "775aab36421040ac976eaa3b76793f56" member_type: VOTER last_known_addr { host: "127.16.114.196" port: 34761 } attrs { promote: false } } }
I20260710 13:25:59.975116 18404 raft_consensus.cc:2955] T 3665812bc8e74a3081262f9c54a64b36 P 775aab36421040ac976eaa3b76793f56 [term 1 FOLLOWER]: Committing config change with OpId 1.4: config changed from index 3 to 4, VOTER 539d02432a4544a3ad044863da93f943 (127.16.114.195) evicted. New config: { opid_index: 4 OBSOLETE_local: false peers { permanent_uuid: "630b6a2c63a645b89e45fd0d8d71c634" member_type: VOTER last_known_addr { host: "127.16.114.193" port: 39055 } } peers { permanent_uuid: "649dc6373a48467aa6a890efc97e429c" member_type: VOTER last_known_addr { host: "127.16.114.194" port: 41739 } } peers { permanent_uuid: "775aab36421040ac976eaa3b76793f56" member_type: VOTER last_known_addr { host: "127.16.114.196" port: 34761 } attrs { promote: false } } }
I20260710 13:25:59.981642 17868 catalog_manager.cc:5210] ChangeConfig:REMOVE_PEER RPC for tablet 3665812bc8e74a3081262f9c54a64b36 with cas_config_opid_index 3: ChangeConfig:REMOVE_PEER succeeded (attempt 1)
I20260710 13:25:59.979872 17982 raft_consensus.cc:2955] T 3665812bc8e74a3081262f9c54a64b36 P 630b6a2c63a645b89e45fd0d8d71c634 [term 1 FOLLOWER]: Committing config change with OpId 1.4: config changed from index 3 to 4, VOTER 539d02432a4544a3ad044863da93f943 (127.16.114.195) evicted. New config: { opid_index: 4 OBSOLETE_local: false peers { permanent_uuid: "630b6a2c63a645b89e45fd0d8d71c634" member_type: VOTER last_known_addr { host: "127.16.114.193" port: 39055 } } peers { permanent_uuid: "649dc6373a48467aa6a890efc97e429c" member_type: VOTER last_known_addr { host: "127.16.114.194" port: 41739 } } peers { permanent_uuid: "775aab36421040ac976eaa3b76793f56" member_type: VOTER last_known_addr { host: "127.16.114.196" port: 34761 } attrs { promote: false } } }
I20260710 13:25:59.989271 17880 catalog_manager.cc:5697] T 3665812bc8e74a3081262f9c54a64b36 P 775aab36421040ac976eaa3b76793f56 reported cstate change: config changed from index 3 to 4, VOTER 539d02432a4544a3ad044863da93f943 (127.16.114.195) evicted. New cstate: current_term: 1 leader_uuid: "649dc6373a48467aa6a890efc97e429c" committed_config { opid_index: 4 OBSOLETE_local: false peers { permanent_uuid: "630b6a2c63a645b89e45fd0d8d71c634" member_type: VOTER last_known_addr { host: "127.16.114.193" port: 39055 } } peers { permanent_uuid: "649dc6373a48467aa6a890efc97e429c" member_type: VOTER last_known_addr { host: "127.16.114.194" port: 41739 } } peers { permanent_uuid: "775aab36421040ac976eaa3b76793f56" member_type: VOTER last_known_addr { host: "127.16.114.196" port: 34761 } attrs { promote: false } } }
I20260710 13:26:00.006695 18434 raft_consensus.cc:1064] T a4d138306b2c481a8f319a938c473c80 P 539d02432a4544a3ad044863da93f943: attempting to promote NON_VOTER 775aab36421040ac976eaa3b76793f56 to VOTER
I20260710 13:26:00.009690 18118 tablet_service.cc:1558] Processing DeleteTablet for tablet 3665812bc8e74a3081262f9c54a64b36 with delete_type TABLET_DATA_TOMBSTONED (TS 539d02432a4544a3ad044863da93f943 not found in new config with opid_index 4) from {username='slave'} at 127.0.0.1:36392
I20260710 13:26:00.010529 18434 consensus_queue.cc:237] T a4d138306b2c481a8f319a938c473c80 P 539d02432a4544a3ad044863da93f943 [LEADER]: Queue going to LEADER mode. State: All replicated index: 0, Majority replicated index: 2, Committed index: 2, Last appended: 1.2, Last appended by leader: 0, Current term: 1, Majority size: 3, State: 0, Mode: LEADER, active raft config: opid_index: 3 OBSOLETE_local: false peers { permanent_uuid: "630b6a2c63a645b89e45fd0d8d71c634" member_type: VOTER last_known_addr { host: "127.16.114.193" port: 39055 } } peers { permanent_uuid: "649dc6373a48467aa6a890efc97e429c" member_type: VOTER last_known_addr { host: "127.16.114.194" port: 41739 } attrs { replace: true } } peers { permanent_uuid: "539d02432a4544a3ad044863da93f943" member_type: VOTER last_known_addr { host: "127.16.114.195" port: 40865 } } peers { permanent_uuid: "775aab36421040ac976eaa3b76793f56" member_type: VOTER last_known_addr { host: "127.16.114.196" port: 34761 } attrs { promote: false } }
I20260710 13:26:00.034373 18177 raft_consensus.cc:1064] T 0a06f6a7af424377adaf0b8c02c68ec8 P 630b6a2c63a645b89e45fd0d8d71c634: attempting to promote NON_VOTER 775aab36421040ac976eaa3b76793f56 to VOTER
I20260710 13:26:00.038290 18489 tablet_replica.cc:333] T 3665812bc8e74a3081262f9c54a64b36 P 539d02432a4544a3ad044863da93f943: stopping tablet replica
I20260710 13:26:00.038388 18177 consensus_queue.cc:237] T 0a06f6a7af424377adaf0b8c02c68ec8 P 630b6a2c63a645b89e45fd0d8d71c634 [LEADER]: Queue going to LEADER mode. State: All replicated index: 0, Majority replicated index: 2, Committed index: 2, Last appended: 1.2, Last appended by leader: 0, Current term: 1, Majority size: 3, State: 0, Mode: LEADER, active raft config: opid_index: 3 OBSOLETE_local: false peers { permanent_uuid: "630b6a2c63a645b89e45fd0d8d71c634" member_type: VOTER last_known_addr { host: "127.16.114.193" port: 39055 } } peers { permanent_uuid: "649dc6373a48467aa6a890efc97e429c" member_type: VOTER last_known_addr { host: "127.16.114.194" port: 41739 } attrs { replace: true } } peers { permanent_uuid: "539d02432a4544a3ad044863da93f943" member_type: VOTER last_known_addr { host: "127.16.114.195" port: 40865 } } peers { permanent_uuid: "775aab36421040ac976eaa3b76793f56" member_type: VOTER last_known_addr { host: "127.16.114.196" port: 34761 } attrs { promote: false } }
I20260710 13:26:00.041953 18404 raft_consensus.cc:1275] T a4d138306b2c481a8f319a938c473c80 P 775aab36421040ac976eaa3b76793f56 [term 1 LEARNER]: Refusing update from remote peer 539d02432a4544a3ad044863da93f943: Log matching property violated. Preceding OpId in replica: term: 1 index: 2. Preceding OpId from leader: term: 1 index: 3. (index mismatch)
I20260710 13:26:00.042667 18057 raft_consensus.cc:1275] T a4d138306b2c481a8f319a938c473c80 P 649dc6373a48467aa6a890efc97e429c [term 1 FOLLOWER]: Refusing update from remote peer 539d02432a4544a3ad044863da93f943: Log matching property violated. Preceding OpId in replica: term: 1 index: 2. Preceding OpId from leader: term: 1 index: 3. (index mismatch)
I20260710 13:26:00.042806 18489 raft_consensus.cc:2243] T 3665812bc8e74a3081262f9c54a64b36 P 539d02432a4544a3ad044863da93f943 [term 1 FOLLOWER]: Raft consensus shutting down.
I20260710 13:26:00.043678 18489 raft_consensus.cc:2272] T 3665812bc8e74a3081262f9c54a64b36 P 539d02432a4544a3ad044863da93f943 [term 1 FOLLOWER]: Raft consensus is shut down!
I20260710 13:26:00.044090 18475 consensus_queue.cc:1048] T a4d138306b2c481a8f319a938c473c80 P 539d02432a4544a3ad044863da93f943 [LEADER]: Connected to new peer: Peer: permanent_uuid: "775aab36421040ac976eaa3b76793f56" member_type: VOTER last_known_addr { host: "127.16.114.196" port: 34761 } attrs { promote: false }, Status: LMP_MISMATCH, Last received: 0.0, Next index: 3, Last known committed idx: 2, Time since last communication: 0.001s
I20260710 13:26:00.041723 17982 raft_consensus.cc:1275] T a4d138306b2c481a8f319a938c473c80 P 630b6a2c63a645b89e45fd0d8d71c634 [term 1 FOLLOWER]: Refusing update from remote peer 539d02432a4544a3ad044863da93f943: Log matching property violated. Preceding OpId in replica: term: 1 index: 2. Preceding OpId from leader: term: 1 index: 3. (index mismatch)
I20260710 13:26:00.046449 18494 consensus_queue.cc:1048] T a4d138306b2c481a8f319a938c473c80 P 539d02432a4544a3ad044863da93f943 [LEADER]: Connected to new peer: Peer: permanent_uuid: "649dc6373a48467aa6a890efc97e429c" member_type: VOTER last_known_addr { host: "127.16.114.194" port: 41739 } attrs { replace: true }, Status: LMP_MISMATCH, Last received: 0.0, Next index: 3, Last known committed idx: 2, Time since last communication: 0.001s
I20260710 13:26:00.047500 18475 consensus_queue.cc:1048] T a4d138306b2c481a8f319a938c473c80 P 539d02432a4544a3ad044863da93f943 [LEADER]: Connected to new peer: Peer: permanent_uuid: "630b6a2c63a645b89e45fd0d8d71c634" member_type: VOTER last_known_addr { host: "127.16.114.193" port: 39055 }, Status: LMP_MISMATCH, Last received: 0.0, Next index: 3, Last known committed idx: 2, Time since last communication: 0.000s
I20260710 13:26:00.047994 18489 ts_tablet_manager.cc:1916] T 3665812bc8e74a3081262f9c54a64b36 P 539d02432a4544a3ad044863da93f943: Deleting tablet data with delete state TABLET_DATA_TOMBSTONED
I20260710 13:26:00.067616 18489 ts_tablet_manager.cc:1929] T 3665812bc8e74a3081262f9c54a64b36 P 539d02432a4544a3ad044863da93f943: tablet deleted with delete type TABLET_DATA_TOMBSTONED: last-logged OpId 1.3
I20260710 13:26:00.076495 18489 log.cc:1199] T 3665812bc8e74a3081262f9c54a64b36 P 539d02432a4544a3ad044863da93f943: Deleting WAL directory at /tmp/dist-test-taskWl8NDu/test-tmp/auto_leader_rebalancer-test.0.LeaderRebalancerTest.AddTserver.1783689927953688-16843-0/minicluster-data/ts-2-root/wals/3665812bc8e74a3081262f9c54a64b36
I20260710 13:26:00.078804 17868 catalog_manager.cc:5028] TS 539d02432a4544a3ad044863da93f943 (127.16.114.195:40865): tablet 3665812bc8e74a3081262f9c54a64b36 (table test-workload [id=b8012a7586d8499f8ac64b95e3df3f92]) successfully deleted
I20260710 13:26:00.082991 18403 raft_consensus.cc:1275] T 0a06f6a7af424377adaf0b8c02c68ec8 P 775aab36421040ac976eaa3b76793f56 [term 1 LEARNER]: Refusing update from remote peer 630b6a2c63a645b89e45fd0d8d71c634: Log matching property violated. Preceding OpId in replica: term: 1 index: 2. Preceding OpId from leader: term: 1 index: 3. (index mismatch)
I20260710 13:26:00.082569 18475 raft_consensus.cc:2955] T a4d138306b2c481a8f319a938c473c80 P 539d02432a4544a3ad044863da93f943 [term 1 LEADER]: Committing config change with OpId 1.3: config changed from index 2 to 3, 775aab36421040ac976eaa3b76793f56 (127.16.114.196) changed from NON_VOTER to VOTER. New config: { opid_index: 3 OBSOLETE_local: false peers { permanent_uuid: "630b6a2c63a645b89e45fd0d8d71c634" member_type: VOTER last_known_addr { host: "127.16.114.193" port: 39055 } } peers { permanent_uuid: "649dc6373a48467aa6a890efc97e429c" member_type: VOTER last_known_addr { host: "127.16.114.194" port: 41739 } attrs { replace: true } } peers { permanent_uuid: "539d02432a4544a3ad044863da93f943" member_type: VOTER last_known_addr { host: "127.16.114.195" port: 40865 } } peers { permanent_uuid: "775aab36421040ac976eaa3b76793f56" member_type: VOTER last_known_addr { host: "127.16.114.196" port: 34761 } attrs { promote: false } } }
I20260710 13:26:00.083019 18133 raft_consensus.cc:1275] T 0a06f6a7af424377adaf0b8c02c68ec8 P 539d02432a4544a3ad044863da93f943 [term 1 FOLLOWER]: Refusing update from remote peer 630b6a2c63a645b89e45fd0d8d71c634: Log matching property violated. Preceding OpId in replica: term: 1 index: 2. Preceding OpId from leader: term: 1 index: 3. (index mismatch)
I20260710 13:26:00.084849 18492 consensus_queue.cc:1048] T 0a06f6a7af424377adaf0b8c02c68ec8 P 630b6a2c63a645b89e45fd0d8d71c634 [LEADER]: Connected to new peer: Peer: permanent_uuid: "775aab36421040ac976eaa3b76793f56" member_type: VOTER last_known_addr { host: "127.16.114.196" port: 34761 } attrs { promote: false }, Status: LMP_MISMATCH, Last received: 0.0, Next index: 3, Last known committed idx: 2, Time since last communication: 0.001s
I20260710 13:26:00.086927 18492 consensus_queue.cc:1048] T 0a06f6a7af424377adaf0b8c02c68ec8 P 630b6a2c63a645b89e45fd0d8d71c634 [LEADER]: Connected to new peer: Peer: permanent_uuid: "539d02432a4544a3ad044863da93f943" member_type: VOTER last_known_addr { host: "127.16.114.195" port: 40865 }, Status: LMP_MISMATCH, Last received: 0.0, Next index: 3, Last known committed idx: 2, Time since last communication: 0.000s
I20260710 13:26:00.098387 18057 raft_consensus.cc:2955] T a4d138306b2c481a8f319a938c473c80 P 649dc6373a48467aa6a890efc97e429c [term 1 FOLLOWER]: Committing config change with OpId 1.3: config changed from index 2 to 3, 775aab36421040ac976eaa3b76793f56 (127.16.114.196) changed from NON_VOTER to VOTER. New config: { opid_index: 3 OBSOLETE_local: false peers { permanent_uuid: "630b6a2c63a645b89e45fd0d8d71c634" member_type: VOTER last_known_addr { host: "127.16.114.193" port: 39055 } } peers { permanent_uuid: "649dc6373a48467aa6a890efc97e429c" member_type: VOTER last_known_addr { host: "127.16.114.194" port: 41739 } attrs { replace: true } } peers { permanent_uuid: "539d02432a4544a3ad044863da93f943" member_type: VOTER last_known_addr { host: "127.16.114.195" port: 40865 } } peers { permanent_uuid: "775aab36421040ac976eaa3b76793f56" member_type: VOTER last_known_addr { host: "127.16.114.196" port: 34761 } attrs { promote: false } } }
I20260710 13:26:00.105487 18058 raft_consensus.cc:1275] T 0a06f6a7af424377adaf0b8c02c68ec8 P 649dc6373a48467aa6a890efc97e429c [term 1 FOLLOWER]: Refusing update from remote peer 630b6a2c63a645b89e45fd0d8d71c634: Log matching property violated. Preceding OpId in replica: term: 1 index: 2. Preceding OpId from leader: term: 1 index: 3. (index mismatch)
I20260710 13:26:00.107026 18177 consensus_queue.cc:1048] T 0a06f6a7af424377adaf0b8c02c68ec8 P 630b6a2c63a645b89e45fd0d8d71c634 [LEADER]: Connected to new peer: Peer: permanent_uuid: "649dc6373a48467aa6a890efc97e429c" member_type: VOTER last_known_addr { host: "127.16.114.194" port: 41739 } attrs { replace: true }, Status: LMP_MISMATCH, Last received: 0.0, Next index: 3, Last known committed idx: 2, Time since last communication: 0.001s
I20260710 13:26:00.110026 17881 catalog_manager.cc:5697] T a4d138306b2c481a8f319a938c473c80 P 539d02432a4544a3ad044863da93f943 reported cstate change: config changed from index 2 to 3, 775aab36421040ac976eaa3b76793f56 (127.16.114.196) changed from NON_VOTER to VOTER. New cstate: current_term: 1 leader_uuid: "539d02432a4544a3ad044863da93f943" committed_config { opid_index: 3 OBSOLETE_local: false peers { permanent_uuid: "630b6a2c63a645b89e45fd0d8d71c634" member_type: VOTER last_known_addr { host: "127.16.114.193" port: 39055 } health_report { overall_health: HEALTHY } } peers { permanent_uuid: "649dc6373a48467aa6a890efc97e429c" member_type: VOTER last_known_addr { host: "127.16.114.194" port: 41739 } attrs { replace: true } health_report { overall_health: HEALTHY } } peers { permanent_uuid: "539d02432a4544a3ad044863da93f943" member_type: VOTER last_known_addr { host: "127.16.114.195" port: 40865 } health_report { overall_health: HEALTHY } } peers { permanent_uuid: "775aab36421040ac976eaa3b76793f56" member_type: VOTER last_known_addr { host: "127.16.114.196" port: 34761 } attrs { promote: false } health_report { overall_health: UNKNOWN } } }
I20260710 13:26:00.106604 17982 raft_consensus.cc:2955] T a4d138306b2c481a8f319a938c473c80 P 630b6a2c63a645b89e45fd0d8d71c634 [term 1 FOLLOWER]: Committing config change with OpId 1.3: config changed from index 2 to 3, 775aab36421040ac976eaa3b76793f56 (127.16.114.196) changed from NON_VOTER to VOTER. New config: { opid_index: 3 OBSOLETE_local: false peers { permanent_uuid: "630b6a2c63a645b89e45fd0d8d71c634" member_type: VOTER last_known_addr { host: "127.16.114.193" port: 39055 } } peers { permanent_uuid: "649dc6373a48467aa6a890efc97e429c" member_type: VOTER last_known_addr { host: "127.16.114.194" port: 41739 } attrs { replace: true } } peers { permanent_uuid: "539d02432a4544a3ad044863da93f943" member_type: VOTER last_known_addr { host: "127.16.114.195" port: 40865 } } peers { permanent_uuid: "775aab36421040ac976eaa3b76793f56" member_type: VOTER last_known_addr { host: "127.16.114.196" port: 34761 } attrs { promote: false } } }
I20260710 13:26:00.120640 18404 raft_consensus.cc:2955] T a4d138306b2c481a8f319a938c473c80 P 775aab36421040ac976eaa3b76793f56 [term 1 FOLLOWER]: Committing config change with OpId 1.3: config changed from index 2 to 3, 775aab36421040ac976eaa3b76793f56 (127.16.114.196) changed from NON_VOTER to VOTER. New config: { opid_index: 3 OBSOLETE_local: false peers { permanent_uuid: "630b6a2c63a645b89e45fd0d8d71c634" member_type: VOTER last_known_addr { host: "127.16.114.193" port: 39055 } } peers { permanent_uuid: "649dc6373a48467aa6a890efc97e429c" member_type: VOTER last_known_addr { host: "127.16.114.194" port: 41739 } attrs { replace: true } } peers { permanent_uuid: "539d02432a4544a3ad044863da93f943" member_type: VOTER last_known_addr { host: "127.16.114.195" port: 40865 } } peers { permanent_uuid: "775aab36421040ac976eaa3b76793f56" member_type: VOTER last_known_addr { host: "127.16.114.196" port: 34761 } attrs { promote: false } } }
I20260710 13:26:00.143568 18478 raft_consensus.cc:1064] T ae9f10ed5ad54784906fd3e984052e46 P 649dc6373a48467aa6a890efc97e429c: attempting to promote NON_VOTER 775aab36421040ac976eaa3b76793f56 to VOTER
I20260710 13:26:00.146230 18478 consensus_queue.cc:237] T ae9f10ed5ad54784906fd3e984052e46 P 649dc6373a48467aa6a890efc97e429c [LEADER]: Queue going to LEADER mode. State: All replicated index: 0, Majority replicated index: 2, Committed index: 2, Last appended: 1.2, Last appended by leader: 0, Current term: 1, Majority size: 3, State: 0, Mode: LEADER, active raft config: opid_index: 3 OBSOLETE_local: false peers { permanent_uuid: "630b6a2c63a645b89e45fd0d8d71c634" member_type: VOTER last_known_addr { host: "127.16.114.193" port: 39055 } attrs { replace: true } } peers { permanent_uuid: "649dc6373a48467aa6a890efc97e429c" member_type: VOTER last_known_addr { host: "127.16.114.194" port: 41739 } } peers { permanent_uuid: "539d02432a4544a3ad044863da93f943" member_type: VOTER last_known_addr { host: "127.16.114.195" port: 40865 } } peers { permanent_uuid: "775aab36421040ac976eaa3b76793f56" member_type: VOTER last_known_addr { host: "127.16.114.196" port: 34761 } attrs { promote: false } }
I20260710 13:26:00.151212 18132 consensus_queue.cc:237] T a4d138306b2c481a8f319a938c473c80 P 539d02432a4544a3ad044863da93f943 [LEADER]: Queue going to LEADER mode. State: All replicated index: 0, Majority replicated index: 3, Committed index: 3, Last appended: 1.3, Last appended by leader: 0, Current term: 1, Majority size: 2, State: 0, Mode: LEADER, active raft config: opid_index: 4 OBSOLETE_local: false peers { permanent_uuid: "630b6a2c63a645b89e45fd0d8d71c634" member_type: VOTER last_known_addr { host: "127.16.114.193" port: 39055 } } peers { permanent_uuid: "539d02432a4544a3ad044863da93f943" member_type: VOTER last_known_addr { host: "127.16.114.195" port: 40865 } } peers { permanent_uuid: "775aab36421040ac976eaa3b76793f56" member_type: VOTER last_known_addr { host: "127.16.114.196" port: 34761 } attrs { promote: false } }
I20260710 13:26:00.161746 17982 raft_consensus.cc:1275] T a4d138306b2c481a8f319a938c473c80 P 630b6a2c63a645b89e45fd0d8d71c634 [term 1 FOLLOWER]: Refusing update from remote peer 539d02432a4544a3ad044863da93f943: Log matching property violated. Preceding OpId in replica: term: 1 index: 3. Preceding OpId from leader: term: 1 index: 4. (index mismatch)
I20260710 13:26:00.161170 18057 raft_consensus.cc:2955] T 0a06f6a7af424377adaf0b8c02c68ec8 P 649dc6373a48467aa6a890efc97e429c [term 1 FOLLOWER]: Committing config change with OpId 1.3: config changed from index 2 to 3, 775aab36421040ac976eaa3b76793f56 (127.16.114.196) changed from NON_VOTER to VOTER. New config: { opid_index: 3 OBSOLETE_local: false peers { permanent_uuid: "630b6a2c63a645b89e45fd0d8d71c634" member_type: VOTER last_known_addr { host: "127.16.114.193" port: 39055 } } peers { permanent_uuid: "649dc6373a48467aa6a890efc97e429c" member_type: VOTER last_known_addr { host: "127.16.114.194" port: 41739 } attrs { replace: true } } peers { permanent_uuid: "539d02432a4544a3ad044863da93f943" member_type: VOTER last_known_addr { host: "127.16.114.195" port: 40865 } } peers { permanent_uuid: "775aab36421040ac976eaa3b76793f56" member_type: VOTER last_known_addr { host: "127.16.114.196" port: 34761 } attrs { promote: false } } }
I20260710 13:26:00.163362 18475 consensus_queue.cc:1048] T a4d138306b2c481a8f319a938c473c80 P 539d02432a4544a3ad044863da93f943 [LEADER]: Connected to new peer: Peer: permanent_uuid: "630b6a2c63a645b89e45fd0d8d71c634" member_type: VOTER last_known_addr { host: "127.16.114.193" port: 39055 }, Status: LMP_MISMATCH, Last received: 0.0, Next index: 4, Last known committed idx: 3, Time since last communication: 0.000s
I20260710 13:26:00.162945 18402 raft_consensus.cc:2955] T 0a06f6a7af424377adaf0b8c02c68ec8 P 775aab36421040ac976eaa3b76793f56 [term 1 FOLLOWER]: Committing config change with OpId 1.3: config changed from index 2 to 3, 775aab36421040ac976eaa3b76793f56 (127.16.114.196) changed from NON_VOTER to VOTER. New config: { opid_index: 3 OBSOLETE_local: false peers { permanent_uuid: "630b6a2c63a645b89e45fd0d8d71c634" member_type: VOTER last_known_addr { host: "127.16.114.193" port: 39055 } } peers { permanent_uuid: "649dc6373a48467aa6a890efc97e429c" member_type: VOTER last_known_addr { host: "127.16.114.194" port: 41739 } attrs { replace: true } } peers { permanent_uuid: "539d02432a4544a3ad044863da93f943" member_type: VOTER last_known_addr { host: "127.16.114.195" port: 40865 } } peers { permanent_uuid: "775aab36421040ac976eaa3b76793f56" member_type: VOTER last_known_addr { host: "127.16.114.196" port: 34761 } attrs { promote: false } } }
I20260710 13:26:00.158128 18492 raft_consensus.cc:2955] T 0a06f6a7af424377adaf0b8c02c68ec8 P 630b6a2c63a645b89e45fd0d8d71c634 [term 1 LEADER]: Committing config change with OpId 1.3: config changed from index 2 to 3, 775aab36421040ac976eaa3b76793f56 (127.16.114.196) changed from NON_VOTER to VOTER. New config: { opid_index: 3 OBSOLETE_local: false peers { permanent_uuid: "630b6a2c63a645b89e45fd0d8d71c634" member_type: VOTER last_known_addr { host: "127.16.114.193" port: 39055 } } peers { permanent_uuid: "649dc6373a48467aa6a890efc97e429c" member_type: VOTER last_known_addr { host: "127.16.114.194" port: 41739 } attrs { replace: true } } peers { permanent_uuid: "539d02432a4544a3ad044863da93f943" member_type: VOTER last_known_addr { host: "127.16.114.195" port: 40865 } } peers { permanent_uuid: "775aab36421040ac976eaa3b76793f56" member_type: VOTER last_known_addr { host: "127.16.114.196" port: 34761 } attrs { promote: false } } }
I20260710 13:26:00.179061 17882 catalog_manager.cc:5697] T 0a06f6a7af424377adaf0b8c02c68ec8 P 775aab36421040ac976eaa3b76793f56 reported cstate change: config changed from index 2 to 3, 775aab36421040ac976eaa3b76793f56 (127.16.114.196) changed from NON_VOTER to VOTER. New cstate: current_term: 1 leader_uuid: "630b6a2c63a645b89e45fd0d8d71c634" committed_config { opid_index: 3 OBSOLETE_local: false peers { permanent_uuid: "630b6a2c63a645b89e45fd0d8d71c634" member_type: VOTER last_known_addr { host: "127.16.114.193" port: 39055 } } peers { permanent_uuid: "649dc6373a48467aa6a890efc97e429c" member_type: VOTER last_known_addr { host: "127.16.114.194" port: 41739 } attrs { replace: true } } peers { permanent_uuid: "539d02432a4544a3ad044863da93f943" member_type: VOTER last_known_addr { host: "127.16.114.195" port: 40865 } } peers { permanent_uuid: "775aab36421040ac976eaa3b76793f56" member_type: VOTER last_known_addr { host: "127.16.114.196" port: 34761 } attrs { promote: false } } }
I20260710 13:26:00.180114 18434 raft_consensus.cc:2955] T a4d138306b2c481a8f319a938c473c80 P 539d02432a4544a3ad044863da93f943 [term 1 LEADER]: Committing config change with OpId 1.4: config changed from index 3 to 4, VOTER 649dc6373a48467aa6a890efc97e429c (127.16.114.194) evicted. New config: { opid_index: 4 OBSOLETE_local: false peers { permanent_uuid: "630b6a2c63a645b89e45fd0d8d71c634" member_type: VOTER last_known_addr { host: "127.16.114.193" port: 39055 } } peers { permanent_uuid: "539d02432a4544a3ad044863da93f943" member_type: VOTER last_known_addr { host: "127.16.114.195" port: 40865 } } peers { permanent_uuid: "775aab36421040ac976eaa3b76793f56" member_type: VOTER last_known_addr { host: "127.16.114.196" port: 34761 } attrs { promote: false } } }
I20260710 13:26:00.192107 18401 raft_consensus.cc:1275] T ae9f10ed5ad54784906fd3e984052e46 P 775aab36421040ac976eaa3b76793f56 [term 1 LEARNER]: Refusing update from remote peer 649dc6373a48467aa6a890efc97e429c: Log matching property violated. Preceding OpId in replica: term: 1 index: 2. Preceding OpId from leader: term: 1 index: 3. (index mismatch)
I20260710 13:26:00.192138 18132 raft_consensus.cc:1275] T ae9f10ed5ad54784906fd3e984052e46 P 539d02432a4544a3ad044863da93f943 [term 1 FOLLOWER]: Refusing update from remote peer 649dc6373a48467aa6a890efc97e429c: Log matching property violated. Preceding OpId in replica: term: 1 index: 2. Preceding OpId from leader: term: 1 index: 3. (index mismatch)
I20260710 13:26:00.193225 17982 raft_consensus.cc:1275] T ae9f10ed5ad54784906fd3e984052e46 P 630b6a2c63a645b89e45fd0d8d71c634 [term 1 FOLLOWER]: Refusing update from remote peer 649dc6373a48467aa6a890efc97e429c: Log matching property violated. Preceding OpId in replica: term: 1 index: 2. Preceding OpId from leader: term: 1 index: 3. (index mismatch)
I20260710 13:26:00.194824 18481 consensus_queue.cc:1048] T ae9f10ed5ad54784906fd3e984052e46 P 649dc6373a48467aa6a890efc97e429c [LEADER]: Connected to new peer: Peer: permanent_uuid: "775aab36421040ac976eaa3b76793f56" member_type: VOTER last_known_addr { host: "127.16.114.196" port: 34761 } attrs { promote: false }, Status: LMP_MISMATCH, Last received: 0.0, Next index: 3, Last known committed idx: 2, Time since last communication: 0.000s
I20260710 13:26:00.195101 17983 raft_consensus.cc:2955] T a4d138306b2c481a8f319a938c473c80 P 630b6a2c63a645b89e45fd0d8d71c634 [term 1 FOLLOWER]: Committing config change with OpId 1.4: config changed from index 3 to 4, VOTER 649dc6373a48467aa6a890efc97e429c (127.16.114.194) evicted. New config: { opid_index: 4 OBSOLETE_local: false peers { permanent_uuid: "630b6a2c63a645b89e45fd0d8d71c634" member_type: VOTER last_known_addr { host: "127.16.114.193" port: 39055 } } peers { permanent_uuid: "539d02432a4544a3ad044863da93f943" member_type: VOTER last_known_addr { host: "127.16.114.195" port: 40865 } } peers { permanent_uuid: "775aab36421040ac976eaa3b76793f56" member_type: VOTER last_known_addr { host: "127.16.114.196" port: 34761 } attrs { promote: false } } }
I20260710 13:26:00.198520 18481 consensus_queue.cc:1048] T ae9f10ed5ad54784906fd3e984052e46 P 649dc6373a48467aa6a890efc97e429c [LEADER]: Connected to new peer: Peer: permanent_uuid: "539d02432a4544a3ad044863da93f943" member_type: VOTER last_known_addr { host: "127.16.114.195" port: 40865 }, Status: LMP_MISMATCH, Last received: 0.0, Next index: 3, Last known committed idx: 2, Time since last communication: 0.000s
I20260710 13:26:00.204114 17868 catalog_manager.cc:5210] ChangeConfig:REMOVE_PEER RPC for tablet a4d138306b2c481a8f319a938c473c80 with cas_config_opid_index 3: ChangeConfig:REMOVE_PEER succeeded (attempt 1)
I20260710 13:26:00.206724 18481 consensus_queue.cc:1048] T ae9f10ed5ad54784906fd3e984052e46 P 649dc6373a48467aa6a890efc97e429c [LEADER]: Connected to new peer: Peer: permanent_uuid: "630b6a2c63a645b89e45fd0d8d71c634" member_type: VOTER last_known_addr { host: "127.16.114.193" port: 39055 } attrs { replace: true }, Status: LMP_MISMATCH, Last received: 0.0, Next index: 3, Last known committed idx: 2, Time since last communication: 0.000s
I20260710 13:26:00.208685 17881 catalog_manager.cc:5697] T a4d138306b2c481a8f319a938c473c80 P 539d02432a4544a3ad044863da93f943 reported cstate change: config changed from index 3 to 4, VOTER 649dc6373a48467aa6a890efc97e429c (127.16.114.194) evicted. New cstate: current_term: 1 leader_uuid: "539d02432a4544a3ad044863da93f943" committed_config { opid_index: 4 OBSOLETE_local: false peers { permanent_uuid: "630b6a2c63a645b89e45fd0d8d71c634" member_type: VOTER last_known_addr { host: "127.16.114.193" port: 39055 } health_report { overall_health: HEALTHY } } peers { permanent_uuid: "539d02432a4544a3ad044863da93f943" member_type: VOTER last_known_addr { host: "127.16.114.195" port: 40865 } health_report { overall_health: HEALTHY } } peers { permanent_uuid: "775aab36421040ac976eaa3b76793f56" member_type: VOTER last_known_addr { host: "127.16.114.196" port: 34761 } attrs { promote: false } health_report { overall_health: UNKNOWN } } }
I20260710 13:26:00.211103 18403 raft_consensus.cc:1275] T a4d138306b2c481a8f319a938c473c80 P 775aab36421040ac976eaa3b76793f56 [term 1 FOLLOWER]: Refusing update from remote peer 539d02432a4544a3ad044863da93f943: Log matching property violated. Preceding OpId in replica: term: 1 index: 3. Preceding OpId from leader: term: 1 index: 4. (index mismatch)
I20260710 13:26:00.217689 18133 raft_consensus.cc:2955] T 0a06f6a7af424377adaf0b8c02c68ec8 P 539d02432a4544a3ad044863da93f943 [term 1 FOLLOWER]: Committing config change with OpId 1.3: config changed from index 2 to 3, 775aab36421040ac976eaa3b76793f56 (127.16.114.196) changed from NON_VOTER to VOTER. New config: { opid_index: 3 OBSOLETE_local: false peers { permanent_uuid: "630b6a2c63a645b89e45fd0d8d71c634" member_type: VOTER last_known_addr { host: "127.16.114.193" port: 39055 } } peers { permanent_uuid: "649dc6373a48467aa6a890efc97e429c" member_type: VOTER last_known_addr { host: "127.16.114.194" port: 41739 } attrs { replace: true } } peers { permanent_uuid: "539d02432a4544a3ad044863da93f943" member_type: VOTER last_known_addr { host: "127.16.114.195" port: 40865 } } peers { permanent_uuid: "775aab36421040ac976eaa3b76793f56" member_type: VOTER last_known_addr { host: "127.16.114.196" port: 34761 } attrs { promote: false } } }
I20260710 13:26:00.223186 18434 consensus_queue.cc:1048] T a4d138306b2c481a8f319a938c473c80 P 539d02432a4544a3ad044863da93f943 [LEADER]: Connected to new peer: Peer: permanent_uuid: "775aab36421040ac976eaa3b76793f56" member_type: VOTER last_known_addr { host: "127.16.114.196" port: 34761 } attrs { promote: false }, Status: LMP_MISMATCH, Last received: 0.0, Next index: 4, Last known committed idx: 3, Time since last communication: 0.001s
I20260710 13:26:00.231669 18046 tablet_service.cc:1558] Processing DeleteTablet for tablet a4d138306b2c481a8f319a938c473c80 with delete_type TABLET_DATA_TOMBSTONED (TS 649dc6373a48467aa6a890efc97e429c not found in new config with opid_index 4) from {username='slave'} at 127.0.0.1:43836
I20260710 13:26:00.233982 18401 raft_consensus.cc:2955] T a4d138306b2c481a8f319a938c473c80 P 775aab36421040ac976eaa3b76793f56 [term 1 FOLLOWER]: Committing config change with OpId 1.4: config changed from index 3 to 4, VOTER 649dc6373a48467aa6a890efc97e429c (127.16.114.194) evicted. New config: { opid_index: 4 OBSOLETE_local: false peers { permanent_uuid: "630b6a2c63a645b89e45fd0d8d71c634" member_type: VOTER last_known_addr { host: "127.16.114.193" port: 39055 } } peers { permanent_uuid: "539d02432a4544a3ad044863da93f943" member_type: VOTER last_known_addr { host: "127.16.114.195" port: 40865 } } peers { permanent_uuid: "775aab36421040ac976eaa3b76793f56" member_type: VOTER last_known_addr { host: "127.16.114.196" port: 34761 } attrs { promote: false } } }
