I20260710 13:25:54.982949 18057 tablet_service.cc:1917] Received RequestConsensusVote() RPC: tablet_id: "1b39726700d846749a046e803272ca39" candidate_uuid: "539d02432a4544a3ad044863da93f943" candidate_term: 1 candidate_status { last_received { term: 0 index: 0 } } ignore_live_leader: false dest_uuid: "649dc6373a48467aa6a890efc97e429c"
I20260710 13:25:54.983490 17984 raft_consensus.cc:3060] T 1b39726700d846749a046e803272ca39 P 630b6a2c63a645b89e45fd0d8d71c634 [term 0 FOLLOWER]: Advancing to term 1
I20260710 13:25:54.983522 18057 raft_consensus.cc:3060] T 1b39726700d846749a046e803272ca39 P 649dc6373a48467aa6a890efc97e429c [term 0 FOLLOWER]: Advancing to term 1
I20260710 13:25:54.983654 18175 raft_consensus.cc:359] T b86c70059c8645ccaf1ab5dfb6c2174a P 649dc6373a48467aa6a890efc97e429c [term 0 FOLLOWER]: Replica starting. Triggering 0 pending ops. Active config: opid_index: -1 OBSOLETE_local: false peers { permanent_uuid: "630b6a2c63a645b89e45fd0d8d71c634" member_type: VOTER last_known_addr { host: "127.16.114.193" port: 39055 } } peers { permanent_uuid: "649dc6373a48467aa6a890efc97e429c" member_type: VOTER last_known_addr { host: "127.16.114.194" port: 41739 } } peers { permanent_uuid: "539d02432a4544a3ad044863da93f943" member_type: VOTER last_known_addr { host: "127.16.114.195" port: 40865 } }
I20260710 13:25:54.984431 18175 raft_consensus.cc:385] T b86c70059c8645ccaf1ab5dfb6c2174a P 649dc6373a48467aa6a890efc97e429c [term 0 FOLLOWER]: Consensus starting up: Expiring failure detector timer to make a prompt election more likely
I20260710 13:25:54.984694 18175 raft_consensus.cc:740] T b86c70059c8645ccaf1ab5dfb6c2174a P 649dc6373a48467aa6a890efc97e429c [term 0 FOLLOWER]: Becoming Follower/Learner. State: Replica: 649dc6373a48467aa6a890efc97e429c, State: Initialized, Role: FOLLOWER
I20260710 13:25:54.985327 18175 consensus_queue.cc:260] T b86c70059c8645ccaf1ab5dfb6c2174a P 649dc6373a48467aa6a890efc97e429c [NON_LEADER]: Queue going to NON_LEADER mode. State: All replicated index: 0, Majority replicated index: 0, Committed index: 0, Last appended: 0.0, Last appended by leader: 0, Current term: 0, Majority size: -1, State: 0, Mode: NON_LEADER, active raft config: opid_index: -1 OBSOLETE_local: false peers { permanent_uuid: "630b6a2c63a645b89e45fd0d8d71c634" member_type: VOTER last_known_addr { host: "127.16.114.193" port: 39055 } } peers { permanent_uuid: "649dc6373a48467aa6a890efc97e429c" member_type: VOTER last_known_addr { host: "127.16.114.194" port: 41739 } } peers { permanent_uuid: "539d02432a4544a3ad044863da93f943" member_type: VOTER last_known_addr { host: "127.16.114.195" port: 40865 } }
I20260710 13:25:54.985569 18173 raft_consensus.cc:359] T 71a3b32c69934c608ca93753985c587b P 539d02432a4544a3ad044863da93f943 [term 0 FOLLOWER]: Replica starting. Triggering 0 pending ops. Active config: opid_index: -1 OBSOLETE_local: false peers { permanent_uuid: "630b6a2c63a645b89e45fd0d8d71c634" member_type: VOTER last_known_addr { host: "127.16.114.193" port: 39055 } } peers { permanent_uuid: "649dc6373a48467aa6a890efc97e429c" member_type: VOTER last_known_addr { host: "127.16.114.194" port: 41739 } } peers { permanent_uuid: "539d02432a4544a3ad044863da93f943" member_type: VOTER last_known_addr { host: "127.16.114.195" port: 40865 } }
I20260710 13:25:54.982740 18194 leader_election.cc:290] T 1b39726700d846749a046e803272ca39 P 539d02432a4544a3ad044863da93f943 [CANDIDATE]: Term 1 election: Requested vote from peers 630b6a2c63a645b89e45fd0d8d71c634 (127.16.114.193:39055), 649dc6373a48467aa6a890efc97e429c (127.16.114.194:41739)
I20260710 13:25:54.987283 18175 ts_tablet_manager.cc:1434] T b86c70059c8645ccaf1ab5dfb6c2174a P 649dc6373a48467aa6a890efc97e429c: Time spent starting tablet: real 0.006s	user 0.002s	sys 0.000s
I20260710 13:25:54.989081 18173 raft_consensus.cc:385] T 71a3b32c69934c608ca93753985c587b P 539d02432a4544a3ad044863da93f943 [term 0 FOLLOWER]: Consensus starting up: Expiring failure detector timer to make a prompt election more likely
I20260710 13:25:54.989379 18173 raft_consensus.cc:740] T 71a3b32c69934c608ca93753985c587b P 539d02432a4544a3ad044863da93f943 [term 0 FOLLOWER]: Becoming Follower/Learner. State: Replica: 539d02432a4544a3ad044863da93f943, State: Initialized, Role: FOLLOWER
I20260710 13:25:54.989881 18175 tablet_bootstrap.cc:492] T 71a3b32c69934c608ca93753985c587b P 649dc6373a48467aa6a890efc97e429c: Bootstrap starting.
I20260710 13:25:54.990242 18173 consensus_queue.cc:260] T 71a3b32c69934c608ca93753985c587b P 539d02432a4544a3ad044863da93f943 [NON_LEADER]: Queue going to NON_LEADER mode. State: All replicated index: 0, Majority replicated index: 0, Committed index: 0, Last appended: 0.0, Last appended by leader: 0, Current term: 0, Majority size: -1, State: 0, Mode: NON_LEADER, active raft config: opid_index: -1 OBSOLETE_local: false peers { permanent_uuid: "630b6a2c63a645b89e45fd0d8d71c634" member_type: VOTER last_known_addr { host: "127.16.114.193" port: 39055 } } peers { permanent_uuid: "649dc6373a48467aa6a890efc97e429c" member_type: VOTER last_known_addr { host: "127.16.114.194" port: 41739 } } peers { permanent_uuid: "539d02432a4544a3ad044863da93f943" member_type: VOTER last_known_addr { host: "127.16.114.195" port: 40865 } }
I20260710 13:25:54.990491 18057 raft_consensus.cc:2468] T 1b39726700d846749a046e803272ca39 P 649dc6373a48467aa6a890efc97e429c [term 1 FOLLOWER]: Leader election vote request: Granting yes vote for candidate 539d02432a4544a3ad044863da93f943 in term 1.
I20260710 13:25:54.992398 18173 ts_tablet_manager.cc:1434] T 71a3b32c69934c608ca93753985c587b P 539d02432a4544a3ad044863da93f943: Time spent starting tablet: real 0.009s	user 0.004s	sys 0.001s
I20260710 13:25:54.993320 18173 tablet_bootstrap.cc:492] T 086c3df3ac71484fa48cc2836d001da2 P 539d02432a4544a3ad044863da93f943: Bootstrap starting.
I20260710 13:25:54.994479 18194 raft_consensus.cc:493] T f2b1667722814ed59343a7d390ca8cad P 539d02432a4544a3ad044863da93f943 [term 0 FOLLOWER]: Starting pre-election (no leader contacted us within the election timeout)
I20260710 13:25:54.994918 18194 raft_consensus.cc:515] T f2b1667722814ed59343a7d390ca8cad P 539d02432a4544a3ad044863da93f943 [term 0 FOLLOWER]: Starting pre-election with config: opid_index: -1 OBSOLETE_local: false peers { permanent_uuid: "630b6a2c63a645b89e45fd0d8d71c634" member_type: VOTER last_known_addr { host: "127.16.114.193" port: 39055 } } peers { permanent_uuid: "649dc6373a48467aa6a890efc97e429c" member_type: VOTER last_known_addr { host: "127.16.114.194" port: 41739 } } peers { permanent_uuid: "539d02432a4544a3ad044863da93f943" member_type: VOTER last_known_addr { host: "127.16.114.195" port: 40865 } }
I20260710 13:25:54.995133 18098 leader_election.cc:304] T 1b39726700d846749a046e803272ca39 P 539d02432a4544a3ad044863da93f943 [CANDIDATE]: Term 1 election: Election decided. Result: candidate won. Election summary: received 2 responses out of 3 voters: 2 yes votes; 0 no votes. yes voters: 539d02432a4544a3ad044863da93f943, 649dc6373a48467aa6a890efc97e429c; no voters: 
I20260710 13:25:54.995875 18175 tablet_bootstrap.cc:654] T 71a3b32c69934c608ca93753985c587b P 649dc6373a48467aa6a890efc97e429c: Neither blocks nor log segments found. Creating new log.
I20260710 13:25:54.997673 17983 tablet_service.cc:1917] Received RequestConsensusVote() RPC: tablet_id: "f2b1667722814ed59343a7d390ca8cad" candidate_uuid: "539d02432a4544a3ad044863da93f943" candidate_term: 1 candidate_status { last_received { term: 0 index: 0 } } ignore_live_leader: false dest_uuid: "630b6a2c63a645b89e45fd0d8d71c634" is_pre_election: true
I20260710 13:25:54.998320 17983 raft_consensus.cc:2468] T f2b1667722814ed59343a7d390ca8cad P 630b6a2c63a645b89e45fd0d8d71c634 [term 0 FOLLOWER]: Leader pre-election vote request: Granting yes vote for candidate 539d02432a4544a3ad044863da93f943 in term 0.
I20260710 13:25:54.998595 18178 raft_consensus.cc:2804] T 1b39726700d846749a046e803272ca39 P 539d02432a4544a3ad044863da93f943 [term 1 FOLLOWER]: Leader election won for term 1
I20260710 13:25:54.999650 18059 tablet_service.cc:1917] Received RequestConsensusVote() RPC: tablet_id: "f2b1667722814ed59343a7d390ca8cad" candidate_uuid: "539d02432a4544a3ad044863da93f943" candidate_term: 1 candidate_status { last_received { term: 0 index: 0 } } ignore_live_leader: false dest_uuid: "649dc6373a48467aa6a890efc97e429c" is_pre_election: true
W20260710 13:25:55.001492 18098 leader_election.cc:343] T f2b1667722814ed59343a7d390ca8cad P 539d02432a4544a3ad044863da93f943 [CANDIDATE]: Term 1 pre-election: Tablet error from VoteRequest() call to peer 649dc6373a48467aa6a890efc97e429c (127.16.114.194:41739): Illegal state: must be running to vote when last-logged opid is not known
I20260710 13:25:55.002202 18194 leader_election.cc:290] T f2b1667722814ed59343a7d390ca8cad P 539d02432a4544a3ad044863da93f943 [CANDIDATE]: Term 1 pre-election: Requested pre-vote from peers 630b6a2c63a645b89e45fd0d8d71c634 (127.16.114.193:39055), 649dc6373a48467aa6a890efc97e429c (127.16.114.194:41739)
I20260710 13:25:55.003845 18096 leader_election.cc:304] T f2b1667722814ed59343a7d390ca8cad P 539d02432a4544a3ad044863da93f943 [CANDIDATE]: Term 1 pre-election: Election decided. Result: candidate won. Election summary: received 3 responses out of 3 voters: 2 yes votes; 1 no votes. yes voters: 539d02432a4544a3ad044863da93f943, 630b6a2c63a645b89e45fd0d8d71c634; no voters: 649dc6373a48467aa6a890efc97e429c
I20260710 13:25:55.004885 18194 raft_consensus.cc:2804] T f2b1667722814ed59343a7d390ca8cad P 539d02432a4544a3ad044863da93f943 [term 0 FOLLOWER]: Leader pre-election won for term 1
I20260710 13:25:55.005278 18194 raft_consensus.cc:493] T f2b1667722814ed59343a7d390ca8cad P 539d02432a4544a3ad044863da93f943 [term 0 FOLLOWER]: Starting leader election (no leader contacted us within the election timeout)
I20260710 13:25:55.006322 18194 raft_consensus.cc:3060] T f2b1667722814ed59343a7d390ca8cad P 539d02432a4544a3ad044863da93f943 [term 0 FOLLOWER]: Advancing to term 1
I20260710 13:25:54.997195 17984 raft_consensus.cc:2468] T 1b39726700d846749a046e803272ca39 P 630b6a2c63a645b89e45fd0d8d71c634 [term 1 FOLLOWER]: Leader election vote request: Granting yes vote for candidate 539d02432a4544a3ad044863da93f943 in term 1.
I20260710 13:25:55.011494 18172 ts_tablet_manager.cc:1434] T 1b39726700d846749a046e803272ca39 P 630b6a2c63a645b89e45fd0d8d71c634: Time spent starting tablet: real 0.035s	user 0.007s	sys 0.000s
I20260710 13:25:55.013315 18172 tablet_bootstrap.cc:492] T d44bd38b76ad4dc4b7b9b498e8358758 P 630b6a2c63a645b89e45fd0d8d71c634: Bootstrap starting.
I20260710 13:25:55.018240 18173 tablet_bootstrap.cc:654] T 086c3df3ac71484fa48cc2836d001da2 P 539d02432a4544a3ad044863da93f943: Neither blocks nor log segments found. Creating new log.
I20260710 13:25:55.018857 18236 raft_consensus.cc:493] T 8c9d3699f169467db1b9102e15d4a146 P 539d02432a4544a3ad044863da93f943 [term 0 FOLLOWER]: Starting pre-election (no leader contacted us within the election timeout)
I20260710 13:25:55.020661 18172 tablet_bootstrap.cc:654] T d44bd38b76ad4dc4b7b9b498e8358758 P 630b6a2c63a645b89e45fd0d8d71c634: Neither blocks nor log segments found. Creating new log.
I20260710 13:25:55.019516 18236 raft_consensus.cc:515] T 8c9d3699f169467db1b9102e15d4a146 P 539d02432a4544a3ad044863da93f943 [term 0 FOLLOWER]: Starting pre-election with config: opid_index: -1 OBSOLETE_local: false peers { permanent_uuid: "630b6a2c63a645b89e45fd0d8d71c634" member_type: VOTER last_known_addr { host: "127.16.114.193" port: 39055 } } peers { permanent_uuid: "649dc6373a48467aa6a890efc97e429c" member_type: VOTER last_known_addr { host: "127.16.114.194" port: 41739 } } peers { permanent_uuid: "539d02432a4544a3ad044863da93f943" member_type: VOTER last_known_addr { host: "127.16.114.195" port: 40865 } }
I20260710 13:25:55.020193 18178 raft_consensus.cc:697] T 1b39726700d846749a046e803272ca39 P 539d02432a4544a3ad044863da93f943 [term 1 LEADER]: Becoming Leader. State: Replica: 539d02432a4544a3ad044863da93f943, State: Running, Role: LEADER
I20260710 13:25:55.028630 18236 leader_election.cc:290] T 8c9d3699f169467db1b9102e15d4a146 P 539d02432a4544a3ad044863da93f943 [CANDIDATE]: Term 1 pre-election: Requested pre-vote from peers 630b6a2c63a645b89e45fd0d8d71c634 (127.16.114.193:39055), 649dc6373a48467aa6a890efc97e429c (127.16.114.194:41739)
I20260710 13:25:55.027599 18178 consensus_queue.cc:237] T 1b39726700d846749a046e803272ca39 P 539d02432a4544a3ad044863da93f943 [LEADER]: Queue going to LEADER mode. State: All replicated index: 0, Majority replicated index: 0, Committed index: 0, Last appended: 0.0, Last appended by leader: 0, Current term: 1, Majority size: 2, State: 0, Mode: LEADER, active raft config: opid_index: -1 OBSOLETE_local: false peers { permanent_uuid: "630b6a2c63a645b89e45fd0d8d71c634" member_type: VOTER last_known_addr { host: "127.16.114.193" port: 39055 } } peers { permanent_uuid: "649dc6373a48467aa6a890efc97e429c" member_type: VOTER last_known_addr { host: "127.16.114.194" port: 41739 } } peers { permanent_uuid: "539d02432a4544a3ad044863da93f943" member_type: VOTER last_known_addr { host: "127.16.114.195" port: 40865 } }
I20260710 13:25:55.027848 17984 tablet_service.cc:1917] Received RequestConsensusVote() RPC: tablet_id: "8c9d3699f169467db1b9102e15d4a146" candidate_uuid: "539d02432a4544a3ad044863da93f943" candidate_term: 1 candidate_status { last_received { term: 0 index: 0 } } ignore_live_leader: false dest_uuid: "630b6a2c63a645b89e45fd0d8d71c634" is_pre_election: true
I20260710 13:25:55.029806 17984 raft_consensus.cc:2393] T 8c9d3699f169467db1b9102e15d4a146 P 630b6a2c63a645b89e45fd0d8d71c634 [term 1 FOLLOWER]: Leader pre-election vote request: Denying vote to candidate 539d02432a4544a3ad044863da93f943 in current term 1: Already voted for candidate 649dc6373a48467aa6a890efc97e429c in this term.
I20260710 13:25:55.027777 18194 raft_consensus.cc:515] T f2b1667722814ed59343a7d390ca8cad P 539d02432a4544a3ad044863da93f943 [term 1 FOLLOWER]: Starting leader election with config: opid_index: -1 OBSOLETE_local: false peers { permanent_uuid: "630b6a2c63a645b89e45fd0d8d71c634" member_type: VOTER last_known_addr { host: "127.16.114.193" port: 39055 } } peers { permanent_uuid: "649dc6373a48467aa6a890efc97e429c" member_type: VOTER last_known_addr { host: "127.16.114.194" port: 41739 } } peers { permanent_uuid: "539d02432a4544a3ad044863da93f943" member_type: VOTER last_known_addr { host: "127.16.114.195" port: 40865 } }
I20260710 13:25:55.034382 18208 raft_consensus.cc:493] T d44bd38b76ad4dc4b7b9b498e8358758 P 649dc6373a48467aa6a890efc97e429c [term 0 FOLLOWER]: Starting pre-election (no leader contacted us within the election timeout)
I20260710 13:25:55.035162 18208 raft_consensus.cc:515] T d44bd38b76ad4dc4b7b9b498e8358758 P 649dc6373a48467aa6a890efc97e429c [term 0 FOLLOWER]: Starting pre-election with config: opid_index: -1 OBSOLETE_local: false peers { permanent_uuid: "630b6a2c63a645b89e45fd0d8d71c634" member_type: VOTER last_known_addr { host: "127.16.114.193" port: 39055 } } peers { permanent_uuid: "649dc6373a48467aa6a890efc97e429c" member_type: VOTER last_known_addr { host: "127.16.114.194" port: 41739 } } peers { permanent_uuid: "539d02432a4544a3ad044863da93f943" member_type: VOTER last_known_addr { host: "127.16.114.195" port: 40865 } }
I20260710 13:25:55.035430 18194 leader_election.cc:290] T f2b1667722814ed59343a7d390ca8cad P 539d02432a4544a3ad044863da93f943 [CANDIDATE]: Term 1 election: Requested vote from peers 630b6a2c63a645b89e45fd0d8d71c634 (127.16.114.193:39055), 649dc6373a48467aa6a890efc97e429c (127.16.114.194:41739)
I20260710 13:25:55.037349 18208 leader_election.cc:290] T d44bd38b76ad4dc4b7b9b498e8358758 P 649dc6373a48467aa6a890efc97e429c [CANDIDATE]: Term 1 pre-election: Requested pre-vote from peers 630b6a2c63a645b89e45fd0d8d71c634 (127.16.114.193:39055), 539d02432a4544a3ad044863da93f943 (127.16.114.195:40865)
I20260710 13:25:55.038134 17984 tablet_service.cc:1917] Received RequestConsensusVote() RPC: tablet_id: "f2b1667722814ed59343a7d390ca8cad" candidate_uuid: "539d02432a4544a3ad044863da93f943" candidate_term: 1 candidate_status { last_received { term: 0 index: 0 } } ignore_live_leader: false dest_uuid: "630b6a2c63a645b89e45fd0d8d71c634"
I20260710 13:25:55.038733 17984 raft_consensus.cc:3060] T f2b1667722814ed59343a7d390ca8cad P 630b6a2c63a645b89e45fd0d8d71c634 [term 0 FOLLOWER]: Advancing to term 1
I20260710 13:25:55.032724 18057 tablet_service.cc:1917] Received RequestConsensusVote() RPC: tablet_id: "8c9d3699f169467db1b9102e15d4a146" candidate_uuid: "539d02432a4544a3ad044863da93f943" candidate_term: 1 candidate_status { last_received { term: 0 index: 0 } } ignore_live_leader: false dest_uuid: "649dc6373a48467aa6a890efc97e429c" is_pre_election: true
I20260710 13:25:55.042258 18175 tablet_bootstrap.cc:492] T 71a3b32c69934c608ca93753985c587b P 649dc6373a48467aa6a890efc97e429c: No bootstrap required, opened a new log
I20260710 13:25:55.042769 18175 ts_tablet_manager.cc:1403] T 71a3b32c69934c608ca93753985c587b P 649dc6373a48467aa6a890efc97e429c: Time spent bootstrapping tablet: real 0.053s	user 0.013s	sys 0.020s
I20260710 13:25:55.042158 18098 leader_election.cc:304] T 8c9d3699f169467db1b9102e15d4a146 P 539d02432a4544a3ad044863da93f943 [CANDIDATE]: Term 1 pre-election: Election decided. Result: candidate lost. Election summary: received 3 responses out of 3 voters: 1 yes votes; 2 no votes. yes voters: 539d02432a4544a3ad044863da93f943; no voters: 630b6a2c63a645b89e45fd0d8d71c634, 649dc6373a48467aa6a890efc97e429c
I20260710 13:25:55.044279 17882 catalog_manager.cc:5697] T 1b39726700d846749a046e803272ca39 P 539d02432a4544a3ad044863da93f943 reported cstate change: term changed from 0 to 1, leader changed from <none> to 539d02432a4544a3ad044863da93f943 (127.16.114.195). New cstate: current_term: 1 leader_uuid: "539d02432a4544a3ad044863da93f943" committed_config { opid_index: -1 OBSOLETE_local: false peers { permanent_uuid: "630b6a2c63a645b89e45fd0d8d71c634" member_type: VOTER last_known_addr { host: "127.16.114.193" port: 39055 } health_report { overall_health: UNKNOWN } } peers { permanent_uuid: "649dc6373a48467aa6a890efc97e429c" member_type: VOTER last_known_addr { host: "127.16.114.194" port: 41739 } health_report { overall_health: UNKNOWN } } peers { permanent_uuid: "539d02432a4544a3ad044863da93f943" member_type: VOTER last_known_addr { host: "127.16.114.195" port: 40865 } health_report { overall_health: HEALTHY } } }
I20260710 13:25:55.046026 18059 tablet_service.cc:1917] Received RequestConsensusVote() RPC: tablet_id: "f2b1667722814ed59343a7d390ca8cad" candidate_uuid: "539d02432a4544a3ad044863da93f943" candidate_term: 1 candidate_status { last_received { term: 0 index: 0 } } ignore_live_leader: false dest_uuid: "649dc6373a48467aa6a890efc97e429c"
I20260710 13:25:55.046871 18172 tablet_bootstrap.cc:492] T d44bd38b76ad4dc4b7b9b498e8358758 P 630b6a2c63a645b89e45fd0d8d71c634: No bootstrap required, opened a new log
I20260710 13:25:55.047291 18172 ts_tablet_manager.cc:1403] T d44bd38b76ad4dc4b7b9b498e8358758 P 630b6a2c63a645b89e45fd0d8d71c634: Time spent bootstrapping tablet: real 0.034s	user 0.014s	sys 0.003s
I20260710 13:25:55.049819 18175 raft_consensus.cc:359] T 71a3b32c69934c608ca93753985c587b P 649dc6373a48467aa6a890efc97e429c [term 0 FOLLOWER]: Replica starting. Triggering 0 pending ops. Active config: opid_index: -1 OBSOLETE_local: false peers { permanent_uuid: "630b6a2c63a645b89e45fd0d8d71c634" member_type: VOTER last_known_addr { host: "127.16.114.193" port: 39055 } } peers { permanent_uuid: "649dc6373a48467aa6a890efc97e429c" member_type: VOTER last_known_addr { host: "127.16.114.194" port: 41739 } } peers { permanent_uuid: "539d02432a4544a3ad044863da93f943" member_type: VOTER last_known_addr { host: "127.16.114.195" port: 40865 } }
I20260710 13:25:55.050042 18172 raft_consensus.cc:359] T d44bd38b76ad4dc4b7b9b498e8358758 P 630b6a2c63a645b89e45fd0d8d71c634 [term 0 FOLLOWER]: Replica starting. Triggering 0 pending ops. Active config: opid_index: -1 OBSOLETE_local: false peers { permanent_uuid: "630b6a2c63a645b89e45fd0d8d71c634" member_type: VOTER last_known_addr { host: "127.16.114.193" port: 39055 } } peers { permanent_uuid: "649dc6373a48467aa6a890efc97e429c" member_type: VOTER last_known_addr { host: "127.16.114.194" port: 41739 } } peers { permanent_uuid: "539d02432a4544a3ad044863da93f943" member_type: VOTER last_known_addr { host: "127.16.114.195" port: 40865 } }
I20260710 13:25:55.050518 18175 raft_consensus.cc:385] T 71a3b32c69934c608ca93753985c587b P 649dc6373a48467aa6a890efc97e429c [term 0 FOLLOWER]: Consensus starting up: Expiring failure detector timer to make a prompt election more likely
I20260710 13:25:55.050629 18172 raft_consensus.cc:385] T d44bd38b76ad4dc4b7b9b498e8358758 P 630b6a2c63a645b89e45fd0d8d71c634 [term 0 FOLLOWER]: Consensus starting up: Expiring failure detector timer to make a prompt election more likely
I20260710 13:25:55.050817 18175 raft_consensus.cc:740] T 71a3b32c69934c608ca93753985c587b P 649dc6373a48467aa6a890efc97e429c [term 0 FOLLOWER]: Becoming Follower/Learner. State: Replica: 649dc6373a48467aa6a890efc97e429c, State: Initialized, Role: FOLLOWER
I20260710 13:25:55.050900 18172 raft_consensus.cc:740] T d44bd38b76ad4dc4b7b9b498e8358758 P 630b6a2c63a645b89e45fd0d8d71c634 [term 0 FOLLOWER]: Becoming Follower/Learner. State: Replica: 630b6a2c63a645b89e45fd0d8d71c634, State: Initialized, Role: FOLLOWER
I20260710 13:25:55.051889 17983 tablet_service.cc:1917] Received RequestConsensusVote() RPC: tablet_id: "d44bd38b76ad4dc4b7b9b498e8358758" candidate_uuid: "649dc6373a48467aa6a890efc97e429c" candidate_term: 1 candidate_status { last_received { term: 0 index: 0 } } ignore_live_leader: false dest_uuid: "630b6a2c63a645b89e45fd0d8d71c634" is_pre_election: true
I20260710 13:25:55.051774 18172 consensus_queue.cc:260] T d44bd38b76ad4dc4b7b9b498e8358758 P 630b6a2c63a645b89e45fd0d8d71c634 [NON_LEADER]: Queue going to NON_LEADER mode. State: All replicated index: 0, Majority replicated index: 0, Committed index: 0, Last appended: 0.0, Last appended by leader: 0, Current term: 0, Majority size: -1, State: 0, Mode: NON_LEADER, active raft config: opid_index: -1 OBSOLETE_local: false peers { permanent_uuid: "630b6a2c63a645b89e45fd0d8d71c634" member_type: VOTER last_known_addr { host: "127.16.114.193" port: 39055 } } peers { permanent_uuid: "649dc6373a48467aa6a890efc97e429c" member_type: VOTER last_known_addr { host: "127.16.114.194" port: 41739 } } peers { permanent_uuid: "539d02432a4544a3ad044863da93f943" member_type: VOTER last_known_addr { host: "127.16.114.195" port: 40865 } }
I20260710 13:25:55.052613 17983 raft_consensus.cc:2468] T d44bd38b76ad4dc4b7b9b498e8358758 P 630b6a2c63a645b89e45fd0d8d71c634 [term 0 FOLLOWER]: Leader pre-election vote request: Granting yes vote for candidate 649dc6373a48467aa6a890efc97e429c in term 0.
I20260710 13:25:55.053292 18132 tablet_service.cc:1917] Received RequestConsensusVote() RPC: tablet_id: "d44bd38b76ad4dc4b7b9b498e8358758" candidate_uuid: "649dc6373a48467aa6a890efc97e429c" candidate_term: 1 candidate_status { last_received { term: 0 index: 0 } } ignore_live_leader: false dest_uuid: "539d02432a4544a3ad044863da93f943" is_pre_election: true
W20260710 13:25:55.053874 18098 leader_election.cc:343] T f2b1667722814ed59343a7d390ca8cad P 539d02432a4544a3ad044863da93f943 [CANDIDATE]: Term 1 election: Tablet error from VoteRequest() call to peer 649dc6373a48467aa6a890efc97e429c (127.16.114.194:41739): Illegal state: must be running to vote when last-logged opid is not known
I20260710 13:25:55.053910 18022 leader_election.cc:304] T d44bd38b76ad4dc4b7b9b498e8358758 P 649dc6373a48467aa6a890efc97e429c [CANDIDATE]: Term 1 pre-election: Election decided. Result: candidate won. Election summary: received 2 responses out of 3 voters: 2 yes votes; 0 no votes. yes voters: 630b6a2c63a645b89e45fd0d8d71c634, 649dc6373a48467aa6a890efc97e429c; no voters: 
I20260710 13:25:55.054164 18132 raft_consensus.cc:2468] T d44bd38b76ad4dc4b7b9b498e8358758 P 539d02432a4544a3ad044863da93f943 [term 0 FOLLOWER]: Leader pre-election vote request: Granting yes vote for candidate 649dc6373a48467aa6a890efc97e429c in term 0.
I20260710 13:25:55.054837 18208 raft_consensus.cc:2804] T d44bd38b76ad4dc4b7b9b498e8358758 P 649dc6373a48467aa6a890efc97e429c [term 0 FOLLOWER]: Leader pre-election won for term 1
I20260710 13:25:55.054713 18175 consensus_queue.cc:260] T 71a3b32c69934c608ca93753985c587b P 649dc6373a48467aa6a890efc97e429c [NON_LEADER]: Queue going to NON_LEADER mode. State: All replicated index: 0, Majority replicated index: 0, Committed index: 0, Last appended: 0.0, Last appended by leader: 0, Current term: 0, Majority size: -1, State: 0, Mode: NON_LEADER, active raft config: opid_index: -1 OBSOLETE_local: false peers { permanent_uuid: "630b6a2c63a645b89e45fd0d8d71c634" member_type: VOTER last_known_addr { host: "127.16.114.193" port: 39055 } } peers { permanent_uuid: "649dc6373a48467aa6a890efc97e429c" member_type: VOTER last_known_addr { host: "127.16.114.194" port: 41739 } } peers { permanent_uuid: "539d02432a4544a3ad044863da93f943" member_type: VOTER last_known_addr { host: "127.16.114.195" port: 40865 } }
I20260710 13:25:55.055198 18208 raft_consensus.cc:493] T d44bd38b76ad4dc4b7b9b498e8358758 P 649dc6373a48467aa6a890efc97e429c [term 0 FOLLOWER]: Starting leader election (no leader contacted us within the election timeout)
I20260710 13:25:55.055568 18208 raft_consensus.cc:3060] T d44bd38b76ad4dc4b7b9b498e8358758 P 649dc6373a48467aa6a890efc97e429c [term 0 FOLLOWER]: Advancing to term 1
I20260710 13:25:55.061285 18175 ts_tablet_manager.cc:1434] T 71a3b32c69934c608ca93753985c587b P 649dc6373a48467aa6a890efc97e429c: Time spent starting tablet: real 0.018s	user 0.002s	sys 0.003s
I20260710 13:25:55.062253 18175 tablet_bootstrap.cc:492] T f2b1667722814ed59343a7d390ca8cad P 649dc6373a48467aa6a890efc97e429c: Bootstrap starting.
I20260710 13:25:55.062378 18208 raft_consensus.cc:515] T d44bd38b76ad4dc4b7b9b498e8358758 P 649dc6373a48467aa6a890efc97e429c [term 1 FOLLOWER]: Starting leader election with config: opid_index: -1 OBSOLETE_local: false peers { permanent_uuid: "630b6a2c63a645b89e45fd0d8d71c634" member_type: VOTER last_known_addr { host: "127.16.114.193" port: 39055 } } peers { permanent_uuid: "649dc6373a48467aa6a890efc97e429c" member_type: VOTER last_known_addr { host: "127.16.114.194" port: 41739 } } peers { permanent_uuid: "539d02432a4544a3ad044863da93f943" member_type: VOTER last_known_addr { host: "127.16.114.195" port: 40865 } }
I20260710 13:25:55.063521 18194 raft_consensus.cc:3060] T 8c9d3699f169467db1b9102e15d4a146 P 539d02432a4544a3ad044863da93f943 [term 0 FOLLOWER]: Advancing to term 1
I20260710 13:25:55.065186 17983 tablet_service.cc:1917] Received RequestConsensusVote() RPC: tablet_id: "d44bd38b76ad4dc4b7b9b498e8358758" candidate_uuid: "649dc6373a48467aa6a890efc97e429c" candidate_term: 1 candidate_status { last_received { term: 0 index: 0 } } ignore_live_leader: false dest_uuid: "630b6a2c63a645b89e45fd0d8d71c634"
I20260710 13:25:55.065881 17983 raft_consensus.cc:3060] T d44bd38b76ad4dc4b7b9b498e8358758 P 630b6a2c63a645b89e45fd0d8d71c634 [term 0 FOLLOWER]: Advancing to term 1
I20260710 13:25:55.072840 18175 tablet_bootstrap.cc:654] T f2b1667722814ed59343a7d390ca8cad P 649dc6373a48467aa6a890efc97e429c: Neither blocks nor log segments found. Creating new log.
I20260710 13:25:55.075884 18172 ts_tablet_manager.cc:1434] T d44bd38b76ad4dc4b7b9b498e8358758 P 630b6a2c63a645b89e45fd0d8d71c634: Time spent starting tablet: real 0.028s	user 0.006s	sys 0.000s
I20260710 13:25:55.076781 18172 tablet_bootstrap.cc:492] T b35244feca90431bb826513e6188f9e1 P 630b6a2c63a645b89e45fd0d8d71c634: Bootstrap starting.
I20260710 13:25:55.077637 18173 tablet_bootstrap.cc:492] T 086c3df3ac71484fa48cc2836d001da2 P 539d02432a4544a3ad044863da93f943: No bootstrap required, opened a new log
I20260710 13:25:55.078107 18173 ts_tablet_manager.cc:1403] T 086c3df3ac71484fa48cc2836d001da2 P 539d02432a4544a3ad044863da93f943: Time spent bootstrapping tablet: real 0.085s	user 0.012s	sys 0.030s
I20260710 13:25:55.080128 18194 raft_consensus.cc:2749] T 8c9d3699f169467db1b9102e15d4a146 P 539d02432a4544a3ad044863da93f943 [term 1 FOLLOWER]: Leader pre-election lost for term 1. Reason: could not achieve majority
I20260710 13:25:55.081044 18173 raft_consensus.cc:359] T 086c3df3ac71484fa48cc2836d001da2 P 539d02432a4544a3ad044863da93f943 [term 0 FOLLOWER]: Replica starting. Triggering 0 pending ops. Active config: opid_index: -1 OBSOLETE_local: false peers { permanent_uuid: "630b6a2c63a645b89e45fd0d8d71c634" member_type: VOTER last_known_addr { host: "127.16.114.193" port: 39055 } } peers { permanent_uuid: "649dc6373a48467aa6a890efc97e429c" member_type: VOTER last_known_addr { host: "127.16.114.194" port: 41739 } } peers { permanent_uuid: "539d02432a4544a3ad044863da93f943" member_type: VOTER last_known_addr { host: "127.16.114.195" port: 40865 } }
I20260710 13:25:55.081782 18173 raft_consensus.cc:385] T 086c3df3ac71484fa48cc2836d001da2 P 539d02432a4544a3ad044863da93f943 [term 0 FOLLOWER]: Consensus starting up: Expiring failure detector timer to make a prompt election more likely
I20260710 13:25:55.082096 18173 raft_consensus.cc:740] T 086c3df3ac71484fa48cc2836d001da2 P 539d02432a4544a3ad044863da93f943 [term 0 FOLLOWER]: Becoming Follower/Learner. State: Replica: 539d02432a4544a3ad044863da93f943, State: Initialized, Role: FOLLOWER
I20260710 13:25:55.082908 18208 leader_election.cc:290] T d44bd38b76ad4dc4b7b9b498e8358758 P 649dc6373a48467aa6a890efc97e429c [CANDIDATE]: Term 1 election: Requested vote from peers 630b6a2c63a645b89e45fd0d8d71c634 (127.16.114.193:39055), 539d02432a4544a3ad044863da93f943 (127.16.114.195:40865)
I20260710 13:25:55.083194 18175 tablet_bootstrap.cc:492] T f2b1667722814ed59343a7d390ca8cad P 649dc6373a48467aa6a890efc97e429c: No bootstrap required, opened a new log
I20260710 13:25:55.073405 17983 raft_consensus.cc:2468] T d44bd38b76ad4dc4b7b9b498e8358758 P 630b6a2c63a645b89e45fd0d8d71c634 [term 1 FOLLOWER]: Leader election vote request: Granting yes vote for candidate 649dc6373a48467aa6a890efc97e429c in term 1.
I20260710 13:25:55.083701 18175 ts_tablet_manager.cc:1403] T f2b1667722814ed59343a7d390ca8cad P 649dc6373a48467aa6a890efc97e429c: Time spent bootstrapping tablet: real 0.022s	user 0.010s	sys 0.000s
I20260710 13:25:55.082903 18173 consensus_queue.cc:260] T 086c3df3ac71484fa48cc2836d001da2 P 539d02432a4544a3ad044863da93f943 [NON_LEADER]: Queue going to NON_LEADER mode. State: All replicated index: 0, Majority replicated index: 0, Committed index: 0, Last appended: 0.0, Last appended by leader: 0, Current term: 0, Majority size: -1, State: 0, Mode: NON_LEADER, active raft config: opid_index: -1 OBSOLETE_local: false peers { permanent_uuid: "630b6a2c63a645b89e45fd0d8d71c634" member_type: VOTER last_known_addr { host: "127.16.114.193" port: 39055 } } peers { permanent_uuid: "649dc6373a48467aa6a890efc97e429c" member_type: VOTER last_known_addr { host: "127.16.114.194" port: 41739 } } peers { permanent_uuid: "539d02432a4544a3ad044863da93f943" member_type: VOTER last_known_addr { host: "127.16.114.195" port: 40865 } }
I20260710 13:25:55.084017 18132 tablet_service.cc:1917] Received RequestConsensusVote() RPC: tablet_id: "d44bd38b76ad4dc4b7b9b498e8358758" candidate_uuid: "649dc6373a48467aa6a890efc97e429c" candidate_term: 1 candidate_status { last_received { term: 0 index: 0 } } ignore_live_leader: false dest_uuid: "539d02432a4544a3ad044863da93f943"
I20260710 13:25:55.084607 18132 raft_consensus.cc:3060] T d44bd38b76ad4dc4b7b9b498e8358758 P 539d02432a4544a3ad044863da93f943 [term 0 FOLLOWER]: Advancing to term 1
I20260710 13:25:55.084822 18022 leader_election.cc:304] T d44bd38b76ad4dc4b7b9b498e8358758 P 649dc6373a48467aa6a890efc97e429c [CANDIDATE]: Term 1 election: Election decided. Result: candidate won. Election summary: received 2 responses out of 3 voters: 2 yes votes; 0 no votes. yes voters: 630b6a2c63a645b89e45fd0d8d71c634, 649dc6373a48467aa6a890efc97e429c; no voters: 
I20260710 13:25:55.085677 18173 ts_tablet_manager.cc:1434] T 086c3df3ac71484fa48cc2836d001da2 P 539d02432a4544a3ad044863da93f943: Time spent starting tablet: real 0.007s	user 0.003s	sys 0.003s
I20260710 13:25:55.085713 18208 raft_consensus.cc:2804] T d44bd38b76ad4dc4b7b9b498e8358758 P 649dc6373a48467aa6a890efc97e429c [term 1 FOLLOWER]: Leader election won for term 1
I20260710 13:25:55.086359 18208 raft_consensus.cc:697] T d44bd38b76ad4dc4b7b9b498e8358758 P 649dc6373a48467aa6a890efc97e429c [term 1 LEADER]: Becoming Leader. State: Replica: 649dc6373a48467aa6a890efc97e429c, State: Running, Role: LEADER
I20260710 13:25:55.086848 18173 tablet_bootstrap.cc:492] T b86c70059c8645ccaf1ab5dfb6c2174a P 539d02432a4544a3ad044863da93f943: Bootstrap starting.
I20260710 13:25:55.087188 18208 consensus_queue.cc:237] T d44bd38b76ad4dc4b7b9b498e8358758 P 649dc6373a48467aa6a890efc97e429c [LEADER]: Queue going to LEADER mode. State: All replicated index: 0, Majority replicated index: 0, Committed index: 0, Last appended: 0.0, Last appended by leader: 0, Current term: 1, Majority size: 2, State: 0, Mode: LEADER, active raft config: opid_index: -1 OBSOLETE_local: false peers { permanent_uuid: "630b6a2c63a645b89e45fd0d8d71c634" member_type: VOTER last_known_addr { host: "127.16.114.193" port: 39055 } } peers { permanent_uuid: "649dc6373a48467aa6a890efc97e429c" member_type: VOTER last_known_addr { host: "127.16.114.194" port: 41739 } } peers { permanent_uuid: "539d02432a4544a3ad044863da93f943" member_type: VOTER last_known_addr { host: "127.16.114.195" port: 40865 } }
I20260710 13:25:55.087821 18175 raft_consensus.cc:359] T f2b1667722814ed59343a7d390ca8cad P 649dc6373a48467aa6a890efc97e429c [term 0 FOLLOWER]: Replica starting. Triggering 0 pending ops. Active config: opid_index: -1 OBSOLETE_local: false peers { permanent_uuid: "630b6a2c63a645b89e45fd0d8d71c634" member_type: VOTER last_known_addr { host: "127.16.114.193" port: 39055 } } peers { permanent_uuid: "649dc6373a48467aa6a890efc97e429c" member_type: VOTER last_known_addr { host: "127.16.114.194" port: 41739 } } peers { permanent_uuid: "539d02432a4544a3ad044863da93f943" member_type: VOTER last_known_addr { host: "127.16.114.195" port: 40865 } }
I20260710 13:25:55.088487 18175 raft_consensus.cc:385] T f2b1667722814ed59343a7d390ca8cad P 649dc6373a48467aa6a890efc97e429c [term 0 FOLLOWER]: Consensus starting up: Expiring failure detector timer to make a prompt election more likely
I20260710 13:25:55.088765 18175 raft_consensus.cc:740] T f2b1667722814ed59343a7d390ca8cad P 649dc6373a48467aa6a890efc97e429c [term 0 FOLLOWER]: Becoming Follower/Learner. State: Replica: 649dc6373a48467aa6a890efc97e429c, State: Initialized, Role: FOLLOWER
I20260710 13:25:55.089730 18175 consensus_queue.cc:260] T f2b1667722814ed59343a7d390ca8cad P 649dc6373a48467aa6a890efc97e429c [NON_LEADER]: Queue going to NON_LEADER mode. State: All replicated index: 0, Majority replicated index: 0, Committed index: 0, Last appended: 0.0, Last appended by leader: 0, Current term: 0, Majority size: -1, State: 0, Mode: NON_LEADER, active raft config: opid_index: -1 OBSOLETE_local: false peers { permanent_uuid: "630b6a2c63a645b89e45fd0d8d71c634" member_type: VOTER last_known_addr { host: "127.16.114.193" port: 39055 } } peers { permanent_uuid: "649dc6373a48467aa6a890efc97e429c" member_type: VOTER last_known_addr { host: "127.16.114.194" port: 41739 } } peers { permanent_uuid: "539d02432a4544a3ad044863da93f943" member_type: VOTER last_known_addr { host: "127.16.114.195" port: 40865 } }
I20260710 13:25:55.082195 18172 tablet_bootstrap.cc:654] T b35244feca90431bb826513e6188f9e1 P 630b6a2c63a645b89e45fd0d8d71c634: Neither blocks nor log segments found. Creating new log.
I20260710 13:25:55.091714 18132 raft_consensus.cc:2468] T d44bd38b76ad4dc4b7b9b498e8358758 P 539d02432a4544a3ad044863da93f943 [term 1 FOLLOWER]: Leader election vote request: Granting yes vote for candidate 649dc6373a48467aa6a890efc97e429c in term 1.
I20260710 13:25:55.092831 18175 ts_tablet_manager.cc:1434] T f2b1667722814ed59343a7d390ca8cad P 649dc6373a48467aa6a890efc97e429c: Time spent starting tablet: real 0.009s	user 0.007s	sys 0.000s
I20260710 13:25:55.093789 18173 tablet_bootstrap.cc:654] T b86c70059c8645ccaf1ab5dfb6c2174a P 539d02432a4544a3ad044863da93f943: Neither blocks nor log segments found. Creating new log.
I20260710 13:25:55.093859 18175 tablet_bootstrap.cc:492] T 093eeb2e688e4764b462b89f1dc9729d P 649dc6373a48467aa6a890efc97e429c: Bootstrap starting.
I20260710 13:25:55.099915 18133 raft_consensus.cc:3060] T ae9f10ed5ad54784906fd3e984052e46 P 539d02432a4544a3ad044863da93f943 [term 0 FOLLOWER]: Advancing to term 1
I20260710 13:25:55.101289 18175 tablet_bootstrap.cc:654] T 093eeb2e688e4764b462b89f1dc9729d P 649dc6373a48467aa6a890efc97e429c: Neither blocks nor log segments found. Creating new log.
I20260710 13:25:55.105726 18172 tablet_bootstrap.cc:492] T b35244feca90431bb826513e6188f9e1 P 630b6a2c63a645b89e45fd0d8d71c634: No bootstrap required, opened a new log
I20260710 13:25:55.106209 18172 ts_tablet_manager.cc:1403] T b35244feca90431bb826513e6188f9e1 P 630b6a2c63a645b89e45fd0d8d71c634: Time spent bootstrapping tablet: real 0.030s	user 0.010s	sys 0.002s
I20260710 13:25:55.108933 18172 raft_consensus.cc:359] T b35244feca90431bb826513e6188f9e1 P 630b6a2c63a645b89e45fd0d8d71c634 [term 0 FOLLOWER]: Replica starting. Triggering 0 pending ops. Active config: opid_index: -1 OBSOLETE_local: false peers { permanent_uuid: "630b6a2c63a645b89e45fd0d8d71c634" member_type: VOTER last_known_addr { host: "127.16.114.193" port: 39055 } } peers { permanent_uuid: "649dc6373a48467aa6a890efc97e429c" member_type: VOTER last_known_addr { host: "127.16.114.194" port: 41739 } } peers { permanent_uuid: "539d02432a4544a3ad044863da93f943" member_type: VOTER last_known_addr { host: "127.16.114.195" port: 40865 } }
I20260710 13:25:55.109599 18172 raft_consensus.cc:385] T b35244feca90431bb826513e6188f9e1 P 630b6a2c63a645b89e45fd0d8d71c634 [term 0 FOLLOWER]: Consensus starting up: Expiring failure detector timer to make a prompt election more likely
I20260710 13:25:55.109961 18172 raft_consensus.cc:740] T b35244feca90431bb826513e6188f9e1 P 630b6a2c63a645b89e45fd0d8d71c634 [term 0 FOLLOWER]: Becoming Follower/Learner. State: Replica: 630b6a2c63a645b89e45fd0d8d71c634, State: Initialized, Role: FOLLOWER
I20260710 13:25:55.110965 18172 consensus_queue.cc:260] T b35244feca90431bb826513e6188f9e1 P 630b6a2c63a645b89e45fd0d8d71c634 [NON_LEADER]: Queue going to NON_LEADER mode. State: All replicated index: 0, Majority replicated index: 0, Committed index: 0, Last appended: 0.0, Last appended by leader: 0, Current term: 0, Majority size: -1, State: 0, Mode: NON_LEADER, active raft config: opid_index: -1 OBSOLETE_local: false peers { permanent_uuid: "630b6a2c63a645b89e45fd0d8d71c634" member_type: VOTER last_known_addr { host: "127.16.114.193" port: 39055 } } peers { permanent_uuid: "649dc6373a48467aa6a890efc97e429c" member_type: VOTER last_known_addr { host: "127.16.114.194" port: 41739 } } peers { permanent_uuid: "539d02432a4544a3ad044863da93f943" member_type: VOTER last_known_addr { host: "127.16.114.195" port: 40865 } }
I20260710 13:25:55.112836 18194 consensus_queue.cc:1048] T a4d138306b2c481a8f319a938c473c80 P 539d02432a4544a3ad044863da93f943 [LEADER]: Connected to new peer: Peer: permanent_uuid: "630b6a2c63a645b89e45fd0d8d71c634" member_type: VOTER last_known_addr { host: "127.16.114.193" port: 39055 }, Status: LMP_MISMATCH, Last received: 0.0, Next index: 1, Last known committed idx: 0, Time since last communication: 0.000s
I20260710 13:25:55.113852 18172 ts_tablet_manager.cc:1434] T b35244feca90431bb826513e6188f9e1 P 630b6a2c63a645b89e45fd0d8d71c634: Time spent starting tablet: real 0.007s	user 0.008s	sys 0.000s
I20260710 13:25:55.114758 18172 tablet_bootstrap.cc:492] T 71a3b32c69934c608ca93753985c587b P 630b6a2c63a645b89e45fd0d8d71c634: Bootstrap starting.
I20260710 13:25:55.118379 18208 raft_consensus.cc:493] T a4d138306b2c481a8f319a938c473c80 P 649dc6373a48467aa6a890efc97e429c [term 0 FOLLOWER]: Starting pre-election (no leader contacted us within the election timeout)
I20260710 13:25:55.118854 18208 raft_consensus.cc:515] T a4d138306b2c481a8f319a938c473c80 P 649dc6373a48467aa6a890efc97e429c [term 0 FOLLOWER]: Starting pre-election with config: opid_index: -1 OBSOLETE_local: false peers { permanent_uuid: "630b6a2c63a645b89e45fd0d8d71c634" member_type: VOTER last_known_addr { host: "127.16.114.193" port: 39055 } } peers { permanent_uuid: "649dc6373a48467aa6a890efc97e429c" member_type: VOTER last_known_addr { host: "127.16.114.194" port: 41739 } } peers { permanent_uuid: "539d02432a4544a3ad044863da93f943" member_type: VOTER last_known_addr { host: "127.16.114.195" port: 40865 } }
I20260710 13:25:55.120278 18059 raft_consensus.cc:3060] T a4d138306b2c481a8f319a938c473c80 P 649dc6373a48467aa6a890efc97e429c [term 0 FOLLOWER]: Advancing to term 1
I20260710 13:25:55.121415 18208 leader_election.cc:290] T a4d138306b2c481a8f319a938c473c80 P 649dc6373a48467aa6a890efc97e429c [CANDIDATE]: Term 1 pre-election: Requested pre-vote from peers 630b6a2c63a645b89e45fd0d8d71c634 (127.16.114.193:39055), 539d02432a4544a3ad044863da93f943 (127.16.114.195:40865)
I20260710 13:25:55.123317 17983 tablet_service.cc:1917] Received RequestConsensusVote() RPC: tablet_id: "a4d138306b2c481a8f319a938c473c80" candidate_uuid: "649dc6373a48467aa6a890efc97e429c" candidate_term: 1 candidate_status { last_received { term: 0 index: 0 } } ignore_live_leader: false dest_uuid: "630b6a2c63a645b89e45fd0d8d71c634" is_pre_election: true
I20260710 13:25:55.124191 17983 raft_consensus.cc:2393] T a4d138306b2c481a8f319a938c473c80 P 630b6a2c63a645b89e45fd0d8d71c634 [term 1 FOLLOWER]: Leader pre-election vote request: Denying vote to candidate 649dc6373a48467aa6a890efc97e429c in current term 1: Already voted for candidate 539d02432a4544a3ad044863da93f943 in this term.
I20260710 13:25:55.129756 18177 consensus_queue.cc:1048] T 62581d4f6d4f48c4b280dcfca99e06d0 P 630b6a2c63a645b89e45fd0d8d71c634 [LEADER]: Connected to new peer: Peer: permanent_uuid: "539d02432a4544a3ad044863da93f943" member_type: VOTER last_known_addr { host: "127.16.114.195" port: 40865 }, Status: LMP_MISMATCH, Last received: 0.0, Next index: 1, Last known committed idx: 0, Time since last communication: 0.000s
I20260710 13:25:55.118744 17879 catalog_manager.cc:5697] T d44bd38b76ad4dc4b7b9b498e8358758 P 649dc6373a48467aa6a890efc97e429c reported cstate change: term changed from 0 to 1, leader changed from <none> to 649dc6373a48467aa6a890efc97e429c (127.16.114.194). New cstate: current_term: 1 leader_uuid: "649dc6373a48467aa6a890efc97e429c" committed_config { opid_index: -1 OBSOLETE_local: false peers { permanent_uuid: "630b6a2c63a645b89e45fd0d8d71c634" member_type: VOTER last_known_addr { host: "127.16.114.193" port: 39055 } health_report { overall_health: UNKNOWN } } peers { permanent_uuid: "649dc6373a48467aa6a890efc97e429c" member_type: VOTER last_known_addr { host: "127.16.114.194" port: 41739 } health_report { overall_health: HEALTHY } } peers { permanent_uuid: "539d02432a4544a3ad044863da93f943" member_type: VOTER last_known_addr { host: "127.16.114.195" port: 40865 } health_report { overall_health: UNKNOWN } } }
I20260710 13:25:55.134696 18130 tablet_service.cc:1917] Received RequestConsensusVote() RPC: tablet_id: "a4d138306b2c481a8f319a938c473c80" candidate_uuid: "649dc6373a48467aa6a890efc97e429c" candidate_term: 1 candidate_status { last_received { term: 0 index: 0 } } ignore_live_leader: false dest_uuid: "539d02432a4544a3ad044863da93f943" is_pre_election: true
I20260710 13:25:55.136780 18024 leader_election.cc:304] T a4d138306b2c481a8f319a938c473c80 P 649dc6373a48467aa6a890efc97e429c [CANDIDATE]: Term 1 pre-election: Election decided. Result: candidate lost. Election summary: received 3 responses out of 3 voters: 1 yes votes; 2 no votes. yes voters: 649dc6373a48467aa6a890efc97e429c; no voters: 539d02432a4544a3ad044863da93f943, 630b6a2c63a645b89e45fd0d8d71c634
I20260710 13:25:55.139261 18175 tablet_bootstrap.cc:492] T 093eeb2e688e4764b462b89f1dc9729d P 649dc6373a48467aa6a890efc97e429c: No bootstrap required, opened a new log
I20260710 13:25:55.140053 18175 ts_tablet_manager.cc:1403] T 093eeb2e688e4764b462b89f1dc9729d P 649dc6373a48467aa6a890efc97e429c: Time spent bootstrapping tablet: real 0.046s	user 0.020s	sys 0.007s
I20260710 13:25:55.142349 18172 tablet_bootstrap.cc:654] T 71a3b32c69934c608ca93753985c587b P 630b6a2c63a645b89e45fd0d8d71c634: Neither blocks nor log segments found. Creating new log.
I20260710 13:25:55.143033 18175 raft_consensus.cc:359] T 093eeb2e688e4764b462b89f1dc9729d P 649dc6373a48467aa6a890efc97e429c [term 0 FOLLOWER]: Replica starting. Triggering 0 pending ops. Active config: opid_index: -1 OBSOLETE_local: false peers { permanent_uuid: "630b6a2c63a645b89e45fd0d8d71c634" member_type: VOTER last_known_addr { host: "127.16.114.193" port: 39055 } } peers { permanent_uuid: "649dc6373a48467aa6a890efc97e429c" member_type: VOTER last_known_addr { host: "127.16.114.194" port: 41739 } } peers { permanent_uuid: "539d02432a4544a3ad044863da93f943" member_type: VOTER last_known_addr { host: "127.16.114.195" port: 40865 } }
I20260710 13:25:55.143993 18175 raft_consensus.cc:385] T 093eeb2e688e4764b462b89f1dc9729d P 649dc6373a48467aa6a890efc97e429c [term 0 FOLLOWER]: Consensus starting up: Expiring failure detector timer to make a prompt election more likely
I20260710 13:25:55.144373 18175 raft_consensus.cc:740] T 093eeb2e688e4764b462b89f1dc9729d P 649dc6373a48467aa6a890efc97e429c [term 0 FOLLOWER]: Becoming Follower/Learner. State: Replica: 649dc6373a48467aa6a890efc97e429c, State: Initialized, Role: FOLLOWER
I20260710 13:25:55.145522 18175 consensus_queue.cc:260] T 093eeb2e688e4764b462b89f1dc9729d P 649dc6373a48467aa6a890efc97e429c [NON_LEADER]: Queue going to NON_LEADER mode. State: All replicated index: 0, Majority replicated index: 0, Committed index: 0, Last appended: 0.0, Last appended by leader: 0, Current term: 0, Majority size: -1, State: 0, Mode: NON_LEADER, active raft config: opid_index: -1 OBSOLETE_local: false peers { permanent_uuid: "630b6a2c63a645b89e45fd0d8d71c634" member_type: VOTER last_known_addr { host: "127.16.114.193" port: 39055 } } peers { permanent_uuid: "649dc6373a48467aa6a890efc97e429c" member_type: VOTER last_known_addr { host: "127.16.114.194" port: 41739 } } peers { permanent_uuid: "539d02432a4544a3ad044863da93f943" member_type: VOTER last_known_addr { host: "127.16.114.195" port: 40865 } }
I20260710 13:25:55.147418 18177 raft_consensus.cc:493] T ea6bf503269945a38b064681e29a9bbf P 630b6a2c63a645b89e45fd0d8d71c634 [term 0 FOLLOWER]: Starting pre-election (no leader contacted us within the election timeout)
I20260710 13:25:55.147961 18177 raft_consensus.cc:515] T ea6bf503269945a38b064681e29a9bbf P 630b6a2c63a645b89e45fd0d8d71c634 [term 0 FOLLOWER]: Starting pre-election with config: opid_index: -1 OBSOLETE_local: false peers { permanent_uuid: "630b6a2c63a645b89e45fd0d8d71c634" member_type: VOTER last_known_addr { host: "127.16.114.193" port: 39055 } } peers { permanent_uuid: "649dc6373a48467aa6a890efc97e429c" member_type: VOTER last_known_addr { host: "127.16.114.194" port: 41739 } } peers { permanent_uuid: "539d02432a4544a3ad044863da93f943" member_type: VOTER last_known_addr { host: "127.16.114.195" port: 40865 } }
I20260710 13:25:55.151870 18130 tablet_service.cc:1917] Received RequestConsensusVote() RPC: tablet_id: "ea6bf503269945a38b064681e29a9bbf" candidate_uuid: "630b6a2c63a645b89e45fd0d8d71c634" candidate_term: 1 candidate_status { last_received { term: 0 index: 0 } } ignore_live_leader: false dest_uuid: "539d02432a4544a3ad044863da93f943" is_pre_election: true
I20260710 13:25:55.152428 18208 raft_consensus.cc:2749] T a4d138306b2c481a8f319a938c473c80 P 649dc6373a48467aa6a890efc97e429c [term 1 FOLLOWER]: Leader pre-election lost for term 1. Reason: could not achieve majority
I20260710 13:25:55.152595 18130 raft_consensus.cc:2468] T ea6bf503269945a38b064681e29a9bbf P 539d02432a4544a3ad044863da93f943 [term 0 FOLLOWER]: Leader pre-election vote request: Granting yes vote for candidate 630b6a2c63a645b89e45fd0d8d71c634 in term 0.
I20260710 13:25:55.154107 17949 leader_election.cc:304] T ea6bf503269945a38b064681e29a9bbf P 630b6a2c63a645b89e45fd0d8d71c634 [CANDIDATE]: Term 1 pre-election: Election decided. Result: candidate won. Election summary: received 2 responses out of 3 voters: 2 yes votes; 0 no votes. yes voters: 539d02432a4544a3ad044863da93f943, 630b6a2c63a645b89e45fd0d8d71c634; no voters: 
I20260710 13:25:55.155019 18201 raft_consensus.cc:2804] T ea6bf503269945a38b064681e29a9bbf P 630b6a2c63a645b89e45fd0d8d71c634 [term 0 FOLLOWER]: Leader pre-election won for term 1
I20260710 13:25:55.154892 18178 consensus_queue.cc:1048] T a4d138306b2c481a8f319a938c473c80 P 539d02432a4544a3ad044863da93f943 [LEADER]: Connected to new peer: Peer: permanent_uuid: "649dc6373a48467aa6a890efc97e429c" member_type: VOTER last_known_addr { host: "127.16.114.194" port: 41739 }, Status: LMP_MISMATCH, Last received: 0.0, Next index: 1, Last known committed idx: 0, Time since last communication: 0.000s
I20260710 13:25:55.155498 18201 raft_consensus.cc:493] T ea6bf503269945a38b064681e29a9bbf P 630b6a2c63a645b89e45fd0d8d71c634 [term 0 FOLLOWER]: Starting leader election (no leader contacted us within the election timeout)
I20260710 13:25:55.155910 18201 raft_consensus.cc:3060] T ea6bf503269945a38b064681e29a9bbf P 630b6a2c63a645b89e45fd0d8d71c634 [term 0 FOLLOWER]: Advancing to term 1
I20260710 13:25:55.053287 17984 raft_consensus.cc:2468] T f2b1667722814ed59343a7d390ca8cad P 630b6a2c63a645b89e45fd0d8d71c634 [term 1 FOLLOWER]: Leader election vote request: Granting yes vote for candidate 539d02432a4544a3ad044863da93f943 in term 1.
