I20260710 13:25:57.614904 18318 consensus_queue.cc:1048] T 7bc76b6c20434f90894e5fd2b7c7d59b P 539d02432a4544a3ad044863da93f943 [LEADER]: Connected to new peer: Peer: permanent_uuid: "649dc6373a48467aa6a890efc97e429c" member_type: VOTER last_known_addr { host: "127.16.114.194" port: 41739 }, Status: LMP_MISMATCH, Last received: 0.0, Next index: 1, Last known committed idx: 0, Time since last communication: 0.000s
I20260710 13:25:57.902281 16843 file_cache.cc:504] Constructed file cache file cache with capacity 419430
W20260710 13:25:57.909287 18358 instance_detector.cc:116] could not retrieve AWS instance metadata: Network error: curl error: HTTP response code said error: The requested URL returned error: 404
W20260710 13:25:57.909273 18359 instance_detector.cc:116] could not retrieve Azure instance metadata: Network error: curl error: HTTP response code said error: The requested URL returned error: 404
I20260710 13:25:57.912469 16843 server_base.cc:1061] running on GCE node
W20260710 13:25:57.912388 18361 instance_detector.cc:116] could not retrieve OpenStack instance metadata: Network error: curl error: HTTP response code said error: The requested URL returned error: 404
I20260710 13:25:57.913671 16843 hybrid_clock.cc:584] initializing the hybrid clock with 'system_unsync' time source
W20260710 13:25:57.914029 16843 system_unsync_time.cc:38] NTP support is disabled. Clock error bounds will not be accurate. This configuration is not suitable for distributed clusters.
I20260710 13:25:57.914234 16843 hybrid_clock.cc:648] HybridClock initialized: now 1783689957914217 us; error 0 us; skew 500 ppm
I20260710 13:25:57.914815 16843 server_base.cc:861] Flag tcmalloc_max_total_thread_cache_bytes is not working since tcmalloc is not enabled.
I20260710 13:25:57.917388 16843 webserver.cc:533] Webserver started at http://127.16.114.196:41553/ using document root <none> and password file <none>
I20260710 13:25:57.918002 16843 fs_manager.cc:362] Metadata directory not provided
I20260710 13:25:57.918234 16843 fs_manager.cc:368] Using write-ahead log directory (fs_wal_dir) as metadata directory
I20260710 13:25:57.918535 16843 server_base.cc:909] This appears to be a new deployment of Kudu; creating new FS layout
I20260710 13:25:57.919950 16843 fs_manager.cc:1068] Generated new instance metadata in path /tmp/dist-test-taskWl8NDu/test-tmp/auto_leader_rebalancer-test.0.LeaderRebalancerTest.AddTserver.1783689927953688-16843-0/minicluster-data/ts-3-root/instance:
uuid: "775aab36421040ac976eaa3b76793f56"
format_stamp: "Formatted at 2026-07-10 13:25:57 on dist-test-slave-l22f"
I20260710 13:25:57.924919 16843 fs_manager.cc:696] Time spent creating directory manager: real 0.004s	user 0.005s	sys 0.000s
I20260710 13:25:57.928848 18366 log_block_manager.cc:4127] Time spent loading block containers with low live blocks: real 0.000s	user 0.000s	sys 0.000s
I20260710 13:25:57.929729 16843 fs_manager.cc:730] Time spent opening block manager: real 0.003s	user 0.002s	sys 0.001s
I20260710 13:25:57.930081 16843 fs_manager.cc:647] Opened local filesystem: /tmp/dist-test-taskWl8NDu/test-tmp/auto_leader_rebalancer-test.0.LeaderRebalancerTest.AddTserver.1783689927953688-16843-0/minicluster-data/ts-3-root
uuid: "775aab36421040ac976eaa3b76793f56"
format_stamp: "Formatted at 2026-07-10 13:25:57 on dist-test-slave-l22f"
I20260710 13:25:57.930395 16843 fs_report.cc:389] FS layout report
--------------------
wal directory: /tmp/dist-test-taskWl8NDu/test-tmp/auto_leader_rebalancer-test.0.LeaderRebalancerTest.AddTserver.1783689927953688-16843-0/minicluster-data/ts-3-root
metadata directory: /tmp/dist-test-taskWl8NDu/test-tmp/auto_leader_rebalancer-test.0.LeaderRebalancerTest.AddTserver.1783689927953688-16843-0/minicluster-data/ts-3-root
1 data directories: /tmp/dist-test-taskWl8NDu/test-tmp/auto_leader_rebalancer-test.0.LeaderRebalancerTest.AddTserver.1783689927953688-16843-0/minicluster-data/ts-3-root/data
Total live blocks: 0
Total live bytes: 0
Total live bytes (after alignment): 0
Total number of LBM containers: 0 (0 full)
Did not check for missing blocks
Did not check for orphaned blocks
Total full LBM containers with extra space: 0 (0 repaired)
Total full LBM container extra space in bytes: 0 (0 repaired)
Total incomplete LBM containers: 0 (0 repaired)
Total LBM partial records: 0 (0 repaired)
Total corrupted LBM metadata records in RocksDB: 0 (0 repaired)
I20260710 13:25:57.963647 16843 rpc_server.cc:225] running with OpenSSL 1.1.1  11 Sep 2018
I20260710 13:25:57.965031 16843 kserver.cc:163] Server-wide thread pool size limit: 3276
I20260710 13:25:57.966302 16843 txn_system_client.cc:432] TxnSystemClient initialization is disabled...
I20260710 13:25:57.968499 16843 ts_tablet_manager.cc:585] Loaded tablet metadata (0 total tablets, 0 live tablets)
I20260710 13:25:57.968727 16843 ts_tablet_manager.cc:531] Time spent load tablet metadata: real 0.000s	user 0.000s	sys 0.000s
I20260710 13:25:57.968976 16843 ts_tablet_manager.cc:616] Registered 0 tablets
I20260710 13:25:57.969165 16843 ts_tablet_manager.cc:595] Time spent register tablets: real 0.000s	user 0.000s	sys 0.000s
I20260710 13:25:58.027107 16843 rpc_server.cc:307] RPC server started. Bound to: 127.16.114.196:34761
I20260710 13:25:58.027187 18428 acceptor_pool.cc:272] collecting diagnostics on the listening RPC socket 127.16.114.196:34761 every 8 connection(s)
I20260710 13:25:58.032935 16843 auto_leader_rebalancer-test.cc:388] add a tserver: 775aab36421040ac976eaa3b76793f56
I20260710 13:25:58.044708 18429 heartbeater.cc:344] Connected to a master server at 127.16.114.254:35693
I20260710 13:25:58.045181 18429 heartbeater.cc:461] Registering TS with master...
I20260710 13:25:58.045919 18429 heartbeater.cc:507] Master 127.16.114.254:35693 requested a full tablet report, sending...
I20260710 13:25:58.047833 17881 ts_manager.cc:194] Registered new tserver with Master: 775aab36421040ac976eaa3b76793f56 (127.16.114.196:34761)
I20260710 13:25:58.049165 17881 master_service.cc:502] Signed X509 certificate for tserver {username='slave'} at 127.0.0.1:44366
I20260710 13:25:58.422312 18058 consensus_queue.cc:237] T 3665812bc8e74a3081262f9c54a64b36 P 649dc6373a48467aa6a890efc97e429c [LEADER]: Queue going to LEADER mode. State: All replicated index: 0, Majority replicated index: 1, Committed index: 1, Last appended: 1.1, Last appended by leader: 0, Current term: 1, Majority size: 2, State: 0, Mode: LEADER, active raft config: opid_index: 2 OBSOLETE_local: false peers { permanent_uuid: "630b6a2c63a645b89e45fd0d8d71c634" member_type: VOTER last_known_addr { host: "127.16.114.193" port: 39055 } } peers { permanent_uuid: "649dc6373a48467aa6a890efc97e429c" member_type: VOTER last_known_addr { host: "127.16.114.194" port: 41739 } } peers { permanent_uuid: "539d02432a4544a3ad044863da93f943" member_type: VOTER last_known_addr { host: "127.16.114.195" port: 40865 } attrs { replace: true } } peers { permanent_uuid: "775aab36421040ac976eaa3b76793f56" member_type: NON_VOTER last_known_addr { host: "127.16.114.196" port: 34761 } attrs { promote: true } }
I20260710 13:25:58.437477 18133 raft_consensus.cc:1275] T 3665812bc8e74a3081262f9c54a64b36 P 539d02432a4544a3ad044863da93f943 [term 1 FOLLOWER]: Refusing update from remote peer 649dc6373a48467aa6a890efc97e429c: Log matching property violated. Preceding OpId in replica: term: 1 index: 1. Preceding OpId from leader: term: 1 index: 2. (index mismatch)
I20260710 13:25:58.439519 18265 consensus_queue.cc:1048] T 3665812bc8e74a3081262f9c54a64b36 P 649dc6373a48467aa6a890efc97e429c [LEADER]: Connected to new peer: Peer: permanent_uuid: "539d02432a4544a3ad044863da93f943" member_type: VOTER last_known_addr { host: "127.16.114.195" port: 40865 } attrs { replace: true }, Status: LMP_MISMATCH, Last received: 0.0, Next index: 2, Last known committed idx: 1, Time since last communication: 0.001s
I20260710 13:25:58.440069 17983 raft_consensus.cc:1275] T 3665812bc8e74a3081262f9c54a64b36 P 630b6a2c63a645b89e45fd0d8d71c634 [term 1 FOLLOWER]: Refusing update from remote peer 649dc6373a48467aa6a890efc97e429c: Log matching property violated. Preceding OpId in replica: term: 1 index: 1. Preceding OpId from leader: term: 1 index: 2. (index mismatch)
I20260710 13:25:58.441654 18267 consensus_queue.cc:1048] T 3665812bc8e74a3081262f9c54a64b36 P 649dc6373a48467aa6a890efc97e429c [LEADER]: Connected to new peer: Peer: permanent_uuid: "630b6a2c63a645b89e45fd0d8d71c634" member_type: VOTER last_known_addr { host: "127.16.114.193" port: 39055 }, Status: LMP_MISMATCH, Last received: 0.0, Next index: 2, Last known committed idx: 1, Time since last communication: 0.001s
I20260710 13:25:58.450711 18265 raft_consensus.cc:2955] T 3665812bc8e74a3081262f9c54a64b36 P 649dc6373a48467aa6a890efc97e429c [term 1 LEADER]: Committing config change with OpId 1.2: config changed from index -1 to 2, NON_VOTER 775aab36421040ac976eaa3b76793f56 (127.16.114.196) added. New config: { opid_index: 2 OBSOLETE_local: false peers { permanent_uuid: "630b6a2c63a645b89e45fd0d8d71c634" member_type: VOTER last_known_addr { host: "127.16.114.193" port: 39055 } } peers { permanent_uuid: "649dc6373a48467aa6a890efc97e429c" member_type: VOTER last_known_addr { host: "127.16.114.194" port: 41739 } } peers { permanent_uuid: "539d02432a4544a3ad044863da93f943" member_type: VOTER last_known_addr { host: "127.16.114.195" port: 40865 } attrs { replace: true } } peers { permanent_uuid: "775aab36421040ac976eaa3b76793f56" member_type: NON_VOTER last_known_addr { host: "127.16.114.196" port: 34761 } attrs { promote: true } } }
W20260710 13:25:58.452806 18024 consensus_peers.cc:597] T 3665812bc8e74a3081262f9c54a64b36 P 649dc6373a48467aa6a890efc97e429c -> Peer 775aab36421040ac976eaa3b76793f56 (127.16.114.196:34761): Couldn't send request to peer 775aab36421040ac976eaa3b76793f56. Error code: TABLET_NOT_FOUND (6). Status: Not found: Tablet not found: 3665812bc8e74a3081262f9c54a64b36. This is attempt 1: this message will repeat every 5th retry.
I20260710 13:25:58.452720 18133 raft_consensus.cc:2955] T 3665812bc8e74a3081262f9c54a64b36 P 539d02432a4544a3ad044863da93f943 [term 1 FOLLOWER]: Committing config change with OpId 1.2: config changed from index -1 to 2, NON_VOTER 775aab36421040ac976eaa3b76793f56 (127.16.114.196) added. New config: { opid_index: 2 OBSOLETE_local: false peers { permanent_uuid: "630b6a2c63a645b89e45fd0d8d71c634" member_type: VOTER last_known_addr { host: "127.16.114.193" port: 39055 } } peers { permanent_uuid: "649dc6373a48467aa6a890efc97e429c" member_type: VOTER last_known_addr { host: "127.16.114.194" port: 41739 } } peers { permanent_uuid: "539d02432a4544a3ad044863da93f943" member_type: VOTER last_known_addr { host: "127.16.114.195" port: 40865 } attrs { replace: true } } peers { permanent_uuid: "775aab36421040ac976eaa3b76793f56" member_type: NON_VOTER last_known_addr { host: "127.16.114.196" port: 34761 } attrs { promote: true } } }
I20260710 13:25:58.460727 17983 raft_consensus.cc:2955] T 3665812bc8e74a3081262f9c54a64b36 P 630b6a2c63a645b89e45fd0d8d71c634 [term 1 FOLLOWER]: Committing config change with OpId 1.2: config changed from index -1 to 2, NON_VOTER 775aab36421040ac976eaa3b76793f56 (127.16.114.196) added. New config: { opid_index: 2 OBSOLETE_local: false peers { permanent_uuid: "630b6a2c63a645b89e45fd0d8d71c634" member_type: VOTER last_known_addr { host: "127.16.114.193" port: 39055 } } peers { permanent_uuid: "649dc6373a48467aa6a890efc97e429c" member_type: VOTER last_known_addr { host: "127.16.114.194" port: 41739 } } peers { permanent_uuid: "539d02432a4544a3ad044863da93f943" member_type: VOTER last_known_addr { host: "127.16.114.195" port: 40865 } attrs { replace: true } } peers { permanent_uuid: "775aab36421040ac976eaa3b76793f56" member_type: NON_VOTER last_known_addr { host: "127.16.114.196" port: 34761 } attrs { promote: true } } }
I20260710 13:25:58.470340 17881 catalog_manager.cc:5697] T 3665812bc8e74a3081262f9c54a64b36 P 649dc6373a48467aa6a890efc97e429c reported cstate change: config changed from index -1 to 2, NON_VOTER 775aab36421040ac976eaa3b76793f56 (127.16.114.196) added. New cstate: current_term: 1 leader_uuid: "649dc6373a48467aa6a890efc97e429c" committed_config { opid_index: 2 OBSOLETE_local: false peers { permanent_uuid: "630b6a2c63a645b89e45fd0d8d71c634" member_type: VOTER last_known_addr { host: "127.16.114.193" port: 39055 } health_report { overall_health: HEALTHY } } peers { permanent_uuid: "649dc6373a48467aa6a890efc97e429c" member_type: VOTER last_known_addr { host: "127.16.114.194" port: 41739 } health_report { overall_health: HEALTHY } } peers { permanent_uuid: "539d02432a4544a3ad044863da93f943" member_type: VOTER last_known_addr { host: "127.16.114.195" port: 40865 } attrs { replace: true } health_report { overall_health: HEALTHY } } peers { permanent_uuid: "775aab36421040ac976eaa3b76793f56" member_type: NON_VOTER last_known_addr { host: "127.16.114.196" port: 34761 } attrs { promote: true } health_report { overall_health: UNKNOWN } } }
I20260710 13:25:58.492419 17983 consensus_queue.cc:237] T 0a06f6a7af424377adaf0b8c02c68ec8 P 630b6a2c63a645b89e45fd0d8d71c634 [LEADER]: Queue going to LEADER mode. State: All replicated index: 0, Majority replicated index: 1, Committed index: 1, Last appended: 1.1, Last appended by leader: 0, Current term: 1, Majority size: 2, State: 0, Mode: LEADER, active raft config: opid_index: 2 OBSOLETE_local: false peers { permanent_uuid: "630b6a2c63a645b89e45fd0d8d71c634" member_type: VOTER last_known_addr { host: "127.16.114.193" port: 39055 } } peers { permanent_uuid: "649dc6373a48467aa6a890efc97e429c" member_type: VOTER last_known_addr { host: "127.16.114.194" port: 41739 } attrs { replace: true } } peers { permanent_uuid: "539d02432a4544a3ad044863da93f943" member_type: VOTER last_known_addr { host: "127.16.114.195" port: 40865 } } peers { permanent_uuid: "775aab36421040ac976eaa3b76793f56" member_type: NON_VOTER last_known_addr { host: "127.16.114.196" port: 34761 } attrs { promote: true } }
I20260710 13:25:58.529862 18133 raft_consensus.cc:1275] T 0a06f6a7af424377adaf0b8c02c68ec8 P 539d02432a4544a3ad044863da93f943 [term 1 FOLLOWER]: Refusing update from remote peer 630b6a2c63a645b89e45fd0d8d71c634: Log matching property violated. Preceding OpId in replica: term: 1 index: 1. Preceding OpId from leader: term: 1 index: 2. (index mismatch)
I20260710 13:25:58.530833 18058 raft_consensus.cc:1275] T 0a06f6a7af424377adaf0b8c02c68ec8 P 649dc6373a48467aa6a890efc97e429c [term 1 FOLLOWER]: Refusing update from remote peer 630b6a2c63a645b89e45fd0d8d71c634: Log matching property violated. Preceding OpId in replica: term: 1 index: 1. Preceding OpId from leader: term: 1 index: 2. (index mismatch)
I20260710 13:25:58.531697 18177 consensus_queue.cc:1048] T 0a06f6a7af424377adaf0b8c02c68ec8 P 630b6a2c63a645b89e45fd0d8d71c634 [LEADER]: Connected to new peer: Peer: permanent_uuid: "539d02432a4544a3ad044863da93f943" member_type: VOTER last_known_addr { host: "127.16.114.195" port: 40865 }, Status: LMP_MISMATCH, Last received: 0.0, Next index: 2, Last known committed idx: 1, Time since last communication: 0.001s
I20260710 13:25:58.533339 18449 consensus_queue.cc:1048] T 0a06f6a7af424377adaf0b8c02c68ec8 P 630b6a2c63a645b89e45fd0d8d71c634 [LEADER]: Connected to new peer: Peer: permanent_uuid: "649dc6373a48467aa6a890efc97e429c" member_type: VOTER last_known_addr { host: "127.16.114.194" port: 41739 } attrs { replace: true }, Status: LMP_MISMATCH, Last received: 0.0, Next index: 2, Last known committed idx: 1, Time since last communication: 0.001s
W20260710 13:25:58.545198 17949 consensus_peers.cc:597] T 0a06f6a7af424377adaf0b8c02c68ec8 P 630b6a2c63a645b89e45fd0d8d71c634 -> Peer 775aab36421040ac976eaa3b76793f56 (127.16.114.196:34761): Couldn't send request to peer 775aab36421040ac976eaa3b76793f56. Error code: TABLET_NOT_FOUND (6). Status: Not found: Tablet not found: 0a06f6a7af424377adaf0b8c02c68ec8. This is attempt 1: this message will repeat every 5th retry.
I20260710 13:25:58.545699 18177 raft_consensus.cc:2955] T 0a06f6a7af424377adaf0b8c02c68ec8 P 630b6a2c63a645b89e45fd0d8d71c634 [term 1 LEADER]: Committing config change with OpId 1.2: config changed from index -1 to 2, NON_VOTER 775aab36421040ac976eaa3b76793f56 (127.16.114.196) added. New config: { opid_index: 2 OBSOLETE_local: false peers { permanent_uuid: "630b6a2c63a645b89e45fd0d8d71c634" member_type: VOTER last_known_addr { host: "127.16.114.193" port: 39055 } } peers { permanent_uuid: "649dc6373a48467aa6a890efc97e429c" member_type: VOTER last_known_addr { host: "127.16.114.194" port: 41739 } attrs { replace: true } } peers { permanent_uuid: "539d02432a4544a3ad044863da93f943" member_type: VOTER last_known_addr { host: "127.16.114.195" port: 40865 } } peers { permanent_uuid: "775aab36421040ac976eaa3b76793f56" member_type: NON_VOTER last_known_addr { host: "127.16.114.196" port: 34761 } attrs { promote: true } } }
I20260710 13:25:58.547603 18133 raft_consensus.cc:2955] T 0a06f6a7af424377adaf0b8c02c68ec8 P 539d02432a4544a3ad044863da93f943 [term 1 FOLLOWER]: Committing config change with OpId 1.2: config changed from index -1 to 2, NON_VOTER 775aab36421040ac976eaa3b76793f56 (127.16.114.196) added. New config: { opid_index: 2 OBSOLETE_local: false peers { permanent_uuid: "630b6a2c63a645b89e45fd0d8d71c634" member_type: VOTER last_known_addr { host: "127.16.114.193" port: 39055 } } peers { permanent_uuid: "649dc6373a48467aa6a890efc97e429c" member_type: VOTER last_known_addr { host: "127.16.114.194" port: 41739 } attrs { replace: true } } peers { permanent_uuid: "539d02432a4544a3ad044863da93f943" member_type: VOTER last_known_addr { host: "127.16.114.195" port: 40865 } } peers { permanent_uuid: "775aab36421040ac976eaa3b76793f56" member_type: NON_VOTER last_known_addr { host: "127.16.114.196" port: 34761 } attrs { promote: true } } }
I20260710 13:25:58.563398 17880 catalog_manager.cc:5697] T 0a06f6a7af424377adaf0b8c02c68ec8 P 539d02432a4544a3ad044863da93f943 reported cstate change: config changed from index -1 to 2, NON_VOTER 775aab36421040ac976eaa3b76793f56 (127.16.114.196) added. New cstate: current_term: 1 leader_uuid: "630b6a2c63a645b89e45fd0d8d71c634" committed_config { opid_index: 2 OBSOLETE_local: false peers { permanent_uuid: "630b6a2c63a645b89e45fd0d8d71c634" member_type: VOTER last_known_addr { host: "127.16.114.193" port: 39055 } } peers { permanent_uuid: "649dc6373a48467aa6a890efc97e429c" member_type: VOTER last_known_addr { host: "127.16.114.194" port: 41739 } attrs { replace: true } } peers { permanent_uuid: "539d02432a4544a3ad044863da93f943" member_type: VOTER last_known_addr { host: "127.16.114.195" port: 40865 } } peers { permanent_uuid: "775aab36421040ac976eaa3b76793f56" member_type: NON_VOTER last_known_addr { host: "127.16.114.196" port: 34761 } attrs { promote: true } } }
I20260710 13:25:58.567888 18058 raft_consensus.cc:2955] T 0a06f6a7af424377adaf0b8c02c68ec8 P 649dc6373a48467aa6a890efc97e429c [term 1 FOLLOWER]: Committing config change with OpId 1.2: config changed from index -1 to 2, NON_VOTER 775aab36421040ac976eaa3b76793f56 (127.16.114.196) added. New config: { opid_index: 2 OBSOLETE_local: false peers { permanent_uuid: "630b6a2c63a645b89e45fd0d8d71c634" member_type: VOTER last_known_addr { host: "127.16.114.193" port: 39055 } } peers { permanent_uuid: "649dc6373a48467aa6a890efc97e429c" member_type: VOTER last_known_addr { host: "127.16.114.194" port: 41739 } attrs { replace: true } } peers { permanent_uuid: "539d02432a4544a3ad044863da93f943" member_type: VOTER last_known_addr { host: "127.16.114.195" port: 40865 } } peers { permanent_uuid: "775aab36421040ac976eaa3b76793f56" member_type: NON_VOTER last_known_addr { host: "127.16.114.196" port: 34761 } attrs { promote: true } } }
I20260710 13:25:58.571396 18057 consensus_queue.cc:237] T ae9f10ed5ad54784906fd3e984052e46 P 649dc6373a48467aa6a890efc97e429c [LEADER]: Queue going to LEADER mode. State: All replicated index: 0, Majority replicated index: 1, Committed index: 1, Last appended: 1.1, Last appended by leader: 0, Current term: 1, Majority size: 2, State: 0, Mode: LEADER, active raft config: opid_index: 2 OBSOLETE_local: false peers { permanent_uuid: "630b6a2c63a645b89e45fd0d8d71c634" member_type: VOTER last_known_addr { host: "127.16.114.193" port: 39055 } attrs { replace: true } } peers { permanent_uuid: "649dc6373a48467aa6a890efc97e429c" member_type: VOTER last_known_addr { host: "127.16.114.194" port: 41739 } } peers { permanent_uuid: "539d02432a4544a3ad044863da93f943" member_type: VOTER last_known_addr { host: "127.16.114.195" port: 40865 } } peers { permanent_uuid: "775aab36421040ac976eaa3b76793f56" member_type: NON_VOTER last_known_addr { host: "127.16.114.196" port: 34761 } attrs { promote: true } }
W20260710 13:25:58.591063 18024 consensus_peers.cc:597] T ae9f10ed5ad54784906fd3e984052e46 P 649dc6373a48467aa6a890efc97e429c -> Peer 775aab36421040ac976eaa3b76793f56 (127.16.114.196:34761): Couldn't send request to peer 775aab36421040ac976eaa3b76793f56. Error code: TABLET_NOT_FOUND (6). Status: Not found: Tablet not found: ae9f10ed5ad54784906fd3e984052e46. This is attempt 1: this message will repeat every 5th retry.
I20260710 13:25:58.591733 17983 raft_consensus.cc:1275] T ae9f10ed5ad54784906fd3e984052e46 P 630b6a2c63a645b89e45fd0d8d71c634 [term 1 FOLLOWER]: Refusing update from remote peer 649dc6373a48467aa6a890efc97e429c: Log matching property violated. Preceding OpId in replica: term: 1 index: 1. Preceding OpId from leader: term: 1 index: 2. (index mismatch)
I20260710 13:25:58.592298 18132 raft_consensus.cc:1275] T ae9f10ed5ad54784906fd3e984052e46 P 539d02432a4544a3ad044863da93f943 [term 1 FOLLOWER]: Refusing update from remote peer 649dc6373a48467aa6a890efc97e429c: Log matching property violated. Preceding OpId in replica: term: 1 index: 1. Preceding OpId from leader: term: 1 index: 2. (index mismatch)
I20260710 13:25:58.593766 18265 consensus_queue.cc:1048] T ae9f10ed5ad54784906fd3e984052e46 P 649dc6373a48467aa6a890efc97e429c [LEADER]: Connected to new peer: Peer: permanent_uuid: "630b6a2c63a645b89e45fd0d8d71c634" member_type: VOTER last_known_addr { host: "127.16.114.193" port: 39055 } attrs { replace: true }, Status: LMP_MISMATCH, Last received: 0.0, Next index: 2, Last known committed idx: 1, Time since last communication: 0.000s
I20260710 13:25:58.594744 18267 consensus_queue.cc:1048] T ae9f10ed5ad54784906fd3e984052e46 P 649dc6373a48467aa6a890efc97e429c [LEADER]: Connected to new peer: Peer: permanent_uuid: "539d02432a4544a3ad044863da93f943" member_type: VOTER last_known_addr { host: "127.16.114.195" port: 40865 }, Status: LMP_MISMATCH, Last received: 0.0, Next index: 2, Last known committed idx: 1, Time since last communication: 0.000s
I20260710 13:25:58.604454 18437 raft_consensus.cc:2955] T ae9f10ed5ad54784906fd3e984052e46 P 649dc6373a48467aa6a890efc97e429c [term 1 LEADER]: Committing config change with OpId 1.2: config changed from index -1 to 2, NON_VOTER 775aab36421040ac976eaa3b76793f56 (127.16.114.196) added. New config: { opid_index: 2 OBSOLETE_local: false peers { permanent_uuid: "630b6a2c63a645b89e45fd0d8d71c634" member_type: VOTER last_known_addr { host: "127.16.114.193" port: 39055 } attrs { replace: true } } peers { permanent_uuid: "649dc6373a48467aa6a890efc97e429c" member_type: VOTER last_known_addr { host: "127.16.114.194" port: 41739 } } peers { permanent_uuid: "539d02432a4544a3ad044863da93f943" member_type: VOTER last_known_addr { host: "127.16.114.195" port: 40865 } } peers { permanent_uuid: "775aab36421040ac976eaa3b76793f56" member_type: NON_VOTER last_known_addr { host: "127.16.114.196" port: 34761 } attrs { promote: true } } }
I20260710 13:25:58.606701 18132 raft_consensus.cc:2955] T ae9f10ed5ad54784906fd3e984052e46 P 539d02432a4544a3ad044863da93f943 [term 1 FOLLOWER]: Committing config change with OpId 1.2: config changed from index -1 to 2, NON_VOTER 775aab36421040ac976eaa3b76793f56 (127.16.114.196) added. New config: { opid_index: 2 OBSOLETE_local: false peers { permanent_uuid: "630b6a2c63a645b89e45fd0d8d71c634" member_type: VOTER last_known_addr { host: "127.16.114.193" port: 39055 } attrs { replace: true } } peers { permanent_uuid: "649dc6373a48467aa6a890efc97e429c" member_type: VOTER last_known_addr { host: "127.16.114.194" port: 41739 } } peers { permanent_uuid: "539d02432a4544a3ad044863da93f943" member_type: VOTER last_known_addr { host: "127.16.114.195" port: 40865 } } peers { permanent_uuid: "775aab36421040ac976eaa3b76793f56" member_type: NON_VOTER last_known_addr { host: "127.16.114.196" port: 34761 } attrs { promote: true } } }
I20260710 13:25:58.606467 17983 raft_consensus.cc:2955] T ae9f10ed5ad54784906fd3e984052e46 P 630b6a2c63a645b89e45fd0d8d71c634 [term 1 FOLLOWER]: Committing config change with OpId 1.2: config changed from index -1 to 2, NON_VOTER 775aab36421040ac976eaa3b76793f56 (127.16.114.196) added. New config: { opid_index: 2 OBSOLETE_local: false peers { permanent_uuid: "630b6a2c63a645b89e45fd0d8d71c634" member_type: VOTER last_known_addr { host: "127.16.114.193" port: 39055 } attrs { replace: true } } peers { permanent_uuid: "649dc6373a48467aa6a890efc97e429c" member_type: VOTER last_known_addr { host: "127.16.114.194" port: 41739 } } peers { permanent_uuid: "539d02432a4544a3ad044863da93f943" member_type: VOTER last_known_addr { host: "127.16.114.195" port: 40865 } } peers { permanent_uuid: "775aab36421040ac976eaa3b76793f56" member_type: NON_VOTER last_known_addr { host: "127.16.114.196" port: 34761 } attrs { promote: true } } }
I20260710 13:25:58.622231 17880 catalog_manager.cc:5697] T ae9f10ed5ad54784906fd3e984052e46 P 649dc6373a48467aa6a890efc97e429c reported cstate change: config changed from index -1 to 2, NON_VOTER 775aab36421040ac976eaa3b76793f56 (127.16.114.196) added. New cstate: current_term: 1 leader_uuid: "649dc6373a48467aa6a890efc97e429c" committed_config { opid_index: 2 OBSOLETE_local: false peers { permanent_uuid: "630b6a2c63a645b89e45fd0d8d71c634" member_type: VOTER last_known_addr { host: "127.16.114.193" port: 39055 } attrs { replace: true } health_report { overall_health: HEALTHY } } peers { permanent_uuid: "649dc6373a48467aa6a890efc97e429c" member_type: VOTER last_known_addr { host: "127.16.114.194" port: 41739 } health_report { overall_health: HEALTHY } } peers { permanent_uuid: "539d02432a4544a3ad044863da93f943" member_type: VOTER last_known_addr { host: "127.16.114.195" port: 40865 } health_report { overall_health: HEALTHY } } peers { permanent_uuid: "775aab36421040ac976eaa3b76793f56" member_type: NON_VOTER last_known_addr { host: "127.16.114.196" port: 34761 } attrs { promote: true } health_report { overall_health: UNKNOWN } } }
I20260710 13:25:58.642175 18132 consensus_queue.cc:237] T a4d138306b2c481a8f319a938c473c80 P 539d02432a4544a3ad044863da93f943 [LEADER]: Queue going to LEADER mode. State: All replicated index: 0, Majority replicated index: 1, Committed index: 1, Last appended: 1.1, Last appended by leader: 0, Current term: 1, Majority size: 2, State: 0, Mode: LEADER, active raft config: opid_index: 2 OBSOLETE_local: false peers { permanent_uuid: "630b6a2c63a645b89e45fd0d8d71c634" member_type: VOTER last_known_addr { host: "127.16.114.193" port: 39055 } } peers { permanent_uuid: "649dc6373a48467aa6a890efc97e429c" member_type: VOTER last_known_addr { host: "127.16.114.194" port: 41739 } attrs { replace: true } } peers { permanent_uuid: "539d02432a4544a3ad044863da93f943" member_type: VOTER last_known_addr { host: "127.16.114.195" port: 40865 } } peers { permanent_uuid: "775aab36421040ac976eaa3b76793f56" member_type: NON_VOTER last_known_addr { host: "127.16.114.196" port: 34761 } attrs { promote: true } }
I20260710 13:25:58.649624 17983 raft_consensus.cc:1275] T a4d138306b2c481a8f319a938c473c80 P 630b6a2c63a645b89e45fd0d8d71c634 [term 1 FOLLOWER]: Refusing update from remote peer 539d02432a4544a3ad044863da93f943: Log matching property violated. Preceding OpId in replica: term: 1 index: 1. Preceding OpId from leader: term: 1 index: 2. (index mismatch)
I20260710 13:25:58.651911 18318 consensus_queue.cc:1048] T a4d138306b2c481a8f319a938c473c80 P 539d02432a4544a3ad044863da93f943 [LEADER]: Connected to new peer: Peer: permanent_uuid: "630b6a2c63a645b89e45fd0d8d71c634" member_type: VOTER last_known_addr { host: "127.16.114.193" port: 39055 }, Status: LMP_MISMATCH, Last received: 0.0, Next index: 2, Last known committed idx: 1, Time since last communication: 0.001s
I20260710 13:25:58.664853 18057 raft_consensus.cc:1275] T a4d138306b2c481a8f319a938c473c80 P 649dc6373a48467aa6a890efc97e429c [term 1 FOLLOWER]: Refusing update from remote peer 539d02432a4544a3ad044863da93f943: Log matching property violated. Preceding OpId in replica: term: 1 index: 1. Preceding OpId from leader: term: 1 index: 2. (index mismatch)
I20260710 13:25:58.665257 18318 raft_consensus.cc:2955] T a4d138306b2c481a8f319a938c473c80 P 539d02432a4544a3ad044863da93f943 [term 1 LEADER]: Committing config change with OpId 1.2: config changed from index -1 to 2, NON_VOTER 775aab36421040ac976eaa3b76793f56 (127.16.114.196) added. New config: { opid_index: 2 OBSOLETE_local: false peers { permanent_uuid: "630b6a2c63a645b89e45fd0d8d71c634" member_type: VOTER last_known_addr { host: "127.16.114.193" port: 39055 } } peers { permanent_uuid: "649dc6373a48467aa6a890efc97e429c" member_type: VOTER last_known_addr { host: "127.16.114.194" port: 41739 } attrs { replace: true } } peers { permanent_uuid: "539d02432a4544a3ad044863da93f943" member_type: VOTER last_known_addr { host: "127.16.114.195" port: 40865 } } peers { permanent_uuid: "775aab36421040ac976eaa3b76793f56" member_type: NON_VOTER last_known_addr { host: "127.16.114.196" port: 34761 } attrs { promote: true } } }
I20260710 13:25:58.666754 18434 consensus_queue.cc:1048] T a4d138306b2c481a8f319a938c473c80 P 539d02432a4544a3ad044863da93f943 [LEADER]: Connected to new peer: Peer: permanent_uuid: "649dc6373a48467aa6a890efc97e429c" member_type: VOTER last_known_addr { host: "127.16.114.194" port: 41739 } attrs { replace: true }, Status: LMP_MISMATCH, Last received: 0.0, Next index: 2, Last known committed idx: 1, Time since last communication: 0.001s
I20260710 13:25:58.668926 17983 raft_consensus.cc:2955] T a4d138306b2c481a8f319a938c473c80 P 630b6a2c63a645b89e45fd0d8d71c634 [term 1 FOLLOWER]: Committing config change with OpId 1.2: config changed from index -1 to 2, NON_VOTER 775aab36421040ac976eaa3b76793f56 (127.16.114.196) added. New config: { opid_index: 2 OBSOLETE_local: false peers { permanent_uuid: "630b6a2c63a645b89e45fd0d8d71c634" member_type: VOTER last_known_addr { host: "127.16.114.193" port: 39055 } } peers { permanent_uuid: "649dc6373a48467aa6a890efc97e429c" member_type: VOTER last_known_addr { host: "127.16.114.194" port: 41739 } attrs { replace: true } } peers { permanent_uuid: "539d02432a4544a3ad044863da93f943" member_type: VOTER last_known_addr { host: "127.16.114.195" port: 40865 } } peers { permanent_uuid: "775aab36421040ac976eaa3b76793f56" member_type: NON_VOTER last_known_addr { host: "127.16.114.196" port: 34761 } attrs { promote: true } } }
I20260710 13:25:58.682189 18057 raft_consensus.cc:2955] T a4d138306b2c481a8f319a938c473c80 P 649dc6373a48467aa6a890efc97e429c [term 1 FOLLOWER]: Committing config change with OpId 1.2: config changed from index -1 to 2, NON_VOTER 775aab36421040ac976eaa3b76793f56 (127.16.114.196) added. New config: { opid_index: 2 OBSOLETE_local: false peers { permanent_uuid: "630b6a2c63a645b89e45fd0d8d71c634" member_type: VOTER last_known_addr { host: "127.16.114.193" port: 39055 } } peers { permanent_uuid: "649dc6373a48467aa6a890efc97e429c" member_type: VOTER last_known_addr { host: "127.16.114.194" port: 41739 } attrs { replace: true } } peers { permanent_uuid: "539d02432a4544a3ad044863da93f943" member_type: VOTER last_known_addr { host: "127.16.114.195" port: 40865 } } peers { permanent_uuid: "775aab36421040ac976eaa3b76793f56" member_type: NON_VOTER last_known_addr { host: "127.16.114.196" port: 34761 } attrs { promote: true } } }
I20260710 13:25:58.683327 17880 catalog_manager.cc:5697] T a4d138306b2c481a8f319a938c473c80 P 630b6a2c63a645b89e45fd0d8d71c634 reported cstate change: config changed from index -1 to 2, NON_VOTER 775aab36421040ac976eaa3b76793f56 (127.16.114.196) added. New cstate: current_term: 1 leader_uuid: "539d02432a4544a3ad044863da93f943" committed_config { opid_index: 2 OBSOLETE_local: false peers { permanent_uuid: "630b6a2c63a645b89e45fd0d8d71c634" member_type: VOTER last_known_addr { host: "127.16.114.193" port: 39055 } } peers { permanent_uuid: "649dc6373a48467aa6a890efc97e429c" member_type: VOTER last_known_addr { host: "127.16.114.194" port: 41739 } attrs { replace: true } } peers { permanent_uuid: "539d02432a4544a3ad044863da93f943" member_type: VOTER last_known_addr { host: "127.16.114.195" port: 40865 } } peers { permanent_uuid: "775aab36421040ac976eaa3b76793f56" member_type: NON_VOTER last_known_addr { host: "127.16.114.196" port: 34761 } attrs { promote: true } } }
W20260710 13:25:58.691250 18098 consensus_peers.cc:597] T a4d138306b2c481a8f319a938c473c80 P 539d02432a4544a3ad044863da93f943 -> Peer 775aab36421040ac976eaa3b76793f56 (127.16.114.196:34761): Couldn't send request to peer 775aab36421040ac976eaa3b76793f56. Error code: TABLET_NOT_FOUND (6). Status: Not found: Tablet not found: a4d138306b2c481a8f319a938c473c80. This is attempt 1: this message will repeat every 5th retry.
I20260710 13:25:58.913082 18464 ts_tablet_manager.cc:933] T 3665812bc8e74a3081262f9c54a64b36 P 775aab36421040ac976eaa3b76793f56: Initiating tablet copy from peer 649dc6373a48467aa6a890efc97e429c (127.16.114.194:41739)
I20260710 13:25:58.916663 18464 tablet_copy_client.cc:323] T 3665812bc8e74a3081262f9c54a64b36 P 775aab36421040ac976eaa3b76793f56: tablet copy: Beginning tablet copy session from remote peer at address 127.16.114.194:41739
I20260710 13:25:58.935215 18468 ts_tablet_manager.cc:933] T 0a06f6a7af424377adaf0b8c02c68ec8 P 775aab36421040ac976eaa3b76793f56: Initiating tablet copy from peer 630b6a2c63a645b89e45fd0d8d71c634 (127.16.114.193:39055)
I20260710 13:25:58.935943 18069 tablet_copy_service.cc:140] P 649dc6373a48467aa6a890efc97e429c: Received BeginTabletCopySession request for tablet 3665812bc8e74a3081262f9c54a64b36 from peer 775aab36421040ac976eaa3b76793f56 ({username='slave'} at 127.0.0.1:43864)
I20260710 13:25:58.936717 18069 tablet_copy_service.cc:161] P 649dc6373a48467aa6a890efc97e429c: Beginning new tablet copy session on tablet 3665812bc8e74a3081262f9c54a64b36 from peer 775aab36421040ac976eaa3b76793f56 at {username='slave'} at 127.0.0.1:43864: session id = 775aab36421040ac976eaa3b76793f56-3665812bc8e74a3081262f9c54a64b36
I20260710 13:25:58.938180 18468 tablet_copy_client.cc:323] T 0a06f6a7af424377adaf0b8c02c68ec8 P 775aab36421040ac976eaa3b76793f56: tablet copy: Beginning tablet copy session from remote peer at address 127.16.114.193:39055
I20260710 13:25:58.944885 18069 tablet_copy_source_session.cc:215] T 3665812bc8e74a3081262f9c54a64b36 P 649dc6373a48467aa6a890efc97e429c: Tablet Copy: opened 0 blocks and 1 log segments
I20260710 13:25:58.949957 18464 data_dirs.cc:400] Could only allocate 1 dirs of requested 3 for tablet 3665812bc8e74a3081262f9c54a64b36. 1 dirs total, 0 dirs full, 0 dirs failed
I20260710 13:25:58.952224 17994 tablet_copy_service.cc:140] P 630b6a2c63a645b89e45fd0d8d71c634: Received BeginTabletCopySession request for tablet 0a06f6a7af424377adaf0b8c02c68ec8 from peer 775aab36421040ac976eaa3b76793f56 ({username='slave'} at 127.0.0.1:52364)
I20260710 13:25:58.952764 17994 tablet_copy_service.cc:161] P 630b6a2c63a645b89e45fd0d8d71c634: Beginning new tablet copy session on tablet 0a06f6a7af424377adaf0b8c02c68ec8 from peer 775aab36421040ac976eaa3b76793f56 at {username='slave'} at 127.0.0.1:52364: session id = 775aab36421040ac976eaa3b76793f56-0a06f6a7af424377adaf0b8c02c68ec8
I20260710 13:25:58.960618 17994 tablet_copy_source_session.cc:215] T 0a06f6a7af424377adaf0b8c02c68ec8 P 630b6a2c63a645b89e45fd0d8d71c634: Tablet Copy: opened 0 blocks and 1 log segments
I20260710 13:25:58.964181 18468 data_dirs.cc:400] Could only allocate 1 dirs of requested 3 for tablet 0a06f6a7af424377adaf0b8c02c68ec8. 1 dirs total, 0 dirs full, 0 dirs failed
I20260710 13:25:58.969008 18464 tablet_copy_client.cc:806] T 3665812bc8e74a3081262f9c54a64b36 P 775aab36421040ac976eaa3b76793f56: tablet copy: Starting download of 0 data blocks...
I20260710 13:25:58.969799 18464 tablet_copy_client.cc:670] T 3665812bc8e74a3081262f9c54a64b36 P 775aab36421040ac976eaa3b76793f56: tablet copy: Starting download of 1 WAL segments...
I20260710 13:25:58.978499 18464 tablet_copy_client.cc:538] T 3665812bc8e74a3081262f9c54a64b36 P 775aab36421040ac976eaa3b76793f56: tablet copy: Tablet Copy complete. Replacing tablet superblock.
I20260710 13:25:58.979681 18468 tablet_copy_client.cc:806] T 0a06f6a7af424377adaf0b8c02c68ec8 P 775aab36421040ac976eaa3b76793f56: tablet copy: Starting download of 0 data blocks...
I20260710 13:25:58.980302 18468 tablet_copy_client.cc:670] T 0a06f6a7af424377adaf0b8c02c68ec8 P 775aab36421040ac976eaa3b76793f56: tablet copy: Starting download of 1 WAL segments...
I20260710 13:25:58.985870 18468 tablet_copy_client.cc:538] T 0a06f6a7af424377adaf0b8c02c68ec8 P 775aab36421040ac976eaa3b76793f56: tablet copy: Tablet Copy complete. Replacing tablet superblock.
I20260710 13:25:58.989167 18464 tablet_bootstrap.cc:492] T 3665812bc8e74a3081262f9c54a64b36 P 775aab36421040ac976eaa3b76793f56: Bootstrap starting.
I20260710 13:25:58.994827 18468 tablet_bootstrap.cc:492] T 0a06f6a7af424377adaf0b8c02c68ec8 P 775aab36421040ac976eaa3b76793f56: Bootstrap starting.
I20260710 13:25:59.018011 18464 tablet_bootstrap.cc:492] T 3665812bc8e74a3081262f9c54a64b36 P 775aab36421040ac976eaa3b76793f56: Bootstrap replayed 1/1 log segments. Stats: ops{read=2 overwritten=0 applied=2 ignored=0} inserts{seen=0 ignored=0} mutations{seen=0 ignored=0} orphaned_commits=0. Pending: 0 replicates
I20260710 13:25:59.019193 18464 tablet_bootstrap.cc:492] T 3665812bc8e74a3081262f9c54a64b36 P 775aab36421040ac976eaa3b76793f56: Bootstrap complete.
I20260710 13:25:59.020076 18464 ts_tablet_manager.cc:1403] T 3665812bc8e74a3081262f9c54a64b36 P 775aab36421040ac976eaa3b76793f56: Time spent bootstrapping tablet: real 0.031s	user 0.027s	sys 0.004s
I20260710 13:25:59.023847 18468 tablet_bootstrap.cc:492] T 0a06f6a7af424377adaf0b8c02c68ec8 P 775aab36421040ac976eaa3b76793f56: Bootstrap replayed 1/1 log segments. Stats: ops{read=2 overwritten=0 applied=2 ignored=0} inserts{seen=0 ignored=0} mutations{seen=0 ignored=0} orphaned_commits=0. Pending: 0 replicates
I20260710 13:25:59.023448 18464 raft_consensus.cc:359] T 3665812bc8e74a3081262f9c54a64b36 P 775aab36421040ac976eaa3b76793f56 [term 1 LEARNER]: Replica starting. Triggering 0 pending ops. Active config: opid_index: 2 OBSOLETE_local: false peers { permanent_uuid: "630b6a2c63a645b89e45fd0d8d71c634" member_type: VOTER last_known_addr { host: "127.16.114.193" port: 39055 } } peers { permanent_uuid: "649dc6373a48467aa6a890efc97e429c" member_type: VOTER last_known_addr { host: "127.16.114.194" port: 41739 } } peers { permanent_uuid: "539d02432a4544a3ad044863da93f943" member_type: VOTER last_known_addr { host: "127.16.114.195" port: 40865 } attrs { replace: true } } peers { permanent_uuid: "775aab36421040ac976eaa3b76793f56" member_type: NON_VOTER last_known_addr { host: "127.16.114.196" port: 34761 } attrs { promote: true } }
I20260710 13:25:59.024336 18464 raft_consensus.cc:740] T 3665812bc8e74a3081262f9c54a64b36 P 775aab36421040ac976eaa3b76793f56 [term 1 LEARNER]: Becoming Follower/Learner. State: Replica: 775aab36421040ac976eaa3b76793f56, State: Initialized, Role: LEARNER
I20260710 13:25:59.024946 18468 tablet_bootstrap.cc:492] T 0a06f6a7af424377adaf0b8c02c68ec8 P 775aab36421040ac976eaa3b76793f56: Bootstrap complete.
I20260710 13:25:59.025740 18468 ts_tablet_manager.cc:1403] T 0a06f6a7af424377adaf0b8c02c68ec8 P 775aab36421040ac976eaa3b76793f56: Time spent bootstrapping tablet: real 0.031s	user 0.020s	sys 0.009s
I20260710 13:25:59.025173 18464 consensus_queue.cc:260] T 3665812bc8e74a3081262f9c54a64b36 P 775aab36421040ac976eaa3b76793f56 [NON_LEADER]: Queue going to NON_LEADER mode. State: All replicated index: 0, Majority replicated index: 0, Committed index: 2, Last appended: 1.2, Last appended by leader: 2, Current term: 0, Majority size: -1, State: 0, Mode: NON_LEADER, active raft config: opid_index: 2 OBSOLETE_local: false peers { permanent_uuid: "630b6a2c63a645b89e45fd0d8d71c634" member_type: VOTER last_known_addr { host: "127.16.114.193" port: 39055 } } peers { permanent_uuid: "649dc6373a48467aa6a890efc97e429c" member_type: VOTER last_known_addr { host: "127.16.114.194" port: 41739 } } peers { permanent_uuid: "539d02432a4544a3ad044863da93f943" member_type: VOTER last_known_addr { host: "127.16.114.195" port: 40865 } attrs { replace: true } } peers { permanent_uuid: "775aab36421040ac976eaa3b76793f56" member_type: NON_VOTER last_known_addr { host: "127.16.114.196" port: 34761 } attrs { promote: true } }
I20260710 13:25:59.028932 18429 heartbeater.cc:499] Master 127.16.114.254:35693 was elected leader, sending a full tablet report...
I20260710 13:25:59.030545 18464 ts_tablet_manager.cc:1434] T 3665812bc8e74a3081262f9c54a64b36 P 775aab36421040ac976eaa3b76793f56: Time spent starting tablet: real 0.010s	user 0.006s	sys 0.002s
I20260710 13:25:59.030083 18468 raft_consensus.cc:359] T 0a06f6a7af424377adaf0b8c02c68ec8 P 775aab36421040ac976eaa3b76793f56 [term 1 LEARNER]: Replica starting. Triggering 0 pending ops. Active config: opid_index: 2 OBSOLETE_local: false peers { permanent_uuid: "630b6a2c63a645b89e45fd0d8d71c634" member_type: VOTER last_known_addr { host: "127.16.114.193" port: 39055 } } peers { permanent_uuid: "649dc6373a48467aa6a890efc97e429c" member_type: VOTER last_known_addr { host: "127.16.114.194" port: 41739 } attrs { replace: true } } peers { permanent_uuid: "539d02432a4544a3ad044863da93f943" member_type: VOTER last_known_addr { host: "127.16.114.195" port: 40865 } } peers { permanent_uuid: "775aab36421040ac976eaa3b76793f56" member_type: NON_VOTER last_known_addr { host: "127.16.114.196" port: 34761 } attrs { promote: true } }
I20260710 13:25:59.032886 18468 raft_consensus.cc:740] T 0a06f6a7af424377adaf0b8c02c68ec8 P 775aab36421040ac976eaa3b76793f56 [term 1 LEARNER]: Becoming Follower/Learner. State: Replica: 775aab36421040ac976eaa3b76793f56, State: Initialized, Role: LEARNER
I20260710 13:25:59.033643 18468 consensus_queue.cc:260] T 0a06f6a7af424377adaf0b8c02c68ec8 P 775aab36421040ac976eaa3b76793f56 [NON_LEADER]: Queue going to NON_LEADER mode. State: All replicated index: 0, Majority replicated index: 0, Committed index: 2, Last appended: 1.2, Last appended by leader: 2, Current term: 0, Majority size: -1, State: 0, Mode: NON_LEADER, active raft config: opid_index: 2 OBSOLETE_local: false peers { permanent_uuid: "630b6a2c63a645b89e45fd0d8d71c634" member_type: VOTER last_known_addr { host: "127.16.114.193" port: 39055 } } peers { permanent_uuid: "649dc6373a48467aa6a890efc97e429c" member_type: VOTER last_known_addr { host: "127.16.114.194" port: 41739 } attrs { replace: true } } peers { permanent_uuid: "539d02432a4544a3ad044863da93f943" member_type: VOTER last_known_addr { host: "127.16.114.195" port: 40865 } } peers { permanent_uuid: "775aab36421040ac976eaa3b76793f56" member_type: NON_VOTER last_known_addr { host: "127.16.114.196" port: 34761 } attrs { promote: true } }
I20260710 13:25:59.036217 18468 ts_tablet_manager.cc:1434] T 0a06f6a7af424377adaf0b8c02c68ec8 P 775aab36421040ac976eaa3b76793f56: Time spent starting tablet: real 0.010s	user 0.003s	sys 0.005s
I20260710 13:25:59.039037 17994 tablet_copy_service.cc:342] P 630b6a2c63a645b89e45fd0d8d71c634: Request end of tablet copy session 775aab36421040ac976eaa3b76793f56-0a06f6a7af424377adaf0b8c02c68ec8 received from {username='slave'} at 127.0.0.1:52364
I20260710 13:25:59.039595 17994 tablet_copy_service.cc:434] P 630b6a2c63a645b89e45fd0d8d71c634: ending tablet copy session 775aab36421040ac976eaa3b76793f56-0a06f6a7af424377adaf0b8c02c68ec8 on tablet 0a06f6a7af424377adaf0b8c02c68ec8 with peer 775aab36421040ac976eaa3b76793f56
I20260710 13:25:59.041249 18069 tablet_copy_service.cc:342] P 649dc6373a48467aa6a890efc97e429c: Request end of tablet copy session 775aab36421040ac976eaa3b76793f56-3665812bc8e74a3081262f9c54a64b36 received from {username='slave'} at 127.0.0.1:43864
I20260710 13:25:59.041718 18069 tablet_copy_service.cc:434] P 649dc6373a48467aa6a890efc97e429c: ending tablet copy session 775aab36421040ac976eaa3b76793f56-3665812bc8e74a3081262f9c54a64b36 on tablet 3665812bc8e74a3081262f9c54a64b36 with peer 775aab36421040ac976eaa3b76793f56
I20260710 13:25:59.104575 18464 ts_tablet_manager.cc:933] T a4d138306b2c481a8f319a938c473c80 P 775aab36421040ac976eaa3b76793f56: Initiating tablet copy from peer 539d02432a4544a3ad044863da93f943 (127.16.114.195:40865)
I20260710 13:25:59.106189 18464 tablet_copy_client.cc:323] T a4d138306b2c481a8f319a938c473c80 P 775aab36421040ac976eaa3b76793f56: tablet copy: Beginning tablet copy session from remote peer at address 127.16.114.195:40865
I20260710 13:25:59.116096 18143 tablet_copy_service.cc:140] P 539d02432a4544a3ad044863da93f943: Received BeginTabletCopySession request for tablet a4d138306b2c481a8f319a938c473c80 from peer 775aab36421040ac976eaa3b76793f56 ({username='slave'} at 127.0.0.1:36416)
I20260710 13:25:59.116587 18143 tablet_copy_service.cc:161] P 539d02432a4544a3ad044863da93f943: Beginning new tablet copy session on tablet a4d138306b2c481a8f319a938c473c80 from peer 775aab36421040ac976eaa3b76793f56 at {username='slave'} at 127.0.0.1:36416: session id = 775aab36421040ac976eaa3b76793f56-a4d138306b2c481a8f319a938c473c80
I20260710 13:25:59.121887 18143 tablet_copy_source_session.cc:215] T a4d138306b2c481a8f319a938c473c80 P 539d02432a4544a3ad044863da93f943: Tablet Copy: opened 0 blocks and 1 log segments
I20260710 13:25:59.125161 18464 data_dirs.cc:400] Could only allocate 1 dirs of requested 3 for tablet a4d138306b2c481a8f319a938c473c80. 1 dirs total, 0 dirs full, 0 dirs failed
I20260710 13:25:59.140950 18464 tablet_copy_client.cc:806] T a4d138306b2c481a8f319a938c473c80 P 775aab36421040ac976eaa3b76793f56: tablet copy: Starting download of 0 data blocks...
I20260710 13:25:59.141646 18464 tablet_copy_client.cc:670] T a4d138306b2c481a8f319a938c473c80 P 775aab36421040ac976eaa3b76793f56: tablet copy: Starting download of 1 WAL segments...
I20260710 13:25:59.145229 18464 tablet_copy_client.cc:538] T a4d138306b2c481a8f319a938c473c80 P 775aab36421040ac976eaa3b76793f56: tablet copy: Tablet Copy complete. Replacing tablet superblock.
I20260710 13:25:59.154394 18464 tablet_bootstrap.cc:492] T a4d138306b2c481a8f319a938c473c80 P 775aab36421040ac976eaa3b76793f56: Bootstrap starting.
I20260710 13:25:59.174638 18464 tablet_bootstrap.cc:492] T a4d138306b2c481a8f319a938c473c80 P 775aab36421040ac976eaa3b76793f56: Bootstrap replayed 1/1 log segments. Stats: ops{read=2 overwritten=0 applied=2 ignored=0} inserts{seen=0 ignored=0} mutations{seen=0 ignored=0} orphaned_commits=0. Pending: 0 replicates
I20260710 13:25:59.175762 18464 tablet_bootstrap.cc:492] T a4d138306b2c481a8f319a938c473c80 P 775aab36421040ac976eaa3b76793f56: Bootstrap complete.
I20260710 13:25:59.176422 18464 ts_tablet_manager.cc:1403] T a4d138306b2c481a8f319a938c473c80 P 775aab36421040ac976eaa3b76793f56: Time spent bootstrapping tablet: real 0.022s	user 0.015s	sys 0.008s
I20260710 13:25:59.179229 18464 raft_consensus.cc:359] T a4d138306b2c481a8f319a938c473c80 P 775aab36421040ac976eaa3b76793f56 [term 1 LEARNER]: Replica starting. Triggering 0 pending ops. Active config: opid_index: 2 OBSOLETE_local: false peers { permanent_uuid: "630b6a2c63a645b89e45fd0d8d71c634" member_type: VOTER last_known_addr { host: "127.16.114.193" port: 39055 } } peers { permanent_uuid: "649dc6373a48467aa6a890efc97e429c" member_type: VOTER last_known_addr { host: "127.16.114.194" port: 41739 } attrs { replace: true } } peers { permanent_uuid: "539d02432a4544a3ad044863da93f943" member_type: VOTER last_known_addr { host: "127.16.114.195" port: 40865 } } peers { permanent_uuid: "775aab36421040ac976eaa3b76793f56" member_type: NON_VOTER last_known_addr { host: "127.16.114.196" port: 34761 } attrs { promote: true } }
I20260710 13:25:59.180183 18464 raft_consensus.cc:740] T a4d138306b2c481a8f319a938c473c80 P 775aab36421040ac976eaa3b76793f56 [term 1 LEARNER]: Becoming Follower/Learner. State: Replica: 775aab36421040ac976eaa3b76793f56, State: Initialized, Role: LEARNER
I20260710 13:25:59.180850 18464 consensus_queue.cc:260] T a4d138306b2c481a8f319a938c473c80 P 775aab36421040ac976eaa3b76793f56 [NON_LEADER]: Queue going to NON_LEADER mode. State: All replicated index: 0, Majority replicated index: 0, Committed index: 2, Last appended: 1.2, Last appended by leader: 2, Current term: 0, Majority size: -1, State: 0, Mode: NON_LEADER, active raft config: opid_index: 2 OBSOLETE_local: false peers { permanent_uuid: "630b6a2c63a645b89e45fd0d8d71c634" member_type: VOTER last_known_addr { host: "127.16.114.193" port: 39055 } } peers { permanent_uuid: "649dc6373a48467aa6a890efc97e429c" member_type: VOTER last_known_addr { host: "127.16.114.194" port: 41739 } attrs { replace: true } } peers { permanent_uuid: "539d02432a4544a3ad044863da93f943" member_type: VOTER last_known_addr { host: "127.16.114.195" port: 40865 } } peers { permanent_uuid: "775aab36421040ac976eaa3b76793f56" member_type: NON_VOTER last_known_addr { host: "127.16.114.196" port: 34761 } attrs { promote: true } }
I20260710 13:25:59.183483 18464 ts_tablet_manager.cc:1434] T a4d138306b2c481a8f319a938c473c80 P 775aab36421040ac976eaa3b76793f56: Time spent starting tablet: real 0.007s	user 0.007s	sys 0.001s
