I20260710 13:25:39.924247 27275 server_base.cc:861] Flag tcmalloc_max_total_thread_cache_bytes is not working since tcmalloc is not enabled.
I20260710 13:25:39.927079 27917 heartbeater.cc:344] Connected to a master server at 127.26.162.254:40505
I20260710 13:25:39.927100 27275 webserver.cc:533] Webserver started at http://127.26.162.194:43833/ using document root <none> and password file <none>
I20260710 13:25:39.927479 27917 heartbeater.cc:461] Registering TS with master...
I20260710 13:25:39.927784 27275 fs_manager.cc:362] Metadata directory not provided
I20260710 13:25:39.928025 27275 fs_manager.cc:368] Using write-ahead log directory (fs_wal_dir) as metadata directory
I20260710 13:25:39.928313 27275 server_base.cc:909] This appears to be a new deployment of Kudu; creating new FS layout
I20260710 13:25:39.928305 27917 heartbeater.cc:507] Master 127.26.162.254:40505 requested a full tablet report, sending...
I20260710 13:25:39.929809 27275 fs_manager.cc:1068] Generated new instance metadata in path /tmp/dist-test-taskGsMX1S/test-tmp/auto_leader_rebalancer-test.0.LeaderRebalancerTest.FunctionalTestForNotDivided.1783689927150178-27275-0/minicluster-data/ts-1-root/instance:
uuid: "9e52d74416f449bd983920f2a53add39"
format_stamp: "Formatted at 2026-07-10 13:25:39 on dist-test-slave-wl5k"
I20260710 13:25:39.930670 27790 ts_manager.cc:194] Registered new tserver with Master: af95c3ab04fc4b27ae98af7760440a30 (127.26.162.193:46027)
I20260710 13:25:39.933009 27790 master_service.cc:502] Signed X509 certificate for tserver {username='slave'} at 127.0.0.1:60214
I20260710 13:25:39.935608 27275 fs_manager.cc:696] Time spent creating directory manager: real 0.005s	user 0.003s	sys 0.003s
I20260710 13:25:39.939146 27929 log_block_manager.cc:4127] Time spent loading block containers with low live blocks: real 0.000s	user 0.000s	sys 0.000s
I20260710 13:25:39.939877 27275 fs_manager.cc:730] Time spent opening block manager: real 0.002s	user 0.002s	sys 0.000s
I20260710 13:25:39.940164 27275 fs_manager.cc:647] Opened local filesystem: /tmp/dist-test-taskGsMX1S/test-tmp/auto_leader_rebalancer-test.0.LeaderRebalancerTest.FunctionalTestForNotDivided.1783689927150178-27275-0/minicluster-data/ts-1-root
uuid: "9e52d74416f449bd983920f2a53add39"
format_stamp: "Formatted at 2026-07-10 13:25:39 on dist-test-slave-wl5k"
I20260710 13:25:39.940418 27275 fs_report.cc:389] FS layout report
--------------------
wal directory: /tmp/dist-test-taskGsMX1S/test-tmp/auto_leader_rebalancer-test.0.LeaderRebalancerTest.FunctionalTestForNotDivided.1783689927150178-27275-0/minicluster-data/ts-1-root
metadata directory: /tmp/dist-test-taskGsMX1S/test-tmp/auto_leader_rebalancer-test.0.LeaderRebalancerTest.FunctionalTestForNotDivided.1783689927150178-27275-0/minicluster-data/ts-1-root
1 data directories: /tmp/dist-test-taskGsMX1S/test-tmp/auto_leader_rebalancer-test.0.LeaderRebalancerTest.FunctionalTestForNotDivided.1783689927150178-27275-0/minicluster-data/ts-1-root/data
Total live blocks: 0
Total live bytes: 0
Total live bytes (after alignment): 0
Total number of LBM containers: 0 (0 full)
Did not check for missing blocks
Did not check for orphaned blocks
Total full LBM containers with extra space: 0 (0 repaired)
Total full LBM container extra space in bytes: 0 (0 repaired)
Total incomplete LBM containers: 0 (0 repaired)
Total LBM partial records: 0 (0 repaired)
Total corrupted LBM metadata records in RocksDB: 0 (0 repaired)
I20260710 13:25:39.949815 27275 rpc_server.cc:225] running with OpenSSL 1.1.1  11 Sep 2018
I20260710 13:25:39.950965 27275 kserver.cc:163] Server-wide thread pool size limit: 3276
I20260710 13:25:39.952310 27275 txn_system_client.cc:432] TxnSystemClient initialization is disabled...
I20260710 13:25:39.954365 27275 ts_tablet_manager.cc:585] Loaded tablet metadata (0 total tablets, 0 live tablets)
I20260710 13:25:39.954559 27275 ts_tablet_manager.cc:531] Time spent load tablet metadata: real 0.000s	user 0.000s	sys 0.000s
I20260710 13:25:39.954813 27275 ts_tablet_manager.cc:616] Registered 0 tablets
I20260710 13:25:39.954967 27275 ts_tablet_manager.cc:595] Time spent register tablets: real 0.000s	user 0.000s	sys 0.000s
I20260710 13:25:39.993168 27275 rpc_server.cc:307] RPC server started. Bound to: 127.26.162.194:46395
I20260710 13:25:39.993268 27991 acceptor_pool.cc:272] collecting diagnostics on the listening RPC socket 127.26.162.194:46395 every 8 connection(s)
I20260710 13:25:39.997597 27275 file_cache.cc:504] Constructed file cache file cache with capacity 419430
W20260710 13:25:40.004396 27995 instance_detector.cc:116] could not retrieve AWS instance metadata: Network error: curl error: HTTP response code said error: The requested URL returned error: 404
W20260710 13:25:40.005685 27996 instance_detector.cc:116] could not retrieve Azure instance metadata: Network error: curl error: HTTP response code said error: The requested URL returned error: 404
I20260710 13:25:40.007412 27275 server_base.cc:1061] running on GCE node
W20260710 13:25:40.007781 27999 instance_detector.cc:116] could not retrieve OpenStack instance metadata: Network error: curl error: HTTP response code said error: The requested URL returned error: 404
I20260710 13:25:40.008914 27275 hybrid_clock.cc:584] initializing the hybrid clock with 'system_unsync' time source
W20260710 13:25:40.009137 27275 system_unsync_time.cc:38] NTP support is disabled. Clock error bounds will not be accurate. This configuration is not suitable for distributed clusters.
I20260710 13:25:40.009327 27275 hybrid_clock.cc:648] HybridClock initialized: now 1783689940009309 us; error 0 us; skew 500 ppm
I20260710 13:25:40.009572 27992 heartbeater.cc:344] Connected to a master server at 127.26.162.254:40505
I20260710 13:25:40.009922 27275 server_base.cc:861] Flag tcmalloc_max_total_thread_cache_bytes is not working since tcmalloc is not enabled.
I20260710 13:25:40.009974 27992 heartbeater.cc:461] Registering TS with master...
I20260710 13:25:40.010735 27992 heartbeater.cc:507] Master 127.26.162.254:40505 requested a full tablet report, sending...
I20260710 13:25:40.012599 27275 webserver.cc:533] Webserver started at http://127.26.162.195:34309/ using document root <none> and password file <none>
I20260710 13:25:40.012970 27790 ts_manager.cc:194] Registered new tserver with Master: 9e52d74416f449bd983920f2a53add39 (127.26.162.194:46395)
I20260710 13:25:40.013226 27275 fs_manager.cc:362] Metadata directory not provided
I20260710 13:25:40.013466 27275 fs_manager.cc:368] Using write-ahead log directory (fs_wal_dir) as metadata directory
I20260710 13:25:40.013768 27275 server_base.cc:909] This appears to be a new deployment of Kudu; creating new FS layout
I20260710 13:25:40.014648 27790 master_service.cc:502] Signed X509 certificate for tserver {username='slave'} at 127.0.0.1:60216
I20260710 13:25:40.015218 27275 fs_manager.cc:1068] Generated new instance metadata in path /tmp/dist-test-taskGsMX1S/test-tmp/auto_leader_rebalancer-test.0.LeaderRebalancerTest.FunctionalTestForNotDivided.1783689927150178-27275-0/minicluster-data/ts-2-root/instance:
uuid: "8eefcebb6bb740d3b1e30e240f2c2ff0"
format_stamp: "Formatted at 2026-07-10 13:25:40 on dist-test-slave-wl5k"
I20260710 13:25:40.019440 27275 fs_manager.cc:696] Time spent creating directory manager: real 0.004s	user 0.002s	sys 0.004s
I20260710 13:25:40.022559 28003 log_block_manager.cc:4127] Time spent loading block containers with low live blocks: real 0.000s	user 0.000s	sys 0.000s
I20260710 13:25:40.023424 27275 fs_manager.cc:730] Time spent opening block manager: real 0.002s	user 0.002s	sys 0.000s
I20260710 13:25:40.023736 27275 fs_manager.cc:647] Opened local filesystem: /tmp/dist-test-taskGsMX1S/test-tmp/auto_leader_rebalancer-test.0.LeaderRebalancerTest.FunctionalTestForNotDivided.1783689927150178-27275-0/minicluster-data/ts-2-root
uuid: "8eefcebb6bb740d3b1e30e240f2c2ff0"
format_stamp: "Formatted at 2026-07-10 13:25:40 on dist-test-slave-wl5k"
I20260710 13:25:40.024022 27275 fs_report.cc:389] FS layout report
--------------------
wal directory: /tmp/dist-test-taskGsMX1S/test-tmp/auto_leader_rebalancer-test.0.LeaderRebalancerTest.FunctionalTestForNotDivided.1783689927150178-27275-0/minicluster-data/ts-2-root
metadata directory: /tmp/dist-test-taskGsMX1S/test-tmp/auto_leader_rebalancer-test.0.LeaderRebalancerTest.FunctionalTestForNotDivided.1783689927150178-27275-0/minicluster-data/ts-2-root
1 data directories: /tmp/dist-test-taskGsMX1S/test-tmp/auto_leader_rebalancer-test.0.LeaderRebalancerTest.FunctionalTestForNotDivided.1783689927150178-27275-0/minicluster-data/ts-2-root/data
Total live blocks: 0
Total live bytes: 0
Total live bytes (after alignment): 0
Total number of LBM containers: 0 (0 full)
Did not check for missing blocks
Did not check for orphaned blocks
Total full LBM containers with extra space: 0 (0 repaired)
Total full LBM container extra space in bytes: 0 (0 repaired)
Total incomplete LBM containers: 0 (0 repaired)
Total LBM partial records: 0 (0 repaired)
Total corrupted LBM metadata records in RocksDB: 0 (0 repaired)
I20260710 13:25:40.033421 27275 rpc_server.cc:225] running with OpenSSL 1.1.1  11 Sep 2018
I20260710 13:25:40.034533 27275 kserver.cc:163] Server-wide thread pool size limit: 3276
I20260710 13:25:40.036113 27275 txn_system_client.cc:432] TxnSystemClient initialization is disabled...
I20260710 13:25:40.038216 27275 ts_tablet_manager.cc:585] Loaded tablet metadata (0 total tablets, 0 live tablets)
I20260710 13:25:40.038439 27275 ts_tablet_manager.cc:531] Time spent load tablet metadata: real 0.000s	user 0.000s	sys 0.000s
I20260710 13:25:40.038668 27275 ts_tablet_manager.cc:616] Registered 0 tablets
I20260710 13:25:40.038844 27275 ts_tablet_manager.cc:595] Time spent register tablets: real 0.000s	user 0.000s	sys 0.000s
I20260710 13:25:40.077556 27275 rpc_server.cc:307] RPC server started. Bound to: 127.26.162.195:36951
I20260710 13:25:40.077656 28065 acceptor_pool.cc:272] collecting diagnostics on the listening RPC socket 127.26.162.195:36951 every 8 connection(s)
I20260710 13:25:40.090665 28066 heartbeater.cc:344] Connected to a master server at 127.26.162.254:40505
I20260710 13:25:40.091018 28066 heartbeater.cc:461] Registering TS with master...
I20260710 13:25:40.091729 28066 heartbeater.cc:507] Master 127.26.162.254:40505 requested a full tablet report, sending...
I20260710 13:25:40.093506 27790 ts_manager.cc:194] Registered new tserver with Master: 8eefcebb6bb740d3b1e30e240f2c2ff0 (127.26.162.195:36951)
I20260710 13:25:40.093911 27275 internal_mini_cluster.cc:371] 3 TS(s) registered with all masters after 0.013249565s
I20260710 13:25:40.094787 27790 master_service.cc:502] Signed X509 certificate for tserver {username='slave'} at 127.0.0.1:60232
I20260710 13:25:40.117172 27790 catalog_manager.cc:2283] Servicing CreateTable request from {username='slave'} at 127.0.0.1:60244:
name: "test-workload"
schema {
  columns {
    name: "key"
    type: INT32
    is_key: true
    is_nullable: false
    encoding: AUTO_ENCODING
    compression: DEFAULT_COMPRESSION
    cfile_block_size: 0
    immutable: false
  }
  columns {
    name: "int_val"
    type: INT32
    is_key: false
    is_nullable: false
    encoding: AUTO_ENCODING
    compression: DEFAULT_COMPRESSION
    cfile_block_size: 0
    immutable: false
  }
  columns {
    name: "string_val"
    type: STRING
    is_key: false
    is_nullable: true
    encoding: AUTO_ENCODING
    compression: DEFAULT_COMPRESSION
    cfile_block_size: 0
    immutable: false
  }
}
num_replicas: 3
split_rows_range_bounds {
  rows: "\004\001\000\314\314\314\014\004\001\000\230\231\231\031\004\001\000dff&\004\001\0000333\004\001\000\374\377\377?\004\001\000\310\314\314L\004\001\000\224\231\231Y\004\001\000`fff\004\001\000,33s""\004\001\000\314\314\314\014\004\001\000\230\231\231\031\004\001\000dff&\004\001\0000333\004\001\000\374\377\377?\004\001\000\310\314\314L\004\001\000\224\231\231Y\004\001\000`fff\004\001\000,33s"
  indirect_data: """"
}
partition_schema {
  range_schema {
    columns {
      name: "key"
    }
  }
}
W20260710 13:25:40.119861 27790 catalog_manager.cc:7077] The number of live tablet servers is not enough to re-replicate a tablet replica of the newly created table test-workload in case of a server failure: 4 tablet servers would be needed, 3 are available. Consider bringing up more tablet servers.
I20260710 13:25:40.184326 27882 tablet_service.cc:1511] Processing CreateTablet for tablet 4a29a41404ab4db6bab1b0b0533c9994 (DEFAULT_TABLE table=test-workload [id=309d159c0aac4b85972c1621bbd2689d]), partition=RANGE (key) PARTITION VALUES < 214748364
I20260710 13:25:40.185252 27879 tablet_service.cc:1511] Processing CreateTablet for tablet aaecf379ef4d4d31866c1f5c60b9e9d6 (DEFAULT_TABLE table=test-workload [id=309d159c0aac4b85972c1621bbd2689d]), partition=RANGE (key) PARTITION 644245092 <= VALUES < 858993456
I20260710 13:25:40.185810 27882 data_dirs.cc:400] Could only allocate 1 dirs of requested 3 for tablet 4a29a41404ab4db6bab1b0b0533c9994. 1 dirs total, 0 dirs full, 0 dirs failed
I20260710 13:25:40.186587 27879 data_dirs.cc:400] Could only allocate 1 dirs of requested 3 for tablet aaecf379ef4d4d31866c1f5c60b9e9d6. 1 dirs total, 0 dirs full, 0 dirs failed
I20260710 13:25:40.187498 27878 tablet_service.cc:1511] Processing CreateTablet for tablet fffe75bd44e842259b38ae85d1155f5b (DEFAULT_TABLE table=test-workload [id=309d159c0aac4b85972c1621bbd2689d]), partition=RANGE (key) PARTITION 858993456 <= VALUES < 1073741820
I20260710 13:25:40.187917 27881 tablet_service.cc:1511] Processing CreateTablet for tablet 6f7b056c17eb4a16b5ecdd8e33d27368 (DEFAULT_TABLE table=test-workload [id=309d159c0aac4b85972c1621bbd2689d]), partition=RANGE (key) PARTITION 214748364 <= VALUES < 429496728
I20260710 13:25:40.191243 27877 tablet_service.cc:1511] Processing CreateTablet for tablet 56624d53e7624a779c0868a4659a7420 (DEFAULT_TABLE table=test-workload [id=309d159c0aac4b85972c1621bbd2689d]), partition=RANGE (key) PARTITION 1073741820 <= VALUES < 1288490184
I20260710 13:25:40.188886 27878 data_dirs.cc:400] Could only allocate 1 dirs of requested 3 for tablet fffe75bd44e842259b38ae85d1155f5b. 1 dirs total, 0 dirs full, 0 dirs failed
I20260710 13:25:40.192449 27877 data_dirs.cc:400] Could only allocate 1 dirs of requested 3 for tablet 56624d53e7624a779c0868a4659a7420. 1 dirs total, 0 dirs full, 0 dirs failed
I20260710 13:25:40.190929 27880 tablet_service.cc:1511] Processing CreateTablet for tablet 8a34e85ee82a4d53ae448c576dfd247d (DEFAULT_TABLE table=test-workload [id=309d159c0aac4b85972c1621bbd2689d]), partition=RANGE (key) PARTITION 429496728 <= VALUES < 644245092
I20260710 13:25:40.197249 27880 data_dirs.cc:400] Could only allocate 1 dirs of requested 3 for tablet 8a34e85ee82a4d53ae448c576dfd247d. 1 dirs total, 0 dirs full, 0 dirs failed
I20260710 13:25:40.197271 27876 tablet_service.cc:1511] Processing CreateTablet for tablet 7cfd4d9d6b9849c8893c8511b35bdd83 (DEFAULT_TABLE table=test-workload [id=309d159c0aac4b85972c1621bbd2689d]), partition=RANGE (key) PARTITION 1288490184 <= VALUES < 1503238548
I20260710 13:25:40.199379 27876 data_dirs.cc:400] Could only allocate 1 dirs of requested 3 for tablet 7cfd4d9d6b9849c8893c8511b35bdd83. 1 dirs total, 0 dirs full, 0 dirs failed
I20260710 13:25:40.200809 27881 data_dirs.cc:400] Could only allocate 1 dirs of requested 3 for tablet 6f7b056c17eb4a16b5ecdd8e33d27368. 1 dirs total, 0 dirs full, 0 dirs failed
I20260710 13:25:40.202745 27875 tablet_service.cc:1511] Processing CreateTablet for tablet 879187abe8ef4792916a3cc940375bab (DEFAULT_TABLE table=test-workload [id=309d159c0aac4b85972c1621bbd2689d]), partition=RANGE (key) PARTITION 1503238548 <= VALUES < 1717986912
I20260710 13:25:40.203970 27875 data_dirs.cc:400] Could only allocate 1 dirs of requested 3 for tablet 879187abe8ef4792916a3cc940375bab. 1 dirs total, 0 dirs full, 0 dirs failed
I20260710 13:25:40.208729 27874 tablet_service.cc:1511] Processing CreateTablet for tablet 5741992bd87347cab6beddfa4a0c4608 (DEFAULT_TABLE table=test-workload [id=309d159c0aac4b85972c1621bbd2689d]), partition=RANGE (key) PARTITION 1717986912 <= VALUES < 1932735276
I20260710 13:25:40.210042 27874 data_dirs.cc:400] Could only allocate 1 dirs of requested 3 for tablet 5741992bd87347cab6beddfa4a0c4608. 1 dirs total, 0 dirs full, 0 dirs failed
I20260710 13:25:40.214838 27873 tablet_service.cc:1511] Processing CreateTablet for tablet f179344cb9e14aa599ad310a31542a07 (DEFAULT_TABLE table=test-workload [id=309d159c0aac4b85972c1621bbd2689d]), partition=RANGE (key) PARTITION 1932735276 <= VALUES
I20260710 13:25:40.218077 27873 data_dirs.cc:400] Could only allocate 1 dirs of requested 3 for tablet f179344cb9e14aa599ad310a31542a07. 1 dirs total, 0 dirs full, 0 dirs failed
I20260710 13:25:40.245712 28081 tablet_bootstrap.cc:492] T 8a34e85ee82a4d53ae448c576dfd247d P af95c3ab04fc4b27ae98af7760440a30: Bootstrap starting.
I20260710 13:25:40.256783 28081 tablet_bootstrap.cc:654] T 8a34e85ee82a4d53ae448c576dfd247d P af95c3ab04fc4b27ae98af7760440a30: Neither blocks nor log segments found. Creating new log.
I20260710 13:25:40.260496 28031 tablet_service.cc:1511] Processing CreateTablet for tablet 4a29a41404ab4db6bab1b0b0533c9994 (DEFAULT_TABLE table=test-workload [id=309d159c0aac4b85972c1621bbd2689d]), partition=RANGE (key) PARTITION VALUES < 214748364
I20260710 13:25:40.261751 28031 data_dirs.cc:400] Could only allocate 1 dirs of requested 3 for tablet 4a29a41404ab4db6bab1b0b0533c9994. 1 dirs total, 0 dirs full, 0 dirs failed
I20260710 13:25:40.265743 27956 tablet_service.cc:1511] Processing CreateTablet for tablet 6f7b056c17eb4a16b5ecdd8e33d27368 (DEFAULT_TABLE table=test-workload [id=309d159c0aac4b85972c1621bbd2689d]), partition=RANGE (key) PARTITION 214748364 <= VALUES < 429496728
I20260710 13:25:40.267113 27956 data_dirs.cc:400] Could only allocate 1 dirs of requested 3 for tablet 6f7b056c17eb4a16b5ecdd8e33d27368. 1 dirs total, 0 dirs full, 0 dirs failed
I20260710 13:25:40.269052 27957 tablet_service.cc:1511] Processing CreateTablet for tablet 4a29a41404ab4db6bab1b0b0533c9994 (DEFAULT_TABLE table=test-workload [id=309d159c0aac4b85972c1621bbd2689d]), partition=RANGE (key) PARTITION VALUES < 214748364
I20260710 13:25:40.269570 27955 tablet_service.cc:1511] Processing CreateTablet for tablet 8a34e85ee82a4d53ae448c576dfd247d (DEFAULT_TABLE table=test-workload [id=309d159c0aac4b85972c1621bbd2689d]), partition=RANGE (key) PARTITION 429496728 <= VALUES < 644245092
I20260710 13:25:40.270432 27957 data_dirs.cc:400] Could only allocate 1 dirs of requested 3 for tablet 4a29a41404ab4db6bab1b0b0533c9994. 1 dirs total, 0 dirs full, 0 dirs failed
I20260710 13:25:40.271822 27954 tablet_service.cc:1511] Processing CreateTablet for tablet aaecf379ef4d4d31866c1f5c60b9e9d6 (DEFAULT_TABLE table=test-workload [id=309d159c0aac4b85972c1621bbd2689d]), partition=RANGE (key) PARTITION 644245092 <= VALUES < 858993456
I20260710 13:25:40.271886 28030 tablet_service.cc:1511] Processing CreateTablet for tablet 6f7b056c17eb4a16b5ecdd8e33d27368 (DEFAULT_TABLE table=test-workload [id=309d159c0aac4b85972c1621bbd2689d]), partition=RANGE (key) PARTITION 214748364 <= VALUES < 429496728
I20260710 13:25:40.273134 27954 data_dirs.cc:400] Could only allocate 1 dirs of requested 3 for tablet aaecf379ef4d4d31866c1f5c60b9e9d6. 1 dirs total, 0 dirs full, 0 dirs failed
I20260710 13:25:40.273658 28030 data_dirs.cc:400] Could only allocate 1 dirs of requested 3 for tablet 6f7b056c17eb4a16b5ecdd8e33d27368. 1 dirs total, 0 dirs full, 0 dirs failed
I20260710 13:25:40.277494 27953 tablet_service.cc:1511] Processing CreateTablet for tablet fffe75bd44e842259b38ae85d1155f5b (DEFAULT_TABLE table=test-workload [id=309d159c0aac4b85972c1621bbd2689d]), partition=RANGE (key) PARTITION 858993456 <= VALUES < 1073741820
I20260710 13:25:40.278757 27953 data_dirs.cc:400] Could only allocate 1 dirs of requested 3 for tablet fffe75bd44e842259b38ae85d1155f5b. 1 dirs total, 0 dirs full, 0 dirs failed
I20260710 13:25:40.281641 27952 tablet_service.cc:1511] Processing CreateTablet for tablet 56624d53e7624a779c0868a4659a7420 (DEFAULT_TABLE table=test-workload [id=309d159c0aac4b85972c1621bbd2689d]), partition=RANGE (key) PARTITION 1073741820 <= VALUES < 1288490184
I20260710 13:25:40.282920 27952 data_dirs.cc:400] Could only allocate 1 dirs of requested 3 for tablet 56624d53e7624a779c0868a4659a7420. 1 dirs total, 0 dirs full, 0 dirs failed
I20260710 13:25:40.282441 28029 tablet_service.cc:1511] Processing CreateTablet for tablet 8a34e85ee82a4d53ae448c576dfd247d (DEFAULT_TABLE table=test-workload [id=309d159c0aac4b85972c1621bbd2689d]), partition=RANGE (key) PARTITION 429496728 <= VALUES < 644245092
I20260710 13:25:40.284142 28029 data_dirs.cc:400] Could only allocate 1 dirs of requested 3 for tablet 8a34e85ee82a4d53ae448c576dfd247d. 1 dirs total, 0 dirs full, 0 dirs failed
I20260710 13:25:40.285565 27951 tablet_service.cc:1511] Processing CreateTablet for tablet 7cfd4d9d6b9849c8893c8511b35bdd83 (DEFAULT_TABLE table=test-workload [id=309d159c0aac4b85972c1621bbd2689d]), partition=RANGE (key) PARTITION 1288490184 <= VALUES < 1503238548
I20260710 13:25:40.287132 27951 data_dirs.cc:400] Could only allocate 1 dirs of requested 3 for tablet 7cfd4d9d6b9849c8893c8511b35bdd83. 1 dirs total, 0 dirs full, 0 dirs failed
I20260710 13:25:40.290396 27950 tablet_service.cc:1511] Processing CreateTablet for tablet 879187abe8ef4792916a3cc940375bab (DEFAULT_TABLE table=test-workload [id=309d159c0aac4b85972c1621bbd2689d]), partition=RANGE (key) PARTITION 1503238548 <= VALUES < 1717986912
I20260710 13:25:40.291999 27950 data_dirs.cc:400] Could only allocate 1 dirs of requested 3 for tablet 879187abe8ef4792916a3cc940375bab. 1 dirs total, 0 dirs full, 0 dirs failed
I20260710 13:25:40.291898 28027 tablet_service.cc:1511] Processing CreateTablet for tablet fffe75bd44e842259b38ae85d1155f5b (DEFAULT_TABLE table=test-workload [id=309d159c0aac4b85972c1621bbd2689d]), partition=RANGE (key) PARTITION 858993456 <= VALUES < 1073741820
I20260710 13:25:40.292996 28083 tablet_bootstrap.cc:492] T 4a29a41404ab4db6bab1b0b0533c9994 P 9e52d74416f449bd983920f2a53add39: Bootstrap starting.
I20260710 13:25:40.293244 28027 data_dirs.cc:400] Could only allocate 1 dirs of requested 3 for tablet fffe75bd44e842259b38ae85d1155f5b. 1 dirs total, 0 dirs full, 0 dirs failed
I20260710 13:25:40.293653 27949 tablet_service.cc:1511] Processing CreateTablet for tablet 5741992bd87347cab6beddfa4a0c4608 (DEFAULT_TABLE table=test-workload [id=309d159c0aac4b85972c1621bbd2689d]), partition=RANGE (key) PARTITION 1717986912 <= VALUES < 1932735276
I20260710 13:25:40.293740 28022 tablet_service.cc:1511] Processing CreateTablet for tablet f179344cb9e14aa599ad310a31542a07 (DEFAULT_TABLE table=test-workload [id=309d159c0aac4b85972c1621bbd2689d]), partition=RANGE (key) PARTITION 1932735276 <= VALUES
I20260710 13:25:40.294883 27949 data_dirs.cc:400] Could only allocate 1 dirs of requested 3 for tablet 5741992bd87347cab6beddfa4a0c4608. 1 dirs total, 0 dirs full, 0 dirs failed
I20260710 13:25:40.294993 28022 data_dirs.cc:400] Could only allocate 1 dirs of requested 3 for tablet f179344cb9e14aa599ad310a31542a07. 1 dirs total, 0 dirs full, 0 dirs failed
I20260710 13:25:40.297643 28026 tablet_service.cc:1511] Processing CreateTablet for tablet 56624d53e7624a779c0868a4659a7420 (DEFAULT_TABLE table=test-workload [id=309d159c0aac4b85972c1621bbd2689d]), partition=RANGE (key) PARTITION 1073741820 <= VALUES < 1288490184
I20260710 13:25:40.297675 27948 tablet_service.cc:1511] Processing CreateTablet for tablet f179344cb9e14aa599ad310a31542a07 (DEFAULT_TABLE table=test-workload [id=309d159c0aac4b85972c1621bbd2689d]), partition=RANGE (key) PARTITION 1932735276 <= VALUES
I20260710 13:25:40.299045 28026 data_dirs.cc:400] Could only allocate 1 dirs of requested 3 for tablet 56624d53e7624a779c0868a4659a7420. 1 dirs total, 0 dirs full, 0 dirs failed
I20260710 13:25:40.299134 27948 data_dirs.cc:400] Could only allocate 1 dirs of requested 3 for tablet f179344cb9e14aa599ad310a31542a07. 1 dirs total, 0 dirs full, 0 dirs failed
I20260710 13:25:40.301362 28083 tablet_bootstrap.cc:654] T 4a29a41404ab4db6bab1b0b0533c9994 P 9e52d74416f449bd983920f2a53add39: Neither blocks nor log segments found. Creating new log.
I20260710 13:25:40.305989 28023 tablet_service.cc:1511] Processing CreateTablet for tablet 5741992bd87347cab6beddfa4a0c4608 (DEFAULT_TABLE table=test-workload [id=309d159c0aac4b85972c1621bbd2689d]), partition=RANGE (key) PARTITION 1717986912 <= VALUES < 1932735276
I20260710 13:25:40.307667 28023 data_dirs.cc:400] Could only allocate 1 dirs of requested 3 for tablet 5741992bd87347cab6beddfa4a0c4608. 1 dirs total, 0 dirs full, 0 dirs failed
I20260710 13:25:40.301435 28025 tablet_service.cc:1511] Processing CreateTablet for tablet 7cfd4d9d6b9849c8893c8511b35bdd83 (DEFAULT_TABLE table=test-workload [id=309d159c0aac4b85972c1621bbd2689d]), partition=RANGE (key) PARTITION 1288490184 <= VALUES < 1503238548
I20260710 13:25:40.309515 28025 data_dirs.cc:400] Could only allocate 1 dirs of requested 3 for tablet 7cfd4d9d6b9849c8893c8511b35bdd83. 1 dirs total, 0 dirs full, 0 dirs failed
I20260710 13:25:40.290410 28028 tablet_service.cc:1511] Processing CreateTablet for tablet aaecf379ef4d4d31866c1f5c60b9e9d6 (DEFAULT_TABLE table=test-workload [id=309d159c0aac4b85972c1621bbd2689d]), partition=RANGE (key) PARTITION 644245092 <= VALUES < 858993456
I20260710 13:25:40.311637 28028 data_dirs.cc:400] Could only allocate 1 dirs of requested 3 for tablet aaecf379ef4d4d31866c1f5c60b9e9d6. 1 dirs total, 0 dirs full, 0 dirs failed
I20260710 13:25:40.303802 28024 tablet_service.cc:1511] Processing CreateTablet for tablet 879187abe8ef4792916a3cc940375bab (DEFAULT_TABLE table=test-workload [id=309d159c0aac4b85972c1621bbd2689d]), partition=RANGE (key) PARTITION 1503238548 <= VALUES < 1717986912
I20260710 13:25:40.313539 28024 data_dirs.cc:400] Could only allocate 1 dirs of requested 3 for tablet 879187abe8ef4792916a3cc940375bab. 1 dirs total, 0 dirs full, 0 dirs failed
I20260710 13:25:40.302559 27955 data_dirs.cc:400] Could only allocate 1 dirs of requested 3 for tablet 8a34e85ee82a4d53ae448c576dfd247d. 1 dirs total, 0 dirs full, 0 dirs failed
I20260710 13:25:40.449725 28085 tablet_bootstrap.cc:492] T f179344cb9e14aa599ad310a31542a07 P 8eefcebb6bb740d3b1e30e240f2c2ff0: Bootstrap starting.
I20260710 13:25:40.456015 28085 tablet_bootstrap.cc:654] T f179344cb9e14aa599ad310a31542a07 P 8eefcebb6bb740d3b1e30e240f2c2ff0: Neither blocks nor log segments found. Creating new log.
I20260710 13:25:40.467327 28085 tablet_bootstrap.cc:492] T f179344cb9e14aa599ad310a31542a07 P 8eefcebb6bb740d3b1e30e240f2c2ff0: No bootstrap required, opened a new log
I20260710 13:25:40.467864 28085 ts_tablet_manager.cc:1403] T f179344cb9e14aa599ad310a31542a07 P 8eefcebb6bb740d3b1e30e240f2c2ff0: Time spent bootstrapping tablet: real 0.019s	user 0.004s	sys 0.014s
I20260710 13:25:40.470711 28085 raft_consensus.cc:359] T f179344cb9e14aa599ad310a31542a07 P 8eefcebb6bb740d3b1e30e240f2c2ff0 [term 0 FOLLOWER]: Replica starting. Triggering 0 pending ops. Active config: opid_index: -1 OBSOLETE_local: false peers { permanent_uuid: "af95c3ab04fc4b27ae98af7760440a30" member_type: VOTER last_known_addr { host: "127.26.162.193" port: 46027 } } peers { permanent_uuid: "9e52d74416f449bd983920f2a53add39" member_type: VOTER last_known_addr { host: "127.26.162.194" port: 46395 } } peers { permanent_uuid: "8eefcebb6bb740d3b1e30e240f2c2ff0" member_type: VOTER last_known_addr { host: "127.26.162.195" port: 36951 } }
I20260710 13:25:40.471443 28085 raft_consensus.cc:385] T f179344cb9e14aa599ad310a31542a07 P 8eefcebb6bb740d3b1e30e240f2c2ff0 [term 0 FOLLOWER]: Consensus starting up: Expiring failure detector timer to make a prompt election more likely
I20260710 13:25:40.471797 28085 raft_consensus.cc:740] T f179344cb9e14aa599ad310a31542a07 P 8eefcebb6bb740d3b1e30e240f2c2ff0 [term 0 FOLLOWER]: Becoming Follower/Learner. State: Replica: 8eefcebb6bb740d3b1e30e240f2c2ff0, State: Initialized, Role: FOLLOWER
I20260710 13:25:40.472713 28085 consensus_queue.cc:260] T f179344cb9e14aa599ad310a31542a07 P 8eefcebb6bb740d3b1e30e240f2c2ff0 [NON_LEADER]: Queue going to NON_LEADER mode. State: All replicated index: 0, Majority replicated index: 0, Committed index: 0, Last appended: 0.0, Last appended by leader: 0, Current term: 0, Majority size: -1, State: 0, Mode: NON_LEADER, active raft config: opid_index: -1 OBSOLETE_local: false peers { permanent_uuid: "af95c3ab04fc4b27ae98af7760440a30" member_type: VOTER last_known_addr { host: "127.26.162.193" port: 46027 } } peers { permanent_uuid: "9e52d74416f449bd983920f2a53add39" member_type: VOTER last_known_addr { host: "127.26.162.194" port: 46395 } } peers { permanent_uuid: "8eefcebb6bb740d3b1e30e240f2c2ff0" member_type: VOTER last_known_addr { host: "127.26.162.195" port: 36951 } }
I20260710 13:25:40.488929 28085 ts_tablet_manager.cc:1434] T f179344cb9e14aa599ad310a31542a07 P 8eefcebb6bb740d3b1e30e240f2c2ff0: Time spent starting tablet: real 0.021s	user 0.005s	sys 0.014s
I20260710 13:25:40.489383 28083 tablet_bootstrap.cc:492] T 4a29a41404ab4db6bab1b0b0533c9994 P 9e52d74416f449bd983920f2a53add39: No bootstrap required, opened a new log
I20260710 13:25:40.489990 28083 ts_tablet_manager.cc:1403] T 4a29a41404ab4db6bab1b0b0533c9994 P 9e52d74416f449bd983920f2a53add39: Time spent bootstrapping tablet: real 0.197s	user 0.060s	sys 0.099s
I20260710 13:25:40.492295 28081 tablet_bootstrap.cc:492] T 8a34e85ee82a4d53ae448c576dfd247d P af95c3ab04fc4b27ae98af7760440a30: No bootstrap required, opened a new log
I20260710 13:25:40.492830 28081 ts_tablet_manager.cc:1403] T 8a34e85ee82a4d53ae448c576dfd247d P af95c3ab04fc4b27ae98af7760440a30: Time spent bootstrapping tablet: real 0.247s	user 0.024s	sys 0.030s
I20260710 13:25:40.493314 28066 heartbeater.cc:499] Master 127.26.162.254:40505 was elected leader, sending a full tablet report...
I20260710 13:25:40.493599 28085 tablet_bootstrap.cc:492] T fffe75bd44e842259b38ae85d1155f5b P 8eefcebb6bb740d3b1e30e240f2c2ff0: Bootstrap starting.
I20260710 13:25:40.495705 28081 raft_consensus.cc:359] T 8a34e85ee82a4d53ae448c576dfd247d P af95c3ab04fc4b27ae98af7760440a30 [term 0 FOLLOWER]: Replica starting. Triggering 0 pending ops. Active config: opid_index: -1 OBSOLETE_local: false peers { permanent_uuid: "af95c3ab04fc4b27ae98af7760440a30" member_type: VOTER last_known_addr { host: "127.26.162.193" port: 46027 } } peers { permanent_uuid: "9e52d74416f449bd983920f2a53add39" member_type: VOTER last_known_addr { host: "127.26.162.194" port: 46395 } } peers { permanent_uuid: "8eefcebb6bb740d3b1e30e240f2c2ff0" member_type: VOTER last_known_addr { host: "127.26.162.195" port: 36951 } }
I20260710 13:25:40.496404 28081 raft_consensus.cc:385] T 8a34e85ee82a4d53ae448c576dfd247d P af95c3ab04fc4b27ae98af7760440a30 [term 0 FOLLOWER]: Consensus starting up: Expiring failure detector timer to make a prompt election more likely
I20260710 13:25:40.492837 28083 raft_consensus.cc:359] T 4a29a41404ab4db6bab1b0b0533c9994 P 9e52d74416f449bd983920f2a53add39 [term 0 FOLLOWER]: Replica starting. Triggering 0 pending ops. Active config: opid_index: -1 OBSOLETE_local: false peers { permanent_uuid: "af95c3ab04fc4b27ae98af7760440a30" member_type: VOTER last_known_addr { host: "127.26.162.193" port: 46027 } } peers { permanent_uuid: "9e52d74416f449bd983920f2a53add39" member_type: VOTER last_known_addr { host: "127.26.162.194" port: 46395 } } peers { permanent_uuid: "8eefcebb6bb740d3b1e30e240f2c2ff0" member_type: VOTER last_known_addr { host: "127.26.162.195" port: 36951 } }
I20260710 13:25:40.497680 28083 raft_consensus.cc:385] T 4a29a41404ab4db6bab1b0b0533c9994 P 9e52d74416f449bd983920f2a53add39 [term 0 FOLLOWER]: Consensus starting up: Expiring failure detector timer to make a prompt election more likely
I20260710 13:25:40.497961 28083 raft_consensus.cc:740] T 4a29a41404ab4db6bab1b0b0533c9994 P 9e52d74416f449bd983920f2a53add39 [term 0 FOLLOWER]: Becoming Follower/Learner. State: Replica: 9e52d74416f449bd983920f2a53add39, State: Initialized, Role: FOLLOWER
I20260710 13:25:40.498687 28083 consensus_queue.cc:260] T 4a29a41404ab4db6bab1b0b0533c9994 P 9e52d74416f449bd983920f2a53add39 [NON_LEADER]: Queue going to NON_LEADER mode. State: All replicated index: 0, Majority replicated index: 0, Committed index: 0, Last appended: 0.0, Last appended by leader: 0, Current term: 0, Majority size: -1, State: 0, Mode: NON_LEADER, active raft config: opid_index: -1 OBSOLETE_local: false peers { permanent_uuid: "af95c3ab04fc4b27ae98af7760440a30" member_type: VOTER last_known_addr { host: "127.26.162.193" port: 46027 } } peers { permanent_uuid: "9e52d74416f449bd983920f2a53add39" member_type: VOTER last_known_addr { host: "127.26.162.194" port: 46395 } } peers { permanent_uuid: "8eefcebb6bb740d3b1e30e240f2c2ff0" member_type: VOTER last_known_addr { host: "127.26.162.195" port: 36951 } }
I20260710 13:25:40.499781 28085 tablet_bootstrap.cc:654] T fffe75bd44e842259b38ae85d1155f5b P 8eefcebb6bb740d3b1e30e240f2c2ff0: Neither blocks nor log segments found. Creating new log.
I20260710 13:25:40.496735 28081 raft_consensus.cc:740] T 8a34e85ee82a4d53ae448c576dfd247d P af95c3ab04fc4b27ae98af7760440a30 [term 0 FOLLOWER]: Becoming Follower/Learner. State: Replica: af95c3ab04fc4b27ae98af7760440a30, State: Initialized, Role: FOLLOWER
I20260710 13:25:40.500610 28081 consensus_queue.cc:260] T 8a34e85ee82a4d53ae448c576dfd247d P af95c3ab04fc4b27ae98af7760440a30 [NON_LEADER]: Queue going to NON_LEADER mode. State: All replicated index: 0, Majority replicated index: 0, Committed index: 0, Last appended: 0.0, Last appended by leader: 0, Current term: 0, Majority size: -1, State: 0, Mode: NON_LEADER, active raft config: opid_index: -1 OBSOLETE_local: false peers { permanent_uuid: "af95c3ab04fc4b27ae98af7760440a30" member_type: VOTER last_known_addr { host: "127.26.162.193" port: 46027 } } peers { permanent_uuid: "9e52d74416f449bd983920f2a53add39" member_type: VOTER last_known_addr { host: "127.26.162.194" port: 46395 } } peers { permanent_uuid: "8eefcebb6bb740d3b1e30e240f2c2ff0" member_type: VOTER last_known_addr { host: "127.26.162.195" port: 36951 } }
I20260710 13:25:40.507390 28081 ts_tablet_manager.cc:1434] T 8a34e85ee82a4d53ae448c576dfd247d P af95c3ab04fc4b27ae98af7760440a30: Time spent starting tablet: real 0.014s	user 0.001s	sys 0.007s
I20260710 13:25:40.508133 27917 heartbeater.cc:499] Master 127.26.162.254:40505 was elected leader, sending a full tablet report...
I20260710 13:25:40.508476 28081 tablet_bootstrap.cc:492] T fffe75bd44e842259b38ae85d1155f5b P af95c3ab04fc4b27ae98af7760440a30: Bootstrap starting.
I20260710 13:25:40.516297 28081 tablet_bootstrap.cc:654] T fffe75bd44e842259b38ae85d1155f5b P af95c3ab04fc4b27ae98af7760440a30: Neither blocks nor log segments found. Creating new log.
I20260710 13:25:40.528299 27992 heartbeater.cc:499] Master 127.26.162.254:40505 was elected leader, sending a full tablet report...
I20260710 13:25:40.528756 28083 ts_tablet_manager.cc:1434] T 4a29a41404ab4db6bab1b0b0533c9994 P 9e52d74416f449bd983920f2a53add39: Time spent starting tablet: real 0.038s	user 0.013s	sys 0.016s
I20260710 13:25:40.529773 28083 tablet_bootstrap.cc:492] T 56624d53e7624a779c0868a4659a7420 P 9e52d74416f449bd983920f2a53add39: Bootstrap starting.
I20260710 13:25:40.536230 28083 tablet_bootstrap.cc:654] T 56624d53e7624a779c0868a4659a7420 P 9e52d74416f449bd983920f2a53add39: Neither blocks nor log segments found. Creating new log.
I20260710 13:25:40.540912 28081 tablet_bootstrap.cc:492] T fffe75bd44e842259b38ae85d1155f5b P af95c3ab04fc4b27ae98af7760440a30: No bootstrap required, opened a new log
I20260710 13:25:40.541391 28081 ts_tablet_manager.cc:1403] T fffe75bd44e842259b38ae85d1155f5b P af95c3ab04fc4b27ae98af7760440a30: Time spent bootstrapping tablet: real 0.033s	user 0.018s	sys 0.000s
I20260710 13:25:40.544179 28081 raft_consensus.cc:359] T fffe75bd44e842259b38ae85d1155f5b P af95c3ab04fc4b27ae98af7760440a30 [term 0 FOLLOWER]: Replica starting. Triggering 0 pending ops. Active config: opid_index: -1 OBSOLETE_local: false peers { permanent_uuid: "af95c3ab04fc4b27ae98af7760440a30" member_type: VOTER last_known_addr { host: "127.26.162.193" port: 46027 } } peers { permanent_uuid: "9e52d74416f449bd983920f2a53add39" member_type: VOTER last_known_addr { host: "127.26.162.194" port: 46395 } } peers { permanent_uuid: "8eefcebb6bb740d3b1e30e240f2c2ff0" member_type: VOTER last_known_addr { host: "127.26.162.195" port: 36951 } }
I20260710 13:25:40.545040 28081 raft_consensus.cc:385] T fffe75bd44e842259b38ae85d1155f5b P af95c3ab04fc4b27ae98af7760440a30 [term 0 FOLLOWER]: Consensus starting up: Expiring failure detector timer to make a prompt election more likely
I20260710 13:25:40.545389 28081 raft_consensus.cc:740] T fffe75bd44e842259b38ae85d1155f5b P af95c3ab04fc4b27ae98af7760440a30 [term 0 FOLLOWER]: Becoming Follower/Learner. State: Replica: af95c3ab04fc4b27ae98af7760440a30, State: Initialized, Role: FOLLOWER
I20260710 13:25:40.546262 28081 consensus_queue.cc:260] T fffe75bd44e842259b38ae85d1155f5b P af95c3ab04fc4b27ae98af7760440a30 [NON_LEADER]: Queue going to NON_LEADER mode. State: All replicated index: 0, Majority replicated index: 0, Committed index: 0, Last appended: 0.0, Last appended by leader: 0, Current term: 0, Majority size: -1, State: 0, Mode: NON_LEADER, active raft config: opid_index: -1 OBSOLETE_local: false peers { permanent_uuid: "af95c3ab04fc4b27ae98af7760440a30" member_type: VOTER last_known_addr { host: "127.26.162.193" port: 46027 } } peers { permanent_uuid: "9e52d74416f449bd983920f2a53add39" member_type: VOTER last_known_addr { host: "127.26.162.194" port: 46395 } } peers { permanent_uuid: "8eefcebb6bb740d3b1e30e240f2c2ff0" member_type: VOTER last_known_addr { host: "127.26.162.195" port: 36951 } }
I20260710 13:25:40.546978 28085 tablet_bootstrap.cc:492] T fffe75bd44e842259b38ae85d1155f5b P 8eefcebb6bb740d3b1e30e240f2c2ff0: No bootstrap required, opened a new log
I20260710 13:25:40.547681 28085 ts_tablet_manager.cc:1403] T fffe75bd44e842259b38ae85d1155f5b P 8eefcebb6bb740d3b1e30e240f2c2ff0: Time spent bootstrapping tablet: real 0.054s	user 0.012s	sys 0.000s
I20260710 13:25:40.548450 28081 ts_tablet_manager.cc:1434] T fffe75bd44e842259b38ae85d1155f5b P af95c3ab04fc4b27ae98af7760440a30: Time spent starting tablet: real 0.007s	user 0.005s	sys 0.000s
I20260710 13:25:40.552493 28081 tablet_bootstrap.cc:492] T 7cfd4d9d6b9849c8893c8511b35bdd83 P af95c3ab04fc4b27ae98af7760440a30: Bootstrap starting.
I20260710 13:25:40.551326 28085 raft_consensus.cc:359] T fffe75bd44e842259b38ae85d1155f5b P 8eefcebb6bb740d3b1e30e240f2c2ff0 [term 0 FOLLOWER]: Replica starting. Triggering 0 pending ops. Active config: opid_index: -1 OBSOLETE_local: false peers { permanent_uuid: "af95c3ab04fc4b27ae98af7760440a30" member_type: VOTER last_known_addr { host: "127.26.162.193" port: 46027 } } peers { permanent_uuid: "9e52d74416f449bd983920f2a53add39" member_type: VOTER last_known_addr { host: "127.26.162.194" port: 46395 } } peers { permanent_uuid: "8eefcebb6bb740d3b1e30e240f2c2ff0" member_type: VOTER last_known_addr { host: "127.26.162.195" port: 36951 } }
I20260710 13:25:40.558692 28085 raft_consensus.cc:385] T fffe75bd44e842259b38ae85d1155f5b P 8eefcebb6bb740d3b1e30e240f2c2ff0 [term 0 FOLLOWER]: Consensus starting up: Expiring failure detector timer to make a prompt election more likely
I20260710 13:25:40.559034 28085 raft_consensus.cc:740] T fffe75bd44e842259b38ae85d1155f5b P 8eefcebb6bb740d3b1e30e240f2c2ff0 [term 0 FOLLOWER]: Becoming Follower/Learner. State: Replica: 8eefcebb6bb740d3b1e30e240f2c2ff0, State: Initialized, Role: FOLLOWER
I20260710 13:25:40.559448 28081 tablet_bootstrap.cc:654] T 7cfd4d9d6b9849c8893c8511b35bdd83 P af95c3ab04fc4b27ae98af7760440a30: Neither blocks nor log segments found. Creating new log.
I20260710 13:25:40.560122 28085 consensus_queue.cc:260] T fffe75bd44e842259b38ae85d1155f5b P 8eefcebb6bb740d3b1e30e240f2c2ff0 [NON_LEADER]: Queue going to NON_LEADER mode. State: All replicated index: 0, Majority replicated index: 0, Committed index: 0, Last appended: 0.0, Last appended by leader: 0, Current term: 0, Majority size: -1, State: 0, Mode: NON_LEADER, active raft config: opid_index: -1 OBSOLETE_local: false peers { permanent_uuid: "af95c3ab04fc4b27ae98af7760440a30" member_type: VOTER last_known_addr { host: "127.26.162.193" port: 46027 } } peers { permanent_uuid: "9e52d74416f449bd983920f2a53add39" member_type: VOTER last_known_addr { host: "127.26.162.194" port: 46395 } } peers { permanent_uuid: "8eefcebb6bb740d3b1e30e240f2c2ff0" member_type: VOTER last_known_addr { host: "127.26.162.195" port: 36951 } }
I20260710 13:25:40.563549 28083 tablet_bootstrap.cc:492] T 56624d53e7624a779c0868a4659a7420 P 9e52d74416f449bd983920f2a53add39: No bootstrap required, opened a new log
I20260710 13:25:40.564015 28083 ts_tablet_manager.cc:1403] T 56624d53e7624a779c0868a4659a7420 P 9e52d74416f449bd983920f2a53add39: Time spent bootstrapping tablet: real 0.034s	user 0.017s	sys 0.012s
I20260710 13:25:40.566851 28083 raft_consensus.cc:359] T 56624d53e7624a779c0868a4659a7420 P 9e52d74416f449bd983920f2a53add39 [term 0 FOLLOWER]: Replica starting. Triggering 0 pending ops. Active config: opid_index: -1 OBSOLETE_local: false peers { permanent_uuid: "af95c3ab04fc4b27ae98af7760440a30" member_type: VOTER last_known_addr { host: "127.26.162.193" port: 46027 } } peers { permanent_uuid: "9e52d74416f449bd983920f2a53add39" member_type: VOTER last_known_addr { host: "127.26.162.194" port: 46395 } } peers { permanent_uuid: "8eefcebb6bb740d3b1e30e240f2c2ff0" member_type: VOTER last_known_addr { host: "127.26.162.195" port: 36951 } }
I20260710 13:25:40.567521 28085 ts_tablet_manager.cc:1434] T fffe75bd44e842259b38ae85d1155f5b P 8eefcebb6bb740d3b1e30e240f2c2ff0: Time spent starting tablet: real 0.019s	user 0.006s	sys 0.000s
I20260710 13:25:40.567548 28083 raft_consensus.cc:385] T 56624d53e7624a779c0868a4659a7420 P 9e52d74416f449bd983920f2a53add39 [term 0 FOLLOWER]: Consensus starting up: Expiring failure detector timer to make a prompt election more likely
I20260710 13:25:40.568012 28083 raft_consensus.cc:740] T 56624d53e7624a779c0868a4659a7420 P 9e52d74416f449bd983920f2a53add39 [term 0 FOLLOWER]: Becoming Follower/Learner. State: Replica: 9e52d74416f449bd983920f2a53add39, State: Initialized, Role: FOLLOWER
I20260710 13:25:40.568807 28085 tablet_bootstrap.cc:492] T 7cfd4d9d6b9849c8893c8511b35bdd83 P 8eefcebb6bb740d3b1e30e240f2c2ff0: Bootstrap starting.
I20260710 13:25:40.568789 28083 consensus_queue.cc:260] T 56624d53e7624a779c0868a4659a7420 P 9e52d74416f449bd983920f2a53add39 [NON_LEADER]: Queue going to NON_LEADER mode. State: All replicated index: 0, Majority replicated index: 0, Committed index: 0, Last appended: 0.0, Last appended by leader: 0, Current term: 0, Majority size: -1, State: 0, Mode: NON_LEADER, active raft config: opid_index: -1 OBSOLETE_local: false peers { permanent_uuid: "af95c3ab04fc4b27ae98af7760440a30" member_type: VOTER last_known_addr { host: "127.26.162.193" port: 46027 } } peers { permanent_uuid: "9e52d74416f449bd983920f2a53add39" member_type: VOTER last_known_addr { host: "127.26.162.194" port: 46395 } } peers { permanent_uuid: "8eefcebb6bb740d3b1e30e240f2c2ff0" member_type: VOTER last_known_addr { host: "127.26.162.195" port: 36951 } }
I20260710 13:25:40.573021 28088 raft_consensus.cc:493] T 56624d53e7624a779c0868a4659a7420 P 9e52d74416f449bd983920f2a53add39 [term 0 FOLLOWER]: Starting pre-election (no leader contacted us within the election timeout)
I20260710 13:25:40.573417 28083 ts_tablet_manager.cc:1434] T 56624d53e7624a779c0868a4659a7420 P 9e52d74416f449bd983920f2a53add39: Time spent starting tablet: real 0.009s	user 0.003s	sys 0.002s
I20260710 13:25:40.573446 28088 raft_consensus.cc:515] T 56624d53e7624a779c0868a4659a7420 P 9e52d74416f449bd983920f2a53add39 [term 0 FOLLOWER]: Starting pre-election with config: opid_index: -1 OBSOLETE_local: false peers { permanent_uuid: "af95c3ab04fc4b27ae98af7760440a30" member_type: VOTER last_known_addr { host: "127.26.162.193" port: 46027 } } peers { permanent_uuid: "9e52d74416f449bd983920f2a53add39" member_type: VOTER last_known_addr { host: "127.26.162.194" port: 46395 } } peers { permanent_uuid: "8eefcebb6bb740d3b1e30e240f2c2ff0" member_type: VOTER last_known_addr { host: "127.26.162.195" port: 36951 } }
I20260710 13:25:40.574463 28083 tablet_bootstrap.cc:492] T fffe75bd44e842259b38ae85d1155f5b P 9e52d74416f449bd983920f2a53add39: Bootstrap starting.
I20260710 13:25:40.581775 28083 tablet_bootstrap.cc:654] T fffe75bd44e842259b38ae85d1155f5b P 9e52d74416f449bd983920f2a53add39: Neither blocks nor log segments found. Creating new log.
I20260710 13:25:40.583227 28088 leader_election.cc:290] T 56624d53e7624a779c0868a4659a7420 P 9e52d74416f449bd983920f2a53add39 [CANDIDATE]: Term 1 pre-election: Requested pre-vote from peers af95c3ab04fc4b27ae98af7760440a30 (127.26.162.193:46027), 8eefcebb6bb740d3b1e30e240f2c2ff0 (127.26.162.195:36951)
I20260710 13:25:40.591131 28089 raft_consensus.cc:493] T 8a34e85ee82a4d53ae448c576dfd247d P af95c3ab04fc4b27ae98af7760440a30 [term 0 FOLLOWER]: Starting pre-election (no leader contacted us within the election timeout)
I20260710 13:25:40.591821 28089 raft_consensus.cc:515] T 8a34e85ee82a4d53ae448c576dfd247d P af95c3ab04fc4b27ae98af7760440a30 [term 0 FOLLOWER]: Starting pre-election with config: opid_index: -1 OBSOLETE_local: false peers { permanent_uuid: "af95c3ab04fc4b27ae98af7760440a30" member_type: VOTER last_known_addr { host: "127.26.162.193" port: 46027 } } peers { permanent_uuid: "9e52d74416f449bd983920f2a53add39" member_type: VOTER last_known_addr { host: "127.26.162.194" port: 46395 } } peers { permanent_uuid: "8eefcebb6bb740d3b1e30e240f2c2ff0" member_type: VOTER last_known_addr { host: "127.26.162.195" port: 36951 } }
I20260710 13:25:40.596843 28089 leader_election.cc:290] T 8a34e85ee82a4d53ae448c576dfd247d P af95c3ab04fc4b27ae98af7760440a30 [CANDIDATE]: Term 1 pre-election: Requested pre-vote from peers 9e52d74416f449bd983920f2a53add39 (127.26.162.194:46395), 8eefcebb6bb740d3b1e30e240f2c2ff0 (127.26.162.195:36951)
I20260710 13:25:40.600630 28081 tablet_bootstrap.cc:492] T 7cfd4d9d6b9849c8893c8511b35bdd83 P af95c3ab04fc4b27ae98af7760440a30: No bootstrap required, opened a new log
I20260710 13:25:40.601311 28081 ts_tablet_manager.cc:1403] T 7cfd4d9d6b9849c8893c8511b35bdd83 P af95c3ab04fc4b27ae98af7760440a30: Time spent bootstrapping tablet: real 0.049s	user 0.030s	sys 0.017s
I20260710 13:25:40.605046 28085 tablet_bootstrap.cc:654] T 7cfd4d9d6b9849c8893c8511b35bdd83 P 8eefcebb6bb740d3b1e30e240f2c2ff0: Neither blocks nor log segments found. Creating new log.
I20260710 13:25:40.604743 28081 raft_consensus.cc:359] T 7cfd4d9d6b9849c8893c8511b35bdd83 P af95c3ab04fc4b27ae98af7760440a30 [term 0 FOLLOWER]: Replica starting. Triggering 0 pending ops. Active config: opid_index: -1 OBSOLETE_local: false peers { permanent_uuid: "af95c3ab04fc4b27ae98af7760440a30" member_type: VOTER last_known_addr { host: "127.26.162.193" port: 46027 } } peers { permanent_uuid: "9e52d74416f449bd983920f2a53add39" member_type: VOTER last_known_addr { host: "127.26.162.194" port: 46395 } } peers { permanent_uuid: "8eefcebb6bb740d3b1e30e240f2c2ff0" member_type: VOTER last_known_addr { host: "127.26.162.195" port: 36951 } }
I20260710 13:25:40.608541 28081 raft_consensus.cc:385] T 7cfd4d9d6b9849c8893c8511b35bdd83 P af95c3ab04fc4b27ae98af7760440a30 [term 0 FOLLOWER]: Consensus starting up: Expiring failure detector timer to make a prompt election more likely
I20260710 13:25:40.608857 28081 raft_consensus.cc:740] T 7cfd4d9d6b9849c8893c8511b35bdd83 P af95c3ab04fc4b27ae98af7760440a30 [term 0 FOLLOWER]: Becoming Follower/Learner. State: Replica: af95c3ab04fc4b27ae98af7760440a30, State: Initialized, Role: FOLLOWER
I20260710 13:25:40.609512 28081 consensus_queue.cc:260] T 7cfd4d9d6b9849c8893c8511b35bdd83 P af95c3ab04fc4b27ae98af7760440a30 [NON_LEADER]: Queue going to NON_LEADER mode. State: All replicated index: 0, Majority replicated index: 0, Committed index: 0, Last appended: 0.0, Last appended by leader: 0, Current term: 0, Majority size: -1, State: 0, Mode: NON_LEADER, active raft config: opid_index: -1 OBSOLETE_local: false peers { permanent_uuid: "af95c3ab04fc4b27ae98af7760440a30" member_type: VOTER last_known_addr { host: "127.26.162.193" port: 46027 } } peers { permanent_uuid: "9e52d74416f449bd983920f2a53add39" member_type: VOTER last_known_addr { host: "127.26.162.194" port: 46395 } } peers { permanent_uuid: "8eefcebb6bb740d3b1e30e240f2c2ff0" member_type: VOTER last_known_addr { host: "127.26.162.195" port: 36951 } }
I20260710 13:25:40.612249 28081 ts_tablet_manager.cc:1434] T 7cfd4d9d6b9849c8893c8511b35bdd83 P af95c3ab04fc4b27ae98af7760440a30: Time spent starting tablet: real 0.011s	user 0.006s	sys 0.000s
I20260710 13:25:40.614919 28081 tablet_bootstrap.cc:492] T aaecf379ef4d4d31866c1f5c60b9e9d6 P af95c3ab04fc4b27ae98af7760440a30: Bootstrap starting.
I20260710 13:25:40.616605 27892 tablet_service.cc:1917] Received RequestConsensusVote() RPC: tablet_id: "56624d53e7624a779c0868a4659a7420" candidate_uuid: "9e52d74416f449bd983920f2a53add39" candidate_term: 1 candidate_status { last_received { term: 0 index: 0 } } ignore_live_leader: false dest_uuid: "af95c3ab04fc4b27ae98af7760440a30" is_pre_election: true
I20260710 13:25:40.618177 28083 tablet_bootstrap.cc:492] T fffe75bd44e842259b38ae85d1155f5b P 9e52d74416f449bd983920f2a53add39: No bootstrap required, opened a new log
I20260710 13:25:40.618664 28083 ts_tablet_manager.cc:1403] T fffe75bd44e842259b38ae85d1155f5b P 9e52d74416f449bd983920f2a53add39: Time spent bootstrapping tablet: real 0.044s	user 0.013s	sys 0.018s
