I20260710 13:25:48.153771 28465 raft_consensus.cc:740] T 452cb241536b4baa883efe81c1babf39 P 8b428f6a049e4d7a950ec99a4f8b6669 [term 0 FOLLOWER]: Becoming Follower/Learner. State: Replica: 8b428f6a049e4d7a950ec99a4f8b6669, State: Initialized, Role: FOLLOWER
I20260710 13:25:48.153503 28335 data_dirs.cc:400] Could only allocate 1 dirs of requested 3 for tablet 928f94b9939444a8a007ab069e8f01b5. 1 dirs total, 0 dirs full, 0 dirs failed
I20260710 13:25:48.149638 28266 tablet_service.cc:1511] Processing CreateTablet for tablet 928f94b9939444a8a007ab069e8f01b5 (DEFAULT_TABLE table=test-workload [id=de567ef543c945c993c7a34c948a6d3e]), partition=RANGE (key) PARTITION 1073741820 <= VALUES < 1163220305
I20260710 13:25:48.156239 28332 data_dirs.cc:400] Could only allocate 1 dirs of requested 3 for tablet eeacbf0fb71f433c97c784fc0ab1cffa. 1 dirs total, 0 dirs full, 0 dirs failed
I20260710 13:25:48.156507 28413 tablet_service.cc:1511] Processing CreateTablet for tablet eeacbf0fb71f433c97c784fc0ab1cffa (DEFAULT_TABLE table=test-workload [id=de567ef543c945c993c7a34c948a6d3e]), partition=RANGE (key) PARTITION 984263335 <= VALUES < 1073741820
I20260710 13:25:48.157824 28413 data_dirs.cc:400] Could only allocate 1 dirs of requested 3 for tablet eeacbf0fb71f433c97c784fc0ab1cffa. 1 dirs total, 0 dirs full, 0 dirs failed
I20260710 13:25:48.158035 28265 tablet_service.cc:1511] Processing CreateTablet for tablet eeacbf0fb71f433c97c784fc0ab1cffa (DEFAULT_TABLE table=test-workload [id=de567ef543c945c993c7a34c948a6d3e]), partition=RANGE (key) PARTITION 984263335 <= VALUES < 1073741820
I20260710 13:25:48.161036 28263 data_dirs.cc:400] Could only allocate 1 dirs of requested 3 for tablet a27fa82227a64ce585b3f2f6acfaf057. 1 dirs total, 0 dirs full, 0 dirs failed
I20260710 13:25:48.161233 28336 tablet_service.cc:1511] Processing CreateTablet for tablet 617872f2eb824fa092dac0174c0832b0 (DEFAULT_TABLE table=test-workload [id=de567ef543c945c993c7a34c948a6d3e]), partition=RANGE (key) PARTITION 1163220305 <= VALUES < 1252698790
I20260710 13:25:48.162545 28336 data_dirs.cc:400] Could only allocate 1 dirs of requested 3 for tablet 617872f2eb824fa092dac0174c0832b0. 1 dirs total, 0 dirs full, 0 dirs failed
I20260710 13:25:48.163707 28266 data_dirs.cc:400] Could only allocate 1 dirs of requested 3 for tablet 928f94b9939444a8a007ab069e8f01b5. 1 dirs total, 0 dirs full, 0 dirs failed
I20260710 13:25:48.165331 28261 tablet_service.cc:1511] Processing CreateTablet for tablet 38b2bfa597a941e8b2a949c02299cadd (DEFAULT_TABLE table=test-workload [id=de567ef543c945c993c7a34c948a6d3e]), partition=RANGE (key) PARTITION 1252698790 <= VALUES < 1342177275
I20260710 13:25:48.167083 28265 data_dirs.cc:400] Could only allocate 1 dirs of requested 3 for tablet eeacbf0fb71f433c97c784fc0ab1cffa. 1 dirs total, 0 dirs full, 0 dirs failed
I20260710 13:25:48.167852 28261 data_dirs.cc:400] Could only allocate 1 dirs of requested 3 for tablet 38b2bfa597a941e8b2a949c02299cadd. 1 dirs total, 0 dirs full, 0 dirs failed
I20260710 13:25:48.171871 28257 data_dirs.cc:400] Could only allocate 1 dirs of requested 3 for tablet 617872f2eb824fa092dac0174c0832b0. 1 dirs total, 0 dirs full, 0 dirs failed
I20260710 13:25:48.176017 28465 consensus_queue.cc:260] T 452cb241536b4baa883efe81c1babf39 P 8b428f6a049e4d7a950ec99a4f8b6669 [NON_LEADER]: Queue going to NON_LEADER mode. State: All replicated index: 0, Majority replicated index: 0, Committed index: 0, Last appended: 0.0, Last appended by leader: 0, Current term: 0, Majority size: -1, State: 0, Mode: NON_LEADER, active raft config: opid_index: -1 OBSOLETE_local: false peers { permanent_uuid: "8b428f6a049e4d7a950ec99a4f8b6669" member_type: VOTER last_known_addr { host: "127.26.138.1" port: 38309 } } peers { permanent_uuid: "c55a981392cf47b2a2116288a261148d" member_type: VOTER last_known_addr { host: "127.26.138.2" port: 38555 } } peers { permanent_uuid: "e1ed3be465004beca54cbcf636490219" member_type: VOTER last_known_addr { host: "127.26.138.3" port: 33729 } }
I20260710 13:25:48.188045 28334 tablet_service.cc:1511] Processing CreateTablet for tablet 38b2bfa597a941e8b2a949c02299cadd (DEFAULT_TABLE table=test-workload [id=de567ef543c945c993c7a34c948a6d3e]), partition=RANGE (key) PARTITION 1252698790 <= VALUES < 1342177275
I20260710 13:25:48.189838 28334 data_dirs.cc:400] Could only allocate 1 dirs of requested 3 for tablet 38b2bfa597a941e8b2a949c02299cadd. 1 dirs total, 0 dirs full, 0 dirs failed
I20260710 13:25:48.192744 28410 tablet_service.cc:1511] Processing CreateTablet for tablet 617872f2eb824fa092dac0174c0832b0 (DEFAULT_TABLE table=test-workload [id=de567ef543c945c993c7a34c948a6d3e]), partition=RANGE (key) PARTITION 1163220305 <= VALUES < 1252698790
I20260710 13:25:48.194440 28410 data_dirs.cc:400] Could only allocate 1 dirs of requested 3 for tablet 617872f2eb824fa092dac0174c0832b0. 1 dirs total, 0 dirs full, 0 dirs failed
I20260710 13:25:48.210796 28415 tablet_service.cc:1511] Processing CreateTablet for tablet 928f94b9939444a8a007ab069e8f01b5 (DEFAULT_TABLE table=test-workload [id=de567ef543c945c993c7a34c948a6d3e]), partition=RANGE (key) PARTITION 1073741820 <= VALUES < 1163220305
I20260710 13:25:48.212716 28415 data_dirs.cc:400] Could only allocate 1 dirs of requested 3 for tablet 928f94b9939444a8a007ab069e8f01b5. 1 dirs total, 0 dirs full, 0 dirs failed
I20260710 13:25:48.212261 28414 tablet_service.cc:1511] Processing CreateTablet for tablet fddb265ad18046e48b118b99fe8bbb87 (DEFAULT_TABLE table=test-workload [id=de567ef543c945c993c7a34c948a6d3e]), partition=RANGE (key) PARTITION 894784850 <= VALUES < 984263335
I20260710 13:25:48.219612 28465 ts_tablet_manager.cc:1434] T 452cb241536b4baa883efe81c1babf39 P 8b428f6a049e4d7a950ec99a4f8b6669: Time spent starting tablet: real 0.070s	user 0.011s	sys 0.032s
I20260710 13:25:48.220661 28406 tablet_service.cc:1511] Processing CreateTablet for tablet 38b2bfa597a941e8b2a949c02299cadd (DEFAULT_TABLE table=test-workload [id=de567ef543c945c993c7a34c948a6d3e]), partition=RANGE (key) PARTITION 1252698790 <= VALUES < 1342177275
I20260710 13:25:48.222894 28301 heartbeater.cc:499] Master 127.26.138.62:35921 was elected leader, sending a full tablet report...
I20260710 13:25:48.228027 28336 tablet_service.cc:1511] Processing CreateTablet for tablet d706ac123e004ed5a001a39ab821a9ac (DEFAULT_TABLE table=test-workload [id=de567ef543c945c993c7a34c948a6d3e]), partition=RANGE (key) PARTITION 1342177275 <= VALUES < 1431655760
I20260710 13:25:48.229351 28336 data_dirs.cc:400] Could only allocate 1 dirs of requested 3 for tablet d706ac123e004ed5a001a39ab821a9ac. 1 dirs total, 0 dirs full, 0 dirs failed
I20260710 13:25:48.230731 28465 tablet_bootstrap.cc:492] T 31da9b81f065483382f09876f5cb033f P 8b428f6a049e4d7a950ec99a4f8b6669: Bootstrap starting.
I20260710 13:25:48.235414 28414 data_dirs.cc:400] Could only allocate 1 dirs of requested 3 for tablet fddb265ad18046e48b118b99fe8bbb87. 1 dirs total, 0 dirs full, 0 dirs failed
I20260710 13:25:48.238687 28468 tablet_bootstrap.cc:654] T 452cb241536b4baa883efe81c1babf39 P e1ed3be465004beca54cbcf636490219: Neither blocks nor log segments found. Creating new log.
I20260710 13:25:48.240278 28406 data_dirs.cc:400] Could only allocate 1 dirs of requested 3 for tablet 38b2bfa597a941e8b2a949c02299cadd. 1 dirs total, 0 dirs full, 0 dirs failed
I20260710 13:25:48.221733 28466 tablet_bootstrap.cc:492] T 452cb241536b4baa883efe81c1babf39 P c55a981392cf47b2a2116288a261148d: No bootstrap required, opened a new log
I20260710 13:25:48.244273 28264 tablet_service.cc:1511] Processing CreateTablet for tablet d706ac123e004ed5a001a39ab821a9ac (DEFAULT_TABLE table=test-workload [id=de567ef543c945c993c7a34c948a6d3e]), partition=RANGE (key) PARTITION 1342177275 <= VALUES < 1431655760
I20260710 13:25:48.252722 28412 tablet_service.cc:1511] Processing CreateTablet for tablet d706ac123e004ed5a001a39ab821a9ac (DEFAULT_TABLE table=test-workload [id=de567ef543c945c993c7a34c948a6d3e]), partition=RANGE (key) PARTITION 1342177275 <= VALUES < 1431655760
I20260710 13:25:48.271503 28466 ts_tablet_manager.cc:1403] T 452cb241536b4baa883efe81c1babf39 P c55a981392cf47b2a2116288a261148d: Time spent bootstrapping tablet: real 0.160s	user 0.022s	sys 0.040s
I20260710 13:25:48.280166 28412 data_dirs.cc:400] Could only allocate 1 dirs of requested 3 for tablet d706ac123e004ed5a001a39ab821a9ac. 1 dirs total, 0 dirs full, 0 dirs failed
I20260710 13:25:48.274914 28465 tablet_bootstrap.cc:654] T 31da9b81f065483382f09876f5cb033f P 8b428f6a049e4d7a950ec99a4f8b6669: Neither blocks nor log segments found. Creating new log.
I20260710 13:25:48.285108 28466 raft_consensus.cc:359] T 452cb241536b4baa883efe81c1babf39 P c55a981392cf47b2a2116288a261148d [term 0 FOLLOWER]: Replica starting. Triggering 0 pending ops. Active config: opid_index: -1 OBSOLETE_local: false peers { permanent_uuid: "8b428f6a049e4d7a950ec99a4f8b6669" member_type: VOTER last_known_addr { host: "127.26.138.1" port: 38309 } } peers { permanent_uuid: "c55a981392cf47b2a2116288a261148d" member_type: VOTER last_known_addr { host: "127.26.138.2" port: 38555 } } peers { permanent_uuid: "e1ed3be465004beca54cbcf636490219" member_type: VOTER last_known_addr { host: "127.26.138.3" port: 33729 } }
I20260710 13:25:48.286042 28466 raft_consensus.cc:385] T 452cb241536b4baa883efe81c1babf39 P c55a981392cf47b2a2116288a261148d [term 0 FOLLOWER]: Consensus starting up: Expiring failure detector timer to make a prompt election more likely
I20260710 13:25:48.286384 28264 data_dirs.cc:400] Could only allocate 1 dirs of requested 3 for tablet d706ac123e004ed5a001a39ab821a9ac. 1 dirs total, 0 dirs full, 0 dirs failed
I20260710 13:25:48.286406 28466 raft_consensus.cc:740] T 452cb241536b4baa883efe81c1babf39 P c55a981392cf47b2a2116288a261148d [term 0 FOLLOWER]: Becoming Follower/Learner. State: Replica: c55a981392cf47b2a2116288a261148d, State: Initialized, Role: FOLLOWER
I20260710 13:25:48.296161 28466 consensus_queue.cc:260] T 452cb241536b4baa883efe81c1babf39 P c55a981392cf47b2a2116288a261148d [NON_LEADER]: Queue going to NON_LEADER mode. State: All replicated index: 0, Majority replicated index: 0, Committed index: 0, Last appended: 0.0, Last appended by leader: 0, Current term: 0, Majority size: -1, State: 0, Mode: NON_LEADER, active raft config: opid_index: -1 OBSOLETE_local: false peers { permanent_uuid: "8b428f6a049e4d7a950ec99a4f8b6669" member_type: VOTER last_known_addr { host: "127.26.138.1" port: 38309 } } peers { permanent_uuid: "c55a981392cf47b2a2116288a261148d" member_type: VOTER last_known_addr { host: "127.26.138.2" port: 38555 } } peers { permanent_uuid: "e1ed3be465004beca54cbcf636490219" member_type: VOTER last_known_addr { host: "127.26.138.3" port: 33729 } }
I20260710 13:25:48.329852 28261 tablet_service.cc:1511] Processing CreateTablet for tablet c2428cc7810a4efc97671e8840a0154a (DEFAULT_TABLE table=test-workload [id=de567ef543c945c993c7a34c948a6d3e]), partition=RANGE (key) PARTITION 1431655760 <= VALUES < 1521134245
I20260710 13:25:48.331473 28261 data_dirs.cc:400] Could only allocate 1 dirs of requested 3 for tablet c2428cc7810a4efc97671e8840a0154a. 1 dirs total, 0 dirs full, 0 dirs failed
I20260710 13:25:48.338666 28470 raft_consensus.cc:493] T 452cb241536b4baa883efe81c1babf39 P 8b428f6a049e4d7a950ec99a4f8b6669 [term 0 FOLLOWER]: Starting pre-election (no leader contacted us within the election timeout)
I20260710 13:25:48.339275 28470 raft_consensus.cc:515] T 452cb241536b4baa883efe81c1babf39 P 8b428f6a049e4d7a950ec99a4f8b6669 [term 0 FOLLOWER]: Starting pre-election with config: opid_index: -1 OBSOLETE_local: false peers { permanent_uuid: "8b428f6a049e4d7a950ec99a4f8b6669" member_type: VOTER last_known_addr { host: "127.26.138.1" port: 38309 } } peers { permanent_uuid: "c55a981392cf47b2a2116288a261148d" member_type: VOTER last_known_addr { host: "127.26.138.2" port: 38555 } } peers { permanent_uuid: "e1ed3be465004beca54cbcf636490219" member_type: VOTER last_known_addr { host: "127.26.138.3" port: 33729 } }
I20260710 13:25:48.342167 28468 tablet_bootstrap.cc:492] T 452cb241536b4baa883efe81c1babf39 P e1ed3be465004beca54cbcf636490219: No bootstrap required, opened a new log
I20260710 13:25:48.342690 28468 ts_tablet_manager.cc:1403] T 452cb241536b4baa883efe81c1babf39 P e1ed3be465004beca54cbcf636490219: Time spent bootstrapping tablet: real 0.221s	user 0.036s	sys 0.041s
I20260710 13:25:48.346429 28468 raft_consensus.cc:359] T 452cb241536b4baa883efe81c1babf39 P e1ed3be465004beca54cbcf636490219 [term 0 FOLLOWER]: Replica starting. Triggering 0 pending ops. Active config: opid_index: -1 OBSOLETE_local: false peers { permanent_uuid: "8b428f6a049e4d7a950ec99a4f8b6669" member_type: VOTER last_known_addr { host: "127.26.138.1" port: 38309 } } peers { permanent_uuid: "c55a981392cf47b2a2116288a261148d" member_type: VOTER last_known_addr { host: "127.26.138.2" port: 38555 } } peers { permanent_uuid: "e1ed3be465004beca54cbcf636490219" member_type: VOTER last_known_addr { host: "127.26.138.3" port: 33729 } }
I20260710 13:25:48.347375 28468 raft_consensus.cc:385] T 452cb241536b4baa883efe81c1babf39 P e1ed3be465004beca54cbcf636490219 [term 0 FOLLOWER]: Consensus starting up: Expiring failure detector timer to make a prompt election more likely
I20260710 13:25:48.347136 28332 tablet_service.cc:1511] Processing CreateTablet for tablet c2428cc7810a4efc97671e8840a0154a (DEFAULT_TABLE table=test-workload [id=de567ef543c945c993c7a34c948a6d3e]), partition=RANGE (key) PARTITION 1431655760 <= VALUES < 1521134245
I20260710 13:25:48.347801 28468 raft_consensus.cc:740] T 452cb241536b4baa883efe81c1babf39 P e1ed3be465004beca54cbcf636490219 [term 0 FOLLOWER]: Becoming Follower/Learner. State: Replica: e1ed3be465004beca54cbcf636490219, State: Initialized, Role: FOLLOWER
I20260710 13:25:48.348628 28332 data_dirs.cc:400] Could only allocate 1 dirs of requested 3 for tablet c2428cc7810a4efc97671e8840a0154a. 1 dirs total, 0 dirs full, 0 dirs failed
I20260710 13:25:48.349021 28468 consensus_queue.cc:260] T 452cb241536b4baa883efe81c1babf39 P e1ed3be465004beca54cbcf636490219 [NON_LEADER]: Queue going to NON_LEADER mode. State: All replicated index: 0, Majority replicated index: 0, Committed index: 0, Last appended: 0.0, Last appended by leader: 0, Current term: 0, Majority size: -1, State: 0, Mode: NON_LEADER, active raft config: opid_index: -1 OBSOLETE_local: false peers { permanent_uuid: "8b428f6a049e4d7a950ec99a4f8b6669" member_type: VOTER last_known_addr { host: "127.26.138.1" port: 38309 } } peers { permanent_uuid: "c55a981392cf47b2a2116288a261148d" member_type: VOTER last_known_addr { host: "127.26.138.2" port: 38555 } } peers { permanent_uuid: "e1ed3be465004beca54cbcf636490219" member_type: VOTER last_known_addr { host: "127.26.138.3" port: 33729 } }
I20260710 13:25:48.350837 28470 leader_election.cc:290] T 452cb241536b4baa883efe81c1babf39 P 8b428f6a049e4d7a950ec99a4f8b6669 [CANDIDATE]: Term 1 pre-election: Requested pre-vote from peers c55a981392cf47b2a2116288a261148d (127.26.138.2:38555), e1ed3be465004beca54cbcf636490219 (127.26.138.3:33729)
I20260710 13:25:48.355366 28407 tablet_service.cc:1511] Processing CreateTablet for tablet c2428cc7810a4efc97671e8840a0154a (DEFAULT_TABLE table=test-workload [id=de567ef543c945c993c7a34c948a6d3e]), partition=RANGE (key) PARTITION 1431655760 <= VALUES < 1521134245
I20260710 13:25:48.357404 28336 tablet_service.cc:1511] Processing CreateTablet for tablet 46f90d26ac3740318997afd1ede23be2 (DEFAULT_TABLE table=test-workload [id=de567ef543c945c993c7a34c948a6d3e]), partition=RANGE (key) PARTITION 1521134245 <= VALUES < 1610612730
I20260710 13:25:48.358816 28336 data_dirs.cc:400] Could only allocate 1 dirs of requested 3 for tablet 46f90d26ac3740318997afd1ede23be2. 1 dirs total, 0 dirs full, 0 dirs failed
I20260710 13:25:48.361039 28257 tablet_service.cc:1511] Processing CreateTablet for tablet 46f90d26ac3740318997afd1ede23be2 (DEFAULT_TABLE table=test-workload [id=de567ef543c945c993c7a34c948a6d3e]), partition=RANGE (key) PARTITION 1521134245 <= VALUES < 1610612730
I20260710 13:25:48.362345 28257 data_dirs.cc:400] Could only allocate 1 dirs of requested 3 for tablet 46f90d26ac3740318997afd1ede23be2. 1 dirs total, 0 dirs full, 0 dirs failed
I20260710 13:25:48.374022 28376 heartbeater.cc:499] Master 127.26.138.62:35921 was elected leader, sending a full tablet report...
I20260710 13:25:48.374228 28466 ts_tablet_manager.cc:1434] T 452cb241536b4baa883efe81c1babf39 P c55a981392cf47b2a2116288a261148d: Time spent starting tablet: real 0.095s	user 0.013s	sys 0.012s
I20260710 13:25:48.375137 28407 data_dirs.cc:400] Could only allocate 1 dirs of requested 3 for tablet c2428cc7810a4efc97671e8840a0154a. 1 dirs total, 0 dirs full, 0 dirs failed
I20260710 13:25:48.375921 28466 tablet_bootstrap.cc:492] T 31da9b81f065483382f09876f5cb033f P c55a981392cf47b2a2116288a261148d: Bootstrap starting.
I20260710 13:25:48.373992 28465 tablet_bootstrap.cc:492] T 31da9b81f065483382f09876f5cb033f P 8b428f6a049e4d7a950ec99a4f8b6669: No bootstrap required, opened a new log
I20260710 13:25:48.381062 28465 ts_tablet_manager.cc:1403] T 31da9b81f065483382f09876f5cb033f P 8b428f6a049e4d7a950ec99a4f8b6669: Time spent bootstrapping tablet: real 0.151s	user 0.029s	sys 0.030s
W20260710 13:25:48.398581 28222 auto_rebalancer.cc:288] Could not retrieve cluster info: Service unavailable: Tablet not running
I20260710 13:25:48.407892 28412 tablet_service.cc:1511] Processing CreateTablet for tablet 46f90d26ac3740318997afd1ede23be2 (DEFAULT_TABLE table=test-workload [id=de567ef543c945c993c7a34c948a6d3e]), partition=RANGE (key) PARTITION 1521134245 <= VALUES < 1610612730
I20260710 13:25:48.411048 28412 data_dirs.cc:400] Could only allocate 1 dirs of requested 3 for tablet 46f90d26ac3740318997afd1ede23be2. 1 dirs total, 0 dirs full, 0 dirs failed
I20260710 13:25:48.418673 28258 tablet_service.cc:1511] Processing CreateTablet for tablet d2bf72f035de45388a85384e391f76aa (DEFAULT_TABLE table=test-workload [id=de567ef543c945c993c7a34c948a6d3e]), partition=RANGE (key) PARTITION 1610612730 <= VALUES < 1700091215
I20260710 13:25:48.427043 28468 ts_tablet_manager.cc:1434] T 452cb241536b4baa883efe81c1babf39 P e1ed3be465004beca54cbcf636490219: Time spent starting tablet: real 0.083s	user 0.022s	sys 0.043s
I20260710 13:25:48.427770 28450 heartbeater.cc:499] Master 127.26.138.62:35921 was elected leader, sending a full tablet report...
I20260710 13:25:48.428053 28468 tablet_bootstrap.cc:492] T ee0c8d8c9b564c988a10a4ced1f48bf0 P e1ed3be465004beca54cbcf636490219: Bootstrap starting.
I20260710 13:25:48.434271 28468 tablet_bootstrap.cc:654] T ee0c8d8c9b564c988a10a4ced1f48bf0 P e1ed3be465004beca54cbcf636490219: Neither blocks nor log segments found. Creating new log.
I20260710 13:25:48.433954 28335 tablet_service.cc:1511] Processing CreateTablet for tablet d2bf72f035de45388a85384e391f76aa (DEFAULT_TABLE table=test-workload [id=de567ef543c945c993c7a34c948a6d3e]), partition=RANGE (key) PARTITION 1610612730 <= VALUES < 1700091215
I20260710 13:25:48.434707 28258 data_dirs.cc:400] Could only allocate 1 dirs of requested 3 for tablet d2bf72f035de45388a85384e391f76aa. 1 dirs total, 0 dirs full, 0 dirs failed
I20260710 13:25:48.435262 28335 data_dirs.cc:400] Could only allocate 1 dirs of requested 3 for tablet d2bf72f035de45388a85384e391f76aa. 1 dirs total, 0 dirs full, 0 dirs failed
I20260710 13:25:48.448823 28415 tablet_service.cc:1511] Processing CreateTablet for tablet d2bf72f035de45388a85384e391f76aa (DEFAULT_TABLE table=test-workload [id=de567ef543c945c993c7a34c948a6d3e]), partition=RANGE (key) PARTITION 1610612730 <= VALUES < 1700091215
I20260710 13:25:48.450541 28415 data_dirs.cc:400] Could only allocate 1 dirs of requested 3 for tablet d2bf72f035de45388a85384e391f76aa. 1 dirs total, 0 dirs full, 0 dirs failed
I20260710 13:25:48.459530 28425 tablet_service.cc:1917] Received RequestConsensusVote() RPC: tablet_id: "452cb241536b4baa883efe81c1babf39" candidate_uuid: "8b428f6a049e4d7a950ec99a4f8b6669" candidate_term: 1 candidate_status { last_received { term: 0 index: 0 } } ignore_live_leader: false dest_uuid: "e1ed3be465004beca54cbcf636490219" is_pre_election: true
I20260710 13:25:48.460207 28425 raft_consensus.cc:2468] T 452cb241536b4baa883efe81c1babf39 P e1ed3be465004beca54cbcf636490219 [term 0 FOLLOWER]: Leader pre-election vote request: Granting yes vote for candidate 8b428f6a049e4d7a950ec99a4f8b6669 in term 0.
I20260710 13:25:48.461377 28242 leader_election.cc:304] T 452cb241536b4baa883efe81c1babf39 P 8b428f6a049e4d7a950ec99a4f8b6669 [CANDIDATE]: Term 1 pre-election: Election decided. Result: candidate won. Election summary: received 2 responses out of 3 voters: 2 yes votes; 0 no votes. yes voters: 8b428f6a049e4d7a950ec99a4f8b6669, e1ed3be465004beca54cbcf636490219; no voters: 
I20260710 13:25:48.462211 28470 raft_consensus.cc:2804] T 452cb241536b4baa883efe81c1babf39 P 8b428f6a049e4d7a950ec99a4f8b6669 [term 0 FOLLOWER]: Leader pre-election won for term 1
I20260710 13:25:48.462574 28470 raft_consensus.cc:493] T 452cb241536b4baa883efe81c1babf39 P 8b428f6a049e4d7a950ec99a4f8b6669 [term 0 FOLLOWER]: Starting leader election (no leader contacted us within the election timeout)
I20260710 13:25:48.462916 28470 raft_consensus.cc:3060] T 452cb241536b4baa883efe81c1babf39 P 8b428f6a049e4d7a950ec99a4f8b6669 [term 0 FOLLOWER]: Advancing to term 1
I20260710 13:25:48.468516 28257 tablet_service.cc:1511] Processing CreateTablet for tablet 07f062e435bd43779748859cc7d7e7db (DEFAULT_TABLE table=test-workload [id=de567ef543c945c993c7a34c948a6d3e]), partition=RANGE (key) PARTITION 1700091215 <= VALUES < 1789569700
I20260710 13:25:48.477517 28257 data_dirs.cc:400] Could only allocate 1 dirs of requested 3 for tablet 07f062e435bd43779748859cc7d7e7db. 1 dirs total, 0 dirs full, 0 dirs failed
I20260710 13:25:48.469247 28470 raft_consensus.cc:515] T 452cb241536b4baa883efe81c1babf39 P 8b428f6a049e4d7a950ec99a4f8b6669 [term 1 FOLLOWER]: Starting leader election with config: opid_index: -1 OBSOLETE_local: false peers { permanent_uuid: "8b428f6a049e4d7a950ec99a4f8b6669" member_type: VOTER last_known_addr { host: "127.26.138.1" port: 38309 } } peers { permanent_uuid: "c55a981392cf47b2a2116288a261148d" member_type: VOTER last_known_addr { host: "127.26.138.2" port: 38555 } } peers { permanent_uuid: "e1ed3be465004beca54cbcf636490219" member_type: VOTER last_known_addr { host: "127.26.138.3" port: 33729 } }
I20260710 13:25:48.482084 28470 leader_election.cc:290] T 452cb241536b4baa883efe81c1babf39 P 8b428f6a049e4d7a950ec99a4f8b6669 [CANDIDATE]: Term 1 election: Requested vote from peers c55a981392cf47b2a2116288a261148d (127.26.138.2:38555), e1ed3be465004beca54cbcf636490219 (127.26.138.3:33729)
I20260710 13:25:48.473831 28468 tablet_bootstrap.cc:492] T ee0c8d8c9b564c988a10a4ced1f48bf0 P e1ed3be465004beca54cbcf636490219: No bootstrap required, opened a new log
I20260710 13:25:48.482010 28425 tablet_service.cc:1917] Received RequestConsensusVote() RPC: tablet_id: "452cb241536b4baa883efe81c1babf39" candidate_uuid: "8b428f6a049e4d7a950ec99a4f8b6669" candidate_term: 1 candidate_status { last_received { term: 0 index: 0 } } ignore_live_leader: false dest_uuid: "e1ed3be465004beca54cbcf636490219"
I20260710 13:25:48.484282 28425 raft_consensus.cc:3060] T 452cb241536b4baa883efe81c1babf39 P e1ed3be465004beca54cbcf636490219 [term 0 FOLLOWER]: Advancing to term 1
I20260710 13:25:48.489095 28264 tablet_service.cc:1511] Processing CreateTablet for tablet a8878040055d441595f31f6b911d0119 (DEFAULT_TABLE table=test-workload [id=de567ef543c945c993c7a34c948a6d3e]), partition=RANGE (key) PARTITION 1789569700 <= VALUES < 1879048185
I20260710 13:25:48.490320 28264 data_dirs.cc:400] Could only allocate 1 dirs of requested 3 for tablet a8878040055d441595f31f6b911d0119. 1 dirs total, 0 dirs full, 0 dirs failed
I20260710 13:25:48.490666 28425 raft_consensus.cc:2468] T 452cb241536b4baa883efe81c1babf39 P e1ed3be465004beca54cbcf636490219 [term 1 FOLLOWER]: Leader election vote request: Granting yes vote for candidate 8b428f6a049e4d7a950ec99a4f8b6669 in term 1.
I20260710 13:25:48.491636 28242 leader_election.cc:304] T 452cb241536b4baa883efe81c1babf39 P 8b428f6a049e4d7a950ec99a4f8b6669 [CANDIDATE]: Term 1 election: Election decided. Result: candidate won. Election summary: received 2 responses out of 3 voters: 2 yes votes; 0 no votes. yes voters: 8b428f6a049e4d7a950ec99a4f8b6669, e1ed3be465004beca54cbcf636490219; no voters: 
I20260710 13:25:48.462574 28466 tablet_bootstrap.cc:654] T 31da9b81f065483382f09876f5cb033f P c55a981392cf47b2a2116288a261148d: Neither blocks nor log segments found. Creating new log.
I20260710 13:25:48.483894 28468 ts_tablet_manager.cc:1403] T ee0c8d8c9b564c988a10a4ced1f48bf0 P e1ed3be465004beca54cbcf636490219: Time spent bootstrapping tablet: real 0.056s	user 0.020s	sys 0.016s
I20260710 13:25:48.492966 28335 tablet_service.cc:1511] Processing CreateTablet for tablet a8878040055d441595f31f6b911d0119 (DEFAULT_TABLE table=test-workload [id=de567ef543c945c993c7a34c948a6d3e]), partition=RANGE (key) PARTITION 1789569700 <= VALUES < 1879048185
I20260710 13:25:48.472325 28465 raft_consensus.cc:359] T 31da9b81f065483382f09876f5cb033f P 8b428f6a049e4d7a950ec99a4f8b6669 [term 0 FOLLOWER]: Replica starting. Triggering 0 pending ops. Active config: opid_index: -1 OBSOLETE_local: false peers { permanent_uuid: "8b428f6a049e4d7a950ec99a4f8b6669" member_type: VOTER last_known_addr { host: "127.26.138.1" port: 38309 } } peers { permanent_uuid: "c55a981392cf47b2a2116288a261148d" member_type: VOTER last_known_addr { host: "127.26.138.2" port: 38555 } } peers { permanent_uuid: "e1ed3be465004beca54cbcf636490219" member_type: VOTER last_known_addr { host: "127.26.138.3" port: 33729 } }
I20260710 13:25:48.494079 28465 raft_consensus.cc:385] T 31da9b81f065483382f09876f5cb033f P 8b428f6a049e4d7a950ec99a4f8b6669 [term 0 FOLLOWER]: Consensus starting up: Expiring failure detector timer to make a prompt election more likely
I20260710 13:25:48.492429 28470 raft_consensus.cc:2804] T 452cb241536b4baa883efe81c1babf39 P 8b428f6a049e4d7a950ec99a4f8b6669 [term 1 FOLLOWER]: Leader election won for term 1
I20260710 13:25:48.494215 28332 tablet_service.cc:1511] Processing CreateTablet for tablet 07f062e435bd43779748859cc7d7e7db (DEFAULT_TABLE table=test-workload [id=de567ef543c945c993c7a34c948a6d3e]), partition=RANGE (key) PARTITION 1700091215 <= VALUES < 1789569700
I20260710 13:25:48.496063 28468 raft_consensus.cc:359] T ee0c8d8c9b564c988a10a4ced1f48bf0 P e1ed3be465004beca54cbcf636490219 [term 0 FOLLOWER]: Replica starting. Triggering 0 pending ops. Active config: opid_index: -1 OBSOLETE_local: false peers { permanent_uuid: "8b428f6a049e4d7a950ec99a4f8b6669" member_type: VOTER last_known_addr { host: "127.26.138.1" port: 38309 } } peers { permanent_uuid: "c55a981392cf47b2a2116288a261148d" member_type: VOTER last_known_addr { host: "127.26.138.2" port: 38555 } } peers { permanent_uuid: "e1ed3be465004beca54cbcf636490219" member_type: VOTER last_known_addr { host: "127.26.138.3" port: 33729 } }
I20260710 13:25:48.496835 28468 raft_consensus.cc:385] T ee0c8d8c9b564c988a10a4ced1f48bf0 P e1ed3be465004beca54cbcf636490219 [term 0 FOLLOWER]: Consensus starting up: Expiring failure detector timer to make a prompt election more likely
I20260710 13:25:48.497159 28468 raft_consensus.cc:740] T ee0c8d8c9b564c988a10a4ced1f48bf0 P e1ed3be465004beca54cbcf636490219 [term 0 FOLLOWER]: Becoming Follower/Learner. State: Replica: e1ed3be465004beca54cbcf636490219, State: Initialized, Role: FOLLOWER
I20260710 13:25:48.497254 28465 raft_consensus.cc:740] T 31da9b81f065483382f09876f5cb033f P 8b428f6a049e4d7a950ec99a4f8b6669 [term 0 FOLLOWER]: Becoming Follower/Learner. State: Replica: 8b428f6a049e4d7a950ec99a4f8b6669, State: Initialized, Role: FOLLOWER
I20260710 13:25:48.495280 28415 tablet_service.cc:1511] Processing CreateTablet for tablet 07f062e435bd43779748859cc7d7e7db (DEFAULT_TABLE table=test-workload [id=de567ef543c945c993c7a34c948a6d3e]), partition=RANGE (key) PARTITION 1700091215 <= VALUES < 1789569700
I20260710 13:25:48.497848 28336 tablet_service.cc:1511] Processing CreateTablet for tablet 6724b9e2c82d4407b862148d132d77a3 (DEFAULT_TABLE table=test-workload [id=de567ef543c945c993c7a34c948a6d3e]), partition=RANGE (key) PARTITION 1879048185 <= VALUES < 1968526670
I20260710 13:25:48.498647 28415 data_dirs.cc:400] Could only allocate 1 dirs of requested 3 for tablet 07f062e435bd43779748859cc7d7e7db. 1 dirs total, 0 dirs full, 0 dirs failed
I20260710 13:25:48.498767 28468 consensus_queue.cc:260] T ee0c8d8c9b564c988a10a4ced1f48bf0 P e1ed3be465004beca54cbcf636490219 [NON_LEADER]: Queue going to NON_LEADER mode. State: All replicated index: 0, Majority replicated index: 0, Committed index: 0, Last appended: 0.0, Last appended by leader: 0, Current term: 0, Majority size: -1, State: 0, Mode: NON_LEADER, active raft config: opid_index: -1 OBSOLETE_local: false peers { permanent_uuid: "8b428f6a049e4d7a950ec99a4f8b6669" member_type: VOTER last_known_addr { host: "127.26.138.1" port: 38309 } } peers { permanent_uuid: "c55a981392cf47b2a2116288a261148d" member_type: VOTER last_known_addr { host: "127.26.138.2" port: 38555 } } peers { permanent_uuid: "e1ed3be465004beca54cbcf636490219" member_type: VOTER last_known_addr { host: "127.26.138.3" port: 33729 } }
I20260710 13:25:48.494921 28257 tablet_service.cc:1511] Processing CreateTablet for tablet 6724b9e2c82d4407b862148d132d77a3 (DEFAULT_TABLE table=test-workload [id=de567ef543c945c993c7a34c948a6d3e]), partition=RANGE (key) PARTITION 1879048185 <= VALUES < 1968526670
I20260710 13:25:48.495826 28412 tablet_service.cc:1511] Processing CreateTablet for tablet a8878040055d441595f31f6b911d0119 (DEFAULT_TABLE table=test-workload [id=de567ef543c945c993c7a34c948a6d3e]), partition=RANGE (key) PARTITION 1789569700 <= VALUES < 1879048185
I20260710 13:25:48.500231 28412 data_dirs.cc:400] Could only allocate 1 dirs of requested 3 for tablet a8878040055d441595f31f6b911d0119. 1 dirs total, 0 dirs full, 0 dirs failed
I20260710 13:25:48.500854 28468 ts_tablet_manager.cc:1434] T ee0c8d8c9b564c988a10a4ced1f48bf0 P e1ed3be465004beca54cbcf636490219: Time spent starting tablet: real 0.008s	user 0.006s	sys 0.000s
I20260710 13:25:48.501819 28468 tablet_bootstrap.cc:492] T 57b08c84bdf8498abb269a541255e43d P e1ed3be465004beca54cbcf636490219: Bootstrap starting.
I20260710 13:25:48.494181 28335 data_dirs.cc:400] Could only allocate 1 dirs of requested 3 for tablet a8878040055d441595f31f6b911d0119. 1 dirs total, 0 dirs full, 0 dirs failed
I20260710 13:25:48.504590 28351 tablet_service.cc:1917] Received RequestConsensusVote() RPC: tablet_id: "452cb241536b4baa883efe81c1babf39" candidate_uuid: "8b428f6a049e4d7a950ec99a4f8b6669" candidate_term: 1 candidate_status { last_received { term: 0 index: 0 } } ignore_live_leader: false dest_uuid: "c55a981392cf47b2a2116288a261148d" is_pre_election: true
I20260710 13:25:48.505237 28351 raft_consensus.cc:2468] T 452cb241536b4baa883efe81c1babf39 P c55a981392cf47b2a2116288a261148d [term 0 FOLLOWER]: Leader pre-election vote request: Granting yes vote for candidate 8b428f6a049e4d7a950ec99a4f8b6669 in term 0.
I20260710 13:25:48.506377 28350 tablet_service.cc:1917] Received RequestConsensusVote() RPC: tablet_id: "452cb241536b4baa883efe81c1babf39" candidate_uuid: "8b428f6a049e4d7a950ec99a4f8b6669" candidate_term: 1 candidate_status { last_received { term: 0 index: 0 } } ignore_live_leader: false dest_uuid: "c55a981392cf47b2a2116288a261148d"
I20260710 13:25:48.506934 28350 raft_consensus.cc:3060] T 452cb241536b4baa883efe81c1babf39 P c55a981392cf47b2a2116288a261148d [term 0 FOLLOWER]: Advancing to term 1
I20260710 13:25:48.507606 28332 data_dirs.cc:400] Could only allocate 1 dirs of requested 3 for tablet 07f062e435bd43779748859cc7d7e7db. 1 dirs total, 0 dirs full, 0 dirs failed
I20260710 13:25:48.516690 28336 data_dirs.cc:400] Could only allocate 1 dirs of requested 3 for tablet 6724b9e2c82d4407b862148d132d77a3. 1 dirs total, 0 dirs full, 0 dirs failed
I20260710 13:25:48.510913 28407 tablet_service.cc:1511] Processing CreateTablet for tablet 6724b9e2c82d4407b862148d132d77a3 (DEFAULT_TABLE table=test-workload [id=de567ef543c945c993c7a34c948a6d3e]), partition=RANGE (key) PARTITION 1879048185 <= VALUES < 1968526670
I20260710 13:25:48.508158 28257 data_dirs.cc:400] Could only allocate 1 dirs of requested 3 for tablet 6724b9e2c82d4407b862148d132d77a3. 1 dirs total, 0 dirs full, 0 dirs failed
I20260710 13:25:48.517616 28407 data_dirs.cc:400] Could only allocate 1 dirs of requested 3 for tablet 6724b9e2c82d4407b862148d132d77a3. 1 dirs total, 0 dirs full, 0 dirs failed
I20260710 13:25:48.498275 28465 consensus_queue.cc:260] T 31da9b81f065483382f09876f5cb033f P 8b428f6a049e4d7a950ec99a4f8b6669 [NON_LEADER]: Queue going to NON_LEADER mode. State: All replicated index: 0, Majority replicated index: 0, Committed index: 0, Last appended: 0.0, Last appended by leader: 0, Current term: 0, Majority size: -1, State: 0, Mode: NON_LEADER, active raft config: opid_index: -1 OBSOLETE_local: false peers { permanent_uuid: "8b428f6a049e4d7a950ec99a4f8b6669" member_type: VOTER last_known_addr { host: "127.26.138.1" port: 38309 } } peers { permanent_uuid: "c55a981392cf47b2a2116288a261148d" member_type: VOTER last_known_addr { host: "127.26.138.2" port: 38555 } } peers { permanent_uuid: "e1ed3be465004beca54cbcf636490219" member_type: VOTER last_known_addr { host: "127.26.138.3" port: 33729 } }
I20260710 13:25:48.522025 28334 tablet_service.cc:1511] Processing CreateTablet for tablet a1124f7daefe46518a9c76164f3e94b0 (DEFAULT_TABLE table=test-workload [id=de567ef543c945c993c7a34c948a6d3e]), partition=RANGE (key) PARTITION 1968526670 <= VALUES < 2058005155
I20260710 13:25:48.523226 28334 data_dirs.cc:400] Could only allocate 1 dirs of requested 3 for tablet a1124f7daefe46518a9c76164f3e94b0. 1 dirs total, 0 dirs full, 0 dirs failed
I20260710 13:25:48.524663 28406 tablet_service.cc:1511] Processing CreateTablet for tablet a1124f7daefe46518a9c76164f3e94b0 (DEFAULT_TABLE table=test-workload [id=de567ef543c945c993c7a34c948a6d3e]), partition=RANGE (key) PARTITION 1968526670 <= VALUES < 2058005155
I20260710 13:25:48.525085 28350 raft_consensus.cc:2468] T 452cb241536b4baa883efe81c1babf39 P c55a981392cf47b2a2116288a261148d [term 1 FOLLOWER]: Leader election vote request: Granting yes vote for candidate 8b428f6a049e4d7a950ec99a4f8b6669 in term 1.
I20260710 13:25:48.525977 28406 data_dirs.cc:400] Could only allocate 1 dirs of requested 3 for tablet a1124f7daefe46518a9c76164f3e94b0. 1 dirs total, 0 dirs full, 0 dirs failed
I20260710 13:25:48.516345 28258 tablet_service.cc:1511] Processing CreateTablet for tablet a1124f7daefe46518a9c76164f3e94b0 (DEFAULT_TABLE table=test-workload [id=de567ef543c945c993c7a34c948a6d3e]), partition=RANGE (key) PARTITION 1968526670 <= VALUES < 2058005155
I20260710 13:25:48.536132 28466 tablet_bootstrap.cc:492] T 31da9b81f065483382f09876f5cb033f P c55a981392cf47b2a2116288a261148d: No bootstrap required, opened a new log
I20260710 13:25:48.536619 28466 ts_tablet_manager.cc:1403] T 31da9b81f065483382f09876f5cb033f P c55a981392cf47b2a2116288a261148d: Time spent bootstrapping tablet: real 0.161s	user 0.003s	sys 0.008s
I20260710 13:25:48.536761 28465 ts_tablet_manager.cc:1434] T 31da9b81f065483382f09876f5cb033f P 8b428f6a049e4d7a950ec99a4f8b6669: Time spent starting tablet: real 0.155s	user 0.004s	sys 0.004s
I20260710 13:25:48.539687 28258 data_dirs.cc:400] Could only allocate 1 dirs of requested 3 for tablet a1124f7daefe46518a9c76164f3e94b0. 1 dirs total, 0 dirs full, 0 dirs failed
I20260710 13:25:48.540982 28470 raft_consensus.cc:697] T 452cb241536b4baa883efe81c1babf39 P 8b428f6a049e4d7a950ec99a4f8b6669 [term 1 LEADER]: Becoming Leader. State: Replica: 8b428f6a049e4d7a950ec99a4f8b6669, State: Running, Role: LEADER
I20260710 13:25:48.541960 28470 consensus_queue.cc:237] T 452cb241536b4baa883efe81c1babf39 P 8b428f6a049e4d7a950ec99a4f8b6669 [LEADER]: Queue going to LEADER mode. State: All replicated index: 0, Majority replicated index: 0, Committed index: 0, Last appended: 0.0, Last appended by leader: 0, Current term: 1, Majority size: 2, State: 0, Mode: LEADER, active raft config: opid_index: -1 OBSOLETE_local: false peers { permanent_uuid: "8b428f6a049e4d7a950ec99a4f8b6669" member_type: VOTER last_known_addr { host: "127.26.138.1" port: 38309 } } peers { permanent_uuid: "c55a981392cf47b2a2116288a261148d" member_type: VOTER last_known_addr { host: "127.26.138.2" port: 38555 } } peers { permanent_uuid: "e1ed3be465004beca54cbcf636490219" member_type: VOTER last_known_addr { host: "127.26.138.3" port: 33729 } }
I20260710 13:25:48.547534 28261 tablet_service.cc:1511] Processing CreateTablet for tablet 72b77361556c4647828f9a8ab9442569 (DEFAULT_TABLE table=test-workload [id=de567ef543c945c993c7a34c948a6d3e]), partition=RANGE (key) PARTITION 2058005155 <= VALUES
I20260710 13:25:48.548733 28261 data_dirs.cc:400] Could only allocate 1 dirs of requested 3 for tablet 72b77361556c4647828f9a8ab9442569. 1 dirs total, 0 dirs full, 0 dirs failed
I20260710 13:25:48.549422 28468 tablet_bootstrap.cc:654] T 57b08c84bdf8498abb269a541255e43d P e1ed3be465004beca54cbcf636490219: Neither blocks nor log segments found. Creating new log.
I20260710 13:25:48.552332 28337 tablet_service.cc:1511] Processing CreateTablet for tablet 72b77361556c4647828f9a8ab9442569 (DEFAULT_TABLE table=test-workload [id=de567ef543c945c993c7a34c948a6d3e]), partition=RANGE (key) PARTITION 2058005155 <= VALUES
I20260710 13:25:48.553591 28337 data_dirs.cc:400] Could only allocate 1 dirs of requested 3 for tablet 72b77361556c4647828f9a8ab9442569. 1 dirs total, 0 dirs full, 0 dirs failed
I20260710 13:25:48.552703 28465 tablet_bootstrap.cc:492] T bb0c66e829cc4364a151fde1ad5c2608 P 8b428f6a049e4d7a950ec99a4f8b6669: Bootstrap starting.
I20260710 13:25:48.555470 28406 tablet_service.cc:1511] Processing CreateTablet for tablet 72b77361556c4647828f9a8ab9442569 (DEFAULT_TABLE table=test-workload [id=de567ef543c945c993c7a34c948a6d3e]), partition=RANGE (key) PARTITION 2058005155 <= VALUES
I20260710 13:25:48.556631 28406 data_dirs.cc:400] Could only allocate 1 dirs of requested 3 for tablet 72b77361556c4647828f9a8ab9442569. 1 dirs total, 0 dirs full, 0 dirs failed
I20260710 13:25:48.567615 28466 raft_consensus.cc:359] T 31da9b81f065483382f09876f5cb033f P c55a981392cf47b2a2116288a261148d [term 0 FOLLOWER]: Replica starting. Triggering 0 pending ops. Active config: opid_index: -1 OBSOLETE_local: false peers { permanent_uuid: "8b428f6a049e4d7a950ec99a4f8b6669" member_type: VOTER last_known_addr { host: "127.26.138.1" port: 38309 } } peers { permanent_uuid: "c55a981392cf47b2a2116288a261148d" member_type: VOTER last_known_addr { host: "127.26.138.2" port: 38555 } } peers { permanent_uuid: "e1ed3be465004beca54cbcf636490219" member_type: VOTER last_known_addr { host: "127.26.138.3" port: 33729 } }
I20260710 13:25:48.568382 28466 raft_consensus.cc:385] T 31da9b81f065483382f09876f5cb033f P c55a981392cf47b2a2116288a261148d [term 0 FOLLOWER]: Consensus starting up: Expiring failure detector timer to make a prompt election more likely
I20260710 13:25:48.568696 28466 raft_consensus.cc:740] T 31da9b81f065483382f09876f5cb033f P c55a981392cf47b2a2116288a261148d [term 0 FOLLOWER]: Becoming Follower/Learner. State: Replica: c55a981392cf47b2a2116288a261148d, State: Initialized, Role: FOLLOWER
I20260710 13:25:48.569999 28465 tablet_bootstrap.cc:654] T bb0c66e829cc4364a151fde1ad5c2608 P 8b428f6a049e4d7a950ec99a4f8b6669: Neither blocks nor log segments found. Creating new log.
I20260710 13:25:48.571748 28468 tablet_bootstrap.cc:492] T 57b08c84bdf8498abb269a541255e43d P e1ed3be465004beca54cbcf636490219: No bootstrap required, opened a new log
I20260710 13:25:48.573884 28468 ts_tablet_manager.cc:1403] T 57b08c84bdf8498abb269a541255e43d P e1ed3be465004beca54cbcf636490219: Time spent bootstrapping tablet: real 0.072s	user 0.007s	sys 0.008s
I20260710 13:25:48.575620 28466 consensus_queue.cc:260] T 31da9b81f065483382f09876f5cb033f P c55a981392cf47b2a2116288a261148d [NON_LEADER]: Queue going to NON_LEADER mode. State: All replicated index: 0, Majority replicated index: 0, Committed index: 0, Last appended: 0.0, Last appended by leader: 0, Current term: 0, Majority size: -1, State: 0, Mode: NON_LEADER, active raft config: opid_index: -1 OBSOLETE_local: false peers { permanent_uuid: "8b428f6a049e4d7a950ec99a4f8b6669" member_type: VOTER last_known_addr { host: "127.26.138.1" port: 38309 } } peers { permanent_uuid: "c55a981392cf47b2a2116288a261148d" member_type: VOTER last_known_addr { host: "127.26.138.2" port: 38555 } } peers { permanent_uuid: "e1ed3be465004beca54cbcf636490219" member_type: VOTER last_known_addr { host: "127.26.138.3" port: 33729 } }
I20260710 13:25:48.578560 28468 raft_consensus.cc:359] T 57b08c84bdf8498abb269a541255e43d P e1ed3be465004beca54cbcf636490219 [term 0 FOLLOWER]: Replica starting. Triggering 0 pending ops. Active config: opid_index: -1 OBSOLETE_local: false peers { permanent_uuid: "8b428f6a049e4d7a950ec99a4f8b6669" member_type: VOTER last_known_addr { host: "127.26.138.1" port: 38309 } } peers { permanent_uuid: "c55a981392cf47b2a2116288a261148d" member_type: VOTER last_known_addr { host: "127.26.138.2" port: 38555 } } peers { permanent_uuid: "e1ed3be465004beca54cbcf636490219" member_type: VOTER last_known_addr { host: "127.26.138.3" port: 33729 } }
I20260710 13:25:48.581736 28468 raft_consensus.cc:385] T 57b08c84bdf8498abb269a541255e43d P e1ed3be465004beca54cbcf636490219 [term 0 FOLLOWER]: Consensus starting up: Expiring failure detector timer to make a prompt election more likely
I20260710 13:25:48.582433 28468 raft_consensus.cc:740] T 57b08c84bdf8498abb269a541255e43d P e1ed3be465004beca54cbcf636490219 [term 0 FOLLOWER]: Becoming Follower/Learner. State: Replica: e1ed3be465004beca54cbcf636490219, State: Initialized, Role: FOLLOWER
I20260710 13:25:48.581987 28466 ts_tablet_manager.cc:1434] T 31da9b81f065483382f09876f5cb033f P c55a981392cf47b2a2116288a261148d: Time spent starting tablet: real 0.045s	user 0.007s	sys 0.000s
I20260710 13:25:48.583667 28468 consensus_queue.cc:260] T 57b08c84bdf8498abb269a541255e43d P e1ed3be465004beca54cbcf636490219 [NON_LEADER]: Queue going to NON_LEADER mode. State: All replicated index: 0, Majority replicated index: 0, Committed index: 0, Last appended: 0.0, Last appended by leader: 0, Current term: 0, Majority size: -1, State: 0, Mode: NON_LEADER, active raft config: opid_index: -1 OBSOLETE_local: false peers { permanent_uuid: "8b428f6a049e4d7a950ec99a4f8b6669" member_type: VOTER last_known_addr { host: "127.26.138.1" port: 38309 } } peers { permanent_uuid: "c55a981392cf47b2a2116288a261148d" member_type: VOTER last_known_addr { host: "127.26.138.2" port: 38555 } } peers { permanent_uuid: "e1ed3be465004beca54cbcf636490219" member_type: VOTER last_known_addr { host: "127.26.138.3" port: 33729 } }
I20260710 13:25:48.585495 28466 tablet_bootstrap.cc:492] T a27fa82227a64ce585b3f2f6acfaf057 P c55a981392cf47b2a2116288a261148d: Bootstrap starting.
I20260710 13:25:48.595657 28468 ts_tablet_manager.cc:1434] T 57b08c84bdf8498abb269a541255e43d P e1ed3be465004beca54cbcf636490219: Time spent starting tablet: real 0.021s	user 0.002s	sys 0.005s
I20260710 13:25:48.596697 28468 tablet_bootstrap.cc:492] T bb0c66e829cc4364a151fde1ad5c2608 P e1ed3be465004beca54cbcf636490219: Bootstrap starting.
I20260710 13:25:48.601248 28172 catalog_manager.cc:5697] T 452cb241536b4baa883efe81c1babf39 P 8b428f6a049e4d7a950ec99a4f8b6669 reported cstate change: term changed from 0 to 1, leader changed from <none> to 8b428f6a049e4d7a950ec99a4f8b6669 (127.26.138.1). New cstate: current_term: 1 leader_uuid: "8b428f6a049e4d7a950ec99a4f8b6669" committed_config { opid_index: -1 OBSOLETE_local: false peers { permanent_uuid: "8b428f6a049e4d7a950ec99a4f8b6669" member_type: VOTER last_known_addr { host: "127.26.138.1" port: 38309 } health_report { overall_health: HEALTHY } } peers { permanent_uuid: "c55a981392cf47b2a2116288a261148d" member_type: VOTER last_known_addr { host: "127.26.138.2" port: 38555 } health_report { overall_health: UNKNOWN } } peers { permanent_uuid: "e1ed3be465004beca54cbcf636490219" member_type: VOTER last_known_addr { host: "127.26.138.3" port: 33729 } health_report { overall_health: UNKNOWN } } }
I20260710 13:25:48.607453 28468 tablet_bootstrap.cc:654] T bb0c66e829cc4364a151fde1ad5c2608 P e1ed3be465004beca54cbcf636490219: Neither blocks nor log segments found. Creating new log.
I20260710 13:25:48.610638 28466 tablet_bootstrap.cc:654] T a27fa82227a64ce585b3f2f6acfaf057 P c55a981392cf47b2a2116288a261148d: Neither blocks nor log segments found. Creating new log.
I20260710 13:25:48.613737 28465 tablet_bootstrap.cc:492] T bb0c66e829cc4364a151fde1ad5c2608 P 8b428f6a049e4d7a950ec99a4f8b6669: No bootstrap required, opened a new log
I20260710 13:25:48.614295 28465 ts_tablet_manager.cc:1403] T bb0c66e829cc4364a151fde1ad5c2608 P 8b428f6a049e4d7a950ec99a4f8b6669: Time spent bootstrapping tablet: real 0.062s	user 0.015s	sys 0.011s
I20260710 13:25:48.618062 28465 raft_consensus.cc:359] T bb0c66e829cc4364a151fde1ad5c2608 P 8b428f6a049e4d7a950ec99a4f8b6669 [term 0 FOLLOWER]: Replica starting. Triggering 0 pending ops. Active config: opid_index: -1 OBSOLETE_local: false peers { permanent_uuid: "8b428f6a049e4d7a950ec99a4f8b6669" member_type: VOTER last_known_addr { host: "127.26.138.1" port: 38309 } } peers { permanent_uuid: "c55a981392cf47b2a2116288a261148d" member_type: VOTER last_known_addr { host: "127.26.138.2" port: 38555 } } peers { permanent_uuid: "e1ed3be465004beca54cbcf636490219" member_type: VOTER last_known_addr { host: "127.26.138.3" port: 33729 } }
I20260710 13:25:48.619010 28465 raft_consensus.cc:385] T bb0c66e829cc4364a151fde1ad5c2608 P 8b428f6a049e4d7a950ec99a4f8b6669 [term 0 FOLLOWER]: Consensus starting up: Expiring failure detector timer to make a prompt election more likely
I20260710 13:25:48.619395 28465 raft_consensus.cc:740] T bb0c66e829cc4364a151fde1ad5c2608 P 8b428f6a049e4d7a950ec99a4f8b6669 [term 0 FOLLOWER]: Becoming Follower/Learner. State: Replica: 8b428f6a049e4d7a950ec99a4f8b6669, State: Initialized, Role: FOLLOWER
I20260710 13:25:48.624292 28465 consensus_queue.cc:260] T bb0c66e829cc4364a151fde1ad5c2608 P 8b428f6a049e4d7a950ec99a4f8b6669 [NON_LEADER]: Queue going to NON_LEADER mode. State: All replicated index: 0, Majority replicated index: 0, Committed index: 0, Last appended: 0.0, Last appended by leader: 0, Current term: 0, Majority size: -1, State: 0, Mode: NON_LEADER, active raft config: opid_index: -1 OBSOLETE_local: false peers { permanent_uuid: "8b428f6a049e4d7a950ec99a4f8b6669" member_type: VOTER last_known_addr { host: "127.26.138.1" port: 38309 } } peers { permanent_uuid: "c55a981392cf47b2a2116288a261148d" member_type: VOTER last_known_addr { host: "127.26.138.2" port: 38555 } } peers { permanent_uuid: "e1ed3be465004beca54cbcf636490219" member_type: VOTER last_known_addr { host: "127.26.138.3" port: 33729 } }
I20260710 13:25:48.627383 28465 ts_tablet_manager.cc:1434] T bb0c66e829cc4364a151fde1ad5c2608 P 8b428f6a049e4d7a950ec99a4f8b6669: Time spent starting tablet: real 0.013s	user 0.009s	sys 0.000s
I20260710 13:25:48.628611 28465 tablet_bootstrap.cc:492] T ee0c8d8c9b564c988a10a4ced1f48bf0 P 8b428f6a049e4d7a950ec99a4f8b6669: Bootstrap starting.
I20260710 13:25:48.637158 28468 tablet_bootstrap.cc:492] T bb0c66e829cc4364a151fde1ad5c2608 P e1ed3be465004beca54cbcf636490219: No bootstrap required, opened a new log
I20260710 13:25:48.640441 28465 tablet_bootstrap.cc:654] T ee0c8d8c9b564c988a10a4ced1f48bf0 P 8b428f6a049e4d7a950ec99a4f8b6669: Neither blocks nor log segments found. Creating new log.
I20260710 13:25:48.636374 28470 raft_consensus.cc:493] T 31da9b81f065483382f09876f5cb033f P 8b428f6a049e4d7a950ec99a4f8b6669 [term 0 FOLLOWER]: Starting pre-election (no leader contacted us within the election timeout)
I20260710 13:25:48.641196 28466 tablet_bootstrap.cc:492] T a27fa82227a64ce585b3f2f6acfaf057 P c55a981392cf47b2a2116288a261148d: No bootstrap required, opened a new log
I20260710 13:25:48.641116 28470 raft_consensus.cc:515] T 31da9b81f065483382f09876f5cb033f P 8b428f6a049e4d7a950ec99a4f8b6669 [term 0 FOLLOWER]: Starting pre-election with config: opid_index: -1 OBSOLETE_local: false peers { permanent_uuid: "8b428f6a049e4d7a950ec99a4f8b6669" member_type: VOTER last_known_addr { host: "127.26.138.1" port: 38309 } } peers { permanent_uuid: "c55a981392cf47b2a2116288a261148d" member_type: VOTER last_known_addr { host: "127.26.138.2" port: 38555 } } peers { permanent_uuid: "e1ed3be465004beca54cbcf636490219" member_type: VOTER last_known_addr { host: "127.26.138.3" port: 33729 } }
I20260710 13:25:48.641765 28466 ts_tablet_manager.cc:1403] T a27fa82227a64ce585b3f2f6acfaf057 P c55a981392cf47b2a2116288a261148d: Time spent bootstrapping tablet: real 0.057s	user 0.005s	sys 0.019s
I20260710 13:25:48.640442 28468 ts_tablet_manager.cc:1403] T bb0c66e829cc4364a151fde1ad5c2608 P e1ed3be465004beca54cbcf636490219: Time spent bootstrapping tablet: real 0.044s	user 0.013s	sys 0.020s
I20260710 13:25:48.645759 28466 raft_consensus.cc:359] T a27fa82227a64ce585b3f2f6acfaf057 P c55a981392cf47b2a2116288a261148d [term 0 FOLLOWER]: Replica starting. Triggering 0 pending ops. Active config: opid_index: -1 OBSOLETE_local: false peers { permanent_uuid: "8b428f6a049e4d7a950ec99a4f8b6669" member_type: VOTER last_known_addr { host: "127.26.138.1" port: 38309 } } peers { permanent_uuid: "c55a981392cf47b2a2116288a261148d" member_type: VOTER last_known_addr { host: "127.26.138.2" port: 38555 } } peers { permanent_uuid: "e1ed3be465004beca54cbcf636490219" member_type: VOTER last_known_addr { host: "127.26.138.3" port: 33729 } }
