I20260710 13:25:27.002444 27505 raft_consensus.cc:385] T ff4dff7117b04c879c86def76538f5c7 P d042356ced644744b5bb005365786a3a [term 0 FOLLOWER]: Consensus starting up: Expiring failure detector timer to make a prompt election more likely
I20260710 13:25:27.002806 27505 raft_consensus.cc:740] T ff4dff7117b04c879c86def76538f5c7 P d042356ced644744b5bb005365786a3a [term 0 FOLLOWER]: Becoming Follower/Learner. State: Replica: d042356ced644744b5bb005365786a3a, State: Initialized, Role: FOLLOWER
I20260710 13:25:27.003592 27505 consensus_queue.cc:260] T ff4dff7117b04c879c86def76538f5c7 P d042356ced644744b5bb005365786a3a [NON_LEADER]: Queue going to NON_LEADER mode. State: All replicated index: 0, Majority replicated index: 0, Committed index: 0, Last appended: 0.0, Last appended by leader: 0, Current term: 0, Majority size: -1, State: 0, Mode: NON_LEADER, active raft config: opid_index: -1 OBSOLETE_local: false peers { permanent_uuid: "d042356ced644744b5bb005365786a3a" member_type: VOTER last_known_addr { host: "127.26.138.1" port: 41989 } } peers { permanent_uuid: "52351816246643c79167a5647d0f7682" member_type: VOTER last_known_addr { host: "127.26.138.2" port: 32979 } } peers { permanent_uuid: "814164ac0a9d499b9c1a19fb2d5fd0ae" member_type: VOTER last_known_addr { host: "127.26.138.3" port: 33541 } }
I20260710 13:25:27.010411 27503 tablet_bootstrap.cc:492] T b1d5fd527bc841fa96ae223c211a66f1 P 52351816246643c79167a5647d0f7682: No bootstrap required, opened a new log
I20260710 13:25:27.010856 27503 ts_tablet_manager.cc:1403] T b1d5fd527bc841fa96ae223c211a66f1 P 52351816246643c79167a5647d0f7682: Time spent bootstrapping tablet: real 0.019s	user 0.012s	sys 0.003s
I20260710 13:25:27.011173 27504 ts_tablet_manager.cc:1434] T 1b32262b073a4b318e42c14c11d8ea7a P 814164ac0a9d499b9c1a19fb2d5fd0ae: Time spent starting tablet: real 0.027s	user 0.007s	sys 0.006s
I20260710 13:25:27.013414 27485 heartbeater.cc:499] Master 127.26.138.62:44225 was elected leader, sending a full tablet report...
I20260710 13:25:27.013458 27503 raft_consensus.cc:359] T b1d5fd527bc841fa96ae223c211a66f1 P 52351816246643c79167a5647d0f7682 [term 0 FOLLOWER]: Replica starting. Triggering 0 pending ops. Active config: opid_index: -1 OBSOLETE_local: false peers { permanent_uuid: "d042356ced644744b5bb005365786a3a" member_type: VOTER last_known_addr { host: "127.26.138.1" port: 41989 } } peers { permanent_uuid: "52351816246643c79167a5647d0f7682" member_type: VOTER last_known_addr { host: "127.26.138.2" port: 32979 } } peers { permanent_uuid: "814164ac0a9d499b9c1a19fb2d5fd0ae" member_type: VOTER last_known_addr { host: "127.26.138.3" port: 33541 } }
I20260710 13:25:27.014238 27503 raft_consensus.cc:385] T b1d5fd527bc841fa96ae223c211a66f1 P 52351816246643c79167a5647d0f7682 [term 0 FOLLOWER]: Consensus starting up: Expiring failure detector timer to make a prompt election more likely
I20260710 13:25:27.014533 27503 raft_consensus.cc:740] T b1d5fd527bc841fa96ae223c211a66f1 P 52351816246643c79167a5647d0f7682 [term 0 FOLLOWER]: Becoming Follower/Learner. State: Replica: 52351816246643c79167a5647d0f7682, State: Initialized, Role: FOLLOWER
I20260710 13:25:27.015251 27503 consensus_queue.cc:260] T b1d5fd527bc841fa96ae223c211a66f1 P 52351816246643c79167a5647d0f7682 [NON_LEADER]: Queue going to NON_LEADER mode. State: All replicated index: 0, Majority replicated index: 0, Committed index: 0, Last appended: 0.0, Last appended by leader: 0, Current term: 0, Majority size: -1, State: 0, Mode: NON_LEADER, active raft config: opid_index: -1 OBSOLETE_local: false peers { permanent_uuid: "d042356ced644744b5bb005365786a3a" member_type: VOTER last_known_addr { host: "127.26.138.1" port: 41989 } } peers { permanent_uuid: "52351816246643c79167a5647d0f7682" member_type: VOTER last_known_addr { host: "127.26.138.2" port: 32979 } } peers { permanent_uuid: "814164ac0a9d499b9c1a19fb2d5fd0ae" member_type: VOTER last_known_addr { host: "127.26.138.3" port: 33541 } }
I20260710 13:25:27.016124 27505 ts_tablet_manager.cc:1434] T ff4dff7117b04c879c86def76538f5c7 P d042356ced644744b5bb005365786a3a: Time spent starting tablet: real 0.018s	user 0.008s	sys 0.006s
I20260710 13:25:27.016840 27336 heartbeater.cc:499] Master 127.26.138.62:44225 was elected leader, sending a full tablet report...
I20260710 13:25:27.017129 27505 tablet_bootstrap.cc:492] T 8383a152b42a441e9ed619ce36fa2bd5 P d042356ced644744b5bb005365786a3a: Bootstrap starting.
I20260710 13:25:27.017607 27503 ts_tablet_manager.cc:1434] T b1d5fd527bc841fa96ae223c211a66f1 P 52351816246643c79167a5647d0f7682: Time spent starting tablet: real 0.006s	user 0.004s	sys 0.004s
I20260710 13:25:27.018419 27503 tablet_bootstrap.cc:492] T 4633f20cef8a40d78da422173c71321e P 52351816246643c79167a5647d0f7682: Bootstrap starting.
I20260710 13:25:27.024082 27505 tablet_bootstrap.cc:654] T 8383a152b42a441e9ed619ce36fa2bd5 P d042356ced644744b5bb005365786a3a: Neither blocks nor log segments found. Creating new log.
I20260710 13:25:27.024446 27503 tablet_bootstrap.cc:654] T 4633f20cef8a40d78da422173c71321e P 52351816246643c79167a5647d0f7682: Neither blocks nor log segments found. Creating new log.
I20260710 13:25:27.036089 27505 tablet_bootstrap.cc:492] T 8383a152b42a441e9ed619ce36fa2bd5 P d042356ced644744b5bb005365786a3a: No bootstrap required, opened a new log
I20260710 13:25:27.036571 27503 tablet_bootstrap.cc:492] T 4633f20cef8a40d78da422173c71321e P 52351816246643c79167a5647d0f7682: No bootstrap required, opened a new log
I20260710 13:25:27.036600 27505 ts_tablet_manager.cc:1403] T 8383a152b42a441e9ed619ce36fa2bd5 P d042356ced644744b5bb005365786a3a: Time spent bootstrapping tablet: real 0.020s	user 0.012s	sys 0.005s
I20260710 13:25:27.037050 27503 ts_tablet_manager.cc:1403] T 4633f20cef8a40d78da422173c71321e P 52351816246643c79167a5647d0f7682: Time spent bootstrapping tablet: real 0.019s	user 0.010s	sys 0.005s
I20260710 13:25:27.039914 27504 tablet_bootstrap.cc:492] T ff4dff7117b04c879c86def76538f5c7 P 814164ac0a9d499b9c1a19fb2d5fd0ae: Bootstrap starting.
I20260710 13:25:27.040110 27503 raft_consensus.cc:359] T 4633f20cef8a40d78da422173c71321e P 52351816246643c79167a5647d0f7682 [term 0 FOLLOWER]: Replica starting. Triggering 0 pending ops. Active config: opid_index: -1 OBSOLETE_local: false peers { permanent_uuid: "d042356ced644744b5bb005365786a3a" member_type: VOTER last_known_addr { host: "127.26.138.1" port: 41989 } } peers { permanent_uuid: "52351816246643c79167a5647d0f7682" member_type: VOTER last_known_addr { host: "127.26.138.2" port: 32979 } } peers { permanent_uuid: "814164ac0a9d499b9c1a19fb2d5fd0ae" member_type: VOTER last_known_addr { host: "127.26.138.3" port: 33541 } }
I20260710 13:25:27.040397 27505 raft_consensus.cc:359] T 8383a152b42a441e9ed619ce36fa2bd5 P d042356ced644744b5bb005365786a3a [term 0 FOLLOWER]: Replica starting. Triggering 0 pending ops. Active config: opid_index: -1 OBSOLETE_local: false peers { permanent_uuid: "d042356ced644744b5bb005365786a3a" member_type: VOTER last_known_addr { host: "127.26.138.1" port: 41989 } } peers { permanent_uuid: "52351816246643c79167a5647d0f7682" member_type: VOTER last_known_addr { host: "127.26.138.2" port: 32979 } } peers { permanent_uuid: "814164ac0a9d499b9c1a19fb2d5fd0ae" member_type: VOTER last_known_addr { host: "127.26.138.3" port: 33541 } }
I20260710 13:25:27.042238 27503 raft_consensus.cc:385] T 4633f20cef8a40d78da422173c71321e P 52351816246643c79167a5647d0f7682 [term 0 FOLLOWER]: Consensus starting up: Expiring failure detector timer to make a prompt election more likely
I20260710 13:25:27.042382 27505 raft_consensus.cc:385] T 8383a152b42a441e9ed619ce36fa2bd5 P d042356ced644744b5bb005365786a3a [term 0 FOLLOWER]: Consensus starting up: Expiring failure detector timer to make a prompt election more likely
I20260710 13:25:27.042587 27503 raft_consensus.cc:740] T 4633f20cef8a40d78da422173c71321e P 52351816246643c79167a5647d0f7682 [term 0 FOLLOWER]: Becoming Follower/Learner. State: Replica: 52351816246643c79167a5647d0f7682, State: Initialized, Role: FOLLOWER
I20260710 13:25:27.042855 27505 raft_consensus.cc:740] T 8383a152b42a441e9ed619ce36fa2bd5 P d042356ced644744b5bb005365786a3a [term 0 FOLLOWER]: Becoming Follower/Learner. State: Replica: d042356ced644744b5bb005365786a3a, State: Initialized, Role: FOLLOWER
I20260710 13:25:27.043397 27503 consensus_queue.cc:260] T 4633f20cef8a40d78da422173c71321e P 52351816246643c79167a5647d0f7682 [NON_LEADER]: Queue going to NON_LEADER mode. State: All replicated index: 0, Majority replicated index: 0, Committed index: 0, Last appended: 0.0, Last appended by leader: 0, Current term: 0, Majority size: -1, State: 0, Mode: NON_LEADER, active raft config: opid_index: -1 OBSOLETE_local: false peers { permanent_uuid: "d042356ced644744b5bb005365786a3a" member_type: VOTER last_known_addr { host: "127.26.138.1" port: 41989 } } peers { permanent_uuid: "52351816246643c79167a5647d0f7682" member_type: VOTER last_known_addr { host: "127.26.138.2" port: 32979 } } peers { permanent_uuid: "814164ac0a9d499b9c1a19fb2d5fd0ae" member_type: VOTER last_known_addr { host: "127.26.138.3" port: 33541 } }
I20260710 13:25:27.043807 27505 consensus_queue.cc:260] T 8383a152b42a441e9ed619ce36fa2bd5 P d042356ced644744b5bb005365786a3a [NON_LEADER]: Queue going to NON_LEADER mode. State: All replicated index: 0, Majority replicated index: 0, Committed index: 0, Last appended: 0.0, Last appended by leader: 0, Current term: 0, Majority size: -1, State: 0, Mode: NON_LEADER, active raft config: opid_index: -1 OBSOLETE_local: false peers { permanent_uuid: "d042356ced644744b5bb005365786a3a" member_type: VOTER last_known_addr { host: "127.26.138.1" port: 41989 } } peers { permanent_uuid: "52351816246643c79167a5647d0f7682" member_type: VOTER last_known_addr { host: "127.26.138.2" port: 32979 } } peers { permanent_uuid: "814164ac0a9d499b9c1a19fb2d5fd0ae" member_type: VOTER last_known_addr { host: "127.26.138.3" port: 33541 } }
I20260710 13:25:27.045768 27503 ts_tablet_manager.cc:1434] T 4633f20cef8a40d78da422173c71321e P 52351816246643c79167a5647d0f7682: Time spent starting tablet: real 0.008s	user 0.007s	sys 0.000s
I20260710 13:25:27.046413 27505 ts_tablet_manager.cc:1434] T 8383a152b42a441e9ed619ce36fa2bd5 P d042356ced644744b5bb005365786a3a: Time spent starting tablet: real 0.009s	user 0.004s	sys 0.003s
I20260710 13:25:27.046655 27503 tablet_bootstrap.cc:492] T 21ff74e891984873a4f060c3688f5a60 P 52351816246643c79167a5647d0f7682: Bootstrap starting.
I20260710 13:25:27.047411 27505 tablet_bootstrap.cc:492] T 21ff74e891984873a4f060c3688f5a60 P d042356ced644744b5bb005365786a3a: Bootstrap starting.
I20260710 13:25:27.049811 27509 raft_consensus.cc:493] T 475575cbef814d168b91ebe55cbe0c54 P 52351816246643c79167a5647d0f7682 [term 0 FOLLOWER]: Starting pre-election (no leader contacted us within the election timeout)
I20260710 13:25:27.050246 27509 raft_consensus.cc:515] T 475575cbef814d168b91ebe55cbe0c54 P 52351816246643c79167a5647d0f7682 [term 0 FOLLOWER]: Starting pre-election with config: opid_index: -1 OBSOLETE_local: false peers { permanent_uuid: "d042356ced644744b5bb005365786a3a" member_type: VOTER last_known_addr { host: "127.26.138.1" port: 41989 } } peers { permanent_uuid: "52351816246643c79167a5647d0f7682" member_type: VOTER last_known_addr { host: "127.26.138.2" port: 32979 } } peers { permanent_uuid: "814164ac0a9d499b9c1a19fb2d5fd0ae" member_type: VOTER last_known_addr { host: "127.26.138.3" port: 33541 } }
I20260710 13:25:27.053159 27509 leader_election.cc:290] T 475575cbef814d168b91ebe55cbe0c54 P 52351816246643c79167a5647d0f7682 [CANDIDATE]: Term 1 pre-election: Requested pre-vote from peers d042356ced644744b5bb005365786a3a (127.26.138.1:41989), 814164ac0a9d499b9c1a19fb2d5fd0ae (127.26.138.3:33541)
I20260710 13:25:27.057294 27503 tablet_bootstrap.cc:654] T 21ff74e891984873a4f060c3688f5a60 P 52351816246643c79167a5647d0f7682: Neither blocks nor log segments found. Creating new log.
I20260710 13:25:27.062952 27505 tablet_bootstrap.cc:654] T 21ff74e891984873a4f060c3688f5a60 P d042356ced644744b5bb005365786a3a: Neither blocks nor log segments found. Creating new log.
I20260710 13:25:27.068611 27503 tablet_bootstrap.cc:492] T 21ff74e891984873a4f060c3688f5a60 P 52351816246643c79167a5647d0f7682: No bootstrap required, opened a new log
I20260710 13:25:27.069054 27503 ts_tablet_manager.cc:1403] T 21ff74e891984873a4f060c3688f5a60 P 52351816246643c79167a5647d0f7682: Time spent bootstrapping tablet: real 0.023s	user 0.009s	sys 0.007s
I20260710 13:25:27.069541 27509 raft_consensus.cc:493] T b1d5fd527bc841fa96ae223c211a66f1 P 52351816246643c79167a5647d0f7682 [term 0 FOLLOWER]: Starting pre-election (no leader contacted us within the election timeout)
I20260710 13:25:27.069975 27509 raft_consensus.cc:515] T b1d5fd527bc841fa96ae223c211a66f1 P 52351816246643c79167a5647d0f7682 [term 0 FOLLOWER]: Starting pre-election with config: opid_index: -1 OBSOLETE_local: false peers { permanent_uuid: "d042356ced644744b5bb005365786a3a" member_type: VOTER last_known_addr { host: "127.26.138.1" port: 41989 } } peers { permanent_uuid: "52351816246643c79167a5647d0f7682" member_type: VOTER last_known_addr { host: "127.26.138.2" port: 32979 } } peers { permanent_uuid: "814164ac0a9d499b9c1a19fb2d5fd0ae" member_type: VOTER last_known_addr { host: "127.26.138.3" port: 33541 } }
I20260710 13:25:27.071866 27509 leader_election.cc:290] T b1d5fd527bc841fa96ae223c211a66f1 P 52351816246643c79167a5647d0f7682 [CANDIDATE]: Term 1 pre-election: Requested pre-vote from peers d042356ced644744b5bb005365786a3a (127.26.138.1:41989), 814164ac0a9d499b9c1a19fb2d5fd0ae (127.26.138.3:33541)
I20260710 13:25:27.074556 27503 raft_consensus.cc:359] T 21ff74e891984873a4f060c3688f5a60 P 52351816246643c79167a5647d0f7682 [term 0 FOLLOWER]: Replica starting. Triggering 0 pending ops. Active config: opid_index: -1 OBSOLETE_local: false peers { permanent_uuid: "52351816246643c79167a5647d0f7682" member_type: VOTER last_known_addr { host: "127.26.138.2" port: 32979 } } peers { permanent_uuid: "814164ac0a9d499b9c1a19fb2d5fd0ae" member_type: VOTER last_known_addr { host: "127.26.138.3" port: 33541 } } peers { permanent_uuid: "d042356ced644744b5bb005365786a3a" member_type: VOTER last_known_addr { host: "127.26.138.1" port: 41989 } }
I20260710 13:25:27.075253 27503 raft_consensus.cc:385] T 21ff74e891984873a4f060c3688f5a60 P 52351816246643c79167a5647d0f7682 [term 0 FOLLOWER]: Consensus starting up: Expiring failure detector timer to make a prompt election more likely
I20260710 13:25:27.075560 27503 raft_consensus.cc:740] T 21ff74e891984873a4f060c3688f5a60 P 52351816246643c79167a5647d0f7682 [term 0 FOLLOWER]: Becoming Follower/Learner. State: Replica: 52351816246643c79167a5647d0f7682, State: Initialized, Role: FOLLOWER
I20260710 13:25:27.076143 27503 consensus_queue.cc:260] T 21ff74e891984873a4f060c3688f5a60 P 52351816246643c79167a5647d0f7682 [NON_LEADER]: Queue going to NON_LEADER mode. State: All replicated index: 0, Majority replicated index: 0, Committed index: 0, Last appended: 0.0, Last appended by leader: 0, Current term: 0, Majority size: -1, State: 0, Mode: NON_LEADER, active raft config: opid_index: -1 OBSOLETE_local: false peers { permanent_uuid: "52351816246643c79167a5647d0f7682" member_type: VOTER last_known_addr { host: "127.26.138.2" port: 32979 } } peers { permanent_uuid: "814164ac0a9d499b9c1a19fb2d5fd0ae" member_type: VOTER last_known_addr { host: "127.26.138.3" port: 33541 } } peers { permanent_uuid: "d042356ced644744b5bb005365786a3a" member_type: VOTER last_known_addr { host: "127.26.138.1" port: 41989 } }
I20260710 13:25:27.078579 27503 ts_tablet_manager.cc:1434] T 21ff74e891984873a4f060c3688f5a60 P 52351816246643c79167a5647d0f7682: Time spent starting tablet: real 0.009s	user 0.007s	sys 0.000s
I20260710 13:25:27.079485 27503 tablet_bootstrap.cc:492] T 1b32262b073a4b318e42c14c11d8ea7a P 52351816246643c79167a5647d0f7682: Bootstrap starting.
I20260710 13:25:27.085688 27503 tablet_bootstrap.cc:654] T 1b32262b073a4b318e42c14c11d8ea7a P 52351816246643c79167a5647d0f7682: Neither blocks nor log segments found. Creating new log.
I20260710 13:25:27.085774 27504 tablet_bootstrap.cc:654] T ff4dff7117b04c879c86def76538f5c7 P 814164ac0a9d499b9c1a19fb2d5fd0ae: Neither blocks nor log segments found. Creating new log.
I20260710 13:25:27.087442 27505 tablet_bootstrap.cc:492] T 21ff74e891984873a4f060c3688f5a60 P d042356ced644744b5bb005365786a3a: No bootstrap required, opened a new log
I20260710 13:25:27.088011 27505 ts_tablet_manager.cc:1403] T 21ff74e891984873a4f060c3688f5a60 P d042356ced644744b5bb005365786a3a: Time spent bootstrapping tablet: real 0.041s	user 0.013s	sys 0.000s
W20260710 13:25:27.090267 27412 tablet.cc:2406] T 21ff74e891984873a4f060c3688f5a60 P 52351816246643c79167a5647d0f7682: Can't schedule compaction. Clean time has not been advanced past its initial value.
I20260710 13:25:27.095942 27310 tablet_service.cc:1917] Received RequestConsensusVote() RPC: tablet_id: "b1d5fd527bc841fa96ae223c211a66f1" candidate_uuid: "52351816246643c79167a5647d0f7682" candidate_term: 1 candidate_status { last_received { term: 0 index: 0 } } ignore_live_leader: false dest_uuid: "d042356ced644744b5bb005365786a3a" is_pre_election: true
I20260710 13:25:27.098016 27311 tablet_service.cc:1917] Received RequestConsensusVote() RPC: tablet_id: "475575cbef814d168b91ebe55cbe0c54" candidate_uuid: "52351816246643c79167a5647d0f7682" candidate_term: 1 candidate_status { last_received { term: 0 index: 0 } } ignore_live_leader: false dest_uuid: "d042356ced644744b5bb005365786a3a" is_pre_election: true
W20260710 13:25:27.100029 27350 leader_election.cc:343] T b1d5fd527bc841fa96ae223c211a66f1 P 52351816246643c79167a5647d0f7682 [CANDIDATE]: Term 1 pre-election: Tablet error from VoteRequest() call to peer d042356ced644744b5bb005365786a3a (127.26.138.1:41989): Illegal state: must be running to vote when last-logged opid is not known
W20260710 13:25:27.100800 27350 leader_election.cc:343] T 475575cbef814d168b91ebe55cbe0c54 P 52351816246643c79167a5647d0f7682 [CANDIDATE]: Term 1 pre-election: Tablet error from VoteRequest() call to peer d042356ced644744b5bb005365786a3a (127.26.138.1:41989): Illegal state: must be running to vote when last-logged opid is not known
I20260710 13:25:27.102079 27505 raft_consensus.cc:359] T 21ff74e891984873a4f060c3688f5a60 P d042356ced644744b5bb005365786a3a [term 0 FOLLOWER]: Replica starting. Triggering 0 pending ops. Active config: opid_index: -1 OBSOLETE_local: false peers { permanent_uuid: "52351816246643c79167a5647d0f7682" member_type: VOTER last_known_addr { host: "127.26.138.2" port: 32979 } } peers { permanent_uuid: "814164ac0a9d499b9c1a19fb2d5fd0ae" member_type: VOTER last_known_addr { host: "127.26.138.3" port: 33541 } } peers { permanent_uuid: "d042356ced644744b5bb005365786a3a" member_type: VOTER last_known_addr { host: "127.26.138.1" port: 41989 } }
I20260710 13:25:27.106464 27505 raft_consensus.cc:385] T 21ff74e891984873a4f060c3688f5a60 P d042356ced644744b5bb005365786a3a [term 0 FOLLOWER]: Consensus starting up: Expiring failure detector timer to make a prompt election more likely
I20260710 13:25:27.106837 27505 raft_consensus.cc:740] T 21ff74e891984873a4f060c3688f5a60 P d042356ced644744b5bb005365786a3a [term 0 FOLLOWER]: Becoming Follower/Learner. State: Replica: d042356ced644744b5bb005365786a3a, State: Initialized, Role: FOLLOWER
I20260710 13:25:27.107705 27505 consensus_queue.cc:260] T 21ff74e891984873a4f060c3688f5a60 P d042356ced644744b5bb005365786a3a [NON_LEADER]: Queue going to NON_LEADER mode. State: All replicated index: 0, Majority replicated index: 0, Committed index: 0, Last appended: 0.0, Last appended by leader: 0, Current term: 0, Majority size: -1, State: 0, Mode: NON_LEADER, active raft config: opid_index: -1 OBSOLETE_local: false peers { permanent_uuid: "52351816246643c79167a5647d0f7682" member_type: VOTER last_known_addr { host: "127.26.138.2" port: 32979 } } peers { permanent_uuid: "814164ac0a9d499b9c1a19fb2d5fd0ae" member_type: VOTER last_known_addr { host: "127.26.138.3" port: 33541 } } peers { permanent_uuid: "d042356ced644744b5bb005365786a3a" member_type: VOTER last_known_addr { host: "127.26.138.1" port: 41989 } }
I20260710 13:25:27.110633 27505 ts_tablet_manager.cc:1434] T 21ff74e891984873a4f060c3688f5a60 P d042356ced644744b5bb005365786a3a: Time spent starting tablet: real 0.022s	user 0.006s	sys 0.001s
I20260710 13:25:27.111732 27505 tablet_bootstrap.cc:492] T 4633f20cef8a40d78da422173c71321e P d042356ced644744b5bb005365786a3a: Bootstrap starting.
I20260710 13:25:27.113121 27504 tablet_bootstrap.cc:492] T ff4dff7117b04c879c86def76538f5c7 P 814164ac0a9d499b9c1a19fb2d5fd0ae: No bootstrap required, opened a new log
I20260710 13:25:27.113602 27504 ts_tablet_manager.cc:1403] T ff4dff7117b04c879c86def76538f5c7 P 814164ac0a9d499b9c1a19fb2d5fd0ae: Time spent bootstrapping tablet: real 0.074s	user 0.020s	sys 0.000s
I20260710 13:25:27.117091 27503 tablet_bootstrap.cc:492] T 1b32262b073a4b318e42c14c11d8ea7a P 52351816246643c79167a5647d0f7682: No bootstrap required, opened a new log
I20260710 13:25:27.117565 27503 ts_tablet_manager.cc:1403] T 1b32262b073a4b318e42c14c11d8ea7a P 52351816246643c79167a5647d0f7682: Time spent bootstrapping tablet: real 0.038s	user 0.009s	sys 0.012s
I20260710 13:25:27.118906 27460 tablet_service.cc:1917] Received RequestConsensusVote() RPC: tablet_id: "475575cbef814d168b91ebe55cbe0c54" candidate_uuid: "52351816246643c79167a5647d0f7682" candidate_term: 1 candidate_status { last_received { term: 0 index: 0 } } ignore_live_leader: false dest_uuid: "814164ac0a9d499b9c1a19fb2d5fd0ae" is_pre_election: true
I20260710 13:25:27.120355 27459 tablet_service.cc:1917] Received RequestConsensusVote() RPC: tablet_id: "b1d5fd527bc841fa96ae223c211a66f1" candidate_uuid: "52351816246643c79167a5647d0f7682" candidate_term: 1 candidate_status { last_received { term: 0 index: 0 } } ignore_live_leader: false dest_uuid: "814164ac0a9d499b9c1a19fb2d5fd0ae" is_pre_election: true
W20260710 13:25:27.121515 27349 leader_election.cc:343] T 475575cbef814d168b91ebe55cbe0c54 P 52351816246643c79167a5647d0f7682 [CANDIDATE]: Term 1 pre-election: Tablet error from VoteRequest() call to peer 814164ac0a9d499b9c1a19fb2d5fd0ae (127.26.138.3:33541): Illegal state: must be running to vote when last-logged opid is not known
I20260710 13:25:27.122702 27349 leader_election.cc:304] T 475575cbef814d168b91ebe55cbe0c54 P 52351816246643c79167a5647d0f7682 [CANDIDATE]: Term 1 pre-election: Election decided. Result: candidate lost. Election summary: received 3 responses out of 3 voters: 1 yes votes; 2 no votes. yes voters: 52351816246643c79167a5647d0f7682; no voters: 814164ac0a9d499b9c1a19fb2d5fd0ae, d042356ced644744b5bb005365786a3a
I20260710 13:25:27.123548 27509 raft_consensus.cc:2749] T 475575cbef814d168b91ebe55cbe0c54 P 52351816246643c79167a5647d0f7682 [term 0 FOLLOWER]: Leader pre-election lost for term 1. Reason: could not achieve majority
I20260710 13:25:27.122804 27503 raft_consensus.cc:359] T 1b32262b073a4b318e42c14c11d8ea7a P 52351816246643c79167a5647d0f7682 [term 0 FOLLOWER]: Replica starting. Triggering 0 pending ops. Active config: opid_index: -1 OBSOLETE_local: false peers { permanent_uuid: "d042356ced644744b5bb005365786a3a" member_type: VOTER last_known_addr { host: "127.26.138.1" port: 41989 } } peers { permanent_uuid: "52351816246643c79167a5647d0f7682" member_type: VOTER last_known_addr { host: "127.26.138.2" port: 32979 } } peers { permanent_uuid: "814164ac0a9d499b9c1a19fb2d5fd0ae" member_type: VOTER last_known_addr { host: "127.26.138.3" port: 33541 } }
W20260710 13:25:27.124148 27349 leader_election.cc:343] T b1d5fd527bc841fa96ae223c211a66f1 P 52351816246643c79167a5647d0f7682 [CANDIDATE]: Term 1 pre-election: Tablet error from VoteRequest() call to peer 814164ac0a9d499b9c1a19fb2d5fd0ae (127.26.138.3:33541): Illegal state: must be running to vote when last-logged opid is not known
I20260710 13:25:27.124432 27503 raft_consensus.cc:385] T 1b32262b073a4b318e42c14c11d8ea7a P 52351816246643c79167a5647d0f7682 [term 0 FOLLOWER]: Consensus starting up: Expiring failure detector timer to make a prompt election more likely
I20260710 13:25:27.125061 27512 raft_consensus.cc:493] T ff4dff7117b04c879c86def76538f5c7 P d042356ced644744b5bb005365786a3a [term 0 FOLLOWER]: Starting pre-election (no leader contacted us within the election timeout)
I20260710 13:25:27.125478 27349 leader_election.cc:304] T b1d5fd527bc841fa96ae223c211a66f1 P 52351816246643c79167a5647d0f7682 [CANDIDATE]: Term 1 pre-election: Election decided. Result: candidate lost. Election summary: received 3 responses out of 3 voters: 1 yes votes; 2 no votes. yes voters: 52351816246643c79167a5647d0f7682; no voters: 814164ac0a9d499b9c1a19fb2d5fd0ae, d042356ced644744b5bb005365786a3a
I20260710 13:25:27.125690 27512 raft_consensus.cc:515] T ff4dff7117b04c879c86def76538f5c7 P d042356ced644744b5bb005365786a3a [term 0 FOLLOWER]: Starting pre-election with config: opid_index: -1 OBSOLETE_local: false peers { permanent_uuid: "d042356ced644744b5bb005365786a3a" member_type: VOTER last_known_addr { host: "127.26.138.1" port: 41989 } } peers { permanent_uuid: "52351816246643c79167a5647d0f7682" member_type: VOTER last_known_addr { host: "127.26.138.2" port: 32979 } } peers { permanent_uuid: "814164ac0a9d499b9c1a19fb2d5fd0ae" member_type: VOTER last_known_addr { host: "127.26.138.3" port: 33541 } }
I20260710 13:25:27.127408 27504 raft_consensus.cc:359] T ff4dff7117b04c879c86def76538f5c7 P 814164ac0a9d499b9c1a19fb2d5fd0ae [term 0 FOLLOWER]: Replica starting. Triggering 0 pending ops. Active config: opid_index: -1 OBSOLETE_local: false peers { permanent_uuid: "d042356ced644744b5bb005365786a3a" member_type: VOTER last_known_addr { host: "127.26.138.1" port: 41989 } } peers { permanent_uuid: "52351816246643c79167a5647d0f7682" member_type: VOTER last_known_addr { host: "127.26.138.2" port: 32979 } } peers { permanent_uuid: "814164ac0a9d499b9c1a19fb2d5fd0ae" member_type: VOTER last_known_addr { host: "127.26.138.3" port: 33541 } }
I20260710 13:25:27.128094 27504 raft_consensus.cc:385] T ff4dff7117b04c879c86def76538f5c7 P 814164ac0a9d499b9c1a19fb2d5fd0ae [term 0 FOLLOWER]: Consensus starting up: Expiring failure detector timer to make a prompt election more likely
I20260710 13:25:27.128347 27509 raft_consensus.cc:2749] T b1d5fd527bc841fa96ae223c211a66f1 P 52351816246643c79167a5647d0f7682 [term 0 FOLLOWER]: Leader pre-election lost for term 1. Reason: could not achieve majority
I20260710 13:25:27.128387 27504 raft_consensus.cc:740] T ff4dff7117b04c879c86def76538f5c7 P 814164ac0a9d499b9c1a19fb2d5fd0ae [term 0 FOLLOWER]: Becoming Follower/Learner. State: Replica: 814164ac0a9d499b9c1a19fb2d5fd0ae, State: Initialized, Role: FOLLOWER
I20260710 13:25:27.129292 27512 leader_election.cc:290] T ff4dff7117b04c879c86def76538f5c7 P d042356ced644744b5bb005365786a3a [CANDIDATE]: Term 1 pre-election: Requested pre-vote from peers 52351816246643c79167a5647d0f7682 (127.26.138.2:32979), 814164ac0a9d499b9c1a19fb2d5fd0ae (127.26.138.3:33541)
I20260710 13:25:27.129791 27503 raft_consensus.cc:740] T 1b32262b073a4b318e42c14c11d8ea7a P 52351816246643c79167a5647d0f7682 [term 0 FOLLOWER]: Becoming Follower/Learner. State: Replica: 52351816246643c79167a5647d0f7682, State: Initialized, Role: FOLLOWER
I20260710 13:25:27.129792 27504 consensus_queue.cc:260] T ff4dff7117b04c879c86def76538f5c7 P 814164ac0a9d499b9c1a19fb2d5fd0ae [NON_LEADER]: Queue going to NON_LEADER mode. State: All replicated index: 0, Majority replicated index: 0, Committed index: 0, Last appended: 0.0, Last appended by leader: 0, Current term: 0, Majority size: -1, State: 0, Mode: NON_LEADER, active raft config: opid_index: -1 OBSOLETE_local: false peers { permanent_uuid: "d042356ced644744b5bb005365786a3a" member_type: VOTER last_known_addr { host: "127.26.138.1" port: 41989 } } peers { permanent_uuid: "52351816246643c79167a5647d0f7682" member_type: VOTER last_known_addr { host: "127.26.138.2" port: 32979 } } peers { permanent_uuid: "814164ac0a9d499b9c1a19fb2d5fd0ae" member_type: VOTER last_known_addr { host: "127.26.138.3" port: 33541 } }
I20260710 13:25:27.130865 27503 consensus_queue.cc:260] T 1b32262b073a4b318e42c14c11d8ea7a P 52351816246643c79167a5647d0f7682 [NON_LEADER]: Queue going to NON_LEADER mode. State: All replicated index: 0, Majority replicated index: 0, Committed index: 0, Last appended: 0.0, Last appended by leader: 0, Current term: 0, Majority size: -1, State: 0, Mode: NON_LEADER, active raft config: opid_index: -1 OBSOLETE_local: false peers { permanent_uuid: "d042356ced644744b5bb005365786a3a" member_type: VOTER last_known_addr { host: "127.26.138.1" port: 41989 } } peers { permanent_uuid: "52351816246643c79167a5647d0f7682" member_type: VOTER last_known_addr { host: "127.26.138.2" port: 32979 } } peers { permanent_uuid: "814164ac0a9d499b9c1a19fb2d5fd0ae" member_type: VOTER last_known_addr { host: "127.26.138.3" port: 33541 } }
I20260710 13:25:27.132072 27504 ts_tablet_manager.cc:1434] T ff4dff7117b04c879c86def76538f5c7 P 814164ac0a9d499b9c1a19fb2d5fd0ae: Time spent starting tablet: real 0.018s	user 0.008s	sys 0.001s
I20260710 13:25:27.132934 27504 tablet_bootstrap.cc:492] T 21ff74e891984873a4f060c3688f5a60 P 814164ac0a9d499b9c1a19fb2d5fd0ae: Bootstrap starting.
I20260710 13:25:27.133438 27503 ts_tablet_manager.cc:1434] T 1b32262b073a4b318e42c14c11d8ea7a P 52351816246643c79167a5647d0f7682: Time spent starting tablet: real 0.016s	user 0.008s	sys 0.000s
I20260710 13:25:27.134379 27503 tablet_bootstrap.cc:492] T 9b6d31ec66464fff9be3fca82025beb7 P 52351816246643c79167a5647d0f7682: Bootstrap starting.
I20260710 13:25:27.135943 27509 raft_consensus.cc:493] T 4633f20cef8a40d78da422173c71321e P 52351816246643c79167a5647d0f7682 [term 0 FOLLOWER]: Starting pre-election (no leader contacted us within the election timeout)
I20260710 13:25:27.136386 27509 raft_consensus.cc:515] T 4633f20cef8a40d78da422173c71321e P 52351816246643c79167a5647d0f7682 [term 0 FOLLOWER]: Starting pre-election with config: opid_index: -1 OBSOLETE_local: false peers { permanent_uuid: "d042356ced644744b5bb005365786a3a" member_type: VOTER last_known_addr { host: "127.26.138.1" port: 41989 } } peers { permanent_uuid: "52351816246643c79167a5647d0f7682" member_type: VOTER last_known_addr { host: "127.26.138.2" port: 32979 } } peers { permanent_uuid: "814164ac0a9d499b9c1a19fb2d5fd0ae" member_type: VOTER last_known_addr { host: "127.26.138.3" port: 33541 } }
I20260710 13:25:27.138316 27509 leader_election.cc:290] T 4633f20cef8a40d78da422173c71321e P 52351816246643c79167a5647d0f7682 [CANDIDATE]: Term 1 pre-election: Requested pre-vote from peers d042356ced644744b5bb005365786a3a (127.26.138.1:41989), 814164ac0a9d499b9c1a19fb2d5fd0ae (127.26.138.3:33541)
I20260710 13:25:27.140765 27459 tablet_service.cc:1917] Received RequestConsensusVote() RPC: tablet_id: "4633f20cef8a40d78da422173c71321e" candidate_uuid: "52351816246643c79167a5647d0f7682" candidate_term: 1 candidate_status { last_received { term: 0 index: 0 } } ignore_live_leader: false dest_uuid: "814164ac0a9d499b9c1a19fb2d5fd0ae" is_pre_election: true
W20260710 13:25:27.144246 27349 leader_election.cc:343] T 4633f20cef8a40d78da422173c71321e P 52351816246643c79167a5647d0f7682 [CANDIDATE]: Term 1 pre-election: Tablet error from VoteRequest() call to peer 814164ac0a9d499b9c1a19fb2d5fd0ae (127.26.138.3:33541): Illegal state: must be running to vote when last-logged opid is not known
I20260710 13:25:27.145294 27505 tablet_bootstrap.cc:654] T 4633f20cef8a40d78da422173c71321e P d042356ced644744b5bb005365786a3a: Neither blocks nor log segments found. Creating new log.
I20260710 13:25:27.148072 27503 tablet_bootstrap.cc:654] T 9b6d31ec66464fff9be3fca82025beb7 P 52351816246643c79167a5647d0f7682: Neither blocks nor log segments found. Creating new log.
I20260710 13:25:27.151180 27504 tablet_bootstrap.cc:654] T 21ff74e891984873a4f060c3688f5a60 P 814164ac0a9d499b9c1a19fb2d5fd0ae: Neither blocks nor log segments found. Creating new log.
I20260710 13:25:27.158833 27311 tablet_service.cc:1917] Received RequestConsensusVote() RPC: tablet_id: "4633f20cef8a40d78da422173c71321e" candidate_uuid: "52351816246643c79167a5647d0f7682" candidate_term: 1 candidate_status { last_received { term: 0 index: 0 } } ignore_live_leader: false dest_uuid: "d042356ced644744b5bb005365786a3a" is_pre_election: true
W20260710 13:25:27.161279 27350 leader_election.cc:343] T 4633f20cef8a40d78da422173c71321e P 52351816246643c79167a5647d0f7682 [CANDIDATE]: Term 1 pre-election: Tablet error from VoteRequest() call to peer d042356ced644744b5bb005365786a3a (127.26.138.1:41989): Illegal state: must be running to vote when last-logged opid is not known
I20260710 13:25:27.161731 27350 leader_election.cc:304] T 4633f20cef8a40d78da422173c71321e P 52351816246643c79167a5647d0f7682 [CANDIDATE]: Term 1 pre-election: Election decided. Result: candidate lost. Election summary: received 3 responses out of 3 voters: 1 yes votes; 2 no votes. yes voters: 52351816246643c79167a5647d0f7682; no voters: 814164ac0a9d499b9c1a19fb2d5fd0ae, d042356ced644744b5bb005365786a3a
I20260710 13:25:27.163192 27509 raft_consensus.cc:2749] T 4633f20cef8a40d78da422173c71321e P 52351816246643c79167a5647d0f7682 [term 0 FOLLOWER]: Leader pre-election lost for term 1. Reason: could not achieve majority
I20260710 13:25:27.169739 27505 tablet_bootstrap.cc:492] T 4633f20cef8a40d78da422173c71321e P d042356ced644744b5bb005365786a3a: No bootstrap required, opened a new log
I20260710 13:25:27.170420 27505 ts_tablet_manager.cc:1403] T 4633f20cef8a40d78da422173c71321e P d042356ced644744b5bb005365786a3a: Time spent bootstrapping tablet: real 0.059s	user 0.009s	sys 0.004s
I20260710 13:25:27.171838 27504 tablet_bootstrap.cc:492] T 21ff74e891984873a4f060c3688f5a60 P 814164ac0a9d499b9c1a19fb2d5fd0ae: No bootstrap required, opened a new log
I20260710 13:25:27.172314 27504 ts_tablet_manager.cc:1403] T 21ff74e891984873a4f060c3688f5a60 P 814164ac0a9d499b9c1a19fb2d5fd0ae: Time spent bootstrapping tablet: real 0.040s	user 0.014s	sys 0.002s
I20260710 13:25:27.174389 27503 tablet_bootstrap.cc:492] T 9b6d31ec66464fff9be3fca82025beb7 P 52351816246643c79167a5647d0f7682: No bootstrap required, opened a new log
I20260710 13:25:27.174866 27505 raft_consensus.cc:359] T 4633f20cef8a40d78da422173c71321e P d042356ced644744b5bb005365786a3a [term 0 FOLLOWER]: Replica starting. Triggering 0 pending ops. Active config: opid_index: -1 OBSOLETE_local: false peers { permanent_uuid: "d042356ced644744b5bb005365786a3a" member_type: VOTER last_known_addr { host: "127.26.138.1" port: 41989 } } peers { permanent_uuid: "52351816246643c79167a5647d0f7682" member_type: VOTER last_known_addr { host: "127.26.138.2" port: 32979 } } peers { permanent_uuid: "814164ac0a9d499b9c1a19fb2d5fd0ae" member_type: VOTER last_known_addr { host: "127.26.138.3" port: 33541 } }
I20260710 13:25:27.175675 27505 raft_consensus.cc:385] T 4633f20cef8a40d78da422173c71321e P d042356ced644744b5bb005365786a3a [term 0 FOLLOWER]: Consensus starting up: Expiring failure detector timer to make a prompt election more likely
I20260710 13:25:27.176002 27505 raft_consensus.cc:740] T 4633f20cef8a40d78da422173c71321e P d042356ced644744b5bb005365786a3a [term 0 FOLLOWER]: Becoming Follower/Learner. State: Replica: d042356ced644744b5bb005365786a3a, State: Initialized, Role: FOLLOWER
I20260710 13:25:27.176729 27505 consensus_queue.cc:260] T 4633f20cef8a40d78da422173c71321e P d042356ced644744b5bb005365786a3a [NON_LEADER]: Queue going to NON_LEADER mode. State: All replicated index: 0, Majority replicated index: 0, Committed index: 0, Last appended: 0.0, Last appended by leader: 0, Current term: 0, Majority size: -1, State: 0, Mode: NON_LEADER, active raft config: opid_index: -1 OBSOLETE_local: false peers { permanent_uuid: "d042356ced644744b5bb005365786a3a" member_type: VOTER last_known_addr { host: "127.26.138.1" port: 41989 } } peers { permanent_uuid: "52351816246643c79167a5647d0f7682" member_type: VOTER last_known_addr { host: "127.26.138.2" port: 32979 } } peers { permanent_uuid: "814164ac0a9d499b9c1a19fb2d5fd0ae" member_type: VOTER last_known_addr { host: "127.26.138.3" port: 33541 } }
I20260710 13:25:27.177656 27504 raft_consensus.cc:359] T 21ff74e891984873a4f060c3688f5a60 P 814164ac0a9d499b9c1a19fb2d5fd0ae [term 0 FOLLOWER]: Replica starting. Triggering 0 pending ops. Active config: opid_index: -1 OBSOLETE_local: false peers { permanent_uuid: "52351816246643c79167a5647d0f7682" member_type: VOTER last_known_addr { host: "127.26.138.2" port: 32979 } } peers { permanent_uuid: "814164ac0a9d499b9c1a19fb2d5fd0ae" member_type: VOTER last_known_addr { host: "127.26.138.3" port: 33541 } } peers { permanent_uuid: "d042356ced644744b5bb005365786a3a" member_type: VOTER last_known_addr { host: "127.26.138.1" port: 41989 } }
I20260710 13:25:27.178342 27504 raft_consensus.cc:385] T 21ff74e891984873a4f060c3688f5a60 P 814164ac0a9d499b9c1a19fb2d5fd0ae [term 0 FOLLOWER]: Consensus starting up: Expiring failure detector timer to make a prompt election more likely
I20260710 13:25:27.178625 27504 raft_consensus.cc:740] T 21ff74e891984873a4f060c3688f5a60 P 814164ac0a9d499b9c1a19fb2d5fd0ae [term 0 FOLLOWER]: Becoming Follower/Learner. State: Replica: 814164ac0a9d499b9c1a19fb2d5fd0ae, State: Initialized, Role: FOLLOWER
I20260710 13:25:27.179302 27504 consensus_queue.cc:260] T 21ff74e891984873a4f060c3688f5a60 P 814164ac0a9d499b9c1a19fb2d5fd0ae [NON_LEADER]: Queue going to NON_LEADER mode. State: All replicated index: 0, Majority replicated index: 0, Committed index: 0, Last appended: 0.0, Last appended by leader: 0, Current term: 0, Majority size: -1, State: 0, Mode: NON_LEADER, active raft config: opid_index: -1 OBSOLETE_local: false peers { permanent_uuid: "52351816246643c79167a5647d0f7682" member_type: VOTER last_known_addr { host: "127.26.138.2" port: 32979 } } peers { permanent_uuid: "814164ac0a9d499b9c1a19fb2d5fd0ae" member_type: VOTER last_known_addr { host: "127.26.138.3" port: 33541 } } peers { permanent_uuid: "d042356ced644744b5bb005365786a3a" member_type: VOTER last_known_addr { host: "127.26.138.1" port: 41989 } }
I20260710 13:25:27.181102 27505 ts_tablet_manager.cc:1434] T 4633f20cef8a40d78da422173c71321e P d042356ced644744b5bb005365786a3a: Time spent starting tablet: real 0.010s	user 0.006s	sys 0.000s
I20260710 13:25:27.181438 27504 ts_tablet_manager.cc:1434] T 21ff74e891984873a4f060c3688f5a60 P 814164ac0a9d499b9c1a19fb2d5fd0ae: Time spent starting tablet: real 0.009s	user 0.004s	sys 0.003s
I20260710 13:25:27.174860 27503 ts_tablet_manager.cc:1403] T 9b6d31ec66464fff9be3fca82025beb7 P 52351816246643c79167a5647d0f7682: Time spent bootstrapping tablet: real 0.041s	user 0.016s	sys 0.003s
I20260710 13:25:27.182515 27504 tablet_bootstrap.cc:492] T b1d5fd527bc841fa96ae223c211a66f1 P 814164ac0a9d499b9c1a19fb2d5fd0ae: Bootstrap starting.
I20260710 13:25:27.183398 27505 tablet_bootstrap.cc:492] T b1d5fd527bc841fa96ae223c211a66f1 P d042356ced644744b5bb005365786a3a: Bootstrap starting.
I20260710 13:25:27.189467 27504 tablet_bootstrap.cc:654] T b1d5fd527bc841fa96ae223c211a66f1 P 814164ac0a9d499b9c1a19fb2d5fd0ae: Neither blocks nor log segments found. Creating new log.
I20260710 13:25:27.185556 27503 raft_consensus.cc:359] T 9b6d31ec66464fff9be3fca82025beb7 P 52351816246643c79167a5647d0f7682 [term 0 FOLLOWER]: Replica starting. Triggering 0 pending ops. Active config: opid_index: -1 OBSOLETE_local: false peers { permanent_uuid: "d042356ced644744b5bb005365786a3a" member_type: VOTER last_known_addr { host: "127.26.138.1" port: 41989 } } peers { permanent_uuid: "52351816246643c79167a5647d0f7682" member_type: VOTER last_known_addr { host: "127.26.138.2" port: 32979 } } peers { permanent_uuid: "814164ac0a9d499b9c1a19fb2d5fd0ae" member_type: VOTER last_known_addr { host: "127.26.138.3" port: 33541 } }
I20260710 13:25:27.189927 27503 raft_consensus.cc:385] T 9b6d31ec66464fff9be3fca82025beb7 P 52351816246643c79167a5647d0f7682 [term 0 FOLLOWER]: Consensus starting up: Expiring failure detector timer to make a prompt election more likely
I20260710 13:25:27.190315 27503 raft_consensus.cc:740] T 9b6d31ec66464fff9be3fca82025beb7 P 52351816246643c79167a5647d0f7682 [term 0 FOLLOWER]: Becoming Follower/Learner. State: Replica: 52351816246643c79167a5647d0f7682, State: Initialized, Role: FOLLOWER
I20260710 13:25:27.191733 27503 consensus_queue.cc:260] T 9b6d31ec66464fff9be3fca82025beb7 P 52351816246643c79167a5647d0f7682 [NON_LEADER]: Queue going to NON_LEADER mode. State: All replicated index: 0, Majority replicated index: 0, Committed index: 0, Last appended: 0.0, Last appended by leader: 0, Current term: 0, Majority size: -1, State: 0, Mode: NON_LEADER, active raft config: opid_index: -1 OBSOLETE_local: false peers { permanent_uuid: "d042356ced644744b5bb005365786a3a" member_type: VOTER last_known_addr { host: "127.26.138.1" port: 41989 } } peers { permanent_uuid: "52351816246643c79167a5647d0f7682" member_type: VOTER last_known_addr { host: "127.26.138.2" port: 32979 } } peers { permanent_uuid: "814164ac0a9d499b9c1a19fb2d5fd0ae" member_type: VOTER last_known_addr { host: "127.26.138.3" port: 33541 } }
I20260710 13:25:27.196506 27503 ts_tablet_manager.cc:1434] T 9b6d31ec66464fff9be3fca82025beb7 P 52351816246643c79167a5647d0f7682: Time spent starting tablet: real 0.015s	user 0.005s	sys 0.001s
I20260710 13:25:27.198060 27503 tablet_bootstrap.cc:492] T ff4dff7117b04c879c86def76538f5c7 P 52351816246643c79167a5647d0f7682: Bootstrap starting.
I20260710 13:25:27.197194 27505 tablet_bootstrap.cc:654] T b1d5fd527bc841fa96ae223c211a66f1 P d042356ced644744b5bb005365786a3a: Neither blocks nor log segments found. Creating new log.
I20260710 13:25:27.198428 27386 tablet_service.cc:1917] Received RequestConsensusVote() RPC: tablet_id: "ff4dff7117b04c879c86def76538f5c7" candidate_uuid: "d042356ced644744b5bb005365786a3a" candidate_term: 1 candidate_status { last_received { term: 0 index: 0 } } ignore_live_leader: false dest_uuid: "52351816246643c79167a5647d0f7682" is_pre_election: true
W20260710 13:25:27.200088 27277 leader_election.cc:343] T ff4dff7117b04c879c86def76538f5c7 P d042356ced644744b5bb005365786a3a [CANDIDATE]: Term 1 pre-election: Tablet error from VoteRequest() call to peer 52351816246643c79167a5647d0f7682 (127.26.138.2:32979): Illegal state: must be running to vote when last-logged opid is not known
I20260710 13:25:27.202169 27459 tablet_service.cc:1917] Received RequestConsensusVote() RPC: tablet_id: "ff4dff7117b04c879c86def76538f5c7" candidate_uuid: "d042356ced644744b5bb005365786a3a" candidate_term: 1 candidate_status { last_received { term: 0 index: 0 } } ignore_live_leader: false dest_uuid: "814164ac0a9d499b9c1a19fb2d5fd0ae" is_pre_election: true
I20260710 13:25:27.203066 27459 raft_consensus.cc:2468] T ff4dff7117b04c879c86def76538f5c7 P 814164ac0a9d499b9c1a19fb2d5fd0ae [term 0 FOLLOWER]: Leader pre-election vote request: Granting yes vote for candidate d042356ced644744b5bb005365786a3a in term 0.
I20260710 13:25:27.204993 27274 leader_election.cc:304] T ff4dff7117b04c879c86def76538f5c7 P d042356ced644744b5bb005365786a3a [CANDIDATE]: Term 1 pre-election: Election decided. Result: candidate won. Election summary: received 3 responses out of 3 voters: 2 yes votes; 1 no votes. yes voters: 814164ac0a9d499b9c1a19fb2d5fd0ae, d042356ced644744b5bb005365786a3a; no voters: 52351816246643c79167a5647d0f7682
I20260710 13:25:27.206036 27512 raft_consensus.cc:2804] T ff4dff7117b04c879c86def76538f5c7 P d042356ced644744b5bb005365786a3a [term 0 FOLLOWER]: Leader pre-election won for term 1
I20260710 13:25:27.206398 27512 raft_consensus.cc:493] T ff4dff7117b04c879c86def76538f5c7 P d042356ced644744b5bb005365786a3a [term 0 FOLLOWER]: Starting leader election (no leader contacted us within the election timeout)
I20260710 13:25:27.206743 27512 raft_consensus.cc:3060] T ff4dff7117b04c879c86def76538f5c7 P d042356ced644744b5bb005365786a3a [term 0 FOLLOWER]: Advancing to term 1
I20260710 13:25:27.213397 27512 raft_consensus.cc:515] T ff4dff7117b04c879c86def76538f5c7 P d042356ced644744b5bb005365786a3a [term 1 FOLLOWER]: Starting leader election with config: opid_index: -1 OBSOLETE_local: false peers { permanent_uuid: "d042356ced644744b5bb005365786a3a" member_type: VOTER last_known_addr { host: "127.26.138.1" port: 41989 } } peers { permanent_uuid: "52351816246643c79167a5647d0f7682" member_type: VOTER last_known_addr { host: "127.26.138.2" port: 32979 } } peers { permanent_uuid: "814164ac0a9d499b9c1a19fb2d5fd0ae" member_type: VOTER last_known_addr { host: "127.26.138.3" port: 33541 } }
I20260710 13:25:27.215009 27504 tablet_bootstrap.cc:492] T b1d5fd527bc841fa96ae223c211a66f1 P 814164ac0a9d499b9c1a19fb2d5fd0ae: No bootstrap required, opened a new log
I20260710 13:25:27.216073 27386 tablet_service.cc:1917] Received RequestConsensusVote() RPC: tablet_id: "ff4dff7117b04c879c86def76538f5c7" candidate_uuid: "d042356ced644744b5bb005365786a3a" candidate_term: 1 candidate_status { last_received { term: 0 index: 0 } } ignore_live_leader: false dest_uuid: "52351816246643c79167a5647d0f7682"
I20260710 13:25:27.216475 27459 tablet_service.cc:1917] Received RequestConsensusVote() RPC: tablet_id: "ff4dff7117b04c879c86def76538f5c7" candidate_uuid: "d042356ced644744b5bb005365786a3a" candidate_term: 1 candidate_status { last_received { term: 0 index: 0 } } ignore_live_leader: false dest_uuid: "814164ac0a9d499b9c1a19fb2d5fd0ae"
I20260710 13:25:27.216965 27459 raft_consensus.cc:3060] T ff4dff7117b04c879c86def76538f5c7 P 814164ac0a9d499b9c1a19fb2d5fd0ae [term 0 FOLLOWER]: Advancing to term 1
W20260710 13:25:27.217407 27277 leader_election.cc:343] T ff4dff7117b04c879c86def76538f5c7 P d042356ced644744b5bb005365786a3a [CANDIDATE]: Term 1 election: Tablet error from VoteRequest() call to peer 52351816246643c79167a5647d0f7682 (127.26.138.2:32979): Illegal state: must be running to vote when last-logged opid is not known
I20260710 13:25:27.218092 27504 ts_tablet_manager.cc:1403] T b1d5fd527bc841fa96ae223c211a66f1 P 814164ac0a9d499b9c1a19fb2d5fd0ae: Time spent bootstrapping tablet: real 0.036s	user 0.012s	sys 0.017s
I20260710 13:25:27.218252 27503 tablet_bootstrap.cc:654] T ff4dff7117b04c879c86def76538f5c7 P 52351816246643c79167a5647d0f7682: Neither blocks nor log segments found. Creating new log.
I20260710 13:25:27.221174 27504 raft_consensus.cc:359] T b1d5fd527bc841fa96ae223c211a66f1 P 814164ac0a9d499b9c1a19fb2d5fd0ae [term 0 FOLLOWER]: Replica starting. Triggering 0 pending ops. Active config: opid_index: -1 OBSOLETE_local: false peers { permanent_uuid: "d042356ced644744b5bb005365786a3a" member_type: VOTER last_known_addr { host: "127.26.138.1" port: 41989 } } peers { permanent_uuid: "52351816246643c79167a5647d0f7682" member_type: VOTER last_known_addr { host: "127.26.138.2" port: 32979 } } peers { permanent_uuid: "814164ac0a9d499b9c1a19fb2d5fd0ae" member_type: VOTER last_known_addr { host: "127.26.138.3" port: 33541 } }
I20260710 13:25:27.221925 27504 raft_consensus.cc:385] T b1d5fd527bc841fa96ae223c211a66f1 P 814164ac0a9d499b9c1a19fb2d5fd0ae [term 0 FOLLOWER]: Consensus starting up: Expiring failure detector timer to make a prompt election more likely
I20260710 13:25:27.222276 27504 raft_consensus.cc:740] T b1d5fd527bc841fa96ae223c211a66f1 P 814164ac0a9d499b9c1a19fb2d5fd0ae [term 0 FOLLOWER]: Becoming Follower/Learner. State: Replica: 814164ac0a9d499b9c1a19fb2d5fd0ae, State: Initialized, Role: FOLLOWER
I20260710 13:25:27.222817 27505 tablet_bootstrap.cc:492] T b1d5fd527bc841fa96ae223c211a66f1 P d042356ced644744b5bb005365786a3a: No bootstrap required, opened a new log
I20260710 13:25:27.223272 27505 ts_tablet_manager.cc:1403] T b1d5fd527bc841fa96ae223c211a66f1 P d042356ced644744b5bb005365786a3a: Time spent bootstrapping tablet: real 0.040s	user 0.008s	sys 0.003s
I20260710 13:25:27.223106 27504 consensus_queue.cc:260] T b1d5fd527bc841fa96ae223c211a66f1 P 814164ac0a9d499b9c1a19fb2d5fd0ae [NON_LEADER]: Queue going to NON_LEADER mode. State: All replicated index: 0, Majority replicated index: 0, Committed index: 0, Last appended: 0.0, Last appended by leader: 0, Current term: 0, Majority size: -1, State: 0, Mode: NON_LEADER, active raft config: opid_index: -1 OBSOLETE_local: false peers { permanent_uuid: "d042356ced644744b5bb005365786a3a" member_type: VOTER last_known_addr { host: "127.26.138.1" port: 41989 } } peers { permanent_uuid: "52351816246643c79167a5647d0f7682" member_type: VOTER last_known_addr { host: "127.26.138.2" port: 32979 } } peers { permanent_uuid: "814164ac0a9d499b9c1a19fb2d5fd0ae" member_type: VOTER last_known_addr { host: "127.26.138.3" port: 33541 } }
I20260710 13:25:27.223904 27459 raft_consensus.cc:2468] T ff4dff7117b04c879c86def76538f5c7 P 814164ac0a9d499b9c1a19fb2d5fd0ae [term 1 FOLLOWER]: Leader election vote request: Granting yes vote for candidate d042356ced644744b5bb005365786a3a in term 1.
I20260710 13:25:27.225627 27510 raft_consensus.cc:493] T 1b32262b073a4b318e42c14c11d8ea7a P 814164ac0a9d499b9c1a19fb2d5fd0ae [term 0 FOLLOWER]: Starting pre-election (no leader contacted us within the election timeout)
I20260710 13:25:27.226045 27505 raft_consensus.cc:359] T b1d5fd527bc841fa96ae223c211a66f1 P d042356ced644744b5bb005365786a3a [term 0 FOLLOWER]: Replica starting. Triggering 0 pending ops. Active config: opid_index: -1 OBSOLETE_local: false peers { permanent_uuid: "d042356ced644744b5bb005365786a3a" member_type: VOTER last_known_addr { host: "127.26.138.1" port: 41989 } } peers { permanent_uuid: "52351816246643c79167a5647d0f7682" member_type: VOTER last_known_addr { host: "127.26.138.2" port: 32979 } } peers { permanent_uuid: "814164ac0a9d499b9c1a19fb2d5fd0ae" member_type: VOTER last_known_addr { host: "127.26.138.3" port: 33541 } }
