I20260710 13:15:47.584774   463 catalog_manager.cc:5697] T 99081e5df5a042daa4f9999f10717728 P 0f642417c38e48438b0a2cdfbd206e15 reported cstate change: term changed from 0 to 1, leader changed from <none> to 0f642417c38e48438b0a2cdfbd206e15 (127.0.107.194). New cstate: current_term: 1 leader_uuid: "0f642417c38e48438b0a2cdfbd206e15" committed_config { opid_index: -1 OBSOLETE_local: false peers { permanent_uuid: "9f0c511985ee4a49b75298de02051dc2" member_type: VOTER last_known_addr { host: "127.0.107.193" port: 36473 } health_report { overall_health: UNKNOWN } } peers { permanent_uuid: "0f642417c38e48438b0a2cdfbd206e15" member_type: VOTER last_known_addr { host: "127.0.107.194" port: 37991 } health_report { overall_health: HEALTHY } } peers { permanent_uuid: "dbb1b14908ed45688d52363be0ddcc8b" member_type: VOTER last_known_addr { host: "127.0.107.195" port: 39027 } health_report { overall_health: UNKNOWN } } }
I20260710 13:15:47.585656   715 raft_consensus.cc:3060] T adc03d918d9048b2bcca30c0abf6260e P dbb1b14908ed45688d52363be0ddcc8b [term 0 FOLLOWER]: Advancing to term 1
I20260710 13:15:47.586750   760 consensus_queue.cc:260] T 0e40745347934faba601b503ae636a3a P dbb1b14908ed45688d52363be0ddcc8b [NON_LEADER]: Queue going to NON_LEADER mode. State: All replicated index: 0, Majority replicated index: 0, Committed index: 0, Last appended: 0.0, Last appended by leader: 0, Current term: 0, Majority size: -1, State: 0, Mode: NON_LEADER, active raft config: opid_index: -1 OBSOLETE_local: false peers { permanent_uuid: "9f0c511985ee4a49b75298de02051dc2" member_type: VOTER last_known_addr { host: "127.0.107.193" port: 36473 } } peers { permanent_uuid: "0f642417c38e48438b0a2cdfbd206e15" member_type: VOTER last_known_addr { host: "127.0.107.194" port: 37991 } } peers { permanent_uuid: "dbb1b14908ed45688d52363be0ddcc8b" member_type: VOTER last_known_addr { host: "127.0.107.195" port: 39027 } }
I20260710 13:15:47.589366   758 tablet_bootstrap.cc:492] T 693e61dfd32c4ff18ce70a322afb7c0f P 9f0c511985ee4a49b75298de02051dc2: No bootstrap required, opened a new log
W20260710 13:15:47.597277   532 leader_election.cc:343] T adc03d918d9048b2bcca30c0abf6260e P 9f0c511985ee4a49b75298de02051dc2 [CANDIDATE]: Term 1 election: Tablet error from VoteRequest() call to peer 0f642417c38e48438b0a2cdfbd206e15 (127.0.107.194:37991): Illegal state: must be running to vote when last-logged opid is not known
I20260710 13:15:47.609004   758 ts_tablet_manager.cc:1403] T 693e61dfd32c4ff18ce70a322afb7c0f P 9f0c511985ee4a49b75298de02051dc2: Time spent bootstrapping tablet: real 0.063s	user 0.026s	sys 0.004s
I20260710 13:15:47.586906   759 ts_tablet_manager.cc:1434] T 22eb667ed20a4d3d897e91715089a189 P 0f642417c38e48438b0a2cdfbd206e15: Time spent starting tablet: real 0.022s	user 0.007s	sys 0.002s
I20260710 13:15:47.610533   759 tablet_bootstrap.cc:492] T adc03d918d9048b2bcca30c0abf6260e P 0f642417c38e48438b0a2cdfbd206e15: Bootstrap starting.
I20260710 13:15:47.611860   758 raft_consensus.cc:359] T 693e61dfd32c4ff18ce70a322afb7c0f P 9f0c511985ee4a49b75298de02051dc2 [term 0 FOLLOWER]: Replica starting. Triggering 0 pending ops. Active config: opid_index: -1 OBSOLETE_local: false peers { permanent_uuid: "9f0c511985ee4a49b75298de02051dc2" member_type: VOTER last_known_addr { host: "127.0.107.193" port: 36473 } } peers { permanent_uuid: "0f642417c38e48438b0a2cdfbd206e15" member_type: VOTER last_known_addr { host: "127.0.107.194" port: 37991 } } peers { permanent_uuid: "dbb1b14908ed45688d52363be0ddcc8b" member_type: VOTER last_known_addr { host: "127.0.107.195" port: 39027 } }
I20260710 13:15:47.612663   758 raft_consensus.cc:385] T 693e61dfd32c4ff18ce70a322afb7c0f P 9f0c511985ee4a49b75298de02051dc2 [term 0 FOLLOWER]: Consensus starting up: Expiring failure detector timer to make a prompt election more likely
I20260710 13:15:47.612950   758 raft_consensus.cc:740] T 693e61dfd32c4ff18ce70a322afb7c0f P 9f0c511985ee4a49b75298de02051dc2 [term 0 FOLLOWER]: Becoming Follower/Learner. State: Replica: 9f0c511985ee4a49b75298de02051dc2, State: Initialized, Role: FOLLOWER
I20260710 13:15:47.613696   758 consensus_queue.cc:260] T 693e61dfd32c4ff18ce70a322afb7c0f P 9f0c511985ee4a49b75298de02051dc2 [NON_LEADER]: Queue going to NON_LEADER mode. State: All replicated index: 0, Majority replicated index: 0, Committed index: 0, Last appended: 0.0, Last appended by leader: 0, Current term: 0, Majority size: -1, State: 0, Mode: NON_LEADER, active raft config: opid_index: -1 OBSOLETE_local: false peers { permanent_uuid: "9f0c511985ee4a49b75298de02051dc2" member_type: VOTER last_known_addr { host: "127.0.107.193" port: 36473 } } peers { permanent_uuid: "0f642417c38e48438b0a2cdfbd206e15" member_type: VOTER last_known_addr { host: "127.0.107.194" port: 37991 } } peers { permanent_uuid: "dbb1b14908ed45688d52363be0ddcc8b" member_type: VOTER last_known_addr { host: "127.0.107.195" port: 39027 } }
I20260710 13:15:47.586393   765 consensus_queue.cc:237] T 693e61dfd32c4ff18ce70a322afb7c0f P dbb1b14908ed45688d52363be0ddcc8b [LEADER]: Queue going to LEADER mode. State: All replicated index: 0, Majority replicated index: 0, Committed index: 0, Last appended: 0.0, Last appended by leader: 0, Current term: 1, Majority size: 2, State: 0, Mode: LEADER, active raft config: opid_index: -1 OBSOLETE_local: false peers { permanent_uuid: "9f0c511985ee4a49b75298de02051dc2" member_type: VOTER last_known_addr { host: "127.0.107.193" port: 36473 } } peers { permanent_uuid: "0f642417c38e48438b0a2cdfbd206e15" member_type: VOTER last_known_addr { host: "127.0.107.194" port: 37991 } } peers { permanent_uuid: "dbb1b14908ed45688d52363be0ddcc8b" member_type: VOTER last_known_addr { host: "127.0.107.195" port: 39027 } }
I20260710 13:15:47.596226   715 raft_consensus.cc:2468] T adc03d918d9048b2bcca30c0abf6260e P dbb1b14908ed45688d52363be0ddcc8b [term 1 FOLLOWER]: Leader election vote request: Granting yes vote for candidate 9f0c511985ee4a49b75298de02051dc2 in term 1.
I20260710 13:15:47.616832   758 ts_tablet_manager.cc:1434] T 693e61dfd32c4ff18ce70a322afb7c0f P 9f0c511985ee4a49b75298de02051dc2: Time spent starting tablet: real 0.007s	user 0.003s	sys 0.003s
I20260710 13:15:47.617936   758 tablet_bootstrap.cc:492] T 22eb667ed20a4d3d897e91715089a189 P 9f0c511985ee4a49b75298de02051dc2: Bootstrap starting.
I20260710 13:15:47.618618   530 leader_election.cc:304] T adc03d918d9048b2bcca30c0abf6260e P 9f0c511985ee4a49b75298de02051dc2 [CANDIDATE]: Term 1 election: Election decided. Result: candidate won. Election summary: received 3 responses out of 3 voters: 2 yes votes; 1 no votes. yes voters: 9f0c511985ee4a49b75298de02051dc2, dbb1b14908ed45688d52363be0ddcc8b; no voters: 0f642417c38e48438b0a2cdfbd206e15
I20260710 13:15:47.619539   763 raft_consensus.cc:2804] T adc03d918d9048b2bcca30c0abf6260e P 9f0c511985ee4a49b75298de02051dc2 [term 1 FOLLOWER]: Leader election won for term 1
I20260710 13:15:47.626484   760 ts_tablet_manager.cc:1434] T 0e40745347934faba601b503ae636a3a P dbb1b14908ed45688d52363be0ddcc8b: Time spent starting tablet: real 0.058s	user 0.014s	sys 0.004s
I20260710 13:15:47.627774   760 tablet_bootstrap.cc:492] T 22eb667ed20a4d3d897e91715089a189 P dbb1b14908ed45688d52363be0ddcc8b: Bootstrap starting.
W20260710 13:15:47.632701   511 auto_rebalancer.cc:288] Could not retrieve cluster info: Service unavailable: Tablet not running
I20260710 13:15:47.638020   759 tablet_bootstrap.cc:654] T adc03d918d9048b2bcca30c0abf6260e P 0f642417c38e48438b0a2cdfbd206e15: Neither blocks nor log segments found. Creating new log.
I20260710 13:15:47.643064   758 tablet_bootstrap.cc:654] T 22eb667ed20a4d3d897e91715089a189 P 9f0c511985ee4a49b75298de02051dc2: Neither blocks nor log segments found. Creating new log.
I20260710 13:15:47.643891   767 raft_consensus.cc:493] T 22eb667ed20a4d3d897e91715089a189 P 0f642417c38e48438b0a2cdfbd206e15 [term 0 FOLLOWER]: Starting pre-election (no leader contacted us within the election timeout)
I20260710 13:15:47.644342   767 raft_consensus.cc:515] T 22eb667ed20a4d3d897e91715089a189 P 0f642417c38e48438b0a2cdfbd206e15 [term 0 FOLLOWER]: Starting pre-election with config: opid_index: -1 OBSOLETE_local: false peers { permanent_uuid: "9f0c511985ee4a49b75298de02051dc2" member_type: VOTER last_known_addr { host: "127.0.107.193" port: 36473 } } peers { permanent_uuid: "0f642417c38e48438b0a2cdfbd206e15" member_type: VOTER last_known_addr { host: "127.0.107.194" port: 37991 } } peers { permanent_uuid: "dbb1b14908ed45688d52363be0ddcc8b" member_type: VOTER last_known_addr { host: "127.0.107.195" port: 39027 } }
I20260710 13:15:47.646420   767 leader_election.cc:290] T 22eb667ed20a4d3d897e91715089a189 P 0f642417c38e48438b0a2cdfbd206e15 [CANDIDATE]: Term 1 pre-election: Requested pre-vote from peers 9f0c511985ee4a49b75298de02051dc2 (127.0.107.193:36473), dbb1b14908ed45688d52363be0ddcc8b (127.0.107.195:39027)
I20260710 13:15:47.646235   760 tablet_bootstrap.cc:654] T 22eb667ed20a4d3d897e91715089a189 P dbb1b14908ed45688d52363be0ddcc8b: Neither blocks nor log segments found. Creating new log.
I20260710 13:15:47.648636   565 tablet_service.cc:1917] Received RequestConsensusVote() RPC: tablet_id: "22eb667ed20a4d3d897e91715089a189" candidate_uuid: "0f642417c38e48438b0a2cdfbd206e15" candidate_term: 1 candidate_status { last_received { term: 0 index: 0 } } ignore_live_leader: false dest_uuid: "9f0c511985ee4a49b75298de02051dc2" is_pre_election: true
I20260710 13:15:47.649165   463 catalog_manager.cc:5697] T 693e61dfd32c4ff18ce70a322afb7c0f P dbb1b14908ed45688d52363be0ddcc8b reported cstate change: term changed from 0 to 1, leader changed from <none> to dbb1b14908ed45688d52363be0ddcc8b (127.0.107.195). New cstate: current_term: 1 leader_uuid: "dbb1b14908ed45688d52363be0ddcc8b" committed_config { opid_index: -1 OBSOLETE_local: false peers { permanent_uuid: "9f0c511985ee4a49b75298de02051dc2" member_type: VOTER last_known_addr { host: "127.0.107.193" port: 36473 } health_report { overall_health: UNKNOWN } } peers { permanent_uuid: "0f642417c38e48438b0a2cdfbd206e15" member_type: VOTER last_known_addr { host: "127.0.107.194" port: 37991 } health_report { overall_health: UNKNOWN } } peers { permanent_uuid: "dbb1b14908ed45688d52363be0ddcc8b" member_type: VOTER last_known_addr { host: "127.0.107.195" port: 39027 } health_report { overall_health: HEALTHY } } }
W20260710 13:15:47.650974   607 leader_election.cc:343] T 22eb667ed20a4d3d897e91715089a189 P 0f642417c38e48438b0a2cdfbd206e15 [CANDIDATE]: Term 1 pre-election: Tablet error from VoteRequest() call to peer 9f0c511985ee4a49b75298de02051dc2 (127.0.107.193:36473): Illegal state: must be running to vote when last-logged opid is not known
I20260710 13:15:47.650238   715 tablet_service.cc:1917] Received RequestConsensusVote() RPC: tablet_id: "22eb667ed20a4d3d897e91715089a189" candidate_uuid: "0f642417c38e48438b0a2cdfbd206e15" candidate_term: 1 candidate_status { last_received { term: 0 index: 0 } } ignore_live_leader: false dest_uuid: "dbb1b14908ed45688d52363be0ddcc8b" is_pre_election: true
I20260710 13:15:47.652541   763 raft_consensus.cc:697] T adc03d918d9048b2bcca30c0abf6260e P 9f0c511985ee4a49b75298de02051dc2 [term 1 LEADER]: Becoming Leader. State: Replica: 9f0c511985ee4a49b75298de02051dc2, State: Running, Role: LEADER
W20260710 13:15:47.652840   605 leader_election.cc:343] T 22eb667ed20a4d3d897e91715089a189 P 0f642417c38e48438b0a2cdfbd206e15 [CANDIDATE]: Term 1 pre-election: Tablet error from VoteRequest() call to peer dbb1b14908ed45688d52363be0ddcc8b (127.0.107.195:39027): Illegal state: must be running to vote when last-logged opid is not known
I20260710 13:15:47.653290   605 leader_election.cc:304] T 22eb667ed20a4d3d897e91715089a189 P 0f642417c38e48438b0a2cdfbd206e15 [CANDIDATE]: Term 1 pre-election: Election decided. Result: candidate lost. Election summary: received 3 responses out of 3 voters: 1 yes votes; 2 no votes. yes voters: 0f642417c38e48438b0a2cdfbd206e15; no voters: 9f0c511985ee4a49b75298de02051dc2, dbb1b14908ed45688d52363be0ddcc8b
I20260710 13:15:47.654305   767 raft_consensus.cc:2749] T 22eb667ed20a4d3d897e91715089a189 P 0f642417c38e48438b0a2cdfbd206e15 [term 0 FOLLOWER]: Leader pre-election lost for term 1. Reason: could not achieve majority
I20260710 13:15:47.653697   763 consensus_queue.cc:237] T adc03d918d9048b2bcca30c0abf6260e P 9f0c511985ee4a49b75298de02051dc2 [LEADER]: Queue going to LEADER mode. State: All replicated index: 0, Majority replicated index: 0, Committed index: 0, Last appended: 0.0, Last appended by leader: 0, Current term: 1, Majority size: 2, State: 0, Mode: LEADER, active raft config: opid_index: -1 OBSOLETE_local: false peers { permanent_uuid: "9f0c511985ee4a49b75298de02051dc2" member_type: VOTER last_known_addr { host: "127.0.107.193" port: 36473 } } peers { permanent_uuid: "0f642417c38e48438b0a2cdfbd206e15" member_type: VOTER last_known_addr { host: "127.0.107.194" port: 37991 } } peers { permanent_uuid: "dbb1b14908ed45688d52363be0ddcc8b" member_type: VOTER last_known_addr { host: "127.0.107.195" port: 39027 } }
I20260710 13:15:47.659878   760 tablet_bootstrap.cc:492] T 22eb667ed20a4d3d897e91715089a189 P dbb1b14908ed45688d52363be0ddcc8b: No bootstrap required, opened a new log
I20260710 13:15:47.660349   760 ts_tablet_manager.cc:1403] T 22eb667ed20a4d3d897e91715089a189 P dbb1b14908ed45688d52363be0ddcc8b: Time spent bootstrapping tablet: real 0.033s	user 0.014s	sys 0.000s
I20260710 13:15:47.660996   759 tablet_bootstrap.cc:492] T adc03d918d9048b2bcca30c0abf6260e P 0f642417c38e48438b0a2cdfbd206e15: No bootstrap required, opened a new log
I20260710 13:15:47.661458   759 ts_tablet_manager.cc:1403] T adc03d918d9048b2bcca30c0abf6260e P 0f642417c38e48438b0a2cdfbd206e15: Time spent bootstrapping tablet: real 0.051s	user 0.018s	sys 0.004s
I20260710 13:15:47.663880   759 raft_consensus.cc:359] T adc03d918d9048b2bcca30c0abf6260e P 0f642417c38e48438b0a2cdfbd206e15 [term 0 FOLLOWER]: Replica starting. Triggering 0 pending ops. Active config: opid_index: -1 OBSOLETE_local: false peers { permanent_uuid: "9f0c511985ee4a49b75298de02051dc2" member_type: VOTER last_known_addr { host: "127.0.107.193" port: 36473 } } peers { permanent_uuid: "0f642417c38e48438b0a2cdfbd206e15" member_type: VOTER last_known_addr { host: "127.0.107.194" port: 37991 } } peers { permanent_uuid: "dbb1b14908ed45688d52363be0ddcc8b" member_type: VOTER last_known_addr { host: "127.0.107.195" port: 39027 } }
I20260710 13:15:47.664608   759 raft_consensus.cc:385] T adc03d918d9048b2bcca30c0abf6260e P 0f642417c38e48438b0a2cdfbd206e15 [term 0 FOLLOWER]: Consensus starting up: Expiring failure detector timer to make a prompt election more likely
I20260710 13:15:47.662866   760 raft_consensus.cc:359] T 22eb667ed20a4d3d897e91715089a189 P dbb1b14908ed45688d52363be0ddcc8b [term 0 FOLLOWER]: Replica starting. Triggering 0 pending ops. Active config: opid_index: -1 OBSOLETE_local: false peers { permanent_uuid: "9f0c511985ee4a49b75298de02051dc2" member_type: VOTER last_known_addr { host: "127.0.107.193" port: 36473 } } peers { permanent_uuid: "0f642417c38e48438b0a2cdfbd206e15" member_type: VOTER last_known_addr { host: "127.0.107.194" port: 37991 } } peers { permanent_uuid: "dbb1b14908ed45688d52363be0ddcc8b" member_type: VOTER last_known_addr { host: "127.0.107.195" port: 39027 } }
I20260710 13:15:47.665014   760 raft_consensus.cc:385] T 22eb667ed20a4d3d897e91715089a189 P dbb1b14908ed45688d52363be0ddcc8b [term 0 FOLLOWER]: Consensus starting up: Expiring failure detector timer to make a prompt election more likely
I20260710 13:15:47.664975   759 raft_consensus.cc:740] T adc03d918d9048b2bcca30c0abf6260e P 0f642417c38e48438b0a2cdfbd206e15 [term 0 FOLLOWER]: Becoming Follower/Learner. State: Replica: 0f642417c38e48438b0a2cdfbd206e15, State: Initialized, Role: FOLLOWER
I20260710 13:15:47.665354   760 raft_consensus.cc:740] T 22eb667ed20a4d3d897e91715089a189 P dbb1b14908ed45688d52363be0ddcc8b [term 0 FOLLOWER]: Becoming Follower/Learner. State: Replica: dbb1b14908ed45688d52363be0ddcc8b, State: Initialized, Role: FOLLOWER
I20260710 13:15:47.666177   759 consensus_queue.cc:260] T adc03d918d9048b2bcca30c0abf6260e P 0f642417c38e48438b0a2cdfbd206e15 [NON_LEADER]: Queue going to NON_LEADER mode. State: All replicated index: 0, Majority replicated index: 0, Committed index: 0, Last appended: 0.0, Last appended by leader: 0, Current term: 0, Majority size: -1, State: 0, Mode: NON_LEADER, active raft config: opid_index: -1 OBSOLETE_local: false peers { permanent_uuid: "9f0c511985ee4a49b75298de02051dc2" member_type: VOTER last_known_addr { host: "127.0.107.193" port: 36473 } } peers { permanent_uuid: "0f642417c38e48438b0a2cdfbd206e15" member_type: VOTER last_known_addr { host: "127.0.107.194" port: 37991 } } peers { permanent_uuid: "dbb1b14908ed45688d52363be0ddcc8b" member_type: VOTER last_known_addr { host: "127.0.107.195" port: 39027 } }
I20260710 13:15:47.666177   760 consensus_queue.cc:260] T 22eb667ed20a4d3d897e91715089a189 P dbb1b14908ed45688d52363be0ddcc8b [NON_LEADER]: Queue going to NON_LEADER mode. State: All replicated index: 0, Majority replicated index: 0, Committed index: 0, Last appended: 0.0, Last appended by leader: 0, Current term: 0, Majority size: -1, State: 0, Mode: NON_LEADER, active raft config: opid_index: -1 OBSOLETE_local: false peers { permanent_uuid: "9f0c511985ee4a49b75298de02051dc2" member_type: VOTER last_known_addr { host: "127.0.107.193" port: 36473 } } peers { permanent_uuid: "0f642417c38e48438b0a2cdfbd206e15" member_type: VOTER last_known_addr { host: "127.0.107.194" port: 37991 } } peers { permanent_uuid: "dbb1b14908ed45688d52363be0ddcc8b" member_type: VOTER last_known_addr { host: "127.0.107.195" port: 39027 } }
I20260710 13:15:47.669616   760 ts_tablet_manager.cc:1434] T 22eb667ed20a4d3d897e91715089a189 P dbb1b14908ed45688d52363be0ddcc8b: Time spent starting tablet: real 0.009s	user 0.006s	sys 0.000s
I20260710 13:15:47.670506   760 tablet_bootstrap.cc:492] T dc342e19a81a45809409007b51c66fb2 P dbb1b14908ed45688d52363be0ddcc8b: Bootstrap starting.
I20260710 13:15:47.677295   803 raft_consensus.cc:493] T 5c796445ee4a4362832a5644047118b5 P 9f0c511985ee4a49b75298de02051dc2 [term 0 FOLLOWER]: Starting pre-election (no leader contacted us within the election timeout)
I20260710 13:15:47.677814   803 raft_consensus.cc:515] T 5c796445ee4a4362832a5644047118b5 P 9f0c511985ee4a49b75298de02051dc2 [term 0 FOLLOWER]: Starting pre-election with config: opid_index: -1 OBSOLETE_local: false peers { permanent_uuid: "9f0c511985ee4a49b75298de02051dc2" member_type: VOTER last_known_addr { host: "127.0.107.193" port: 36473 } } peers { permanent_uuid: "0f642417c38e48438b0a2cdfbd206e15" member_type: VOTER last_known_addr { host: "127.0.107.194" port: 37991 } } peers { permanent_uuid: "dbb1b14908ed45688d52363be0ddcc8b" member_type: VOTER last_known_addr { host: "127.0.107.195" port: 39027 } }
I20260710 13:15:47.680768   803 leader_election.cc:290] T 5c796445ee4a4362832a5644047118b5 P 9f0c511985ee4a49b75298de02051dc2 [CANDIDATE]: Term 1 pre-election: Requested pre-vote from peers 0f642417c38e48438b0a2cdfbd206e15 (127.0.107.194:37991), dbb1b14908ed45688d52363be0ddcc8b (127.0.107.195:39027)
I20260710 13:15:47.680720   640 tablet_service.cc:1917] Received RequestConsensusVote() RPC: tablet_id: "5c796445ee4a4362832a5644047118b5" candidate_uuid: "9f0c511985ee4a49b75298de02051dc2" candidate_term: 1 candidate_status { last_received { term: 0 index: 0 } } ignore_live_leader: false dest_uuid: "0f642417c38e48438b0a2cdfbd206e15" is_pre_election: true
I20260710 13:15:47.680979   715 tablet_service.cc:1917] Received RequestConsensusVote() RPC: tablet_id: "5c796445ee4a4362832a5644047118b5" candidate_uuid: "9f0c511985ee4a49b75298de02051dc2" candidate_term: 1 candidate_status { last_received { term: 0 index: 0 } } ignore_live_leader: false dest_uuid: "dbb1b14908ed45688d52363be0ddcc8b" is_pre_election: true
I20260710 13:15:47.681748   715 raft_consensus.cc:2393] T 5c796445ee4a4362832a5644047118b5 P dbb1b14908ed45688d52363be0ddcc8b [term 1 FOLLOWER]: Leader pre-election vote request: Denying vote to candidate 9f0c511985ee4a49b75298de02051dc2 in current term 1: Already voted for candidate 0f642417c38e48438b0a2cdfbd206e15 in this term.
I20260710 13:15:47.681958   758 tablet_bootstrap.cc:492] T 22eb667ed20a4d3d897e91715089a189 P 9f0c511985ee4a49b75298de02051dc2: No bootstrap required, opened a new log
I20260710 13:15:47.682430   758 ts_tablet_manager.cc:1403] T 22eb667ed20a4d3d897e91715089a189 P 9f0c511985ee4a49b75298de02051dc2: Time spent bootstrapping tablet: real 0.065s	user 0.014s	sys 0.000s
I20260710 13:15:47.682854   530 leader_election.cc:304] T 5c796445ee4a4362832a5644047118b5 P 9f0c511985ee4a49b75298de02051dc2 [CANDIDATE]: Term 1 pre-election: Election decided. Result: candidate lost. Election summary: received 3 responses out of 3 voters: 1 yes votes; 2 no votes. yes voters: 9f0c511985ee4a49b75298de02051dc2; no voters: 0f642417c38e48438b0a2cdfbd206e15, dbb1b14908ed45688d52363be0ddcc8b
I20260710 13:15:47.683691   803 raft_consensus.cc:3060] T 5c796445ee4a4362832a5644047118b5 P 9f0c511985ee4a49b75298de02051dc2 [term 0 FOLLOWER]: Advancing to term 1
I20260710 13:15:47.684023   759 ts_tablet_manager.cc:1434] T adc03d918d9048b2bcca30c0abf6260e P 0f642417c38e48438b0a2cdfbd206e15: Time spent starting tablet: real 0.022s	user 0.007s	sys 0.000s
I20260710 13:15:47.689973   759 tablet_bootstrap.cc:492] T dc342e19a81a45809409007b51c66fb2 P 0f642417c38e48438b0a2cdfbd206e15: Bootstrap starting.
I20260710 13:15:47.693553   803 raft_consensus.cc:2749] T 5c796445ee4a4362832a5644047118b5 P 9f0c511985ee4a49b75298de02051dc2 [term 1 FOLLOWER]: Leader pre-election lost for term 1. Reason: could not achieve majority
I20260710 13:15:47.694550   758 raft_consensus.cc:359] T 22eb667ed20a4d3d897e91715089a189 P 9f0c511985ee4a49b75298de02051dc2 [term 0 FOLLOWER]: Replica starting. Triggering 0 pending ops. Active config: opid_index: -1 OBSOLETE_local: false peers { permanent_uuid: "9f0c511985ee4a49b75298de02051dc2" member_type: VOTER last_known_addr { host: "127.0.107.193" port: 36473 } } peers { permanent_uuid: "0f642417c38e48438b0a2cdfbd206e15" member_type: VOTER last_known_addr { host: "127.0.107.194" port: 37991 } } peers { permanent_uuid: "dbb1b14908ed45688d52363be0ddcc8b" member_type: VOTER last_known_addr { host: "127.0.107.195" port: 39027 } }
I20260710 13:15:47.695230   758 raft_consensus.cc:385] T 22eb667ed20a4d3d897e91715089a189 P 9f0c511985ee4a49b75298de02051dc2 [term 0 FOLLOWER]: Consensus starting up: Expiring failure detector timer to make a prompt election more likely
I20260710 13:15:47.695492   758 raft_consensus.cc:740] T 22eb667ed20a4d3d897e91715089a189 P 9f0c511985ee4a49b75298de02051dc2 [term 0 FOLLOWER]: Becoming Follower/Learner. State: Replica: 9f0c511985ee4a49b75298de02051dc2, State: Initialized, Role: FOLLOWER
I20260710 13:15:47.697749   760 tablet_bootstrap.cc:654] T dc342e19a81a45809409007b51c66fb2 P dbb1b14908ed45688d52363be0ddcc8b: Neither blocks nor log segments found. Creating new log.
I20260710 13:15:47.697060   462 catalog_manager.cc:5697] T adc03d918d9048b2bcca30c0abf6260e P 9f0c511985ee4a49b75298de02051dc2 reported cstate change: term changed from 0 to 1, leader changed from <none> to 9f0c511985ee4a49b75298de02051dc2 (127.0.107.193). New cstate: current_term: 1 leader_uuid: "9f0c511985ee4a49b75298de02051dc2" committed_config { opid_index: -1 OBSOLETE_local: false peers { permanent_uuid: "9f0c511985ee4a49b75298de02051dc2" member_type: VOTER last_known_addr { host: "127.0.107.193" port: 36473 } health_report { overall_health: HEALTHY } } peers { permanent_uuid: "0f642417c38e48438b0a2cdfbd206e15" member_type: VOTER last_known_addr { host: "127.0.107.194" port: 37991 } health_report { overall_health: UNKNOWN } } peers { permanent_uuid: "dbb1b14908ed45688d52363be0ddcc8b" member_type: VOTER last_known_addr { host: "127.0.107.195" port: 39027 } health_report { overall_health: UNKNOWN } } }
I20260710 13:15:47.698565   758 consensus_queue.cc:260] T 22eb667ed20a4d3d897e91715089a189 P 9f0c511985ee4a49b75298de02051dc2 [NON_LEADER]: Queue going to NON_LEADER mode. State: All replicated index: 0, Majority replicated index: 0, Committed index: 0, Last appended: 0.0, Last appended by leader: 0, Current term: 0, Majority size: -1, State: 0, Mode: NON_LEADER, active raft config: opid_index: -1 OBSOLETE_local: false peers { permanent_uuid: "9f0c511985ee4a49b75298de02051dc2" member_type: VOTER last_known_addr { host: "127.0.107.193" port: 36473 } } peers { permanent_uuid: "0f642417c38e48438b0a2cdfbd206e15" member_type: VOTER last_known_addr { host: "127.0.107.194" port: 37991 } } peers { permanent_uuid: "dbb1b14908ed45688d52363be0ddcc8b" member_type: VOTER last_known_addr { host: "127.0.107.195" port: 39027 } }
I20260710 13:15:47.700614   758 ts_tablet_manager.cc:1434] T 22eb667ed20a4d3d897e91715089a189 P 9f0c511985ee4a49b75298de02051dc2: Time spent starting tablet: real 0.018s	user 0.005s	sys 0.000s
I20260710 13:15:47.702483   758 tablet_bootstrap.cc:492] T dc342e19a81a45809409007b51c66fb2 P 9f0c511985ee4a49b75298de02051dc2: Bootstrap starting.
I20260710 13:15:47.709031   760 tablet_bootstrap.cc:492] T dc342e19a81a45809409007b51c66fb2 P dbb1b14908ed45688d52363be0ddcc8b: No bootstrap required, opened a new log
I20260710 13:15:47.709358   759 tablet_bootstrap.cc:654] T dc342e19a81a45809409007b51c66fb2 P 0f642417c38e48438b0a2cdfbd206e15: Neither blocks nor log segments found. Creating new log.
I20260710 13:15:47.709499   760 ts_tablet_manager.cc:1403] T dc342e19a81a45809409007b51c66fb2 P dbb1b14908ed45688d52363be0ddcc8b: Time spent bootstrapping tablet: real 0.039s	user 0.013s	sys 0.000s
I20260710 13:15:47.712216   760 raft_consensus.cc:359] T dc342e19a81a45809409007b51c66fb2 P dbb1b14908ed45688d52363be0ddcc8b [term 0 FOLLOWER]: Replica starting. Triggering 0 pending ops. Active config: opid_index: -1 OBSOLETE_local: false peers { permanent_uuid: "9f0c511985ee4a49b75298de02051dc2" member_type: VOTER last_known_addr { host: "127.0.107.193" port: 36473 } } peers { permanent_uuid: "0f642417c38e48438b0a2cdfbd206e15" member_type: VOTER last_known_addr { host: "127.0.107.194" port: 37991 } } peers { permanent_uuid: "dbb1b14908ed45688d52363be0ddcc8b" member_type: VOTER last_known_addr { host: "127.0.107.195" port: 39027 } }
I20260710 13:15:47.712929   760 raft_consensus.cc:385] T dc342e19a81a45809409007b51c66fb2 P dbb1b14908ed45688d52363be0ddcc8b [term 0 FOLLOWER]: Consensus starting up: Expiring failure detector timer to make a prompt election more likely
I20260710 13:15:47.713181   760 raft_consensus.cc:740] T dc342e19a81a45809409007b51c66fb2 P dbb1b14908ed45688d52363be0ddcc8b [term 0 FOLLOWER]: Becoming Follower/Learner. State: Replica: dbb1b14908ed45688d52363be0ddcc8b, State: Initialized, Role: FOLLOWER
I20260710 13:15:47.713944   760 consensus_queue.cc:260] T dc342e19a81a45809409007b51c66fb2 P dbb1b14908ed45688d52363be0ddcc8b [NON_LEADER]: Queue going to NON_LEADER mode. State: All replicated index: 0, Majority replicated index: 0, Committed index: 0, Last appended: 0.0, Last appended by leader: 0, Current term: 0, Majority size: -1, State: 0, Mode: NON_LEADER, active raft config: opid_index: -1 OBSOLETE_local: false peers { permanent_uuid: "9f0c511985ee4a49b75298de02051dc2" member_type: VOTER last_known_addr { host: "127.0.107.193" port: 36473 } } peers { permanent_uuid: "0f642417c38e48438b0a2cdfbd206e15" member_type: VOTER last_known_addr { host: "127.0.107.194" port: 37991 } } peers { permanent_uuid: "dbb1b14908ed45688d52363be0ddcc8b" member_type: VOTER last_known_addr { host: "127.0.107.195" port: 39027 } }
I20260710 13:15:47.716111   760 ts_tablet_manager.cc:1434] T dc342e19a81a45809409007b51c66fb2 P dbb1b14908ed45688d52363be0ddcc8b: Time spent starting tablet: real 0.006s	user 0.007s	sys 0.000s
I20260710 13:15:47.718262   758 tablet_bootstrap.cc:654] T dc342e19a81a45809409007b51c66fb2 P 9f0c511985ee4a49b75298de02051dc2: Neither blocks nor log segments found. Creating new log.
I20260710 13:15:47.732007   765 consensus_queue.cc:1048] T 7c9c1165cc99467588c70ff46ebba819 P dbb1b14908ed45688d52363be0ddcc8b [LEADER]: Connected to new peer: Peer: permanent_uuid: "9f0c511985ee4a49b75298de02051dc2" member_type: VOTER last_known_addr { host: "127.0.107.193" port: 36473 }, Status: LMP_MISMATCH, Last received: 0.0, Next index: 1, Last known committed idx: 0, Time since last communication: 0.000s
I20260710 13:15:47.735050   759 tablet_bootstrap.cc:492] T dc342e19a81a45809409007b51c66fb2 P 0f642417c38e48438b0a2cdfbd206e15: No bootstrap required, opened a new log
I20260710 13:15:47.735561   759 ts_tablet_manager.cc:1403] T dc342e19a81a45809409007b51c66fb2 P 0f642417c38e48438b0a2cdfbd206e15: Time spent bootstrapping tablet: real 0.046s	user 0.009s	sys 0.012s
I20260710 13:15:47.738133   759 raft_consensus.cc:359] T dc342e19a81a45809409007b51c66fb2 P 0f642417c38e48438b0a2cdfbd206e15 [term 0 FOLLOWER]: Replica starting. Triggering 0 pending ops. Active config: opid_index: -1 OBSOLETE_local: false peers { permanent_uuid: "9f0c511985ee4a49b75298de02051dc2" member_type: VOTER last_known_addr { host: "127.0.107.193" port: 36473 } } peers { permanent_uuid: "0f642417c38e48438b0a2cdfbd206e15" member_type: VOTER last_known_addr { host: "127.0.107.194" port: 37991 } } peers { permanent_uuid: "dbb1b14908ed45688d52363be0ddcc8b" member_type: VOTER last_known_addr { host: "127.0.107.195" port: 39027 } }
I20260710 13:15:47.738915   759 raft_consensus.cc:385] T dc342e19a81a45809409007b51c66fb2 P 0f642417c38e48438b0a2cdfbd206e15 [term 0 FOLLOWER]: Consensus starting up: Expiring failure detector timer to make a prompt election more likely
I20260710 13:15:47.739236   759 raft_consensus.cc:740] T dc342e19a81a45809409007b51c66fb2 P 0f642417c38e48438b0a2cdfbd206e15 [term 0 FOLLOWER]: Becoming Follower/Learner. State: Replica: 0f642417c38e48438b0a2cdfbd206e15, State: Initialized, Role: FOLLOWER
I20260710 13:15:47.739991   759 consensus_queue.cc:260] T dc342e19a81a45809409007b51c66fb2 P 0f642417c38e48438b0a2cdfbd206e15 [NON_LEADER]: Queue going to NON_LEADER mode. State: All replicated index: 0, Majority replicated index: 0, Committed index: 0, Last appended: 0.0, Last appended by leader: 0, Current term: 0, Majority size: -1, State: 0, Mode: NON_LEADER, active raft config: opid_index: -1 OBSOLETE_local: false peers { permanent_uuid: "9f0c511985ee4a49b75298de02051dc2" member_type: VOTER last_known_addr { host: "127.0.107.193" port: 36473 } } peers { permanent_uuid: "0f642417c38e48438b0a2cdfbd206e15" member_type: VOTER last_known_addr { host: "127.0.107.194" port: 37991 } } peers { permanent_uuid: "dbb1b14908ed45688d52363be0ddcc8b" member_type: VOTER last_known_addr { host: "127.0.107.195" port: 39027 } }
I20260710 13:15:47.741809   759 ts_tablet_manager.cc:1434] T dc342e19a81a45809409007b51c66fb2 P 0f642417c38e48438b0a2cdfbd206e15: Time spent starting tablet: real 0.006s	user 0.003s	sys 0.000s
I20260710 13:15:47.743799   758 tablet_bootstrap.cc:492] T dc342e19a81a45809409007b51c66fb2 P 9f0c511985ee4a49b75298de02051dc2: No bootstrap required, opened a new log
I20260710 13:15:47.744728   758 ts_tablet_manager.cc:1403] T dc342e19a81a45809409007b51c66fb2 P 9f0c511985ee4a49b75298de02051dc2: Time spent bootstrapping tablet: real 0.043s	user 0.011s	sys 0.000s
I20260710 13:15:47.747625   758 raft_consensus.cc:359] T dc342e19a81a45809409007b51c66fb2 P 9f0c511985ee4a49b75298de02051dc2 [term 0 FOLLOWER]: Replica starting. Triggering 0 pending ops. Active config: opid_index: -1 OBSOLETE_local: false peers { permanent_uuid: "9f0c511985ee4a49b75298de02051dc2" member_type: VOTER last_known_addr { host: "127.0.107.193" port: 36473 } } peers { permanent_uuid: "0f642417c38e48438b0a2cdfbd206e15" member_type: VOTER last_known_addr { host: "127.0.107.194" port: 37991 } } peers { permanent_uuid: "dbb1b14908ed45688d52363be0ddcc8b" member_type: VOTER last_known_addr { host: "127.0.107.195" port: 39027 } }
I20260710 13:15:47.748364   758 raft_consensus.cc:385] T dc342e19a81a45809409007b51c66fb2 P 9f0c511985ee4a49b75298de02051dc2 [term 0 FOLLOWER]: Consensus starting up: Expiring failure detector timer to make a prompt election more likely
I20260710 13:15:47.748699   758 raft_consensus.cc:740] T dc342e19a81a45809409007b51c66fb2 P 9f0c511985ee4a49b75298de02051dc2 [term 0 FOLLOWER]: Becoming Follower/Learner. State: Replica: 9f0c511985ee4a49b75298de02051dc2, State: Initialized, Role: FOLLOWER
I20260710 13:15:47.749478   758 consensus_queue.cc:260] T dc342e19a81a45809409007b51c66fb2 P 9f0c511985ee4a49b75298de02051dc2 [NON_LEADER]: Queue going to NON_LEADER mode. State: All replicated index: 0, Majority replicated index: 0, Committed index: 0, Last appended: 0.0, Last appended by leader: 0, Current term: 0, Majority size: -1, State: 0, Mode: NON_LEADER, active raft config: opid_index: -1 OBSOLETE_local: false peers { permanent_uuid: "9f0c511985ee4a49b75298de02051dc2" member_type: VOTER last_known_addr { host: "127.0.107.193" port: 36473 } } peers { permanent_uuid: "0f642417c38e48438b0a2cdfbd206e15" member_type: VOTER last_known_addr { host: "127.0.107.194" port: 37991 } } peers { permanent_uuid: "dbb1b14908ed45688d52363be0ddcc8b" member_type: VOTER last_known_addr { host: "127.0.107.195" port: 39027 } }
I20260710 13:15:47.751427   758 ts_tablet_manager.cc:1434] T dc342e19a81a45809409007b51c66fb2 P 9f0c511985ee4a49b75298de02051dc2: Time spent starting tablet: real 0.006s	user 0.008s	sys 0.000s
I20260710 13:15:47.758980   790 raft_consensus.cc:493] T 22eb667ed20a4d3d897e91715089a189 P dbb1b14908ed45688d52363be0ddcc8b [term 0 FOLLOWER]: Starting pre-election (no leader contacted us within the election timeout)
I20260710 13:15:47.759562   790 raft_consensus.cc:515] T 22eb667ed20a4d3d897e91715089a189 P dbb1b14908ed45688d52363be0ddcc8b [term 0 FOLLOWER]: Starting pre-election with config: opid_index: -1 OBSOLETE_local: false peers { permanent_uuid: "9f0c511985ee4a49b75298de02051dc2" member_type: VOTER last_known_addr { host: "127.0.107.193" port: 36473 } } peers { permanent_uuid: "0f642417c38e48438b0a2cdfbd206e15" member_type: VOTER last_known_addr { host: "127.0.107.194" port: 37991 } } peers { permanent_uuid: "dbb1b14908ed45688d52363be0ddcc8b" member_type: VOTER last_known_addr { host: "127.0.107.195" port: 39027 } }
I20260710 13:15:47.762445   765 consensus_queue.cc:1048] T 7c9c1165cc99467588c70ff46ebba819 P dbb1b14908ed45688d52363be0ddcc8b [LEADER]: Connected to new peer: Peer: permanent_uuid: "0f642417c38e48438b0a2cdfbd206e15" member_type: VOTER last_known_addr { host: "127.0.107.194" port: 37991 }, Status: LMP_MISMATCH, Last received: 0.0, Next index: 1, Last known committed idx: 0, Time since last communication: 0.000s
I20260710 13:15:47.762912   790 leader_election.cc:290] T 22eb667ed20a4d3d897e91715089a189 P dbb1b14908ed45688d52363be0ddcc8b [CANDIDATE]: Term 1 pre-election: Requested pre-vote from peers 9f0c511985ee4a49b75298de02051dc2 (127.0.107.193:36473), 0f642417c38e48438b0a2cdfbd206e15 (127.0.107.194:37991)
I20260710 13:15:47.771842   767 consensus_queue.cc:1048] T 5c796445ee4a4362832a5644047118b5 P 0f642417c38e48438b0a2cdfbd206e15 [LEADER]: Connected to new peer: Peer: permanent_uuid: "dbb1b14908ed45688d52363be0ddcc8b" member_type: VOTER last_known_addr { host: "127.0.107.195" port: 39027 }, Status: LMP_MISMATCH, Last received: 0.0, Next index: 1, Last known committed idx: 0, Time since last communication: 0.000s
I20260710 13:15:47.779457   640 tablet_service.cc:1917] Received RequestConsensusVote() RPC: tablet_id: "22eb667ed20a4d3d897e91715089a189" candidate_uuid: "dbb1b14908ed45688d52363be0ddcc8b" candidate_term: 1 candidate_status { last_received { term: 0 index: 0 } } ignore_live_leader: false dest_uuid: "0f642417c38e48438b0a2cdfbd206e15" is_pre_election: true
I20260710 13:15:47.780150   640 raft_consensus.cc:2468] T 22eb667ed20a4d3d897e91715089a189 P 0f642417c38e48438b0a2cdfbd206e15 [term 0 FOLLOWER]: Leader pre-election vote request: Granting yes vote for candidate dbb1b14908ed45688d52363be0ddcc8b in term 0.
I20260710 13:15:47.782987   565 tablet_service.cc:1917] Received RequestConsensusVote() RPC: tablet_id: "22eb667ed20a4d3d897e91715089a189" candidate_uuid: "dbb1b14908ed45688d52363be0ddcc8b" candidate_term: 1 candidate_status { last_received { term: 0 index: 0 } } ignore_live_leader: false dest_uuid: "9f0c511985ee4a49b75298de02051dc2" is_pre_election: true
I20260710 13:15:47.783699   565 raft_consensus.cc:2468] T 22eb667ed20a4d3d897e91715089a189 P 9f0c511985ee4a49b75298de02051dc2 [term 0 FOLLOWER]: Leader pre-election vote request: Granting yes vote for candidate dbb1b14908ed45688d52363be0ddcc8b in term 0.
I20260710 13:15:47.784708   681 leader_election.cc:304] T 22eb667ed20a4d3d897e91715089a189 P dbb1b14908ed45688d52363be0ddcc8b [CANDIDATE]: Term 1 pre-election: Election decided. Result: candidate won. Election summary: received 2 responses out of 3 voters: 2 yes votes; 0 no votes. yes voters: 0f642417c38e48438b0a2cdfbd206e15, dbb1b14908ed45688d52363be0ddcc8b; no voters: 
I20260710 13:15:47.784659   766 consensus_queue.cc:1048] T 5c796445ee4a4362832a5644047118b5 P 0f642417c38e48438b0a2cdfbd206e15 [LEADER]: Connected to new peer: Peer: permanent_uuid: "9f0c511985ee4a49b75298de02051dc2" member_type: VOTER last_known_addr { host: "127.0.107.193" port: 36473 }, Status: LMP_MISMATCH, Last received: 0.0, Next index: 1, Last known committed idx: 0, Time since last communication: 0.001s
I20260710 13:15:47.785653   765 raft_consensus.cc:2804] T 22eb667ed20a4d3d897e91715089a189 P dbb1b14908ed45688d52363be0ddcc8b [term 0 FOLLOWER]: Leader pre-election won for term 1
I20260710 13:15:47.786043   765 raft_consensus.cc:493] T 22eb667ed20a4d3d897e91715089a189 P dbb1b14908ed45688d52363be0ddcc8b [term 0 FOLLOWER]: Starting leader election (no leader contacted us within the election timeout)
I20260710 13:15:47.786408   765 raft_consensus.cc:3060] T 22eb667ed20a4d3d897e91715089a189 P dbb1b14908ed45688d52363be0ddcc8b [term 0 FOLLOWER]: Advancing to term 1
I20260710 13:15:47.796136   765 raft_consensus.cc:515] T 22eb667ed20a4d3d897e91715089a189 P dbb1b14908ed45688d52363be0ddcc8b [term 1 FOLLOWER]: Starting leader election with config: opid_index: -1 OBSOLETE_local: false peers { permanent_uuid: "9f0c511985ee4a49b75298de02051dc2" member_type: VOTER last_known_addr { host: "127.0.107.193" port: 36473 } } peers { permanent_uuid: "0f642417c38e48438b0a2cdfbd206e15" member_type: VOTER last_known_addr { host: "127.0.107.194" port: 37991 } } peers { permanent_uuid: "dbb1b14908ed45688d52363be0ddcc8b" member_type: VOTER last_known_addr { host: "127.0.107.195" port: 39027 } }
I20260710 13:15:47.800967   566 tablet_service.cc:1917] Received RequestConsensusVote() RPC: tablet_id: "22eb667ed20a4d3d897e91715089a189" candidate_uuid: "dbb1b14908ed45688d52363be0ddcc8b" candidate_term: 1 candidate_status { last_received { term: 0 index: 0 } } ignore_live_leader: false dest_uuid: "9f0c511985ee4a49b75298de02051dc2"
I20260710 13:15:47.801604   566 raft_consensus.cc:3060] T 22eb667ed20a4d3d897e91715089a189 P 9f0c511985ee4a49b75298de02051dc2 [term 0 FOLLOWER]: Advancing to term 1
I20260710 13:15:47.804307   765 leader_election.cc:290] T 22eb667ed20a4d3d897e91715089a189 P dbb1b14908ed45688d52363be0ddcc8b [CANDIDATE]: Term 1 election: Requested vote from peers 9f0c511985ee4a49b75298de02051dc2 (127.0.107.193:36473), 0f642417c38e48438b0a2cdfbd206e15 (127.0.107.194:37991)
I20260710 13:15:47.806010   640 tablet_service.cc:1917] Received RequestConsensusVote() RPC: tablet_id: "22eb667ed20a4d3d897e91715089a189" candidate_uuid: "dbb1b14908ed45688d52363be0ddcc8b" candidate_term: 1 candidate_status { last_received { term: 0 index: 0 } } ignore_live_leader: false dest_uuid: "0f642417c38e48438b0a2cdfbd206e15"
I20260710 13:15:47.806610   640 raft_consensus.cc:3060] T 22eb667ed20a4d3d897e91715089a189 P 0f642417c38e48438b0a2cdfbd206e15 [term 0 FOLLOWER]: Advancing to term 1
I20260710 13:15:47.819938   640 raft_consensus.cc:2468] T 22eb667ed20a4d3d897e91715089a189 P 0f642417c38e48438b0a2cdfbd206e15 [term 1 FOLLOWER]: Leader election vote request: Granting yes vote for candidate dbb1b14908ed45688d52363be0ddcc8b in term 1.
I20260710 13:15:47.821261   681 leader_election.cc:304] T 22eb667ed20a4d3d897e91715089a189 P dbb1b14908ed45688d52363be0ddcc8b [CANDIDATE]: Term 1 election: Election decided. Result: candidate won. Election summary: received 2 responses out of 3 voters: 2 yes votes; 0 no votes. yes voters: 0f642417c38e48438b0a2cdfbd206e15, dbb1b14908ed45688d52363be0ddcc8b; no voters: 
I20260710 13:15:47.822178   765 raft_consensus.cc:2804] T 22eb667ed20a4d3d897e91715089a189 P dbb1b14908ed45688d52363be0ddcc8b [term 1 FOLLOWER]: Leader election won for term 1
I20260710 13:15:47.822746   765 raft_consensus.cc:697] T 22eb667ed20a4d3d897e91715089a189 P dbb1b14908ed45688d52363be0ddcc8b [term 1 LEADER]: Becoming Leader. State: Replica: dbb1b14908ed45688d52363be0ddcc8b, State: Running, Role: LEADER
I20260710 13:15:47.823962   767 raft_consensus.cc:493] T adc03d918d9048b2bcca30c0abf6260e P 0f642417c38e48438b0a2cdfbd206e15 [term 0 FOLLOWER]: Starting pre-election (no leader contacted us within the election timeout)
I20260710 13:15:47.823657   765 consensus_queue.cc:237] T 22eb667ed20a4d3d897e91715089a189 P dbb1b14908ed45688d52363be0ddcc8b [LEADER]: Queue going to LEADER mode. State: All replicated index: 0, Majority replicated index: 0, Committed index: 0, Last appended: 0.0, Last appended by leader: 0, Current term: 1, Majority size: 2, State: 0, Mode: LEADER, active raft config: opid_index: -1 OBSOLETE_local: false peers { permanent_uuid: "9f0c511985ee4a49b75298de02051dc2" member_type: VOTER last_known_addr { host: "127.0.107.193" port: 36473 } } peers { permanent_uuid: "0f642417c38e48438b0a2cdfbd206e15" member_type: VOTER last_known_addr { host: "127.0.107.194" port: 37991 } } peers { permanent_uuid: "dbb1b14908ed45688d52363be0ddcc8b" member_type: VOTER last_known_addr { host: "127.0.107.195" port: 39027 } }
I20260710 13:15:47.824676   767 raft_consensus.cc:515] T adc03d918d9048b2bcca30c0abf6260e P 0f642417c38e48438b0a2cdfbd206e15 [term 0 FOLLOWER]: Starting pre-election with config: opid_index: -1 OBSOLETE_local: false peers { permanent_uuid: "9f0c511985ee4a49b75298de02051dc2" member_type: VOTER last_known_addr { host: "127.0.107.193" port: 36473 } } peers { permanent_uuid: "0f642417c38e48438b0a2cdfbd206e15" member_type: VOTER last_known_addr { host: "127.0.107.194" port: 37991 } } peers { permanent_uuid: "dbb1b14908ed45688d52363be0ddcc8b" member_type: VOTER last_known_addr { host: "127.0.107.195" port: 39027 } }
I20260710 13:15:47.827567   767 leader_election.cc:290] T adc03d918d9048b2bcca30c0abf6260e P 0f642417c38e48438b0a2cdfbd206e15 [CANDIDATE]: Term 1 pre-election: Requested pre-vote from peers 9f0c511985ee4a49b75298de02051dc2 (127.0.107.193:36473), dbb1b14908ed45688d52363be0ddcc8b (127.0.107.195:39027)
I20260710 13:15:47.828960   564 tablet_service.cc:1917] Received RequestConsensusVote() RPC: tablet_id: "adc03d918d9048b2bcca30c0abf6260e" candidate_uuid: "0f642417c38e48438b0a2cdfbd206e15" candidate_term: 1 candidate_status { last_received { term: 0 index: 0 } } ignore_live_leader: false dest_uuid: "9f0c511985ee4a49b75298de02051dc2" is_pre_election: true
I20260710 13:15:47.830794   714 tablet_service.cc:1917] Received RequestConsensusVote() RPC: tablet_id: "adc03d918d9048b2bcca30c0abf6260e" candidate_uuid: "0f642417c38e48438b0a2cdfbd206e15" candidate_term: 1 candidate_status { last_received { term: 0 index: 0 } } ignore_live_leader: false dest_uuid: "dbb1b14908ed45688d52363be0ddcc8b" is_pre_election: true
I20260710 13:15:47.833009   714 raft_consensus.cc:2393] T adc03d918d9048b2bcca30c0abf6260e P dbb1b14908ed45688d52363be0ddcc8b [term 1 FOLLOWER]: Leader pre-election vote request: Denying vote to candidate 0f642417c38e48438b0a2cdfbd206e15 in current term 1: Already voted for candidate 9f0c511985ee4a49b75298de02051dc2 in this term.
I20260710 13:15:47.839395   607 leader_election.cc:304] T adc03d918d9048b2bcca30c0abf6260e P 0f642417c38e48438b0a2cdfbd206e15 [CANDIDATE]: Term 1 pre-election: Election decided. Result: candidate lost. Election summary: received 3 responses out of 3 voters: 1 yes votes; 2 no votes. yes voters: 0f642417c38e48438b0a2cdfbd206e15; no voters: 9f0c511985ee4a49b75298de02051dc2, dbb1b14908ed45688d52363be0ddcc8b
I20260710 13:15:47.841784   767 raft_consensus.cc:3060] T adc03d918d9048b2bcca30c0abf6260e P 0f642417c38e48438b0a2cdfbd206e15 [term 0 FOLLOWER]: Advancing to term 1
I20260710 13:15:47.851346   803 raft_consensus.cc:493] T dc342e19a81a45809409007b51c66fb2 P 9f0c511985ee4a49b75298de02051dc2 [term 0 FOLLOWER]: Starting pre-election (no leader contacted us within the election timeout)
I20260710 13:15:47.851500   566 raft_consensus.cc:2468] T 22eb667ed20a4d3d897e91715089a189 P 9f0c511985ee4a49b75298de02051dc2 [term 1 FOLLOWER]: Leader election vote request: Granting yes vote for candidate dbb1b14908ed45688d52363be0ddcc8b in term 1.
I20260710 13:15:47.851920   803 raft_consensus.cc:515] T dc342e19a81a45809409007b51c66fb2 P 9f0c511985ee4a49b75298de02051dc2 [term 0 FOLLOWER]: Starting pre-election with config: opid_index: -1 OBSOLETE_local: false peers { permanent_uuid: "9f0c511985ee4a49b75298de02051dc2" member_type: VOTER last_known_addr { host: "127.0.107.193" port: 36473 } } peers { permanent_uuid: "0f642417c38e48438b0a2cdfbd206e15" member_type: VOTER last_known_addr { host: "127.0.107.194" port: 37991 } } peers { permanent_uuid: "dbb1b14908ed45688d52363be0ddcc8b" member_type: VOTER last_known_addr { host: "127.0.107.195" port: 39027 } }
I20260710 13:15:47.854139   803 leader_election.cc:290] T dc342e19a81a45809409007b51c66fb2 P 9f0c511985ee4a49b75298de02051dc2 [CANDIDATE]: Term 1 pre-election: Requested pre-vote from peers 0f642417c38e48438b0a2cdfbd206e15 (127.0.107.194:37991), dbb1b14908ed45688d52363be0ddcc8b (127.0.107.195:39027)
I20260710 13:15:47.855835   640 tablet_service.cc:1917] Received RequestConsensusVote() RPC: tablet_id: "dc342e19a81a45809409007b51c66fb2" candidate_uuid: "9f0c511985ee4a49b75298de02051dc2" candidate_term: 1 candidate_status { last_received { term: 0 index: 0 } } ignore_live_leader: false dest_uuid: "0f642417c38e48438b0a2cdfbd206e15" is_pre_election: true
I20260710 13:15:47.856779   640 raft_consensus.cc:2468] T dc342e19a81a45809409007b51c66fb2 P 0f642417c38e48438b0a2cdfbd206e15 [term 0 FOLLOWER]: Leader pre-election vote request: Granting yes vote for candidate 9f0c511985ee4a49b75298de02051dc2 in term 0.
I20260710 13:15:47.859647   715 tablet_service.cc:1917] Received RequestConsensusVote() RPC: tablet_id: "dc342e19a81a45809409007b51c66fb2" candidate_uuid: "9f0c511985ee4a49b75298de02051dc2" candidate_term: 1 candidate_status { last_received { term: 0 index: 0 } } ignore_live_leader: false dest_uuid: "dbb1b14908ed45688d52363be0ddcc8b" is_pre_election: true
I20260710 13:15:47.860551   715 raft_consensus.cc:2468] T dc342e19a81a45809409007b51c66fb2 P dbb1b14908ed45688d52363be0ddcc8b [term 0 FOLLOWER]: Leader pre-election vote request: Granting yes vote for candidate 9f0c511985ee4a49b75298de02051dc2 in term 0.
I20260710 13:15:47.861366   767 raft_consensus.cc:2749] T adc03d918d9048b2bcca30c0abf6260e P 0f642417c38e48438b0a2cdfbd206e15 [term 1 FOLLOWER]: Leader pre-election lost for term 1. Reason: could not achieve majority
I20260710 13:15:47.862716   530 leader_election.cc:304] T dc342e19a81a45809409007b51c66fb2 P 9f0c511985ee4a49b75298de02051dc2 [CANDIDATE]: Term 1 pre-election: Election decided. Result: candidate won. Election summary: received 2 responses out of 3 voters: 2 yes votes; 0 no votes. yes voters: 9f0c511985ee4a49b75298de02051dc2, dbb1b14908ed45688d52363be0ddcc8b; no voters: 
I20260710 13:15:47.863670   803 raft_consensus.cc:2804] T dc342e19a81a45809409007b51c66fb2 P 9f0c511985ee4a49b75298de02051dc2 [term 0 FOLLOWER]: Leader pre-election won for term 1
I20260710 13:15:47.864228   803 raft_consensus.cc:493] T dc342e19a81a45809409007b51c66fb2 P 9f0c511985ee4a49b75298de02051dc2 [term 0 FOLLOWER]: Starting leader election (no leader contacted us within the election timeout)
I20260710 13:15:47.864693   803 raft_consensus.cc:3060] T dc342e19a81a45809409007b51c66fb2 P 9f0c511985ee4a49b75298de02051dc2 [term 0 FOLLOWER]: Advancing to term 1
I20260710 13:15:47.870797   462 catalog_manager.cc:5697] T 22eb667ed20a4d3d897e91715089a189 P dbb1b14908ed45688d52363be0ddcc8b reported cstate change: term changed from 0 to 1, leader changed from <none> to dbb1b14908ed45688d52363be0ddcc8b (127.0.107.195). New cstate: current_term: 1 leader_uuid: "dbb1b14908ed45688d52363be0ddcc8b" committed_config { opid_index: -1 OBSOLETE_local: false peers { permanent_uuid: "9f0c511985ee4a49b75298de02051dc2" member_type: VOTER last_known_addr { host: "127.0.107.193" port: 36473 } health_report { overall_health: UNKNOWN } } peers { permanent_uuid: "0f642417c38e48438b0a2cdfbd206e15" member_type: VOTER last_known_addr { host: "127.0.107.194" port: 37991 } health_report { overall_health: UNKNOWN } } peers { permanent_uuid: "dbb1b14908ed45688d52363be0ddcc8b" member_type: VOTER last_known_addr { host: "127.0.107.195" port: 39027 } health_report { overall_health: HEALTHY } } }
I20260710 13:15:47.877697   803 raft_consensus.cc:515] T dc342e19a81a45809409007b51c66fb2 P 9f0c511985ee4a49b75298de02051dc2 [term 1 FOLLOWER]: Starting leader election with config: opid_index: -1 OBSOLETE_local: false peers { permanent_uuid: "9f0c511985ee4a49b75298de02051dc2" member_type: VOTER last_known_addr { host: "127.0.107.193" port: 36473 } } peers { permanent_uuid: "0f642417c38e48438b0a2cdfbd206e15" member_type: VOTER last_known_addr { host: "127.0.107.194" port: 37991 } } peers { permanent_uuid: "dbb1b14908ed45688d52363be0ddcc8b" member_type: VOTER last_known_addr { host: "127.0.107.195" port: 39027 } }
