I20260710 13:26:04.192245 28665 raft_consensus.cc:1217] T 08171e0d5ef543d1ae7a595980937b0b P b1bfbacd6d1841fda1f2dfb54bf0362a [term 1 LEARNER]: Deduplicated request from leader. Original: 1.1->[1.2-1.2]   Dedup: 1.2->[]
I20260710 13:26:04.678910 29001 raft_consensus.cc:1064] T 23411080827b44bfbae12d3514ff68a8 P da71763d773d4381b6e4e6315bf5579b: attempting to promote NON_VOTER b1bfbacd6d1841fda1f2dfb54bf0362a to VOTER
I20260710 13:26:04.681069 29001 consensus_queue.cc:237] T 23411080827b44bfbae12d3514ff68a8 P da71763d773d4381b6e4e6315bf5579b [LEADER]: Queue going to LEADER mode. State: All replicated index: 0, Majority replicated index: 2, Committed index: 2, Last appended: 1.2, Last appended by leader: 0, Current term: 1, Majority size: 3, State: 0, Mode: LEADER, active raft config: opid_index: 3 OBSOLETE_local: false peers { permanent_uuid: "da71763d773d4381b6e4e6315bf5579b" member_type: VOTER last_known_addr { host: "127.26.120.65" port: 42581 } } peers { permanent_uuid: "0a9177de0a7c4653bdc60a3e4860c210" member_type: VOTER last_known_addr { host: "127.26.120.66" port: 37673 } attrs { replace: true } } peers { permanent_uuid: "415e2fb92a4e43c788654e06ea0ce7e9" member_type: VOTER last_known_addr { host: "127.26.120.67" port: 35621 } } peers { permanent_uuid: "b1bfbacd6d1841fda1f2dfb54bf0362a" member_type: VOTER last_known_addr { host: "127.26.120.68" port: 37951 } attrs { promote: false } }
I20260710 13:26:04.687101 28665 raft_consensus.cc:1275] T 23411080827b44bfbae12d3514ff68a8 P b1bfbacd6d1841fda1f2dfb54bf0362a [term 1 LEARNER]: Refusing update from remote peer da71763d773d4381b6e4e6315bf5579b: Log matching property violated. Preceding OpId in replica: term: 1 index: 2. Preceding OpId from leader: term: 1 index: 3. (index mismatch)
I20260710 13:26:04.688426 29001 consensus_queue.cc:1048] T 23411080827b44bfbae12d3514ff68a8 P da71763d773d4381b6e4e6315bf5579b [LEADER]: Connected to new peer: Peer: permanent_uuid: "b1bfbacd6d1841fda1f2dfb54bf0362a" member_type: VOTER last_known_addr { host: "127.26.120.68" port: 37951 } attrs { promote: false }, Status: LMP_MISMATCH, Last received: 0.0, Next index: 3, Last known committed idx: 2, Time since last communication: 0.000s
I20260710 13:26:04.689304 28282 raft_consensus.cc:1275] T 23411080827b44bfbae12d3514ff68a8 P 0a9177de0a7c4653bdc60a3e4860c210 [term 1 FOLLOWER]: Refusing update from remote peer da71763d773d4381b6e4e6315bf5579b: Log matching property violated. Preceding OpId in replica: term: 1 index: 2. Preceding OpId from leader: term: 1 index: 3. (index mismatch)
I20260710 13:26:04.689579 28365 raft_consensus.cc:1275] T 23411080827b44bfbae12d3514ff68a8 P 415e2fb92a4e43c788654e06ea0ce7e9 [term 1 FOLLOWER]: Refusing update from remote peer da71763d773d4381b6e4e6315bf5579b: Log matching property violated. Preceding OpId in replica: term: 1 index: 2. Preceding OpId from leader: term: 1 index: 3. (index mismatch)
I20260710 13:26:04.690809 29005 consensus_queue.cc:1048] T 23411080827b44bfbae12d3514ff68a8 P da71763d773d4381b6e4e6315bf5579b [LEADER]: Connected to new peer: Peer: permanent_uuid: "0a9177de0a7c4653bdc60a3e4860c210" member_type: VOTER last_known_addr { host: "127.26.120.66" port: 37673 } attrs { replace: true }, Status: LMP_MISMATCH, Last received: 0.0, Next index: 3, Last known committed idx: 2, Time since last communication: 0.001s
I20260710 13:26:04.691767 29003 consensus_queue.cc:1048] T 23411080827b44bfbae12d3514ff68a8 P da71763d773d4381b6e4e6315bf5579b [LEADER]: Connected to new peer: Peer: permanent_uuid: "415e2fb92a4e43c788654e06ea0ce7e9" member_type: VOTER last_known_addr { host: "127.26.120.67" port: 35621 }, Status: LMP_MISMATCH, Last received: 0.0, Next index: 3, Last known committed idx: 2, Time since last communication: 0.000s
I20260710 13:26:04.703509 29003 raft_consensus.cc:2955] T 23411080827b44bfbae12d3514ff68a8 P da71763d773d4381b6e4e6315bf5579b [term 1 LEADER]: Committing config change with OpId 1.3: config changed from index 2 to 3, b1bfbacd6d1841fda1f2dfb54bf0362a (127.26.120.68) changed from NON_VOTER to VOTER. New config: { opid_index: 3 OBSOLETE_local: false peers { permanent_uuid: "da71763d773d4381b6e4e6315bf5579b" member_type: VOTER last_known_addr { host: "127.26.120.65" port: 42581 } } peers { permanent_uuid: "0a9177de0a7c4653bdc60a3e4860c210" member_type: VOTER last_known_addr { host: "127.26.120.66" port: 37673 } attrs { replace: true } } peers { permanent_uuid: "415e2fb92a4e43c788654e06ea0ce7e9" member_type: VOTER last_known_addr { host: "127.26.120.67" port: 35621 } } peers { permanent_uuid: "b1bfbacd6d1841fda1f2dfb54bf0362a" member_type: VOTER last_known_addr { host: "127.26.120.68" port: 37951 } attrs { promote: false } } }
I20260710 13:26:04.704860 28665 raft_consensus.cc:2955] T 23411080827b44bfbae12d3514ff68a8 P b1bfbacd6d1841fda1f2dfb54bf0362a [term 1 FOLLOWER]: Committing config change with OpId 1.3: config changed from index 2 to 3, b1bfbacd6d1841fda1f2dfb54bf0362a (127.26.120.68) changed from NON_VOTER to VOTER. New config: { opid_index: 3 OBSOLETE_local: false peers { permanent_uuid: "da71763d773d4381b6e4e6315bf5579b" member_type: VOTER last_known_addr { host: "127.26.120.65" port: 42581 } } peers { permanent_uuid: "0a9177de0a7c4653bdc60a3e4860c210" member_type: VOTER last_known_addr { host: "127.26.120.66" port: 37673 } attrs { replace: true } } peers { permanent_uuid: "415e2fb92a4e43c788654e06ea0ce7e9" member_type: VOTER last_known_addr { host: "127.26.120.67" port: 35621 } } peers { permanent_uuid: "b1bfbacd6d1841fda1f2dfb54bf0362a" member_type: VOTER last_known_addr { host: "127.26.120.68" port: 37951 } attrs { promote: false } } }
I20260710 13:26:04.710225 28282 raft_consensus.cc:2955] T 23411080827b44bfbae12d3514ff68a8 P 0a9177de0a7c4653bdc60a3e4860c210 [term 1 FOLLOWER]: Committing config change with OpId 1.3: config changed from index 2 to 3, b1bfbacd6d1841fda1f2dfb54bf0362a (127.26.120.68) changed from NON_VOTER to VOTER. New config: { opid_index: 3 OBSOLETE_local: false peers { permanent_uuid: "da71763d773d4381b6e4e6315bf5579b" member_type: VOTER last_known_addr { host: "127.26.120.65" port: 42581 } } peers { permanent_uuid: "0a9177de0a7c4653bdc60a3e4860c210" member_type: VOTER last_known_addr { host: "127.26.120.66" port: 37673 } attrs { replace: true } } peers { permanent_uuid: "415e2fb92a4e43c788654e06ea0ce7e9" member_type: VOTER last_known_addr { host: "127.26.120.67" port: 35621 } } peers { permanent_uuid: "b1bfbacd6d1841fda1f2dfb54bf0362a" member_type: VOTER last_known_addr { host: "127.26.120.68" port: 37951 } attrs { promote: false } } }
I20260710 13:26:04.716733 28365 raft_consensus.cc:2955] T 23411080827b44bfbae12d3514ff68a8 P 415e2fb92a4e43c788654e06ea0ce7e9 [term 1 FOLLOWER]: Committing config change with OpId 1.3: config changed from index 2 to 3, b1bfbacd6d1841fda1f2dfb54bf0362a (127.26.120.68) changed from NON_VOTER to VOTER. New config: { opid_index: 3 OBSOLETE_local: false peers { permanent_uuid: "da71763d773d4381b6e4e6315bf5579b" member_type: VOTER last_known_addr { host: "127.26.120.65" port: 42581 } } peers { permanent_uuid: "0a9177de0a7c4653bdc60a3e4860c210" member_type: VOTER last_known_addr { host: "127.26.120.66" port: 37673 } attrs { replace: true } } peers { permanent_uuid: "415e2fb92a4e43c788654e06ea0ce7e9" member_type: VOTER last_known_addr { host: "127.26.120.67" port: 35621 } } peers { permanent_uuid: "b1bfbacd6d1841fda1f2dfb54bf0362a" member_type: VOTER last_known_addr { host: "127.26.120.68" port: 37951 } attrs { promote: false } } }
I20260710 13:26:04.720134 28114 catalog_manager.cc:5697] T 23411080827b44bfbae12d3514ff68a8 P da71763d773d4381b6e4e6315bf5579b reported cstate change: config changed from index 2 to 3, b1bfbacd6d1841fda1f2dfb54bf0362a (127.26.120.68) changed from NON_VOTER to VOTER. New cstate: current_term: 1 leader_uuid: "da71763d773d4381b6e4e6315bf5579b" committed_config { opid_index: 3 OBSOLETE_local: false peers { permanent_uuid: "da71763d773d4381b6e4e6315bf5579b" member_type: VOTER last_known_addr { host: "127.26.120.65" port: 42581 } health_report { overall_health: HEALTHY } } peers { permanent_uuid: "0a9177de0a7c4653bdc60a3e4860c210" member_type: VOTER last_known_addr { host: "127.26.120.66" port: 37673 } attrs { replace: true } health_report { overall_health: HEALTHY } } peers { permanent_uuid: "415e2fb92a4e43c788654e06ea0ce7e9" member_type: VOTER last_known_addr { host: "127.26.120.67" port: 35621 } health_report { overall_health: HEALTHY } } peers { permanent_uuid: "b1bfbacd6d1841fda1f2dfb54bf0362a" member_type: VOTER last_known_addr { host: "127.26.120.68" port: 37951 } attrs { promote: false } health_report { overall_health: HEALTHY } } }
I20260710 13:26:04.745998 28215 consensus_queue.cc:237] T 23411080827b44bfbae12d3514ff68a8 P da71763d773d4381b6e4e6315bf5579b [LEADER]: Queue going to LEADER mode. State: All replicated index: 0, Majority replicated index: 3, Committed index: 3, Last appended: 1.3, Last appended by leader: 0, Current term: 1, Majority size: 2, State: 0, Mode: LEADER, active raft config: opid_index: 4 OBSOLETE_local: false peers { permanent_uuid: "da71763d773d4381b6e4e6315bf5579b" member_type: VOTER last_known_addr { host: "127.26.120.65" port: 42581 } } peers { permanent_uuid: "415e2fb92a4e43c788654e06ea0ce7e9" member_type: VOTER last_known_addr { host: "127.26.120.67" port: 35621 } } peers { permanent_uuid: "b1bfbacd6d1841fda1f2dfb54bf0362a" member_type: VOTER last_known_addr { host: "127.26.120.68" port: 37951 } attrs { promote: false } }
I20260710 13:26:04.751646 28665 raft_consensus.cc:1275] T 23411080827b44bfbae12d3514ff68a8 P b1bfbacd6d1841fda1f2dfb54bf0362a [term 1 FOLLOWER]: Refusing update from remote peer da71763d773d4381b6e4e6315bf5579b: Log matching property violated. Preceding OpId in replica: term: 1 index: 3. Preceding OpId from leader: term: 1 index: 4. (index mismatch)
I20260710 13:26:04.752439 28365 raft_consensus.cc:1275] T 23411080827b44bfbae12d3514ff68a8 P 415e2fb92a4e43c788654e06ea0ce7e9 [term 1 FOLLOWER]: Refusing update from remote peer da71763d773d4381b6e4e6315bf5579b: Log matching property violated. Preceding OpId in replica: term: 1 index: 3. Preceding OpId from leader: term: 1 index: 4. (index mismatch)
I20260710 13:26:04.753026 29003 consensus_queue.cc:1048] T 23411080827b44bfbae12d3514ff68a8 P da71763d773d4381b6e4e6315bf5579b [LEADER]: Connected to new peer: Peer: permanent_uuid: "b1bfbacd6d1841fda1f2dfb54bf0362a" member_type: VOTER last_known_addr { host: "127.26.120.68" port: 37951 } attrs { promote: false }, Status: LMP_MISMATCH, Last received: 0.0, Next index: 4, Last known committed idx: 3, Time since last communication: 0.000s
I20260710 13:26:04.753806 29005 consensus_queue.cc:1048] T 23411080827b44bfbae12d3514ff68a8 P da71763d773d4381b6e4e6315bf5579b [LEADER]: Connected to new peer: Peer: permanent_uuid: "415e2fb92a4e43c788654e06ea0ce7e9" member_type: VOTER last_known_addr { host: "127.26.120.67" port: 35621 }, Status: LMP_MISMATCH, Last received: 0.0, Next index: 4, Last known committed idx: 3, Time since last communication: 0.000s
I20260710 13:26:04.761564 29005 raft_consensus.cc:2955] T 23411080827b44bfbae12d3514ff68a8 P da71763d773d4381b6e4e6315bf5579b [term 1 LEADER]: Committing config change with OpId 1.4: config changed from index 3 to 4, VOTER 0a9177de0a7c4653bdc60a3e4860c210 (127.26.120.66) evicted. New config: { opid_index: 4 OBSOLETE_local: false peers { permanent_uuid: "da71763d773d4381b6e4e6315bf5579b" member_type: VOTER last_known_addr { host: "127.26.120.65" port: 42581 } } peers { permanent_uuid: "415e2fb92a4e43c788654e06ea0ce7e9" member_type: VOTER last_known_addr { host: "127.26.120.67" port: 35621 } } peers { permanent_uuid: "b1bfbacd6d1841fda1f2dfb54bf0362a" member_type: VOTER last_known_addr { host: "127.26.120.68" port: 37951 } attrs { promote: false } } }
I20260710 13:26:04.764596 28665 raft_consensus.cc:2955] T 23411080827b44bfbae12d3514ff68a8 P b1bfbacd6d1841fda1f2dfb54bf0362a [term 1 FOLLOWER]: Committing config change with OpId 1.4: config changed from index 3 to 4, VOTER 0a9177de0a7c4653bdc60a3e4860c210 (127.26.120.66) evicted. New config: { opid_index: 4 OBSOLETE_local: false peers { permanent_uuid: "da71763d773d4381b6e4e6315bf5579b" member_type: VOTER last_known_addr { host: "127.26.120.65" port: 42581 } } peers { permanent_uuid: "415e2fb92a4e43c788654e06ea0ce7e9" member_type: VOTER last_known_addr { host: "127.26.120.67" port: 35621 } } peers { permanent_uuid: "b1bfbacd6d1841fda1f2dfb54bf0362a" member_type: VOTER last_known_addr { host: "127.26.120.68" port: 37951 } attrs { promote: false } } }
I20260710 13:26:04.768783 28362 raft_consensus.cc:2955] T 23411080827b44bfbae12d3514ff68a8 P 415e2fb92a4e43c788654e06ea0ce7e9 [term 1 FOLLOWER]: Committing config change with OpId 1.4: config changed from index 3 to 4, VOTER 0a9177de0a7c4653bdc60a3e4860c210 (127.26.120.66) evicted. New config: { opid_index: 4 OBSOLETE_local: false peers { permanent_uuid: "da71763d773d4381b6e4e6315bf5579b" member_type: VOTER last_known_addr { host: "127.26.120.65" port: 42581 } } peers { permanent_uuid: "415e2fb92a4e43c788654e06ea0ce7e9" member_type: VOTER last_known_addr { host: "127.26.120.67" port: 35621 } } peers { permanent_uuid: "b1bfbacd6d1841fda1f2dfb54bf0362a" member_type: VOTER last_known_addr { host: "127.26.120.68" port: 37951 } attrs { promote: false } } }
I20260710 13:26:04.771107 28100 catalog_manager.cc:5210] ChangeConfig:REMOVE_PEER RPC for tablet 23411080827b44bfbae12d3514ff68a8 with cas_config_opid_index 3: ChangeConfig:REMOVE_PEER succeeded (attempt 1)
I20260710 13:26:04.779239 28113 catalog_manager.cc:5697] T 23411080827b44bfbae12d3514ff68a8 P b1bfbacd6d1841fda1f2dfb54bf0362a reported cstate change: config changed from index 3 to 4, VOTER 0a9177de0a7c4653bdc60a3e4860c210 (127.26.120.66) evicted. New cstate: current_term: 1 leader_uuid: "da71763d773d4381b6e4e6315bf5579b" committed_config { opid_index: 4 OBSOLETE_local: false peers { permanent_uuid: "da71763d773d4381b6e4e6315bf5579b" member_type: VOTER last_known_addr { host: "127.26.120.65" port: 42581 } } peers { permanent_uuid: "415e2fb92a4e43c788654e06ea0ce7e9" member_type: VOTER last_known_addr { host: "127.26.120.67" port: 35621 } } peers { permanent_uuid: "b1bfbacd6d1841fda1f2dfb54bf0362a" member_type: VOTER last_known_addr { host: "127.26.120.68" port: 37951 } attrs { promote: false } } }
I20260710 13:26:04.786361 28999 raft_consensus.cc:1064] T 08171e0d5ef543d1ae7a595980937b0b P 415e2fb92a4e43c788654e06ea0ce7e9: attempting to promote NON_VOTER b1bfbacd6d1841fda1f2dfb54bf0362a to VOTER
I20260710 13:26:04.789287 28999 consensus_queue.cc:237] T 08171e0d5ef543d1ae7a595980937b0b P 415e2fb92a4e43c788654e06ea0ce7e9 [LEADER]: Queue going to LEADER mode. State: All replicated index: 0, Majority replicated index: 2, Committed index: 2, Last appended: 1.2, Last appended by leader: 0, Current term: 1, Majority size: 3, State: 0, Mode: LEADER, active raft config: opid_index: 3 OBSOLETE_local: false peers { permanent_uuid: "da71763d773d4381b6e4e6315bf5579b" member_type: VOTER last_known_addr { host: "127.26.120.65" port: 42581 } attrs { replace: true } } peers { permanent_uuid: "0a9177de0a7c4653bdc60a3e4860c210" member_type: VOTER last_known_addr { host: "127.26.120.66" port: 37673 } } peers { permanent_uuid: "415e2fb92a4e43c788654e06ea0ce7e9" member_type: VOTER last_known_addr { host: "127.26.120.67" port: 35621 } } peers { permanent_uuid: "b1bfbacd6d1841fda1f2dfb54bf0362a" member_type: VOTER last_known_addr { host: "127.26.120.68" port: 37951 } attrs { promote: false } }
I20260710 13:26:04.794211 28276 tablet_service.cc:1558] Processing DeleteTablet for tablet 23411080827b44bfbae12d3514ff68a8 with delete_type TABLET_DATA_TOMBSTONED (TS 0a9177de0a7c4653bdc60a3e4860c210 not found in new config with opid_index 4) from {username='slave'} at 127.0.0.1:40924
I20260710 13:26:04.796662 28665 raft_consensus.cc:1275] T 08171e0d5ef543d1ae7a595980937b0b P b1bfbacd6d1841fda1f2dfb54bf0362a [term 1 LEARNER]: Refusing update from remote peer 415e2fb92a4e43c788654e06ea0ce7e9: Log matching property violated. Preceding OpId in replica: term: 1 index: 2. Preceding OpId from leader: term: 1 index: 3. (index mismatch)
I20260710 13:26:04.797279 29017 tablet_replica.cc:333] T 23411080827b44bfbae12d3514ff68a8 P 0a9177de0a7c4653bdc60a3e4860c210: stopping tablet replica
I20260710 13:26:04.798137 29014 consensus_queue.cc:1048] T 08171e0d5ef543d1ae7a595980937b0b P 415e2fb92a4e43c788654e06ea0ce7e9 [LEADER]: Connected to new peer: Peer: permanent_uuid: "b1bfbacd6d1841fda1f2dfb54bf0362a" member_type: VOTER last_known_addr { host: "127.26.120.68" port: 37951 } attrs { promote: false }, Status: LMP_MISMATCH, Last received: 0.0, Next index: 3, Last known committed idx: 2, Time since last communication: 0.001s
I20260710 13:26:04.798602 29017 raft_consensus.cc:2243] T 23411080827b44bfbae12d3514ff68a8 P 0a9177de0a7c4653bdc60a3e4860c210 [term 1 FOLLOWER]: Raft consensus shutting down.
I20260710 13:26:04.799314 28282 raft_consensus.cc:1275] T 08171e0d5ef543d1ae7a595980937b0b P 0a9177de0a7c4653bdc60a3e4860c210 [term 1 FOLLOWER]: Refusing update from remote peer 415e2fb92a4e43c788654e06ea0ce7e9: Log matching property violated. Preceding OpId in replica: term: 1 index: 2. Preceding OpId from leader: term: 1 index: 3. (index mismatch)
I20260710 13:26:04.799634 29017 raft_consensus.cc:2272] T 23411080827b44bfbae12d3514ff68a8 P 0a9177de0a7c4653bdc60a3e4860c210 [term 1 FOLLOWER]: Raft consensus is shut down!
I20260710 13:26:04.801237 28215 raft_consensus.cc:1275] T 08171e0d5ef543d1ae7a595980937b0b P da71763d773d4381b6e4e6315bf5579b [term 1 FOLLOWER]: Refusing update from remote peer 415e2fb92a4e43c788654e06ea0ce7e9: Log matching property violated. Preceding OpId in replica: term: 1 index: 2. Preceding OpId from leader: term: 1 index: 3. (index mismatch)
I20260710 13:26:04.801991 29014 consensus_queue.cc:1048] T 08171e0d5ef543d1ae7a595980937b0b P 415e2fb92a4e43c788654e06ea0ce7e9 [LEADER]: Connected to new peer: Peer: permanent_uuid: "0a9177de0a7c4653bdc60a3e4860c210" member_type: VOTER last_known_addr { host: "127.26.120.66" port: 37673 }, Status: LMP_MISMATCH, Last received: 0.0, Next index: 3, Last known committed idx: 2, Time since last communication: 0.000s
I20260710 13:26:04.803347 28988 consensus_queue.cc:1048] T 08171e0d5ef543d1ae7a595980937b0b P 415e2fb92a4e43c788654e06ea0ce7e9 [LEADER]: Connected to new peer: Peer: permanent_uuid: "da71763d773d4381b6e4e6315bf5579b" member_type: VOTER last_known_addr { host: "127.26.120.65" port: 42581 } attrs { replace: true }, Status: LMP_MISMATCH, Last received: 0.0, Next index: 3, Last known committed idx: 2, Time since last communication: 0.001s
I20260710 13:26:04.806049 29017 ts_tablet_manager.cc:1916] T 23411080827b44bfbae12d3514ff68a8 P 0a9177de0a7c4653bdc60a3e4860c210: Deleting tablet data with delete state TABLET_DATA_TOMBSTONED
I20260710 13:26:04.832669 28988 raft_consensus.cc:2955] T 08171e0d5ef543d1ae7a595980937b0b P 415e2fb92a4e43c788654e06ea0ce7e9 [term 1 LEADER]: Committing config change with OpId 1.3: config changed from index 2 to 3, b1bfbacd6d1841fda1f2dfb54bf0362a (127.26.120.68) changed from NON_VOTER to VOTER. New config: { opid_index: 3 OBSOLETE_local: false peers { permanent_uuid: "da71763d773d4381b6e4e6315bf5579b" member_type: VOTER last_known_addr { host: "127.26.120.65" port: 42581 } attrs { replace: true } } peers { permanent_uuid: "0a9177de0a7c4653bdc60a3e4860c210" member_type: VOTER last_known_addr { host: "127.26.120.66" port: 37673 } } peers { permanent_uuid: "415e2fb92a4e43c788654e06ea0ce7e9" member_type: VOTER last_known_addr { host: "127.26.120.67" port: 35621 } } peers { permanent_uuid: "b1bfbacd6d1841fda1f2dfb54bf0362a" member_type: VOTER last_known_addr { host: "127.26.120.68" port: 37951 } attrs { promote: false } } }
I20260710 13:26:04.839857 29017 ts_tablet_manager.cc:1929] T 23411080827b44bfbae12d3514ff68a8 P 0a9177de0a7c4653bdc60a3e4860c210: tablet deleted with delete type TABLET_DATA_TOMBSTONED: last-logged OpId 1.3
I20260710 13:26:04.839323 28289 raft_consensus.cc:2955] T 08171e0d5ef543d1ae7a595980937b0b P 0a9177de0a7c4653bdc60a3e4860c210 [term 1 FOLLOWER]: Committing config change with OpId 1.3: config changed from index 2 to 3, b1bfbacd6d1841fda1f2dfb54bf0362a (127.26.120.68) changed from NON_VOTER to VOTER. New config: { opid_index: 3 OBSOLETE_local: false peers { permanent_uuid: "da71763d773d4381b6e4e6315bf5579b" member_type: VOTER last_known_addr { host: "127.26.120.65" port: 42581 } attrs { replace: true } } peers { permanent_uuid: "0a9177de0a7c4653bdc60a3e4860c210" member_type: VOTER last_known_addr { host: "127.26.120.66" port: 37673 } } peers { permanent_uuid: "415e2fb92a4e43c788654e06ea0ce7e9" member_type: VOTER last_known_addr { host: "127.26.120.67" port: 35621 } } peers { permanent_uuid: "b1bfbacd6d1841fda1f2dfb54bf0362a" member_type: VOTER last_known_addr { host: "127.26.120.68" port: 37951 } attrs { promote: false } } }
I20260710 13:26:04.842905 28214 raft_consensus.cc:2955] T 08171e0d5ef543d1ae7a595980937b0b P da71763d773d4381b6e4e6315bf5579b [term 1 FOLLOWER]: Committing config change with OpId 1.3: config changed from index 2 to 3, b1bfbacd6d1841fda1f2dfb54bf0362a (127.26.120.68) changed from NON_VOTER to VOTER. New config: { opid_index: 3 OBSOLETE_local: false peers { permanent_uuid: "da71763d773d4381b6e4e6315bf5579b" member_type: VOTER last_known_addr { host: "127.26.120.65" port: 42581 } attrs { replace: true } } peers { permanent_uuid: "0a9177de0a7c4653bdc60a3e4860c210" member_type: VOTER last_known_addr { host: "127.26.120.66" port: 37673 } } peers { permanent_uuid: "415e2fb92a4e43c788654e06ea0ce7e9" member_type: VOTER last_known_addr { host: "127.26.120.67" port: 35621 } } peers { permanent_uuid: "b1bfbacd6d1841fda1f2dfb54bf0362a" member_type: VOTER last_known_addr { host: "127.26.120.68" port: 37951 } attrs { promote: false } } }
I20260710 13:26:04.840333 29017 log.cc:1199] T 23411080827b44bfbae12d3514ff68a8 P 0a9177de0a7c4653bdc60a3e4860c210: Deleting WAL directory at /tmp/dist-test-taskjHK35u/test-tmp/auto_leader_rebalancer-test.0.LeaderRebalancerTest.AddTserver.1783689923804948-27105-0/minicluster-data/ts-1-root/wals/23411080827b44bfbae12d3514ff68a8
I20260710 13:26:04.845765 28665 raft_consensus.cc:2955] T 08171e0d5ef543d1ae7a595980937b0b P b1bfbacd6d1841fda1f2dfb54bf0362a [term 1 FOLLOWER]: Committing config change with OpId 1.3: config changed from index 2 to 3, b1bfbacd6d1841fda1f2dfb54bf0362a (127.26.120.68) changed from NON_VOTER to VOTER. New config: { opid_index: 3 OBSOLETE_local: false peers { permanent_uuid: "da71763d773d4381b6e4e6315bf5579b" member_type: VOTER last_known_addr { host: "127.26.120.65" port: 42581 } attrs { replace: true } } peers { permanent_uuid: "0a9177de0a7c4653bdc60a3e4860c210" member_type: VOTER last_known_addr { host: "127.26.120.66" port: 37673 } } peers { permanent_uuid: "415e2fb92a4e43c788654e06ea0ce7e9" member_type: VOTER last_known_addr { host: "127.26.120.67" port: 35621 } } peers { permanent_uuid: "b1bfbacd6d1841fda1f2dfb54bf0362a" member_type: VOTER last_known_addr { host: "127.26.120.68" port: 37951 } attrs { promote: false } } }
I20260710 13:26:04.849629 28112 catalog_manager.cc:5697] T 08171e0d5ef543d1ae7a595980937b0b P 415e2fb92a4e43c788654e06ea0ce7e9 reported cstate change: config changed from index 2 to 3, b1bfbacd6d1841fda1f2dfb54bf0362a (127.26.120.68) changed from NON_VOTER to VOTER. New cstate: current_term: 1 leader_uuid: "415e2fb92a4e43c788654e06ea0ce7e9" committed_config { opid_index: 3 OBSOLETE_local: false peers { permanent_uuid: "da71763d773d4381b6e4e6315bf5579b" member_type: VOTER last_known_addr { host: "127.26.120.65" port: 42581 } attrs { replace: true } health_report { overall_health: HEALTHY } } peers { permanent_uuid: "0a9177de0a7c4653bdc60a3e4860c210" member_type: VOTER last_known_addr { host: "127.26.120.66" port: 37673 } health_report { overall_health: HEALTHY } } peers { permanent_uuid: "415e2fb92a4e43c788654e06ea0ce7e9" member_type: VOTER last_known_addr { host: "127.26.120.67" port: 35621 } health_report { overall_health: HEALTHY } } peers { permanent_uuid: "b1bfbacd6d1841fda1f2dfb54bf0362a" member_type: VOTER last_known_addr { host: "127.26.120.68" port: 37951 } attrs { promote: false } health_report { overall_health: HEALTHY } } }
I20260710 13:26:04.861402 28099 catalog_manager.cc:5028] TS 0a9177de0a7c4653bdc60a3e4860c210 (127.26.120.66:37673): tablet 23411080827b44bfbae12d3514ff68a8 (table test-workload [id=a7db88e1e3e64c6786cb70968366b67b]) successfully deleted
I20260710 13:26:04.873185 28365 consensus_queue.cc:237] T 08171e0d5ef543d1ae7a595980937b0b P 415e2fb92a4e43c788654e06ea0ce7e9 [LEADER]: Queue going to LEADER mode. State: All replicated index: 0, Majority replicated index: 3, Committed index: 3, Last appended: 1.3, Last appended by leader: 0, Current term: 1, Majority size: 2, State: 0, Mode: LEADER, active raft config: opid_index: 4 OBSOLETE_local: false peers { permanent_uuid: "0a9177de0a7c4653bdc60a3e4860c210" member_type: VOTER last_known_addr { host: "127.26.120.66" port: 37673 } } peers { permanent_uuid: "415e2fb92a4e43c788654e06ea0ce7e9" member_type: VOTER last_known_addr { host: "127.26.120.67" port: 35621 } } peers { permanent_uuid: "b1bfbacd6d1841fda1f2dfb54bf0362a" member_type: VOTER last_known_addr { host: "127.26.120.68" port: 37951 } attrs { promote: false } }
I20260710 13:26:04.878245 28665 raft_consensus.cc:1275] T 08171e0d5ef543d1ae7a595980937b0b P b1bfbacd6d1841fda1f2dfb54bf0362a [term 1 FOLLOWER]: Refusing update from remote peer 415e2fb92a4e43c788654e06ea0ce7e9: Log matching property violated. Preceding OpId in replica: term: 1 index: 3. Preceding OpId from leader: term: 1 index: 4. (index mismatch)
I20260710 13:26:04.878401 28289 raft_consensus.cc:1275] T 08171e0d5ef543d1ae7a595980937b0b P 0a9177de0a7c4653bdc60a3e4860c210 [term 1 FOLLOWER]: Refusing update from remote peer 415e2fb92a4e43c788654e06ea0ce7e9: Log matching property violated. Preceding OpId in replica: term: 1 index: 3. Preceding OpId from leader: term: 1 index: 4. (index mismatch)
I20260710 13:26:04.879480 29015 consensus_queue.cc:1048] T 08171e0d5ef543d1ae7a595980937b0b P 415e2fb92a4e43c788654e06ea0ce7e9 [LEADER]: Connected to new peer: Peer: permanent_uuid: "b1bfbacd6d1841fda1f2dfb54bf0362a" member_type: VOTER last_known_addr { host: "127.26.120.68" port: 37951 } attrs { promote: false }, Status: LMP_MISMATCH, Last received: 0.0, Next index: 4, Last known committed idx: 3, Time since last communication: 0.001s
I20260710 13:26:04.880270 28988 consensus_queue.cc:1048] T 08171e0d5ef543d1ae7a595980937b0b P 415e2fb92a4e43c788654e06ea0ce7e9 [LEADER]: Connected to new peer: Peer: permanent_uuid: "0a9177de0a7c4653bdc60a3e4860c210" member_type: VOTER last_known_addr { host: "127.26.120.66" port: 37673 }, Status: LMP_MISMATCH, Last received: 0.0, Next index: 4, Last known committed idx: 3, Time since last communication: 0.000s
I20260710 13:26:04.885489 29015 raft_consensus.cc:2955] T 08171e0d5ef543d1ae7a595980937b0b P 415e2fb92a4e43c788654e06ea0ce7e9 [term 1 LEADER]: Committing config change with OpId 1.4: config changed from index 3 to 4, VOTER da71763d773d4381b6e4e6315bf5579b (127.26.120.65) evicted. New config: { opid_index: 4 OBSOLETE_local: false peers { permanent_uuid: "0a9177de0a7c4653bdc60a3e4860c210" member_type: VOTER last_known_addr { host: "127.26.120.66" port: 37673 } } peers { permanent_uuid: "415e2fb92a4e43c788654e06ea0ce7e9" member_type: VOTER last_known_addr { host: "127.26.120.67" port: 35621 } } peers { permanent_uuid: "b1bfbacd6d1841fda1f2dfb54bf0362a" member_type: VOTER last_known_addr { host: "127.26.120.68" port: 37951 } attrs { promote: false } } }
I20260710 13:26:04.887303 28289 raft_consensus.cc:2955] T 08171e0d5ef543d1ae7a595980937b0b P 0a9177de0a7c4653bdc60a3e4860c210 [term 1 FOLLOWER]: Committing config change with OpId 1.4: config changed from index 3 to 4, VOTER da71763d773d4381b6e4e6315bf5579b (127.26.120.65) evicted. New config: { opid_index: 4 OBSOLETE_local: false peers { permanent_uuid: "0a9177de0a7c4653bdc60a3e4860c210" member_type: VOTER last_known_addr { host: "127.26.120.66" port: 37673 } } peers { permanent_uuid: "415e2fb92a4e43c788654e06ea0ce7e9" member_type: VOTER last_known_addr { host: "127.26.120.67" port: 35621 } } peers { permanent_uuid: "b1bfbacd6d1841fda1f2dfb54bf0362a" member_type: VOTER last_known_addr { host: "127.26.120.68" port: 37951 } attrs { promote: false } } }
I20260710 13:26:04.895660 28665 raft_consensus.cc:2955] T 08171e0d5ef543d1ae7a595980937b0b P b1bfbacd6d1841fda1f2dfb54bf0362a [term 1 FOLLOWER]: Committing config change with OpId 1.4: config changed from index 3 to 4, VOTER da71763d773d4381b6e4e6315bf5579b (127.26.120.65) evicted. New config: { opid_index: 4 OBSOLETE_local: false peers { permanent_uuid: "0a9177de0a7c4653bdc60a3e4860c210" member_type: VOTER last_known_addr { host: "127.26.120.66" port: 37673 } } peers { permanent_uuid: "415e2fb92a4e43c788654e06ea0ce7e9" member_type: VOTER last_known_addr { host: "127.26.120.67" port: 35621 } } peers { permanent_uuid: "b1bfbacd6d1841fda1f2dfb54bf0362a" member_type: VOTER last_known_addr { host: "127.26.120.68" port: 37951 } attrs { promote: false } } }
I20260710 13:26:04.900827 28113 catalog_manager.cc:5697] T 08171e0d5ef543d1ae7a595980937b0b P 0a9177de0a7c4653bdc60a3e4860c210 reported cstate change: config changed from index 3 to 4, VOTER da71763d773d4381b6e4e6315bf5579b (127.26.120.65) evicted. New cstate: current_term: 1 leader_uuid: "415e2fb92a4e43c788654e06ea0ce7e9" committed_config { opid_index: 4 OBSOLETE_local: false peers { permanent_uuid: "0a9177de0a7c4653bdc60a3e4860c210" member_type: VOTER last_known_addr { host: "127.26.120.66" port: 37673 } } peers { permanent_uuid: "415e2fb92a4e43c788654e06ea0ce7e9" member_type: VOTER last_known_addr { host: "127.26.120.67" port: 35621 } } peers { permanent_uuid: "b1bfbacd6d1841fda1f2dfb54bf0362a" member_type: VOTER last_known_addr { host: "127.26.120.68" port: 37951 } attrs { promote: false } } }
I20260710 13:26:04.903301 28099 catalog_manager.cc:5210] ChangeConfig:REMOVE_PEER RPC for tablet 08171e0d5ef543d1ae7a595980937b0b with cas_config_opid_index 3: ChangeConfig:REMOVE_PEER succeeded (attempt 1)
I20260710 13:26:04.913717 28201 tablet_service.cc:1558] Processing DeleteTablet for tablet 08171e0d5ef543d1ae7a595980937b0b with delete_type TABLET_DATA_TOMBSTONED (TS da71763d773d4381b6e4e6315bf5579b not found in new config with opid_index 4) from {username='slave'} at 127.0.0.1:39630
I20260710 13:26:04.924000 29022 tablet_replica.cc:333] T 08171e0d5ef543d1ae7a595980937b0b P da71763d773d4381b6e4e6315bf5579b: stopping tablet replica
I20260710 13:26:04.924760 29022 raft_consensus.cc:2243] T 08171e0d5ef543d1ae7a595980937b0b P da71763d773d4381b6e4e6315bf5579b [term 1 FOLLOWER]: Raft consensus shutting down.
I20260710 13:26:04.925288 29022 raft_consensus.cc:2272] T 08171e0d5ef543d1ae7a595980937b0b P da71763d773d4381b6e4e6315bf5579b [term 1 FOLLOWER]: Raft consensus is shut down!
I20260710 13:26:04.928035 29022 ts_tablet_manager.cc:1916] T 08171e0d5ef543d1ae7a595980937b0b P da71763d773d4381b6e4e6315bf5579b: Deleting tablet data with delete state TABLET_DATA_TOMBSTONED
I20260710 13:26:04.938657 29022 ts_tablet_manager.cc:1929] T 08171e0d5ef543d1ae7a595980937b0b P da71763d773d4381b6e4e6315bf5579b: tablet deleted with delete type TABLET_DATA_TOMBSTONED: last-logged OpId 1.3
I20260710 13:26:04.938899 29022 log.cc:1199] T 08171e0d5ef543d1ae7a595980937b0b P da71763d773d4381b6e4e6315bf5579b: Deleting WAL directory at /tmp/dist-test-taskjHK35u/test-tmp/auto_leader_rebalancer-test.0.LeaderRebalancerTest.AddTserver.1783689923804948-27105-0/minicluster-data/ts-0-root/wals/08171e0d5ef543d1ae7a595980937b0b
I20260710 13:26:04.940153 28100 catalog_manager.cc:5028] TS da71763d773d4381b6e4e6315bf5579b (127.26.120.65:42581): tablet 08171e0d5ef543d1ae7a595980937b0b (table test-workload [id=a7db88e1e3e64c6786cb70968366b67b]) successfully deleted
I20260710 13:26:10.692762 27105 auto_leader_rebalancer.cc:141] leader rebalance for table test-workload
I20260710 13:26:10.716248 28214 tablet_service.cc:2072] Received LeaderStepDown RPC: tablet_id: "5e90692307474a85a129eddacc61b30d"
dest_uuid: "da71763d773d4381b6e4e6315bf5579b"
mode: GRACEFUL
new_leader_uuid: "415e2fb92a4e43c788654e06ea0ce7e9"
 from {username='slave'} at 127.0.0.1:50002
I20260710 13:26:10.716784 28214 raft_consensus.cc:606] T 5e90692307474a85a129eddacc61b30d P da71763d773d4381b6e4e6315bf5579b [term 1 LEADER]: Received request to transfer leadership to TS 415e2fb92a4e43c788654e06ea0ce7e9
I20260710 13:26:10.726044 28362 tablet_service.cc:2072] Received LeaderStepDown RPC: tablet_id: "788bff67d46b4969bcd952dceeca8279"
dest_uuid: "415e2fb92a4e43c788654e06ea0ce7e9"
mode: GRACEFUL
new_leader_uuid: "b1bfbacd6d1841fda1f2dfb54bf0362a"
 from {username='slave'} at 127.0.0.1:45158
I20260710 13:26:10.726411 28362 raft_consensus.cc:606] T 788bff67d46b4969bcd952dceeca8279 P 415e2fb92a4e43c788654e06ea0ce7e9 [term 1 LEADER]: Received request to transfer leadership to TS b1bfbacd6d1841fda1f2dfb54bf0362a
I20260710 13:26:10.736145 28289 tablet_service.cc:2072] Received LeaderStepDown RPC: tablet_id: "9276bf8e94404beb9e16a58d10863ef5"
dest_uuid: "0a9177de0a7c4653bdc60a3e4860c210"
mode: GRACEFUL
new_leader_uuid: "b1bfbacd6d1841fda1f2dfb54bf0362a"
 from {username='slave'} at 127.0.0.1:34108
I20260710 13:26:10.736539 28289 raft_consensus.cc:606] T 9276bf8e94404beb9e16a58d10863ef5 P 0a9177de0a7c4653bdc60a3e4860c210 [term 1 LEADER]: Received request to transfer leadership to TS b1bfbacd6d1841fda1f2dfb54bf0362a
I20260710 13:26:10.738448 28289 tablet_service.cc:2072] Received LeaderStepDown RPC: tablet_id: "ad087c62c4b64fb989a339a1e9adc4b9"
dest_uuid: "0a9177de0a7c4653bdc60a3e4860c210"
mode: GRACEFUL
new_leader_uuid: "b1bfbacd6d1841fda1f2dfb54bf0362a"
 from {username='slave'} at 127.0.0.1:34108
I20260710 13:26:10.738817 28289 raft_consensus.cc:606] T ad087c62c4b64fb989a339a1e9adc4b9 P 0a9177de0a7c4653bdc60a3e4860c210 [term 1 LEADER]: Received request to transfer leadership to TS b1bfbacd6d1841fda1f2dfb54bf0362a
I20260710 13:26:10.740608 28362 tablet_service.cc:2072] Received LeaderStepDown RPC: tablet_id: "b8989dc4b8d34eeb927adb7df36863a7"
dest_uuid: "415e2fb92a4e43c788654e06ea0ce7e9"
mode: GRACEFUL
new_leader_uuid: "b1bfbacd6d1841fda1f2dfb54bf0362a"
 from {username='slave'} at 127.0.0.1:45158
I20260710 13:26:10.740990 28362 raft_consensus.cc:606] T b8989dc4b8d34eeb927adb7df36863a7 P 415e2fb92a4e43c788654e06ea0ce7e9 [term 1 LEADER]: Received request to transfer leadership to TS b1bfbacd6d1841fda1f2dfb54bf0362a
I20260710 13:26:10.742894 28362 tablet_service.cc:2072] Received LeaderStepDown RPC: tablet_id: "fe90c673b24646d19b6c92f08e0d4fc4"
dest_uuid: "415e2fb92a4e43c788654e06ea0ce7e9"
mode: GRACEFUL
new_leader_uuid: "0a9177de0a7c4653bdc60a3e4860c210"
 from {username='slave'} at 127.0.0.1:45158
I20260710 13:26:10.743296 28362 raft_consensus.cc:606] T fe90c673b24646d19b6c92f08e0d4fc4 P 415e2fb92a4e43c788654e06ea0ce7e9 [term 1 LEADER]: Received request to transfer leadership to TS 0a9177de0a7c4653bdc60a3e4860c210
I20260710 13:26:10.744172 27105 auto_leader_rebalancer.cc:479] table: test-workload, leader rebalance finish, leader transfer count: 6
I20260710 13:26:10.744740 27105 auto_leader_rebalancer.cc:554] All tables' leader rebalancing finished this round
I20260710 13:26:10.800381 28988 raft_consensus.cc:993] T b8989dc4b8d34eeb927adb7df36863a7 P 415e2fb92a4e43c788654e06ea0ce7e9: : Instructing follower b1bfbacd6d1841fda1f2dfb54bf0362a to start an election
I20260710 13:26:10.800768 29037 raft_consensus.cc:1081] T b8989dc4b8d34eeb927adb7df36863a7 P 415e2fb92a4e43c788654e06ea0ce7e9 [term 1 LEADER]: Signalling peer b1bfbacd6d1841fda1f2dfb54bf0362a to start an election
I20260710 13:26:10.802040 28665 tablet_service.cc:2044] Received Run Leader Election RPC: tablet_id: "b8989dc4b8d34eeb927adb7df36863a7"
dest_uuid: "b1bfbacd6d1841fda1f2dfb54bf0362a"
 from {username='slave'} at 127.0.0.1:41868
I20260710 13:26:10.802464 28665 raft_consensus.cc:493] T b8989dc4b8d34eeb927adb7df36863a7 P b1bfbacd6d1841fda1f2dfb54bf0362a [term 1 FOLLOWER]: Starting forced leader election (received explicit request)
I20260710 13:26:10.802698 28665 raft_consensus.cc:3060] T b8989dc4b8d34eeb927adb7df36863a7 P b1bfbacd6d1841fda1f2dfb54bf0362a [term 1 FOLLOWER]: Advancing to term 2
I20260710 13:26:10.807312 28665 raft_consensus.cc:515] T b8989dc4b8d34eeb927adb7df36863a7 P b1bfbacd6d1841fda1f2dfb54bf0362a [term 2 FOLLOWER]: Starting forced leader election with config: opid_index: 4 OBSOLETE_local: false peers { permanent_uuid: "0a9177de0a7c4653bdc60a3e4860c210" member_type: VOTER last_known_addr { host: "127.26.120.66" port: 37673 } } peers { permanent_uuid: "415e2fb92a4e43c788654e06ea0ce7e9" member_type: VOTER last_known_addr { host: "127.26.120.67" port: 35621 } } peers { permanent_uuid: "b1bfbacd6d1841fda1f2dfb54bf0362a" member_type: VOTER last_known_addr { host: "127.26.120.68" port: 37951 } attrs { promote: false } }
I20260710 13:26:10.809888 28665 leader_election.cc:290] T b8989dc4b8d34eeb927adb7df36863a7 P b1bfbacd6d1841fda1f2dfb54bf0362a [CANDIDATE]: Term 2 election: Requested vote from peers 0a9177de0a7c4653bdc60a3e4860c210 (127.26.120.66:37673), 415e2fb92a4e43c788654e06ea0ce7e9 (127.26.120.67:35621)
I20260710 13:26:10.810155 28289 tablet_service.cc:1917] Received RequestConsensusVote() RPC: tablet_id: "b8989dc4b8d34eeb927adb7df36863a7" candidate_uuid: "b1bfbacd6d1841fda1f2dfb54bf0362a" candidate_term: 2 candidate_status { last_received { term: 1 index: 4 } } ignore_live_leader: true dest_uuid: "0a9177de0a7c4653bdc60a3e4860c210"
I20260710 13:26:10.810811 28289 raft_consensus.cc:3060] T b8989dc4b8d34eeb927adb7df36863a7 P 0a9177de0a7c4653bdc60a3e4860c210 [term 1 FOLLOWER]: Advancing to term 2
I20260710 13:26:10.811132 28362 tablet_service.cc:1917] Received RequestConsensusVote() RPC: tablet_id: "b8989dc4b8d34eeb927adb7df36863a7" candidate_uuid: "b1bfbacd6d1841fda1f2dfb54bf0362a" candidate_term: 2 candidate_status { last_received { term: 1 index: 4 } } ignore_live_leader: true dest_uuid: "415e2fb92a4e43c788654e06ea0ce7e9"
I20260710 13:26:10.811663 28362 raft_consensus.cc:3055] T b8989dc4b8d34eeb927adb7df36863a7 P 415e2fb92a4e43c788654e06ea0ce7e9 [term 1 LEADER]: Stepping down as leader of term 1
I20260710 13:26:10.811932 28362 raft_consensus.cc:740] T b8989dc4b8d34eeb927adb7df36863a7 P 415e2fb92a4e43c788654e06ea0ce7e9 [term 1 LEADER]: Becoming Follower/Learner. State: Replica: 415e2fb92a4e43c788654e06ea0ce7e9, State: Running, Role: LEADER
I20260710 13:26:10.812664 28362 consensus_queue.cc:260] T b8989dc4b8d34eeb927adb7df36863a7 P 415e2fb92a4e43c788654e06ea0ce7e9 [NON_LEADER]: Queue going to NON_LEADER mode. State: All replicated index: 0, Majority replicated index: 4, Committed index: 4, Last appended: 1.4, Last appended by leader: 4, Current term: 1, Majority size: -1, State: 0, Mode: NON_LEADER, active raft config: opid_index: 4 OBSOLETE_local: false peers { permanent_uuid: "0a9177de0a7c4653bdc60a3e4860c210" member_type: VOTER last_known_addr { host: "127.26.120.66" port: 37673 } } peers { permanent_uuid: "415e2fb92a4e43c788654e06ea0ce7e9" member_type: VOTER last_known_addr { host: "127.26.120.67" port: 35621 } } peers { permanent_uuid: "b1bfbacd6d1841fda1f2dfb54bf0362a" member_type: VOTER last_known_addr { host: "127.26.120.68" port: 37951 } attrs { promote: false } }
I20260710 13:26:10.813581 28362 raft_consensus.cc:3060] T b8989dc4b8d34eeb927adb7df36863a7 P 415e2fb92a4e43c788654e06ea0ce7e9 [term 1 FOLLOWER]: Advancing to term 2
I20260710 13:26:10.815312 28289 raft_consensus.cc:2468] T b8989dc4b8d34eeb927adb7df36863a7 P 0a9177de0a7c4653bdc60a3e4860c210 [term 2 FOLLOWER]: Leader election vote request: Granting yes vote for candidate b1bfbacd6d1841fda1f2dfb54bf0362a in term 2.
I20260710 13:26:10.816254 28627 leader_election.cc:304] T b8989dc4b8d34eeb927adb7df36863a7 P b1bfbacd6d1841fda1f2dfb54bf0362a [CANDIDATE]: Term 2 election: Election decided. Result: candidate won. Election summary: received 2 responses out of 3 voters: 2 yes votes; 0 no votes. yes voters: 0a9177de0a7c4653bdc60a3e4860c210, b1bfbacd6d1841fda1f2dfb54bf0362a; no voters: 
I20260710 13:26:10.817503 28362 raft_consensus.cc:2468] T b8989dc4b8d34eeb927adb7df36863a7 P 415e2fb92a4e43c788654e06ea0ce7e9 [term 2 FOLLOWER]: Leader election vote request: Granting yes vote for candidate b1bfbacd6d1841fda1f2dfb54bf0362a in term 2.
I20260710 13:26:10.817711 29039 raft_consensus.cc:2804] T b8989dc4b8d34eeb927adb7df36863a7 P b1bfbacd6d1841fda1f2dfb54bf0362a [term 2 FOLLOWER]: Leader election won for term 2
I20260710 13:26:10.818818 29039 raft_consensus.cc:697] T b8989dc4b8d34eeb927adb7df36863a7 P b1bfbacd6d1841fda1f2dfb54bf0362a [term 2 LEADER]: Becoming Leader. State: Replica: b1bfbacd6d1841fda1f2dfb54bf0362a, State: Running, Role: LEADER
I20260710 13:26:10.819542 29039 consensus_queue.cc:237] T b8989dc4b8d34eeb927adb7df36863a7 P b1bfbacd6d1841fda1f2dfb54bf0362a [LEADER]: Queue going to LEADER mode. State: All replicated index: 0, Majority replicated index: 4, Committed index: 4, Last appended: 1.4, Last appended by leader: 4, Current term: 2, Majority size: 2, State: 0, Mode: LEADER, active raft config: opid_index: 4 OBSOLETE_local: false peers { permanent_uuid: "0a9177de0a7c4653bdc60a3e4860c210" member_type: VOTER last_known_addr { host: "127.26.120.66" port: 37673 } } peers { permanent_uuid: "415e2fb92a4e43c788654e06ea0ce7e9" member_type: VOTER last_known_addr { host: "127.26.120.67" port: 35621 } } peers { permanent_uuid: "b1bfbacd6d1841fda1f2dfb54bf0362a" member_type: VOTER last_known_addr { host: "127.26.120.68" port: 37951 } attrs { promote: false } }
I20260710 13:26:10.826813 28111 catalog_manager.cc:5697] T b8989dc4b8d34eeb927adb7df36863a7 P b1bfbacd6d1841fda1f2dfb54bf0362a reported cstate change: term changed from 1 to 2, leader changed from 415e2fb92a4e43c788654e06ea0ce7e9 (127.26.120.67) to b1bfbacd6d1841fda1f2dfb54bf0362a (127.26.120.68). New cstate: current_term: 2 leader_uuid: "b1bfbacd6d1841fda1f2dfb54bf0362a" committed_config { opid_index: 4 OBSOLETE_local: false peers { permanent_uuid: "0a9177de0a7c4653bdc60a3e4860c210" member_type: VOTER last_known_addr { host: "127.26.120.66" port: 37673 } health_report { overall_health: UNKNOWN } } peers { permanent_uuid: "415e2fb92a4e43c788654e06ea0ce7e9" member_type: VOTER last_known_addr { host: "127.26.120.67" port: 35621 } health_report { overall_health: UNKNOWN } } peers { permanent_uuid: "b1bfbacd6d1841fda1f2dfb54bf0362a" member_type: VOTER last_known_addr { host: "127.26.120.68" port: 37951 } attrs { promote: false } health_report { overall_health: HEALTHY } } }
I20260710 13:26:11.018693 29031 raft_consensus.cc:993] T 9276bf8e94404beb9e16a58d10863ef5 P 0a9177de0a7c4653bdc60a3e4860c210: : Instructing follower b1bfbacd6d1841fda1f2dfb54bf0362a to start an election
I20260710 13:26:11.019196 29031 raft_consensus.cc:1081] T 9276bf8e94404beb9e16a58d10863ef5 P 0a9177de0a7c4653bdc60a3e4860c210 [term 1 LEADER]: Signalling peer b1bfbacd6d1841fda1f2dfb54bf0362a to start an election
I20260710 13:26:11.020586 28665 tablet_service.cc:2044] Received Run Leader Election RPC: tablet_id: "9276bf8e94404beb9e16a58d10863ef5"
dest_uuid: "b1bfbacd6d1841fda1f2dfb54bf0362a"
 from {username='slave'} at 127.0.0.1:41872
I20260710 13:26:11.020979 28665 raft_consensus.cc:493] T 9276bf8e94404beb9e16a58d10863ef5 P b1bfbacd6d1841fda1f2dfb54bf0362a [term 1 FOLLOWER]: Starting forced leader election (received explicit request)
I20260710 13:26:11.021224 28665 raft_consensus.cc:3060] T 9276bf8e94404beb9e16a58d10863ef5 P b1bfbacd6d1841fda1f2dfb54bf0362a [term 1 FOLLOWER]: Advancing to term 2
I20260710 13:26:11.026024 28665 raft_consensus.cc:515] T 9276bf8e94404beb9e16a58d10863ef5 P b1bfbacd6d1841fda1f2dfb54bf0362a [term 2 FOLLOWER]: Starting forced leader election with config: opid_index: 4 OBSOLETE_local: false peers { permanent_uuid: "da71763d773d4381b6e4e6315bf5579b" member_type: VOTER last_known_addr { host: "127.26.120.65" port: 42581 } } peers { permanent_uuid: "0a9177de0a7c4653bdc60a3e4860c210" member_type: VOTER last_known_addr { host: "127.26.120.66" port: 37673 } } peers { permanent_uuid: "b1bfbacd6d1841fda1f2dfb54bf0362a" member_type: VOTER last_known_addr { host: "127.26.120.68" port: 37951 } attrs { promote: false } }
I20260710 13:26:11.027575 28665 leader_election.cc:290] T 9276bf8e94404beb9e16a58d10863ef5 P b1bfbacd6d1841fda1f2dfb54bf0362a [CANDIDATE]: Term 2 election: Requested vote from peers da71763d773d4381b6e4e6315bf5579b (127.26.120.65:42581), 0a9177de0a7c4653bdc60a3e4860c210 (127.26.120.66:37673)
I20260710 13:26:11.028194 28214 tablet_service.cc:1917] Received RequestConsensusVote() RPC: tablet_id: "9276bf8e94404beb9e16a58d10863ef5" candidate_uuid: "b1bfbacd6d1841fda1f2dfb54bf0362a" candidate_term: 2 candidate_status { last_received { term: 1 index: 4 } } ignore_live_leader: true dest_uuid: "da71763d773d4381b6e4e6315bf5579b"
I20260710 13:26:11.028438 28289 tablet_service.cc:1917] Received RequestConsensusVote() RPC: tablet_id: "9276bf8e94404beb9e16a58d10863ef5" candidate_uuid: "b1bfbacd6d1841fda1f2dfb54bf0362a" candidate_term: 2 candidate_status { last_received { term: 1 index: 4 } } ignore_live_leader: true dest_uuid: "0a9177de0a7c4653bdc60a3e4860c210"
I20260710 13:26:11.028754 28214 raft_consensus.cc:3060] T 9276bf8e94404beb9e16a58d10863ef5 P da71763d773d4381b6e4e6315bf5579b [term 1 FOLLOWER]: Advancing to term 2
I20260710 13:26:11.028939 28289 raft_consensus.cc:3055] T 9276bf8e94404beb9e16a58d10863ef5 P 0a9177de0a7c4653bdc60a3e4860c210 [term 1 LEADER]: Stepping down as leader of term 1
I20260710 13:26:11.029258 28289 raft_consensus.cc:740] T 9276bf8e94404beb9e16a58d10863ef5 P 0a9177de0a7c4653bdc60a3e4860c210 [term 1 LEADER]: Becoming Follower/Learner. State: Replica: 0a9177de0a7c4653bdc60a3e4860c210, State: Running, Role: LEADER
I20260710 13:26:11.029875 28289 consensus_queue.cc:260] T 9276bf8e94404beb9e16a58d10863ef5 P 0a9177de0a7c4653bdc60a3e4860c210 [NON_LEADER]: Queue going to NON_LEADER mode. State: All replicated index: 0, Majority replicated index: 4, Committed index: 4, Last appended: 1.4, Last appended by leader: 4, Current term: 1, Majority size: -1, State: 0, Mode: NON_LEADER, active raft config: opid_index: 4 OBSOLETE_local: false peers { permanent_uuid: "da71763d773d4381b6e4e6315bf5579b" member_type: VOTER last_known_addr { host: "127.26.120.65" port: 42581 } } peers { permanent_uuid: "0a9177de0a7c4653bdc60a3e4860c210" member_type: VOTER last_known_addr { host: "127.26.120.66" port: 37673 } } peers { permanent_uuid: "b1bfbacd6d1841fda1f2dfb54bf0362a" member_type: VOTER last_known_addr { host: "127.26.120.68" port: 37951 } attrs { promote: false } }
I20260710 13:26:11.030720 28289 raft_consensus.cc:3060] T 9276bf8e94404beb9e16a58d10863ef5 P 0a9177de0a7c4653bdc60a3e4860c210 [term 1 FOLLOWER]: Advancing to term 2
I20260710 13:26:11.034482 28289 raft_consensus.cc:2468] T 9276bf8e94404beb9e16a58d10863ef5 P 0a9177de0a7c4653bdc60a3e4860c210 [term 2 FOLLOWER]: Leader election vote request: Granting yes vote for candidate b1bfbacd6d1841fda1f2dfb54bf0362a in term 2.
I20260710 13:26:11.034381 28214 raft_consensus.cc:2468] T 9276bf8e94404beb9e16a58d10863ef5 P da71763d773d4381b6e4e6315bf5579b [term 2 FOLLOWER]: Leader election vote request: Granting yes vote for candidate b1bfbacd6d1841fda1f2dfb54bf0362a in term 2.
I20260710 13:26:11.035382 28627 leader_election.cc:304] T 9276bf8e94404beb9e16a58d10863ef5 P b1bfbacd6d1841fda1f2dfb54bf0362a [CANDIDATE]: Term 2 election: Election decided. Result: candidate won. Election summary: received 2 responses out of 3 voters: 2 yes votes; 0 no votes. yes voters: 0a9177de0a7c4653bdc60a3e4860c210, b1bfbacd6d1841fda1f2dfb54bf0362a; no voters: 
I20260710 13:26:11.036065 29039 raft_consensus.cc:2804] T 9276bf8e94404beb9e16a58d10863ef5 P b1bfbacd6d1841fda1f2dfb54bf0362a [term 2 FOLLOWER]: Leader election won for term 2
I20260710 13:26:11.036480 29039 raft_consensus.cc:697] T 9276bf8e94404beb9e16a58d10863ef5 P b1bfbacd6d1841fda1f2dfb54bf0362a [term 2 LEADER]: Becoming Leader. State: Replica: b1bfbacd6d1841fda1f2dfb54bf0362a, State: Running, Role: LEADER
I20260710 13:26:11.037226 29039 consensus_queue.cc:237] T 9276bf8e94404beb9e16a58d10863ef5 P b1bfbacd6d1841fda1f2dfb54bf0362a [LEADER]: Queue going to LEADER mode. State: All replicated index: 0, Majority replicated index: 4, Committed index: 4, Last appended: 1.4, Last appended by leader: 4, Current term: 2, Majority size: 2, State: 0, Mode: LEADER, active raft config: opid_index: 4 OBSOLETE_local: false peers { permanent_uuid: "da71763d773d4381b6e4e6315bf5579b" member_type: VOTER last_known_addr { host: "127.26.120.65" port: 42581 } } peers { permanent_uuid: "0a9177de0a7c4653bdc60a3e4860c210" member_type: VOTER last_known_addr { host: "127.26.120.66" port: 37673 } } peers { permanent_uuid: "b1bfbacd6d1841fda1f2dfb54bf0362a" member_type: VOTER last_known_addr { host: "127.26.120.68" port: 37951 } attrs { promote: false } }
