I20260710 13:25:47.850265 22910 tablet_service.cc:1511] Processing CreateTablet for tablet 979a8cfe2f56421793dd84f3801f130e (DEFAULT_TABLE table=test-workload [id=1a73092492ee4d50bb0700e5d138d0ac]), partition=RANGE (key) PARTITION 536870910 <= VALUES < 626349395
I20260710 13:25:47.852825 22911 tablet_service.cc:1511] Processing CreateTablet for tablet 5a115b8ec1dc446e893d8fd0f0485596 (DEFAULT_TABLE table=test-workload [id=1a73092492ee4d50bb0700e5d138d0ac]), partition=RANGE (key) PARTITION 447392425 <= VALUES < 536870910
I20260710 13:25:47.854103 22909 tablet_service.cc:1511] Processing CreateTablet for tablet d709dea6cb2841719e7eadc9dfdcbcf1 (DEFAULT_TABLE table=test-workload [id=1a73092492ee4d50bb0700e5d138d0ac]), partition=RANGE (key) PARTITION 626349395 <= VALUES < 715827880
I20260710 13:25:47.839051 22838 tablet_service.cc:1511] Processing CreateTablet for tablet a1eec28f40914c429f71381e3762bb8f (DEFAULT_TABLE table=test-workload [id=1a73092492ee4d50bb0700e5d138d0ac]), partition=RANGE (key) PARTITION 894784850 <= VALUES < 984263335
I20260710 13:25:47.855294 22912 tablet_service.cc:1511] Processing CreateTablet for tablet f992a84d77374f02a94c7825af89de57 (DEFAULT_TABLE table=test-workload [id=1a73092492ee4d50bb0700e5d138d0ac]), partition=RANGE (key) PARTITION 357913940 <= VALUES < 447392425
I20260710 13:25:47.856132 22908 data_dirs.cc:400] Could only allocate 1 dirs of requested 3 for tablet 536c85a754874c2bac05fd3b24a7859c. 1 dirs total, 0 dirs full, 0 dirs failed
I20260710 13:25:47.856245 22839 tablet_service.cc:1511] Processing CreateTablet for tablet 0df03d5b3a5641dcae7a817113961cdb (DEFAULT_TABLE table=test-workload [id=1a73092492ee4d50bb0700e5d138d0ac]), partition=RANGE (key) PARTITION 984263335 <= VALUES < 1073741820
I20260710 13:25:47.857839 22840 tablet_service.cc:1511] Processing CreateTablet for tablet ac2d2e77ed664f2b8e4e4e3ca0dba314 (DEFAULT_TABLE table=test-workload [id=1a73092492ee4d50bb0700e5d138d0ac]), partition=RANGE (key) PARTITION 1073741820 <= VALUES < 1163220305
I20260710 13:25:47.865314 22909 data_dirs.cc:400] Could only allocate 1 dirs of requested 3 for tablet d709dea6cb2841719e7eadc9dfdcbcf1. 1 dirs total, 0 dirs full, 0 dirs failed
I20260710 13:25:47.880812 23040 ts_tablet_manager.cc:1434] T 585ebf2a90974719b5620b03c51ef561 P 17d6fd87c2104dfbb941492a76ab2eee: Time spent starting tablet: real 0.054s	user 0.015s	sys 0.003s
I20260710 13:25:47.882953 23040 tablet_bootstrap.cc:492] T af73ed28782e4c01819047f10c72a395 P 17d6fd87c2104dfbb941492a76ab2eee: Bootstrap starting.
I20260710 13:25:47.883800 23025 heartbeater.cc:499] Master 127.21.62.190:46669 was elected leader, sending a full tablet report...
I20260710 13:25:47.889468 22836 tablet_service.cc:1511] Processing CreateTablet for tablet 9e61c014850143fa9ca717fc2c02d637 (DEFAULT_TABLE table=test-workload [id=1a73092492ee4d50bb0700e5d138d0ac]), partition=RANGE (key) PARTITION 1342177275 <= VALUES < 1431655760
I20260710 13:25:47.890684 22837 tablet_service.cc:1511] Processing CreateTablet for tablet f21421819586499689605880ebc5d113 (DEFAULT_TABLE table=test-workload [id=1a73092492ee4d50bb0700e5d138d0ac]), partition=RANGE (key) PARTITION 1431655760 <= VALUES < 1521134245
I20260710 13:25:47.891964 22912 data_dirs.cc:400] Could only allocate 1 dirs of requested 3 for tablet f992a84d77374f02a94c7825af89de57. 1 dirs total, 0 dirs full, 0 dirs failed
I20260710 13:25:47.892663 22911 data_dirs.cc:400] Could only allocate 1 dirs of requested 3 for tablet 5a115b8ec1dc446e893d8fd0f0485596. 1 dirs total, 0 dirs full, 0 dirs failed
I20260710 13:25:47.895874 22838 data_dirs.cc:400] Could only allocate 1 dirs of requested 3 for tablet a1eec28f40914c429f71381e3762bb8f. 1 dirs total, 0 dirs full, 0 dirs failed
I20260710 13:25:47.896524 22839 data_dirs.cc:400] Could only allocate 1 dirs of requested 3 for tablet 0df03d5b3a5641dcae7a817113961cdb. 1 dirs total, 0 dirs full, 0 dirs failed
I20260710 13:25:47.897325 22837 data_dirs.cc:400] Could only allocate 1 dirs of requested 3 for tablet f21421819586499689605880ebc5d113. 1 dirs total, 0 dirs full, 0 dirs failed
I20260710 13:25:47.898685 22832 tablet_service.cc:1511] Processing CreateTablet for tablet c9b503ed70a3462b93a27bb4b0c98953 (DEFAULT_TABLE table=test-workload [id=1a73092492ee4d50bb0700e5d138d0ac]), partition=RANGE (key) PARTITION 1610612730 <= VALUES < 1700091215
I20260710 13:25:47.897521 22841 tablet_service.cc:1511] Processing CreateTablet for tablet 6ec271ad55b448d8908a555f26e61dce (DEFAULT_TABLE table=test-workload [id=1a73092492ee4d50bb0700e5d138d0ac]), partition=RANGE (key) PARTITION 1521134245 <= VALUES < 1610612730
I20260710 13:25:47.900959 22841 data_dirs.cc:400] Could only allocate 1 dirs of requested 3 for tablet 6ec271ad55b448d8908a555f26e61dce. 1 dirs total, 0 dirs full, 0 dirs failed
I20260710 13:25:47.902175 22836 data_dirs.cc:400] Could only allocate 1 dirs of requested 3 for tablet 9e61c014850143fa9ca717fc2c02d637. 1 dirs total, 0 dirs full, 0 dirs failed
I20260710 13:25:47.903940 22907 data_dirs.cc:400] Could only allocate 1 dirs of requested 3 for tablet af73ed28782e4c01819047f10c72a395. 1 dirs total, 0 dirs full, 0 dirs failed
I20260710 13:25:47.911896 22910 data_dirs.cc:400] Could only allocate 1 dirs of requested 3 for tablet 979a8cfe2f56421793dd84f3801f130e. 1 dirs total, 0 dirs full, 0 dirs failed
I20260710 13:25:47.916213 22834 tablet_service.cc:1511] Processing CreateTablet for tablet 85e69ab5f87a49da898702f3f0e631ac (DEFAULT_TABLE table=test-workload [id=1a73092492ee4d50bb0700e5d138d0ac]), partition=RANGE (key) PARTITION 1163220305 <= VALUES < 1252698790
I20260710 13:25:47.917580 22835 tablet_service.cc:1511] Processing CreateTablet for tablet ed4b27d94f2f430f90d27528a3e13620 (DEFAULT_TABLE table=test-workload [id=1a73092492ee4d50bb0700e5d138d0ac]), partition=RANGE (key) PARTITION 1252698790 <= VALUES < 1342177275
I20260710 13:25:47.919898 22916 tablet_service.cc:1511] Processing CreateTablet for tablet f21421819586499689605880ebc5d113 (DEFAULT_TABLE table=test-workload [id=1a73092492ee4d50bb0700e5d138d0ac]), partition=RANGE (key) PARTITION 1431655760 <= VALUES < 1521134245
I20260710 13:25:47.895543 22985 data_dirs.cc:400] Could only allocate 1 dirs of requested 3 for tablet e6acdda389524aa192848668c108a1e7. 1 dirs total, 0 dirs full, 0 dirs failed
I20260710 13:25:47.931821 22832 data_dirs.cc:400] Could only allocate 1 dirs of requested 3 for tablet c9b503ed70a3462b93a27bb4b0c98953. 1 dirs total, 0 dirs full, 0 dirs failed
I20260710 13:25:47.945092 22833 tablet_service.cc:1511] Processing CreateTablet for tablet 0adf266f90ab488b8e44ad43a7e9d0c0 (DEFAULT_TABLE table=test-workload [id=1a73092492ee4d50bb0700e5d138d0ac]), partition=RANGE (key) PARTITION 1700091215 <= VALUES < 1789569700
I20260710 13:25:47.946463 22833 data_dirs.cc:400] Could only allocate 1 dirs of requested 3 for tablet 0adf266f90ab488b8e44ad43a7e9d0c0. 1 dirs total, 0 dirs full, 0 dirs failed
I20260710 13:25:47.946272 22912 tablet_service.cc:1511] Processing CreateTablet for tablet 0df03d5b3a5641dcae7a817113961cdb (DEFAULT_TABLE table=test-workload [id=1a73092492ee4d50bb0700e5d138d0ac]), partition=RANGE (key) PARTITION 984263335 <= VALUES < 1073741820
I20260710 13:25:47.947573 22912 data_dirs.cc:400] Could only allocate 1 dirs of requested 3 for tablet 0df03d5b3a5641dcae7a817113961cdb. 1 dirs total, 0 dirs full, 0 dirs failed
I20260710 13:25:47.950018 22907 tablet_service.cc:1511] Processing CreateTablet for tablet a1eec28f40914c429f71381e3762bb8f (DEFAULT_TABLE table=test-workload [id=1a73092492ee4d50bb0700e5d138d0ac]), partition=RANGE (key) PARTITION 894784850 <= VALUES < 984263335
I20260710 13:25:47.951292 22907 data_dirs.cc:400] Could only allocate 1 dirs of requested 3 for tablet a1eec28f40914c429f71381e3762bb8f. 1 dirs total, 0 dirs full, 0 dirs failed
I20260710 13:25:47.952008 22835 data_dirs.cc:400] Could only allocate 1 dirs of requested 3 for tablet ed4b27d94f2f430f90d27528a3e13620. 1 dirs total, 0 dirs full, 0 dirs failed
I20260710 13:25:47.952392 23042 tablet_bootstrap.cc:492] T 45f7351a887446dd8dec474e6d6de947 P aac1b243bc2b4fbfab346c9deb04b80c: Bootstrap starting.
I20260710 13:25:47.955869 22834 data_dirs.cc:400] Could only allocate 1 dirs of requested 3 for tablet 85e69ab5f87a49da898702f3f0e631ac. 1 dirs total, 0 dirs full, 0 dirs failed
I20260710 13:25:47.959852 22840 data_dirs.cc:400] Could only allocate 1 dirs of requested 3 for tablet ac2d2e77ed664f2b8e4e4e3ca0dba314. 1 dirs total, 0 dirs full, 0 dirs failed
I20260710 13:25:47.963387 22913 tablet_service.cc:1511] Processing CreateTablet for tablet ac2d2e77ed664f2b8e4e4e3ca0dba314 (DEFAULT_TABLE table=test-workload [id=1a73092492ee4d50bb0700e5d138d0ac]), partition=RANGE (key) PARTITION 1073741820 <= VALUES < 1163220305
I20260710 13:25:47.967468 23040 tablet_bootstrap.cc:654] T af73ed28782e4c01819047f10c72a395 P 17d6fd87c2104dfbb941492a76ab2eee: Neither blocks nor log segments found. Creating new log.
I20260710 13:25:47.967649 22916 data_dirs.cc:400] Could only allocate 1 dirs of requested 3 for tablet f21421819586499689605880ebc5d113. 1 dirs total, 0 dirs full, 0 dirs failed
I20260710 13:25:47.968315 22836 tablet_service.cc:1511] Processing CreateTablet for tablet 147b981081964d849896318f16f556ba (DEFAULT_TABLE table=test-workload [id=1a73092492ee4d50bb0700e5d138d0ac]), partition=RANGE (key) PARTITION 1789569700 <= VALUES < 1879048185
I20260710 13:25:47.969554 22836 data_dirs.cc:400] Could only allocate 1 dirs of requested 3 for tablet 147b981081964d849896318f16f556ba. 1 dirs total, 0 dirs full, 0 dirs failed
I20260710 13:25:47.972604 23042 tablet_bootstrap.cc:654] T 45f7351a887446dd8dec474e6d6de947 P aac1b243bc2b4fbfab346c9deb04b80c: Neither blocks nor log segments found. Creating new log.
I20260710 13:25:47.975966 22909 tablet_service.cc:1511] Processing CreateTablet for tablet 85e69ab5f87a49da898702f3f0e631ac (DEFAULT_TABLE table=test-workload [id=1a73092492ee4d50bb0700e5d138d0ac]), partition=RANGE (key) PARTITION 1163220305 <= VALUES < 1252698790
I20260710 13:25:47.977191 22909 data_dirs.cc:400] Could only allocate 1 dirs of requested 3 for tablet 85e69ab5f87a49da898702f3f0e631ac. 1 dirs total, 0 dirs full, 0 dirs failed
I20260710 13:25:47.986339 22911 tablet_service.cc:1511] Processing CreateTablet for tablet 9e61c014850143fa9ca717fc2c02d637 (DEFAULT_TABLE table=test-workload [id=1a73092492ee4d50bb0700e5d138d0ac]), partition=RANGE (key) PARTITION 1342177275 <= VALUES < 1431655760
I20260710 13:25:47.990942 23044 tablet_bootstrap.cc:492] T df42b51e647e44e5be6dd28b404607df P 06345736263a444a9eab32d1905ba8ce: Bootstrap starting.
I20260710 13:25:47.992468 22915 tablet_service.cc:1511] Processing CreateTablet for tablet ed4b27d94f2f430f90d27528a3e13620 (DEFAULT_TABLE table=test-workload [id=1a73092492ee4d50bb0700e5d138d0ac]), partition=RANGE (key) PARTITION 1252698790 <= VALUES < 1342177275
I20260710 13:25:47.993206 22835 tablet_service.cc:1511] Processing CreateTablet for tablet e6acdda389524aa192848668c108a1e7 (DEFAULT_TABLE table=test-workload [id=1a73092492ee4d50bb0700e5d138d0ac]), partition=RANGE (key) PARTITION 1968526670 <= VALUES < 2058005155
I20260710 13:25:48.015378 22835 data_dirs.cc:400] Could only allocate 1 dirs of requested 3 for tablet e6acdda389524aa192848668c108a1e7. 1 dirs total, 0 dirs full, 0 dirs failed
I20260710 13:25:48.016978 22841 tablet_service.cc:1511] Processing CreateTablet for tablet 11276660d0cd46cd9ce08bd5a61aaa43 (DEFAULT_TABLE table=test-workload [id=1a73092492ee4d50bb0700e5d138d0ac]), partition=RANGE (key) PARTITION 1879048185 <= VALUES < 1968526670
I20260710 13:25:47.999914 22913 data_dirs.cc:400] Could only allocate 1 dirs of requested 3 for tablet ac2d2e77ed664f2b8e4e4e3ca0dba314. 1 dirs total, 0 dirs full, 0 dirs failed
I20260710 13:25:48.025343 22841 data_dirs.cc:400] Could only allocate 1 dirs of requested 3 for tablet 11276660d0cd46cd9ce08bd5a61aaa43. 1 dirs total, 0 dirs full, 0 dirs failed
I20260710 13:25:48.028792 22915 data_dirs.cc:400] Could only allocate 1 dirs of requested 3 for tablet ed4b27d94f2f430f90d27528a3e13620. 1 dirs total, 0 dirs full, 0 dirs failed
I20260710 13:25:48.029418 22911 data_dirs.cc:400] Could only allocate 1 dirs of requested 3 for tablet 9e61c014850143fa9ca717fc2c02d637. 1 dirs total, 0 dirs full, 0 dirs failed
I20260710 13:25:48.031481 23040 tablet_bootstrap.cc:492] T af73ed28782e4c01819047f10c72a395 P 17d6fd87c2104dfbb941492a76ab2eee: No bootstrap required, opened a new log
I20260710 13:25:48.031981 23040 ts_tablet_manager.cc:1403] T af73ed28782e4c01819047f10c72a395 P 17d6fd87c2104dfbb941492a76ab2eee: Time spent bootstrapping tablet: real 0.149s	user 0.028s	sys 0.034s
I20260710 13:25:48.041167 23040 raft_consensus.cc:359] T af73ed28782e4c01819047f10c72a395 P 17d6fd87c2104dfbb941492a76ab2eee [term 0 FOLLOWER]: Replica starting. Triggering 0 pending ops. Active config: opid_index: -1 OBSOLETE_local: false peers { permanent_uuid: "aac1b243bc2b4fbfab346c9deb04b80c" member_type: VOTER last_known_addr { host: "127.21.62.129" port: 46343 } } peers { permanent_uuid: "06345736263a444a9eab32d1905ba8ce" member_type: VOTER last_known_addr { host: "127.21.62.130" port: 45735 } } peers { permanent_uuid: "17d6fd87c2104dfbb941492a76ab2eee" member_type: VOTER last_known_addr { host: "127.21.62.131" port: 35649 } }
I20260710 13:25:48.041874 23040 raft_consensus.cc:385] T af73ed28782e4c01819047f10c72a395 P 17d6fd87c2104dfbb941492a76ab2eee [term 0 FOLLOWER]: Consensus starting up: Expiring failure detector timer to make a prompt election more likely
I20260710 13:25:48.042162 23040 raft_consensus.cc:740] T af73ed28782e4c01819047f10c72a395 P 17d6fd87c2104dfbb941492a76ab2eee [term 0 FOLLOWER]: Becoming Follower/Learner. State: Replica: 17d6fd87c2104dfbb941492a76ab2eee, State: Initialized, Role: FOLLOWER
I20260710 13:25:48.043004 23040 consensus_queue.cc:260] T af73ed28782e4c01819047f10c72a395 P 17d6fd87c2104dfbb941492a76ab2eee [NON_LEADER]: Queue going to NON_LEADER mode. State: All replicated index: 0, Majority replicated index: 0, Committed index: 0, Last appended: 0.0, Last appended by leader: 0, Current term: 0, Majority size: -1, State: 0, Mode: NON_LEADER, active raft config: opid_index: -1 OBSOLETE_local: false peers { permanent_uuid: "aac1b243bc2b4fbfab346c9deb04b80c" member_type: VOTER last_known_addr { host: "127.21.62.129" port: 46343 } } peers { permanent_uuid: "06345736263a444a9eab32d1905ba8ce" member_type: VOTER last_known_addr { host: "127.21.62.130" port: 45735 } } peers { permanent_uuid: "17d6fd87c2104dfbb941492a76ab2eee" member_type: VOTER last_known_addr { host: "127.21.62.131" port: 35649 } }
I20260710 13:25:48.053040 23044 tablet_bootstrap.cc:654] T df42b51e647e44e5be6dd28b404607df P 06345736263a444a9eab32d1905ba8ce: Neither blocks nor log segments found. Creating new log.
I20260710 13:25:48.057614 22914 tablet_service.cc:1511] Processing CreateTablet for tablet 6ec271ad55b448d8908a555f26e61dce (DEFAULT_TABLE table=test-workload [id=1a73092492ee4d50bb0700e5d138d0ac]), partition=RANGE (key) PARTITION 1521134245 <= VALUES < 1610612730
I20260710 13:25:48.089376 23042 tablet_bootstrap.cc:492] T 45f7351a887446dd8dec474e6d6de947 P aac1b243bc2b4fbfab346c9deb04b80c: No bootstrap required, opened a new log
I20260710 13:25:48.089934 23042 ts_tablet_manager.cc:1403] T 45f7351a887446dd8dec474e6d6de947 P aac1b243bc2b4fbfab346c9deb04b80c: Time spent bootstrapping tablet: real 0.138s	user 0.021s	sys 0.033s
I20260710 13:25:48.093094 23042 raft_consensus.cc:359] T 45f7351a887446dd8dec474e6d6de947 P aac1b243bc2b4fbfab346c9deb04b80c [term 0 FOLLOWER]: Replica starting. Triggering 0 pending ops. Active config: opid_index: -1 OBSOLETE_local: false peers { permanent_uuid: "aac1b243bc2b4fbfab346c9deb04b80c" member_type: VOTER last_known_addr { host: "127.21.62.129" port: 46343 } } peers { permanent_uuid: "17d6fd87c2104dfbb941492a76ab2eee" member_type: VOTER last_known_addr { host: "127.21.62.131" port: 35649 } } peers { permanent_uuid: "06345736263a444a9eab32d1905ba8ce" member_type: VOTER last_known_addr { host: "127.21.62.130" port: 45735 } }
I20260710 13:25:48.098701 23042 raft_consensus.cc:385] T 45f7351a887446dd8dec474e6d6de947 P aac1b243bc2b4fbfab346c9deb04b80c [term 0 FOLLOWER]: Consensus starting up: Expiring failure detector timer to make a prompt election more likely
I20260710 13:25:48.099391 23042 raft_consensus.cc:740] T 45f7351a887446dd8dec474e6d6de947 P aac1b243bc2b4fbfab346c9deb04b80c [term 0 FOLLOWER]: Becoming Follower/Learner. State: Replica: aac1b243bc2b4fbfab346c9deb04b80c, State: Initialized, Role: FOLLOWER
I20260710 13:25:48.100973 23042 consensus_queue.cc:260] T 45f7351a887446dd8dec474e6d6de947 P aac1b243bc2b4fbfab346c9deb04b80c [NON_LEADER]: Queue going to NON_LEADER mode. State: All replicated index: 0, Majority replicated index: 0, Committed index: 0, Last appended: 0.0, Last appended by leader: 0, Current term: 0, Majority size: -1, State: 0, Mode: NON_LEADER, active raft config: opid_index: -1 OBSOLETE_local: false peers { permanent_uuid: "aac1b243bc2b4fbfab346c9deb04b80c" member_type: VOTER last_known_addr { host: "127.21.62.129" port: 46343 } } peers { permanent_uuid: "17d6fd87c2104dfbb941492a76ab2eee" member_type: VOTER last_known_addr { host: "127.21.62.131" port: 35649 } } peers { permanent_uuid: "06345736263a444a9eab32d1905ba8ce" member_type: VOTER last_known_addr { host: "127.21.62.130" port: 45735 } }
I20260710 13:25:48.113749 22914 data_dirs.cc:400] Could only allocate 1 dirs of requested 3 for tablet 6ec271ad55b448d8908a555f26e61dce. 1 dirs total, 0 dirs full, 0 dirs failed
I20260710 13:25:48.107436 23040 ts_tablet_manager.cc:1434] T af73ed28782e4c01819047f10c72a395 P 17d6fd87c2104dfbb941492a76ab2eee: Time spent starting tablet: real 0.075s	user 0.008s	sys 0.002s
W20260710 13:25:48.126061 22797 auto_rebalancer.cc:288] Could not retrieve cluster info: Service unavailable: Tablet not running
I20260710 13:25:48.119186 22832 tablet_service.cc:1511] Processing CreateTablet for tablet c8f70db69f124ca28dd30c6bb86b42ee (DEFAULT_TABLE table=test-workload [id=1a73092492ee4d50bb0700e5d138d0ac]), partition=RANGE (key) PARTITION 2058005155 <= VALUES
I20260710 13:25:48.135121 22832 data_dirs.cc:400] Could only allocate 1 dirs of requested 3 for tablet c8f70db69f124ca28dd30c6bb86b42ee. 1 dirs total, 0 dirs full, 0 dirs failed
I20260710 13:25:48.138131 23044 tablet_bootstrap.cc:492] T df42b51e647e44e5be6dd28b404607df P 06345736263a444a9eab32d1905ba8ce: No bootstrap required, opened a new log
I20260710 13:25:48.138633 23044 ts_tablet_manager.cc:1403] T df42b51e647e44e5be6dd28b404607df P 06345736263a444a9eab32d1905ba8ce: Time spent bootstrapping tablet: real 0.148s	user 0.019s	sys 0.024s
I20260710 13:25:48.141185 23040 tablet_bootstrap.cc:492] T 536c85a754874c2bac05fd3b24a7859c P 17d6fd87c2104dfbb941492a76ab2eee: Bootstrap starting.
I20260710 13:25:48.141588 23044 raft_consensus.cc:359] T df42b51e647e44e5be6dd28b404607df P 06345736263a444a9eab32d1905ba8ce [term 0 FOLLOWER]: Replica starting. Triggering 0 pending ops. Active config: opid_index: -1 OBSOLETE_local: false peers { permanent_uuid: "aac1b243bc2b4fbfab346c9deb04b80c" member_type: VOTER last_known_addr { host: "127.21.62.129" port: 46343 } } peers { permanent_uuid: "06345736263a444a9eab32d1905ba8ce" member_type: VOTER last_known_addr { host: "127.21.62.130" port: 45735 } } peers { permanent_uuid: "17d6fd87c2104dfbb941492a76ab2eee" member_type: VOTER last_known_addr { host: "127.21.62.131" port: 35649 } }
I20260710 13:25:48.144917 22908 tablet_service.cc:1511] Processing CreateTablet for tablet 0adf266f90ab488b8e44ad43a7e9d0c0 (DEFAULT_TABLE table=test-workload [id=1a73092492ee4d50bb0700e5d138d0ac]), partition=RANGE (key) PARTITION 1700091215 <= VALUES < 1789569700
I20260710 13:25:48.148211 23042 ts_tablet_manager.cc:1434] T 45f7351a887446dd8dec474e6d6de947 P aac1b243bc2b4fbfab346c9deb04b80c: Time spent starting tablet: real 0.058s	user 0.014s	sys 0.035s
I20260710 13:25:48.153998 23040 tablet_bootstrap.cc:654] T 536c85a754874c2bac05fd3b24a7859c P 17d6fd87c2104dfbb941492a76ab2eee: Neither blocks nor log segments found. Creating new log.
I20260710 13:25:48.124229 22916 tablet_service.cc:1511] Processing CreateTablet for tablet c8f70db69f124ca28dd30c6bb86b42ee (DEFAULT_TABLE table=test-workload [id=1a73092492ee4d50bb0700e5d138d0ac]), partition=RANGE (key) PARTITION 2058005155 <= VALUES
I20260710 13:25:48.156407 23043 raft_consensus.cc:493] T 585ebf2a90974719b5620b03c51ef561 P 17d6fd87c2104dfbb941492a76ab2eee [term 0 FOLLOWER]: Starting pre-election (no leader contacted us within the election timeout)
I20260710 13:25:48.157260 22876 heartbeater.cc:499] Master 127.21.62.190:46669 was elected leader, sending a full tablet report...
I20260710 13:25:48.157570 23042 tablet_bootstrap.cc:492] T 6fa5d9d148074f07b6dcf59c5a81f10c P aac1b243bc2b4fbfab346c9deb04b80c: Bootstrap starting.
I20260710 13:25:48.157359 23043 raft_consensus.cc:515] T 585ebf2a90974719b5620b03c51ef561 P 17d6fd87c2104dfbb941492a76ab2eee [term 0 FOLLOWER]: Starting pre-election with config: opid_index: -1 OBSOLETE_local: false peers { permanent_uuid: "aac1b243bc2b4fbfab346c9deb04b80c" member_type: VOTER last_known_addr { host: "127.21.62.129" port: 46343 } } peers { permanent_uuid: "06345736263a444a9eab32d1905ba8ce" member_type: VOTER last_known_addr { host: "127.21.62.130" port: 45735 } } peers { permanent_uuid: "17d6fd87c2104dfbb941492a76ab2eee" member_type: VOTER last_known_addr { host: "127.21.62.131" port: 35649 } }
I20260710 13:25:48.154765 23044 raft_consensus.cc:385] T df42b51e647e44e5be6dd28b404607df P 06345736263a444a9eab32d1905ba8ce [term 0 FOLLOWER]: Consensus starting up: Expiring failure detector timer to make a prompt election more likely
I20260710 13:25:48.162988 23044 raft_consensus.cc:740] T df42b51e647e44e5be6dd28b404607df P 06345736263a444a9eab32d1905ba8ce [term 0 FOLLOWER]: Becoming Follower/Learner. State: Replica: 06345736263a444a9eab32d1905ba8ce, State: Initialized, Role: FOLLOWER
I20260710 13:25:48.123965 22910 tablet_service.cc:1511] Processing CreateTablet for tablet c9b503ed70a3462b93a27bb4b0c98953 (DEFAULT_TABLE table=test-workload [id=1a73092492ee4d50bb0700e5d138d0ac]), partition=RANGE (key) PARTITION 1610612730 <= VALUES < 1700091215
I20260710 13:25:48.168869 23043 leader_election.cc:290] T 585ebf2a90974719b5620b03c51ef561 P 17d6fd87c2104dfbb941492a76ab2eee [CANDIDATE]: Term 1 pre-election: Requested pre-vote from peers aac1b243bc2b4fbfab346c9deb04b80c (127.21.62.129:46343), 06345736263a444a9eab32d1905ba8ce (127.21.62.130:45735)
I20260710 13:25:48.170393 22915 tablet_service.cc:1511] Processing CreateTablet for tablet 147b981081964d849896318f16f556ba (DEFAULT_TABLE table=test-workload [id=1a73092492ee4d50bb0700e5d138d0ac]), partition=RANGE (key) PARTITION 1789569700 <= VALUES < 1879048185
I20260710 13:25:48.171991 22911 tablet_service.cc:1511] Processing CreateTablet for tablet 11276660d0cd46cd9ce08bd5a61aaa43 (DEFAULT_TABLE table=test-workload [id=1a73092492ee4d50bb0700e5d138d0ac]), partition=RANGE (key) PARTITION 1879048185 <= VALUES < 1968526670
I20260710 13:25:48.173162 22907 tablet_service.cc:1511] Processing CreateTablet for tablet e6acdda389524aa192848668c108a1e7 (DEFAULT_TABLE table=test-workload [id=1a73092492ee4d50bb0700e5d138d0ac]), partition=RANGE (key) PARTITION 1968526670 <= VALUES < 2058005155
I20260710 13:25:48.176091 22908 data_dirs.cc:400] Could only allocate 1 dirs of requested 3 for tablet 0adf266f90ab488b8e44ad43a7e9d0c0. 1 dirs total, 0 dirs full, 0 dirs failed
I20260710 13:25:48.179947 22915 data_dirs.cc:400] Could only allocate 1 dirs of requested 3 for tablet 147b981081964d849896318f16f556ba. 1 dirs total, 0 dirs full, 0 dirs failed
I20260710 13:25:48.182097 22910 data_dirs.cc:400] Could only allocate 1 dirs of requested 3 for tablet c9b503ed70a3462b93a27bb4b0c98953. 1 dirs total, 0 dirs full, 0 dirs failed
I20260710 13:25:48.183766 22916 data_dirs.cc:400] Could only allocate 1 dirs of requested 3 for tablet c8f70db69f124ca28dd30c6bb86b42ee. 1 dirs total, 0 dirs full, 0 dirs failed
I20260710 13:25:48.185611 23044 consensus_queue.cc:260] T df42b51e647e44e5be6dd28b404607df P 06345736263a444a9eab32d1905ba8ce [NON_LEADER]: Queue going to NON_LEADER mode. State: All replicated index: 0, Majority replicated index: 0, Committed index: 0, Last appended: 0.0, Last appended by leader: 0, Current term: 0, Majority size: -1, State: 0, Mode: NON_LEADER, active raft config: opid_index: -1 OBSOLETE_local: false peers { permanent_uuid: "aac1b243bc2b4fbfab346c9deb04b80c" member_type: VOTER last_known_addr { host: "127.21.62.129" port: 46343 } } peers { permanent_uuid: "06345736263a444a9eab32d1905ba8ce" member_type: VOTER last_known_addr { host: "127.21.62.130" port: 45735 } } peers { permanent_uuid: "17d6fd87c2104dfbb941492a76ab2eee" member_type: VOTER last_known_addr { host: "127.21.62.131" port: 35649 } }
I20260710 13:25:48.187930 22911 data_dirs.cc:400] Could only allocate 1 dirs of requested 3 for tablet 11276660d0cd46cd9ce08bd5a61aaa43. 1 dirs total, 0 dirs full, 0 dirs failed
I20260710 13:25:48.191573 22907 data_dirs.cc:400] Could only allocate 1 dirs of requested 3 for tablet e6acdda389524aa192848668c108a1e7. 1 dirs total, 0 dirs full, 0 dirs failed
I20260710 13:25:48.205271 23048 raft_consensus.cc:493] T 45f7351a887446dd8dec474e6d6de947 P aac1b243bc2b4fbfab346c9deb04b80c [term 0 FOLLOWER]: Starting pre-election (no leader contacted us within the election timeout)
I20260710 13:25:48.205960 23048 raft_consensus.cc:515] T 45f7351a887446dd8dec474e6d6de947 P aac1b243bc2b4fbfab346c9deb04b80c [term 0 FOLLOWER]: Starting pre-election with config: opid_index: -1 OBSOLETE_local: false peers { permanent_uuid: "aac1b243bc2b4fbfab346c9deb04b80c" member_type: VOTER last_known_addr { host: "127.21.62.129" port: 46343 } } peers { permanent_uuid: "17d6fd87c2104dfbb941492a76ab2eee" member_type: VOTER last_known_addr { host: "127.21.62.131" port: 35649 } } peers { permanent_uuid: "06345736263a444a9eab32d1905ba8ce" member_type: VOTER last_known_addr { host: "127.21.62.130" port: 45735 } }
I20260710 13:25:48.213495 22951 heartbeater.cc:499] Master 127.21.62.190:46669 was elected leader, sending a full tablet report...
I20260710 13:25:48.204120 23044 ts_tablet_manager.cc:1434] T df42b51e647e44e5be6dd28b404607df P 06345736263a444a9eab32d1905ba8ce: Time spent starting tablet: real 0.065s	user 0.008s	sys 0.004s
I20260710 13:25:48.238478 23044 tablet_bootstrap.cc:492] T 45f7351a887446dd8dec474e6d6de947 P 06345736263a444a9eab32d1905ba8ce: Bootstrap starting.
I20260710 13:25:48.239811 23042 tablet_bootstrap.cc:654] T 6fa5d9d148074f07b6dcf59c5a81f10c P aac1b243bc2b4fbfab346c9deb04b80c: Neither blocks nor log segments found. Creating new log.
I20260710 13:25:48.240329 23040 tablet_bootstrap.cc:492] T 536c85a754874c2bac05fd3b24a7859c P 17d6fd87c2104dfbb941492a76ab2eee: No bootstrap required, opened a new log
I20260710 13:25:48.240922 23040 ts_tablet_manager.cc:1403] T 536c85a754874c2bac05fd3b24a7859c P 17d6fd87c2104dfbb941492a76ab2eee: Time spent bootstrapping tablet: real 0.100s	user 0.024s	sys 0.009s
I20260710 13:25:48.250113 23044 tablet_bootstrap.cc:654] T 45f7351a887446dd8dec474e6d6de947 P 06345736263a444a9eab32d1905ba8ce: Neither blocks nor log segments found. Creating new log.
I20260710 13:25:48.235970 23048 leader_election.cc:290] T 45f7351a887446dd8dec474e6d6de947 P aac1b243bc2b4fbfab346c9deb04b80c [CANDIDATE]: Term 1 pre-election: Requested pre-vote from peers 17d6fd87c2104dfbb941492a76ab2eee (127.21.62.131:35649), 06345736263a444a9eab32d1905ba8ce (127.21.62.130:45735)
I20260710 13:25:48.286998 23052 raft_consensus.cc:493] T df42b51e647e44e5be6dd28b404607df P 06345736263a444a9eab32d1905ba8ce [term 0 FOLLOWER]: Starting pre-election (no leader contacted us within the election timeout)
I20260710 13:25:48.287783 23052 raft_consensus.cc:515] T df42b51e647e44e5be6dd28b404607df P 06345736263a444a9eab32d1905ba8ce [term 0 FOLLOWER]: Starting pre-election with config: opid_index: -1 OBSOLETE_local: false peers { permanent_uuid: "aac1b243bc2b4fbfab346c9deb04b80c" member_type: VOTER last_known_addr { host: "127.21.62.129" port: 46343 } } peers { permanent_uuid: "06345736263a444a9eab32d1905ba8ce" member_type: VOTER last_known_addr { host: "127.21.62.130" port: 45735 } } peers { permanent_uuid: "17d6fd87c2104dfbb941492a76ab2eee" member_type: VOTER last_known_addr { host: "127.21.62.131" port: 35649 } }
I20260710 13:25:48.296116 23052 leader_election.cc:290] T df42b51e647e44e5be6dd28b404607df P 06345736263a444a9eab32d1905ba8ce [CANDIDATE]: Term 1 pre-election: Requested pre-vote from peers aac1b243bc2b4fbfab346c9deb04b80c (127.21.62.129:46343), 17d6fd87c2104dfbb941492a76ab2eee (127.21.62.131:35649)
I20260710 13:25:48.300789 22851 tablet_service.cc:1917] Received RequestConsensusVote() RPC: tablet_id: "585ebf2a90974719b5620b03c51ef561" candidate_uuid: "17d6fd87c2104dfbb941492a76ab2eee" candidate_term: 1 candidate_status { last_received { term: 0 index: 0 } } ignore_live_leader: false dest_uuid: "aac1b243bc2b4fbfab346c9deb04b80c" is_pre_election: true
I20260710 13:25:48.309021 23044 tablet_bootstrap.cc:492] T 45f7351a887446dd8dec474e6d6de947 P 06345736263a444a9eab32d1905ba8ce: No bootstrap required, opened a new log
I20260710 13:25:48.309460 23042 tablet_bootstrap.cc:492] T 6fa5d9d148074f07b6dcf59c5a81f10c P aac1b243bc2b4fbfab346c9deb04b80c: No bootstrap required, opened a new log
I20260710 13:25:48.309628 23044 ts_tablet_manager.cc:1403] T 45f7351a887446dd8dec474e6d6de947 P 06345736263a444a9eab32d1905ba8ce: Time spent bootstrapping tablet: real 0.071s	user 0.011s	sys 0.023s
I20260710 13:25:48.310070 23042 ts_tablet_manager.cc:1403] T 6fa5d9d148074f07b6dcf59c5a81f10c P aac1b243bc2b4fbfab346c9deb04b80c: Time spent bootstrapping tablet: real 0.153s	user 0.012s	sys 0.008s
I20260710 13:25:48.311542 23043 raft_consensus.cc:493] T af73ed28782e4c01819047f10c72a395 P 17d6fd87c2104dfbb941492a76ab2eee [term 0 FOLLOWER]: Starting pre-election (no leader contacted us within the election timeout)
I20260710 13:25:48.312062 23043 raft_consensus.cc:515] T af73ed28782e4c01819047f10c72a395 P 17d6fd87c2104dfbb941492a76ab2eee [term 0 FOLLOWER]: Starting pre-election with config: opid_index: -1 OBSOLETE_local: false peers { permanent_uuid: "aac1b243bc2b4fbfab346c9deb04b80c" member_type: VOTER last_known_addr { host: "127.21.62.129" port: 46343 } } peers { permanent_uuid: "06345736263a444a9eab32d1905ba8ce" member_type: VOTER last_known_addr { host: "127.21.62.130" port: 45735 } } peers { permanent_uuid: "17d6fd87c2104dfbb941492a76ab2eee" member_type: VOTER last_known_addr { host: "127.21.62.131" port: 35649 } }
I20260710 13:25:48.314198 23043 leader_election.cc:290] T af73ed28782e4c01819047f10c72a395 P 17d6fd87c2104dfbb941492a76ab2eee [CANDIDATE]: Term 1 pre-election: Requested pre-vote from peers aac1b243bc2b4fbfab346c9deb04b80c (127.21.62.129:46343), 06345736263a444a9eab32d1905ba8ce (127.21.62.130:45735)
I20260710 13:25:48.313830 23044 raft_consensus.cc:359] T 45f7351a887446dd8dec474e6d6de947 P 06345736263a444a9eab32d1905ba8ce [term 0 FOLLOWER]: Replica starting. Triggering 0 pending ops. Active config: opid_index: -1 OBSOLETE_local: false peers { permanent_uuid: "aac1b243bc2b4fbfab346c9deb04b80c" member_type: VOTER last_known_addr { host: "127.21.62.129" port: 46343 } } peers { permanent_uuid: "17d6fd87c2104dfbb941492a76ab2eee" member_type: VOTER last_known_addr { host: "127.21.62.131" port: 35649 } } peers { permanent_uuid: "06345736263a444a9eab32d1905ba8ce" member_type: VOTER last_known_addr { host: "127.21.62.130" port: 45735 } }
I20260710 13:25:48.315085 23044 raft_consensus.cc:385] T 45f7351a887446dd8dec474e6d6de947 P 06345736263a444a9eab32d1905ba8ce [term 0 FOLLOWER]: Consensus starting up: Expiring failure detector timer to make a prompt election more likely
I20260710 13:25:48.315543 23044 raft_consensus.cc:740] T 45f7351a887446dd8dec474e6d6de947 P 06345736263a444a9eab32d1905ba8ce [term 0 FOLLOWER]: Becoming Follower/Learner. State: Replica: 06345736263a444a9eab32d1905ba8ce, State: Initialized, Role: FOLLOWER
I20260710 13:25:48.318856 23042 raft_consensus.cc:359] T 6fa5d9d148074f07b6dcf59c5a81f10c P aac1b243bc2b4fbfab346c9deb04b80c [term 0 FOLLOWER]: Replica starting. Triggering 0 pending ops. Active config: opid_index: -1 OBSOLETE_local: false peers { permanent_uuid: "aac1b243bc2b4fbfab346c9deb04b80c" member_type: VOTER last_known_addr { host: "127.21.62.129" port: 46343 } } peers { permanent_uuid: "06345736263a444a9eab32d1905ba8ce" member_type: VOTER last_known_addr { host: "127.21.62.130" port: 45735 } } peers { permanent_uuid: "17d6fd87c2104dfbb941492a76ab2eee" member_type: VOTER last_known_addr { host: "127.21.62.131" port: 35649 } }
I20260710 13:25:48.321023 23042 raft_consensus.cc:385] T 6fa5d9d148074f07b6dcf59c5a81f10c P aac1b243bc2b4fbfab346c9deb04b80c [term 0 FOLLOWER]: Consensus starting up: Expiring failure detector timer to make a prompt election more likely
I20260710 13:25:48.321379 23042 raft_consensus.cc:740] T 6fa5d9d148074f07b6dcf59c5a81f10c P aac1b243bc2b4fbfab346c9deb04b80c [term 0 FOLLOWER]: Becoming Follower/Learner. State: Replica: aac1b243bc2b4fbfab346c9deb04b80c, State: Initialized, Role: FOLLOWER
I20260710 13:25:48.324244 23040 raft_consensus.cc:359] T 536c85a754874c2bac05fd3b24a7859c P 17d6fd87c2104dfbb941492a76ab2eee [term 0 FOLLOWER]: Replica starting. Triggering 0 pending ops. Active config: opid_index: -1 OBSOLETE_local: false peers { permanent_uuid: "aac1b243bc2b4fbfab346c9deb04b80c" member_type: VOTER last_known_addr { host: "127.21.62.129" port: 46343 } } peers { permanent_uuid: "06345736263a444a9eab32d1905ba8ce" member_type: VOTER last_known_addr { host: "127.21.62.130" port: 45735 } } peers { permanent_uuid: "17d6fd87c2104dfbb941492a76ab2eee" member_type: VOTER last_known_addr { host: "127.21.62.131" port: 35649 } }
I20260710 13:25:48.328625 23040 raft_consensus.cc:385] T 536c85a754874c2bac05fd3b24a7859c P 17d6fd87c2104dfbb941492a76ab2eee [term 0 FOLLOWER]: Consensus starting up: Expiring failure detector timer to make a prompt election more likely
I20260710 13:25:48.329157 23040 raft_consensus.cc:740] T 536c85a754874c2bac05fd3b24a7859c P 17d6fd87c2104dfbb941492a76ab2eee [term 0 FOLLOWER]: Becoming Follower/Learner. State: Replica: 17d6fd87c2104dfbb941492a76ab2eee, State: Initialized, Role: FOLLOWER
I20260710 13:25:48.316902 23044 consensus_queue.cc:260] T 45f7351a887446dd8dec474e6d6de947 P 06345736263a444a9eab32d1905ba8ce [NON_LEADER]: Queue going to NON_LEADER mode. State: All replicated index: 0, Majority replicated index: 0, Committed index: 0, Last appended: 0.0, Last appended by leader: 0, Current term: 0, Majority size: -1, State: 0, Mode: NON_LEADER, active raft config: opid_index: -1 OBSOLETE_local: false peers { permanent_uuid: "aac1b243bc2b4fbfab346c9deb04b80c" member_type: VOTER last_known_addr { host: "127.21.62.129" port: 46343 } } peers { permanent_uuid: "17d6fd87c2104dfbb941492a76ab2eee" member_type: VOTER last_known_addr { host: "127.21.62.131" port: 35649 } } peers { permanent_uuid: "06345736263a444a9eab32d1905ba8ce" member_type: VOTER last_known_addr { host: "127.21.62.130" port: 45735 } }
I20260710 13:25:48.338578 22851 tablet_service.cc:1917] Received RequestConsensusVote() RPC: tablet_id: "af73ed28782e4c01819047f10c72a395" candidate_uuid: "17d6fd87c2104dfbb941492a76ab2eee" candidate_term: 1 candidate_status { last_received { term: 0 index: 0 } } ignore_live_leader: false dest_uuid: "aac1b243bc2b4fbfab346c9deb04b80c" is_pre_election: true
W20260710 13:25:48.340781 22966 leader_election.cc:343] T 585ebf2a90974719b5620b03c51ef561 P 17d6fd87c2104dfbb941492a76ab2eee [CANDIDATE]: Term 1 pre-election: Tablet error from VoteRequest() call to peer aac1b243bc2b4fbfab346c9deb04b80c (127.21.62.129:46343): Illegal state: must be running to vote when last-logged opid is not known
I20260710 13:25:48.340806 23000 tablet_service.cc:1917] Received RequestConsensusVote() RPC: tablet_id: "45f7351a887446dd8dec474e6d6de947" candidate_uuid: "aac1b243bc2b4fbfab346c9deb04b80c" candidate_term: 1 candidate_status { last_received { term: 0 index: 0 } } ignore_live_leader: false dest_uuid: "17d6fd87c2104dfbb941492a76ab2eee" is_pre_election: true
I20260710 13:25:48.323446 23042 consensus_queue.cc:260] T 6fa5d9d148074f07b6dcf59c5a81f10c P aac1b243bc2b4fbfab346c9deb04b80c [NON_LEADER]: Queue going to NON_LEADER mode. State: All replicated index: 0, Majority replicated index: 0, Committed index: 0, Last appended: 0.0, Last appended by leader: 0, Current term: 0, Majority size: -1, State: 0, Mode: NON_LEADER, active raft config: opid_index: -1 OBSOLETE_local: false peers { permanent_uuid: "aac1b243bc2b4fbfab346c9deb04b80c" member_type: VOTER last_known_addr { host: "127.21.62.129" port: 46343 } } peers { permanent_uuid: "06345736263a444a9eab32d1905ba8ce" member_type: VOTER last_known_addr { host: "127.21.62.130" port: 45735 } } peers { permanent_uuid: "17d6fd87c2104dfbb941492a76ab2eee" member_type: VOTER last_known_addr { host: "127.21.62.131" port: 35649 } }
I20260710 13:25:48.340435 23040 consensus_queue.cc:260] T 536c85a754874c2bac05fd3b24a7859c P 17d6fd87c2104dfbb941492a76ab2eee [NON_LEADER]: Queue going to NON_LEADER mode. State: All replicated index: 0, Majority replicated index: 0, Committed index: 0, Last appended: 0.0, Last appended by leader: 0, Current term: 0, Majority size: -1, State: 0, Mode: NON_LEADER, active raft config: opid_index: -1 OBSOLETE_local: false peers { permanent_uuid: "aac1b243bc2b4fbfab346c9deb04b80c" member_type: VOTER last_known_addr { host: "127.21.62.129" port: 46343 } } peers { permanent_uuid: "06345736263a444a9eab32d1905ba8ce" member_type: VOTER last_known_addr { host: "127.21.62.130" port: 45735 } } peers { permanent_uuid: "17d6fd87c2104dfbb941492a76ab2eee" member_type: VOTER last_known_addr { host: "127.21.62.131" port: 35649 } }
I20260710 13:25:48.343106 23040 ts_tablet_manager.cc:1434] T 536c85a754874c2bac05fd3b24a7859c P 17d6fd87c2104dfbb941492a76ab2eee: Time spent starting tablet: real 0.099s	user 0.006s	sys 0.001s
I20260710 13:25:48.343214 23048 raft_consensus.cc:493] T 6fa5d9d148074f07b6dcf59c5a81f10c P aac1b243bc2b4fbfab346c9deb04b80c [term 0 FOLLOWER]: Starting pre-election (no leader contacted us within the election timeout)
I20260710 13:25:48.343267 22926 tablet_service.cc:1917] Received RequestConsensusVote() RPC: tablet_id: "585ebf2a90974719b5620b03c51ef561" candidate_uuid: "17d6fd87c2104dfbb941492a76ab2eee" candidate_term: 1 candidate_status { last_received { term: 0 index: 0 } } ignore_live_leader: false dest_uuid: "06345736263a444a9eab32d1905ba8ce" is_pre_election: true
I20260710 13:25:48.344106 23040 tablet_bootstrap.cc:492] T 979a8cfe2f56421793dd84f3801f130e P 17d6fd87c2104dfbb941492a76ab2eee: Bootstrap starting.
I20260710 13:25:48.344878 22925 tablet_service.cc:1917] Received RequestConsensusVote() RPC: tablet_id: "af73ed28782e4c01819047f10c72a395" candidate_uuid: "17d6fd87c2104dfbb941492a76ab2eee" candidate_term: 1 candidate_status { last_received { term: 0 index: 0 } } ignore_live_leader: false dest_uuid: "06345736263a444a9eab32d1905ba8ce" is_pre_election: true
W20260710 13:25:48.346848 22966 leader_election.cc:343] T af73ed28782e4c01819047f10c72a395 P 17d6fd87c2104dfbb941492a76ab2eee [CANDIDATE]: Term 1 pre-election: Tablet error from VoteRequest() call to peer 06345736263a444a9eab32d1905ba8ce (127.21.62.130:45735): Illegal state: must be running to vote when last-logged opid is not known
W20260710 13:25:48.347571 22966 leader_election.cc:343] T 585ebf2a90974719b5620b03c51ef561 P 17d6fd87c2104dfbb941492a76ab2eee [CANDIDATE]: Term 1 pre-election: Tablet error from VoteRequest() call to peer 06345736263a444a9eab32d1905ba8ce (127.21.62.130:45735): Illegal state: must be running to vote when last-logged opid is not known
W20260710 13:25:48.347995 22815 leader_election.cc:343] T 45f7351a887446dd8dec474e6d6de947 P aac1b243bc2b4fbfab346c9deb04b80c [CANDIDATE]: Term 1 pre-election: Tablet error from VoteRequest() call to peer 17d6fd87c2104dfbb941492a76ab2eee (127.21.62.131:35649): Illegal state: must be running to vote when last-logged opid is not known
I20260710 13:25:48.343762 23048 raft_consensus.cc:515] T 6fa5d9d148074f07b6dcf59c5a81f10c P aac1b243bc2b4fbfab346c9deb04b80c [term 0 FOLLOWER]: Starting pre-election with config: opid_index: -1 OBSOLETE_local: false peers { permanent_uuid: "aac1b243bc2b4fbfab346c9deb04b80c" member_type: VOTER last_known_addr { host: "127.21.62.129" port: 46343 } } peers { permanent_uuid: "06345736263a444a9eab32d1905ba8ce" member_type: VOTER last_known_addr { host: "127.21.62.130" port: 45735 } } peers { permanent_uuid: "17d6fd87c2104dfbb941492a76ab2eee" member_type: VOTER last_known_addr { host: "127.21.62.131" port: 35649 } }
I20260710 13:25:48.348694 23044 ts_tablet_manager.cc:1434] T 45f7351a887446dd8dec474e6d6de947 P 06345736263a444a9eab32d1905ba8ce: Time spent starting tablet: real 0.038s	user 0.008s	sys 0.000s
I20260710 13:25:48.347985 22966 leader_election.cc:304] T 585ebf2a90974719b5620b03c51ef561 P 17d6fd87c2104dfbb941492a76ab2eee [CANDIDATE]: Term 1 pre-election: Election decided. Result: candidate lost. Election summary: received 3 responses out of 3 voters: 1 yes votes; 2 no votes. yes voters: 17d6fd87c2104dfbb941492a76ab2eee; no voters: 06345736263a444a9eab32d1905ba8ce, aac1b243bc2b4fbfab346c9deb04b80c
I20260710 13:25:48.349706 23044 tablet_bootstrap.cc:492] T 585ebf2a90974719b5620b03c51ef561 P 06345736263a444a9eab32d1905ba8ce: Bootstrap starting.
I20260710 13:25:48.350354 23043 raft_consensus.cc:2749] T 585ebf2a90974719b5620b03c51ef561 P 17d6fd87c2104dfbb941492a76ab2eee [term 0 FOLLOWER]: Leader pre-election lost for term 1. Reason: could not achieve majority
I20260710 13:25:48.352985 22926 tablet_service.cc:1917] Received RequestConsensusVote() RPC: tablet_id: "45f7351a887446dd8dec474e6d6de947" candidate_uuid: "aac1b243bc2b4fbfab346c9deb04b80c" candidate_term: 1 candidate_status { last_received { term: 0 index: 0 } } ignore_live_leader: false dest_uuid: "06345736263a444a9eab32d1905ba8ce" is_pre_election: true
I20260710 13:25:48.353703 22926 raft_consensus.cc:2468] T 45f7351a887446dd8dec474e6d6de947 P 06345736263a444a9eab32d1905ba8ce [term 0 FOLLOWER]: Leader pre-election vote request: Granting yes vote for candidate aac1b243bc2b4fbfab346c9deb04b80c in term 0.
W20260710 13:25:48.352993 22966 leader_election.cc:343] T af73ed28782e4c01819047f10c72a395 P 17d6fd87c2104dfbb941492a76ab2eee [CANDIDATE]: Term 1 pre-election: Tablet error from VoteRequest() call to peer aac1b243bc2b4fbfab346c9deb04b80c (127.21.62.129:46343): Illegal state: must be running to vote when last-logged opid is not known
I20260710 13:25:48.354769 22966 leader_election.cc:304] T af73ed28782e4c01819047f10c72a395 P 17d6fd87c2104dfbb941492a76ab2eee [CANDIDATE]: Term 1 pre-election: Election decided. Result: candidate lost. Election summary: received 3 responses out of 3 voters: 1 yes votes; 2 no votes. yes voters: 17d6fd87c2104dfbb941492a76ab2eee; no voters: 06345736263a444a9eab32d1905ba8ce, aac1b243bc2b4fbfab346c9deb04b80c
I20260710 13:25:48.355490 23043 raft_consensus.cc:2749] T af73ed28782e4c01819047f10c72a395 P 17d6fd87c2104dfbb941492a76ab2eee [term 0 FOLLOWER]: Leader pre-election lost for term 1. Reason: could not achieve majority
I20260710 13:25:48.355808 23048 leader_election.cc:290] T 6fa5d9d148074f07b6dcf59c5a81f10c P aac1b243bc2b4fbfab346c9deb04b80c [CANDIDATE]: Term 1 pre-election: Requested pre-vote from peers 06345736263a444a9eab32d1905ba8ce (127.21.62.130:45735), 17d6fd87c2104dfbb941492a76ab2eee (127.21.62.131:35649)
I20260710 13:25:48.355156 22817 leader_election.cc:304] T 45f7351a887446dd8dec474e6d6de947 P aac1b243bc2b4fbfab346c9deb04b80c [CANDIDATE]: Term 1 pre-election: Election decided. Result: candidate won. Election summary: received 3 responses out of 3 voters: 2 yes votes; 1 no votes. yes voters: 06345736263a444a9eab32d1905ba8ce, aac1b243bc2b4fbfab346c9deb04b80c; no voters: 17d6fd87c2104dfbb941492a76ab2eee
I20260710 13:25:48.356640 23048 raft_consensus.cc:2804] T 45f7351a887446dd8dec474e6d6de947 P aac1b243bc2b4fbfab346c9deb04b80c [term 0 FOLLOWER]: Leader pre-election won for term 1
I20260710 13:25:48.357054 23048 raft_consensus.cc:493] T 45f7351a887446dd8dec474e6d6de947 P aac1b243bc2b4fbfab346c9deb04b80c [term 0 FOLLOWER]: Starting leader election (no leader contacted us within the election timeout)
I20260710 13:25:48.357424 23048 raft_consensus.cc:3060] T 45f7351a887446dd8dec474e6d6de947 P aac1b243bc2b4fbfab346c9deb04b80c [term 0 FOLLOWER]: Advancing to term 1
I20260710 13:25:48.357384 23000 tablet_service.cc:1917] Received RequestConsensusVote() RPC: tablet_id: "6fa5d9d148074f07b6dcf59c5a81f10c" candidate_uuid: "aac1b243bc2b4fbfab346c9deb04b80c" candidate_term: 1 candidate_status { last_received { term: 0 index: 0 } } ignore_live_leader: false dest_uuid: "17d6fd87c2104dfbb941492a76ab2eee" is_pre_election: true
W20260710 13:25:48.359436 22815 leader_election.cc:343] T 6fa5d9d148074f07b6dcf59c5a81f10c P aac1b243bc2b4fbfab346c9deb04b80c [CANDIDATE]: Term 1 pre-election: Tablet error from VoteRequest() call to peer 17d6fd87c2104dfbb941492a76ab2eee (127.21.62.131:35649): Illegal state: must be running to vote when last-logged opid is not known
I20260710 13:25:48.362942 22926 tablet_service.cc:1917] Received RequestConsensusVote() RPC: tablet_id: "6fa5d9d148074f07b6dcf59c5a81f10c" candidate_uuid: "aac1b243bc2b4fbfab346c9deb04b80c" candidate_term: 1 candidate_status { last_received { term: 0 index: 0 } } ignore_live_leader: false dest_uuid: "06345736263a444a9eab32d1905ba8ce" is_pre_election: true
W20260710 13:25:48.364308 22817 leader_election.cc:343] T 6fa5d9d148074f07b6dcf59c5a81f10c P aac1b243bc2b4fbfab346c9deb04b80c [CANDIDATE]: Term 1 pre-election: Tablet error from VoteRequest() call to peer 06345736263a444a9eab32d1905ba8ce (127.21.62.130:45735): Illegal state: must be running to vote when last-logged opid is not known
I20260710 13:25:48.364753 22817 leader_election.cc:304] T 6fa5d9d148074f07b6dcf59c5a81f10c P aac1b243bc2b4fbfab346c9deb04b80c [CANDIDATE]: Term 1 pre-election: Election decided. Result: candidate lost. Election summary: received 3 responses out of 3 voters: 1 yes votes; 2 no votes. yes voters: aac1b243bc2b4fbfab346c9deb04b80c; no voters: 06345736263a444a9eab32d1905ba8ce, 17d6fd87c2104dfbb941492a76ab2eee
I20260710 13:25:48.370522 23063 raft_consensus.cc:2749] T 6fa5d9d148074f07b6dcf59c5a81f10c P aac1b243bc2b4fbfab346c9deb04b80c [term 0 FOLLOWER]: Leader pre-election lost for term 1. Reason: could not achieve majority
I20260710 13:25:48.371073 23042 ts_tablet_manager.cc:1434] T 6fa5d9d148074f07b6dcf59c5a81f10c P aac1b243bc2b4fbfab346c9deb04b80c: Time spent starting tablet: real 0.061s	user 0.010s	sys 0.010s
I20260710 13:25:48.372121 23042 tablet_bootstrap.cc:492] T df42b51e647e44e5be6dd28b404607df P aac1b243bc2b4fbfab346c9deb04b80c: Bootstrap starting.
I20260710 13:25:48.376080 23000 tablet_service.cc:1917] Received RequestConsensusVote() RPC: tablet_id: "df42b51e647e44e5be6dd28b404607df" candidate_uuid: "06345736263a444a9eab32d1905ba8ce" candidate_term: 1 candidate_status { last_received { term: 0 index: 0 } } ignore_live_leader: false dest_uuid: "17d6fd87c2104dfbb941492a76ab2eee" is_pre_election: true
W20260710 13:25:48.377844 22890 leader_election.cc:343] T df42b51e647e44e5be6dd28b404607df P 06345736263a444a9eab32d1905ba8ce [CANDIDATE]: Term 1 pre-election: Tablet error from VoteRequest() call to peer 17d6fd87c2104dfbb941492a76ab2eee (127.21.62.131:35649): Illegal state: must be running to vote when last-logged opid is not known
I20260710 13:25:48.378260 23040 tablet_bootstrap.cc:654] T 979a8cfe2f56421793dd84f3801f130e P 17d6fd87c2104dfbb941492a76ab2eee: Neither blocks nor log segments found. Creating new log.
I20260710 13:25:48.381069 23044 tablet_bootstrap.cc:654] T 585ebf2a90974719b5620b03c51ef561 P 06345736263a444a9eab32d1905ba8ce: Neither blocks nor log segments found. Creating new log.
I20260710 13:25:48.383018 23042 tablet_bootstrap.cc:654] T df42b51e647e44e5be6dd28b404607df P aac1b243bc2b4fbfab346c9deb04b80c: Neither blocks nor log segments found. Creating new log.
I20260710 13:25:48.369028 23048 raft_consensus.cc:515] T 45f7351a887446dd8dec474e6d6de947 P aac1b243bc2b4fbfab346c9deb04b80c [term 1 FOLLOWER]: Starting leader election with config: opid_index: -1 OBSOLETE_local: false peers { permanent_uuid: "aac1b243bc2b4fbfab346c9deb04b80c" member_type: VOTER last_known_addr { host: "127.21.62.129" port: 46343 } } peers { permanent_uuid: "17d6fd87c2104dfbb941492a76ab2eee" member_type: VOTER last_known_addr { host: "127.21.62.131" port: 35649 } } peers { permanent_uuid: "06345736263a444a9eab32d1905ba8ce" member_type: VOTER last_known_addr { host: "127.21.62.130" port: 45735 } }
I20260710 13:25:48.386631 23048 leader_election.cc:290] T 45f7351a887446dd8dec474e6d6de947 P aac1b243bc2b4fbfab346c9deb04b80c [CANDIDATE]: Term 1 election: Requested vote from peers 17d6fd87c2104dfbb941492a76ab2eee (127.21.62.131:35649), 06345736263a444a9eab32d1905ba8ce (127.21.62.130:45735)
I20260710 13:25:48.387302 23000 tablet_service.cc:1917] Received RequestConsensusVote() RPC: tablet_id: "45f7351a887446dd8dec474e6d6de947" candidate_uuid: "aac1b243bc2b4fbfab346c9deb04b80c" candidate_term: 1 candidate_status { last_received { term: 0 index: 0 } } ignore_live_leader: false dest_uuid: "17d6fd87c2104dfbb941492a76ab2eee"
I20260710 13:25:48.387763 22926 tablet_service.cc:1917] Received RequestConsensusVote() RPC: tablet_id: "45f7351a887446dd8dec474e6d6de947" candidate_uuid: "aac1b243bc2b4fbfab346c9deb04b80c" candidate_term: 1 candidate_status { last_received { term: 0 index: 0 } } ignore_live_leader: false dest_uuid: "06345736263a444a9eab32d1905ba8ce"
I20260710 13:25:48.388346 22926 raft_consensus.cc:3060] T 45f7351a887446dd8dec474e6d6de947 P 06345736263a444a9eab32d1905ba8ce [term 0 FOLLOWER]: Advancing to term 1
