I20260710 13:25:40.574666 22863 raft_consensus.cc:1081] T f281551f7fce4ebcac5aa83cad27e1a4 P dc63fde8b21d442799cd356feae8e9a5 [term 3 LEADER]: Signalling peer a5fdf4152d30494ea2b3d8a35ad6e10c to start an election
I20260710 13:25:40.576315 22565 tablet_service.cc:2044] Received Run Leader Election RPC: tablet_id: "f281551f7fce4ebcac5aa83cad27e1a4"
dest_uuid: "a5fdf4152d30494ea2b3d8a35ad6e10c"
 from {username='slave'} at 127.0.0.1:40312
I20260710 13:25:40.576804 22565 raft_consensus.cc:493] T f281551f7fce4ebcac5aa83cad27e1a4 P a5fdf4152d30494ea2b3d8a35ad6e10c [term 3 FOLLOWER]: Starting forced leader election (received explicit request)
I20260710 13:25:40.577211 22565 raft_consensus.cc:3060] T f281551f7fce4ebcac5aa83cad27e1a4 P a5fdf4152d30494ea2b3d8a35ad6e10c [term 3 FOLLOWER]: Advancing to term 4
I20260710 13:25:40.582101 22565 raft_consensus.cc:515] T f281551f7fce4ebcac5aa83cad27e1a4 P a5fdf4152d30494ea2b3d8a35ad6e10c [term 4 FOLLOWER]: Starting forced leader election with config: opid_index: -1 OBSOLETE_local: false peers { permanent_uuid: "a5fdf4152d30494ea2b3d8a35ad6e10c" member_type: VOTER last_known_addr { host: "127.21.109.65" port: 33175 } } peers { permanent_uuid: "5adc6094255c4bf180ec017f75ea75b1" member_type: VOTER last_known_addr { host: "127.21.109.66" port: 41047 } } peers { permanent_uuid: "dc63fde8b21d442799cd356feae8e9a5" member_type: VOTER last_known_addr { host: "127.21.109.67" port: 42477 } }
I20260710 13:25:40.583953 22565 leader_election.cc:290] T f281551f7fce4ebcac5aa83cad27e1a4 P a5fdf4152d30494ea2b3d8a35ad6e10c [CANDIDATE]: Term 4 election: Requested vote from peers 5adc6094255c4bf180ec017f75ea75b1 (127.21.109.66:41047), dc63fde8b21d442799cd356feae8e9a5 (127.21.109.67:42477)
I20260710 13:25:40.584739 22639 tablet_service.cc:1917] Received RequestConsensusVote() RPC: tablet_id: "f281551f7fce4ebcac5aa83cad27e1a4" candidate_uuid: "a5fdf4152d30494ea2b3d8a35ad6e10c" candidate_term: 4 candidate_status { last_received { term: 3 index: 3 } } ignore_live_leader: true dest_uuid: "5adc6094255c4bf180ec017f75ea75b1"
I20260710 13:25:40.584965 22714 tablet_service.cc:1917] Received RequestConsensusVote() RPC: tablet_id: "f281551f7fce4ebcac5aa83cad27e1a4" candidate_uuid: "a5fdf4152d30494ea2b3d8a35ad6e10c" candidate_term: 4 candidate_status { last_received { term: 3 index: 3 } } ignore_live_leader: true dest_uuid: "dc63fde8b21d442799cd356feae8e9a5"
I20260710 13:25:40.585283 22639 raft_consensus.cc:3060] T f281551f7fce4ebcac5aa83cad27e1a4 P 5adc6094255c4bf180ec017f75ea75b1 [term 3 FOLLOWER]: Advancing to term 4
I20260710 13:25:40.585438 22714 raft_consensus.cc:3055] T f281551f7fce4ebcac5aa83cad27e1a4 P dc63fde8b21d442799cd356feae8e9a5 [term 3 LEADER]: Stepping down as leader of term 3
I20260710 13:25:40.585764 22714 raft_consensus.cc:740] T f281551f7fce4ebcac5aa83cad27e1a4 P dc63fde8b21d442799cd356feae8e9a5 [term 3 LEADER]: Becoming Follower/Learner. State: Replica: dc63fde8b21d442799cd356feae8e9a5, State: Running, Role: LEADER
I20260710 13:25:40.586546 22714 consensus_queue.cc:260] T f281551f7fce4ebcac5aa83cad27e1a4 P dc63fde8b21d442799cd356feae8e9a5 [NON_LEADER]: Queue going to NON_LEADER mode. State: All replicated index: 0, Majority replicated index: 3, Committed index: 3, Last appended: 3.3, Last appended by leader: 3, Current term: 3, Majority size: -1, State: 0, Mode: NON_LEADER, active raft config: opid_index: -1 OBSOLETE_local: false peers { permanent_uuid: "a5fdf4152d30494ea2b3d8a35ad6e10c" member_type: VOTER last_known_addr { host: "127.21.109.65" port: 33175 } } peers { permanent_uuid: "5adc6094255c4bf180ec017f75ea75b1" member_type: VOTER last_known_addr { host: "127.21.109.66" port: 41047 } } peers { permanent_uuid: "dc63fde8b21d442799cd356feae8e9a5" member_type: VOTER last_known_addr { host: "127.21.109.67" port: 42477 } }
I20260710 13:25:40.587694 22714 raft_consensus.cc:3060] T f281551f7fce4ebcac5aa83cad27e1a4 P dc63fde8b21d442799cd356feae8e9a5 [term 3 FOLLOWER]: Advancing to term 4
I20260710 13:25:40.591629 22639 raft_consensus.cc:2468] T f281551f7fce4ebcac5aa83cad27e1a4 P 5adc6094255c4bf180ec017f75ea75b1 [term 4 FOLLOWER]: Leader election vote request: Granting yes vote for candidate a5fdf4152d30494ea2b3d8a35ad6e10c in term 4.
I20260710 13:25:40.592729 22528 leader_election.cc:304] T f281551f7fce4ebcac5aa83cad27e1a4 P a5fdf4152d30494ea2b3d8a35ad6e10c [CANDIDATE]: Term 4 election: Election decided. Result: candidate won. Election summary: received 2 responses out of 3 voters: 2 yes votes; 0 no votes. yes voters: 5adc6094255c4bf180ec017f75ea75b1, a5fdf4152d30494ea2b3d8a35ad6e10c; no voters: 
I20260710 13:25:40.593483 22849 raft_consensus.cc:2804] T f281551f7fce4ebcac5aa83cad27e1a4 P a5fdf4152d30494ea2b3d8a35ad6e10c [term 4 FOLLOWER]: Leader election won for term 4
I20260710 13:25:40.593971 22849 raft_consensus.cc:697] T f281551f7fce4ebcac5aa83cad27e1a4 P a5fdf4152d30494ea2b3d8a35ad6e10c [term 4 LEADER]: Becoming Leader. State: Replica: a5fdf4152d30494ea2b3d8a35ad6e10c, State: Running, Role: LEADER
I20260710 13:25:40.594056 22714 raft_consensus.cc:2468] T f281551f7fce4ebcac5aa83cad27e1a4 P dc63fde8b21d442799cd356feae8e9a5 [term 4 FOLLOWER]: Leader election vote request: Granting yes vote for candidate a5fdf4152d30494ea2b3d8a35ad6e10c in term 4.
I20260710 13:25:40.594815 22849 consensus_queue.cc:237] T f281551f7fce4ebcac5aa83cad27e1a4 P a5fdf4152d30494ea2b3d8a35ad6e10c [LEADER]: Queue going to LEADER mode. State: All replicated index: 0, Majority replicated index: 3, Committed index: 3, Last appended: 3.3, Last appended by leader: 3, Current term: 4, Majority size: 2, State: 0, Mode: LEADER, active raft config: opid_index: -1 OBSOLETE_local: false peers { permanent_uuid: "a5fdf4152d30494ea2b3d8a35ad6e10c" member_type: VOTER last_known_addr { host: "127.21.109.65" port: 33175 } } peers { permanent_uuid: "5adc6094255c4bf180ec017f75ea75b1" member_type: VOTER last_known_addr { host: "127.21.109.66" port: 41047 } } peers { permanent_uuid: "dc63fde8b21d442799cd356feae8e9a5" member_type: VOTER last_known_addr { host: "127.21.109.67" port: 42477 } }
I20260710 13:25:40.601053 22872 raft_consensus.cc:993] T 5ad96030e86d477e86a92c308e7de856 P 5adc6094255c4bf180ec017f75ea75b1: : Instructing follower a5fdf4152d30494ea2b3d8a35ad6e10c to start an election
I20260710 13:25:40.601567 22859 raft_consensus.cc:1081] T 5ad96030e86d477e86a92c308e7de856 P 5adc6094255c4bf180ec017f75ea75b1 [term 2 LEADER]: Signalling peer a5fdf4152d30494ea2b3d8a35ad6e10c to start an election
I20260710 13:25:40.601572 22460 catalog_manager.cc:5697] T f281551f7fce4ebcac5aa83cad27e1a4 P a5fdf4152d30494ea2b3d8a35ad6e10c reported cstate change: term changed from 3 to 4, leader changed from dc63fde8b21d442799cd356feae8e9a5 (127.21.109.67) to a5fdf4152d30494ea2b3d8a35ad6e10c (127.21.109.65). New cstate: current_term: 4 leader_uuid: "a5fdf4152d30494ea2b3d8a35ad6e10c" committed_config { opid_index: -1 OBSOLETE_local: false peers { permanent_uuid: "a5fdf4152d30494ea2b3d8a35ad6e10c" member_type: VOTER last_known_addr { host: "127.21.109.65" port: 33175 } health_report { overall_health: HEALTHY } } peers { permanent_uuid: "5adc6094255c4bf180ec017f75ea75b1" member_type: VOTER last_known_addr { host: "127.21.109.66" port: 41047 } health_report { overall_health: UNKNOWN } } peers { permanent_uuid: "dc63fde8b21d442799cd356feae8e9a5" member_type: VOTER last_known_addr { host: "127.21.109.67" port: 42477 } health_report { overall_health: UNKNOWN } } }
I20260710 13:25:40.603323 22565 tablet_service.cc:2044] Received Run Leader Election RPC: tablet_id: "5ad96030e86d477e86a92c308e7de856"
dest_uuid: "a5fdf4152d30494ea2b3d8a35ad6e10c"
 from {username='slave'} at 127.0.0.1:40324
I20260710 13:25:40.603786 22565 raft_consensus.cc:493] T 5ad96030e86d477e86a92c308e7de856 P a5fdf4152d30494ea2b3d8a35ad6e10c [term 2 FOLLOWER]: Starting forced leader election (received explicit request)
I20260710 13:25:40.604101 22565 raft_consensus.cc:3060] T 5ad96030e86d477e86a92c308e7de856 P a5fdf4152d30494ea2b3d8a35ad6e10c [term 2 FOLLOWER]: Advancing to term 3
I20260710 13:25:40.609434 22565 raft_consensus.cc:515] T 5ad96030e86d477e86a92c308e7de856 P a5fdf4152d30494ea2b3d8a35ad6e10c [term 3 FOLLOWER]: Starting forced leader election with config: opid_index: -1 OBSOLETE_local: false peers { permanent_uuid: "a5fdf4152d30494ea2b3d8a35ad6e10c" member_type: VOTER last_known_addr { host: "127.21.109.65" port: 33175 } } peers { permanent_uuid: "5adc6094255c4bf180ec017f75ea75b1" member_type: VOTER last_known_addr { host: "127.21.109.66" port: 41047 } } peers { permanent_uuid: "dc63fde8b21d442799cd356feae8e9a5" member_type: VOTER last_known_addr { host: "127.21.109.67" port: 42477 } }
I20260710 13:25:40.611301 22565 leader_election.cc:290] T 5ad96030e86d477e86a92c308e7de856 P a5fdf4152d30494ea2b3d8a35ad6e10c [CANDIDATE]: Term 3 election: Requested vote from peers 5adc6094255c4bf180ec017f75ea75b1 (127.21.109.66:41047), dc63fde8b21d442799cd356feae8e9a5 (127.21.109.67:42477)
I20260710 13:25:40.612434 22639 tablet_service.cc:1917] Received RequestConsensusVote() RPC: tablet_id: "5ad96030e86d477e86a92c308e7de856" candidate_uuid: "a5fdf4152d30494ea2b3d8a35ad6e10c" candidate_term: 3 candidate_status { last_received { term: 2 index: 2 } } ignore_live_leader: true dest_uuid: "5adc6094255c4bf180ec017f75ea75b1"
I20260710 13:25:40.612578 22714 tablet_service.cc:1917] Received RequestConsensusVote() RPC: tablet_id: "5ad96030e86d477e86a92c308e7de856" candidate_uuid: "a5fdf4152d30494ea2b3d8a35ad6e10c" candidate_term: 3 candidate_status { last_received { term: 2 index: 2 } } ignore_live_leader: true dest_uuid: "dc63fde8b21d442799cd356feae8e9a5"
I20260710 13:25:40.613080 22639 raft_consensus.cc:3055] T 5ad96030e86d477e86a92c308e7de856 P 5adc6094255c4bf180ec017f75ea75b1 [term 2 LEADER]: Stepping down as leader of term 2
I20260710 13:25:40.613170 22714 raft_consensus.cc:3060] T 5ad96030e86d477e86a92c308e7de856 P dc63fde8b21d442799cd356feae8e9a5 [term 2 FOLLOWER]: Advancing to term 3
I20260710 13:25:40.613368 22639 raft_consensus.cc:740] T 5ad96030e86d477e86a92c308e7de856 P 5adc6094255c4bf180ec017f75ea75b1 [term 2 LEADER]: Becoming Follower/Learner. State: Replica: 5adc6094255c4bf180ec017f75ea75b1, State: Running, Role: LEADER
I20260710 13:25:40.613590 22872 raft_consensus.cc:993] T a26df07e285c4dd49641c2f544a89486 P 5adc6094255c4bf180ec017f75ea75b1: : Instructing follower a5fdf4152d30494ea2b3d8a35ad6e10c to start an election
I20260710 13:25:40.614006 22859 raft_consensus.cc:1081] T a26df07e285c4dd49641c2f544a89486 P 5adc6094255c4bf180ec017f75ea75b1 [term 2 LEADER]: Signalling peer a5fdf4152d30494ea2b3d8a35ad6e10c to start an election
I20260710 13:25:40.614192 22639 consensus_queue.cc:260] T 5ad96030e86d477e86a92c308e7de856 P 5adc6094255c4bf180ec017f75ea75b1 [NON_LEADER]: Queue going to NON_LEADER mode. State: All replicated index: 0, Majority replicated index: 2, Committed index: 2, Last appended: 2.2, Last appended by leader: 2, Current term: 2, Majority size: -1, State: 0, Mode: NON_LEADER, active raft config: opid_index: -1 OBSOLETE_local: false peers { permanent_uuid: "a5fdf4152d30494ea2b3d8a35ad6e10c" member_type: VOTER last_known_addr { host: "127.21.109.65" port: 33175 } } peers { permanent_uuid: "5adc6094255c4bf180ec017f75ea75b1" member_type: VOTER last_known_addr { host: "127.21.109.66" port: 41047 } } peers { permanent_uuid: "dc63fde8b21d442799cd356feae8e9a5" member_type: VOTER last_known_addr { host: "127.21.109.67" port: 42477 } }
I20260710 13:25:40.615279 22639 raft_consensus.cc:3060] T 5ad96030e86d477e86a92c308e7de856 P 5adc6094255c4bf180ec017f75ea75b1 [term 2 FOLLOWER]: Advancing to term 3
I20260710 13:25:40.615717 22563 tablet_service.cc:2044] Received Run Leader Election RPC: tablet_id: "a26df07e285c4dd49641c2f544a89486"
dest_uuid: "a5fdf4152d30494ea2b3d8a35ad6e10c"
 from {username='slave'} at 127.0.0.1:40324
I20260710 13:25:40.616267 22563 raft_consensus.cc:493] T a26df07e285c4dd49641c2f544a89486 P a5fdf4152d30494ea2b3d8a35ad6e10c [term 2 FOLLOWER]: Starting forced leader election (received explicit request)
I20260710 13:25:40.616638 22563 raft_consensus.cc:3060] T a26df07e285c4dd49641c2f544a89486 P a5fdf4152d30494ea2b3d8a35ad6e10c [term 2 FOLLOWER]: Advancing to term 3
I20260710 13:25:40.619737 22639 raft_consensus.cc:2468] T 5ad96030e86d477e86a92c308e7de856 P 5adc6094255c4bf180ec017f75ea75b1 [term 3 FOLLOWER]: Leader election vote request: Granting yes vote for candidate a5fdf4152d30494ea2b3d8a35ad6e10c in term 3.
I20260710 13:25:40.620316 22714 raft_consensus.cc:2468] T 5ad96030e86d477e86a92c308e7de856 P dc63fde8b21d442799cd356feae8e9a5 [term 3 FOLLOWER]: Leader election vote request: Granting yes vote for candidate a5fdf4152d30494ea2b3d8a35ad6e10c in term 3.
I20260710 13:25:40.620781 22528 leader_election.cc:304] T 5ad96030e86d477e86a92c308e7de856 P a5fdf4152d30494ea2b3d8a35ad6e10c [CANDIDATE]: Term 3 election: Election decided. Result: candidate won. Election summary: received 2 responses out of 3 voters: 2 yes votes; 0 no votes. yes voters: 5adc6094255c4bf180ec017f75ea75b1, a5fdf4152d30494ea2b3d8a35ad6e10c; no voters: 
I20260710 13:25:40.621853 22849 raft_consensus.cc:2804] T 5ad96030e86d477e86a92c308e7de856 P a5fdf4152d30494ea2b3d8a35ad6e10c [term 3 FOLLOWER]: Leader election won for term 3
I20260710 13:25:40.622325 22849 raft_consensus.cc:697] T 5ad96030e86d477e86a92c308e7de856 P a5fdf4152d30494ea2b3d8a35ad6e10c [term 3 LEADER]: Becoming Leader. State: Replica: a5fdf4152d30494ea2b3d8a35ad6e10c, State: Running, Role: LEADER
I20260710 13:25:40.623416 22849 consensus_queue.cc:237] T 5ad96030e86d477e86a92c308e7de856 P a5fdf4152d30494ea2b3d8a35ad6e10c [LEADER]: Queue going to LEADER mode. State: All replicated index: 0, Majority replicated index: 2, Committed index: 2, Last appended: 2.2, Last appended by leader: 2, Current term: 3, Majority size: 2, State: 0, Mode: LEADER, active raft config: opid_index: -1 OBSOLETE_local: false peers { permanent_uuid: "a5fdf4152d30494ea2b3d8a35ad6e10c" member_type: VOTER last_known_addr { host: "127.21.109.65" port: 33175 } } peers { permanent_uuid: "5adc6094255c4bf180ec017f75ea75b1" member_type: VOTER last_known_addr { host: "127.21.109.66" port: 41047 } } peers { permanent_uuid: "dc63fde8b21d442799cd356feae8e9a5" member_type: VOTER last_known_addr { host: "127.21.109.67" port: 42477 } }
I20260710 13:25:40.623508 22563 raft_consensus.cc:515] T a26df07e285c4dd49641c2f544a89486 P a5fdf4152d30494ea2b3d8a35ad6e10c [term 3 FOLLOWER]: Starting forced leader election with config: opid_index: -1 OBSOLETE_local: false peers { permanent_uuid: "a5fdf4152d30494ea2b3d8a35ad6e10c" member_type: VOTER last_known_addr { host: "127.21.109.65" port: 33175 } } peers { permanent_uuid: "5adc6094255c4bf180ec017f75ea75b1" member_type: VOTER last_known_addr { host: "127.21.109.66" port: 41047 } } peers { permanent_uuid: "dc63fde8b21d442799cd356feae8e9a5" member_type: VOTER last_known_addr { host: "127.21.109.67" port: 42477 } }
I20260710 13:25:40.625579 22563 leader_election.cc:290] T a26df07e285c4dd49641c2f544a89486 P a5fdf4152d30494ea2b3d8a35ad6e10c [CANDIDATE]: Term 3 election: Requested vote from peers 5adc6094255c4bf180ec017f75ea75b1 (127.21.109.66:41047), dc63fde8b21d442799cd356feae8e9a5 (127.21.109.67:42477)
I20260710 13:25:40.626224 22639 tablet_service.cc:1917] Received RequestConsensusVote() RPC: tablet_id: "a26df07e285c4dd49641c2f544a89486" candidate_uuid: "a5fdf4152d30494ea2b3d8a35ad6e10c" candidate_term: 3 candidate_status { last_received { term: 2 index: 2 } } ignore_live_leader: true dest_uuid: "5adc6094255c4bf180ec017f75ea75b1"
I20260710 13:25:40.628228 22639 raft_consensus.cc:3055] T a26df07e285c4dd49641c2f544a89486 P 5adc6094255c4bf180ec017f75ea75b1 [term 2 LEADER]: Stepping down as leader of term 2
I20260710 13:25:40.628456 22639 raft_consensus.cc:740] T a26df07e285c4dd49641c2f544a89486 P 5adc6094255c4bf180ec017f75ea75b1 [term 2 LEADER]: Becoming Follower/Learner. State: Replica: 5adc6094255c4bf180ec017f75ea75b1, State: Running, Role: LEADER
I20260710 13:25:40.629020 22639 consensus_queue.cc:260] T a26df07e285c4dd49641c2f544a89486 P 5adc6094255c4bf180ec017f75ea75b1 [NON_LEADER]: Queue going to NON_LEADER mode. State: All replicated index: 0, Majority replicated index: 2, Committed index: 2, Last appended: 2.2, Last appended by leader: 2, Current term: 2, Majority size: -1, State: 0, Mode: NON_LEADER, active raft config: opid_index: -1 OBSOLETE_local: false peers { permanent_uuid: "a5fdf4152d30494ea2b3d8a35ad6e10c" member_type: VOTER last_known_addr { host: "127.21.109.65" port: 33175 } } peers { permanent_uuid: "5adc6094255c4bf180ec017f75ea75b1" member_type: VOTER last_known_addr { host: "127.21.109.66" port: 41047 } } peers { permanent_uuid: "dc63fde8b21d442799cd356feae8e9a5" member_type: VOTER last_known_addr { host: "127.21.109.67" port: 42477 } }
I20260710 13:25:40.629796 22639 raft_consensus.cc:3060] T a26df07e285c4dd49641c2f544a89486 P 5adc6094255c4bf180ec017f75ea75b1 [term 2 FOLLOWER]: Advancing to term 3
I20260710 13:25:40.631780 22714 tablet_service.cc:1917] Received RequestConsensusVote() RPC: tablet_id: "a26df07e285c4dd49641c2f544a89486" candidate_uuid: "a5fdf4152d30494ea2b3d8a35ad6e10c" candidate_term: 3 candidate_status { last_received { term: 2 index: 2 } } ignore_live_leader: true dest_uuid: "dc63fde8b21d442799cd356feae8e9a5"
I20260710 13:25:40.632247 22714 raft_consensus.cc:3060] T a26df07e285c4dd49641c2f544a89486 P dc63fde8b21d442799cd356feae8e9a5 [term 2 FOLLOWER]: Advancing to term 3
I20260710 13:25:40.633355 22460 catalog_manager.cc:5697] T 5ad96030e86d477e86a92c308e7de856 P a5fdf4152d30494ea2b3d8a35ad6e10c reported cstate change: term changed from 2 to 3, leader changed from 5adc6094255c4bf180ec017f75ea75b1 (127.21.109.66) to a5fdf4152d30494ea2b3d8a35ad6e10c (127.21.109.65). New cstate: current_term: 3 leader_uuid: "a5fdf4152d30494ea2b3d8a35ad6e10c" committed_config { opid_index: -1 OBSOLETE_local: false peers { permanent_uuid: "a5fdf4152d30494ea2b3d8a35ad6e10c" member_type: VOTER last_known_addr { host: "127.21.109.65" port: 33175 } health_report { overall_health: HEALTHY } } peers { permanent_uuid: "5adc6094255c4bf180ec017f75ea75b1" member_type: VOTER last_known_addr { host: "127.21.109.66" port: 41047 } health_report { overall_health: UNKNOWN } } peers { permanent_uuid: "dc63fde8b21d442799cd356feae8e9a5" member_type: VOTER last_known_addr { host: "127.21.109.67" port: 42477 } health_report { overall_health: UNKNOWN } } }
I20260710 13:25:40.635440 22639 raft_consensus.cc:2468] T a26df07e285c4dd49641c2f544a89486 P 5adc6094255c4bf180ec017f75ea75b1 [term 3 FOLLOWER]: Leader election vote request: Granting yes vote for candidate a5fdf4152d30494ea2b3d8a35ad6e10c in term 3.
I20260710 13:25:40.636650 22528 leader_election.cc:304] T a26df07e285c4dd49641c2f544a89486 P a5fdf4152d30494ea2b3d8a35ad6e10c [CANDIDATE]: Term 3 election: Election decided. Result: candidate won. Election summary: received 2 responses out of 3 voters: 2 yes votes; 0 no votes. yes voters: 5adc6094255c4bf180ec017f75ea75b1, a5fdf4152d30494ea2b3d8a35ad6e10c; no voters: 
I20260710 13:25:40.637379 22849 raft_consensus.cc:2804] T a26df07e285c4dd49641c2f544a89486 P a5fdf4152d30494ea2b3d8a35ad6e10c [term 3 FOLLOWER]: Leader election won for term 3
I20260710 13:25:40.637797 22849 raft_consensus.cc:697] T a26df07e285c4dd49641c2f544a89486 P a5fdf4152d30494ea2b3d8a35ad6e10c [term 3 LEADER]: Becoming Leader. State: Replica: a5fdf4152d30494ea2b3d8a35ad6e10c, State: Running, Role: LEADER
I20260710 13:25:40.638880 22714 raft_consensus.cc:2468] T a26df07e285c4dd49641c2f544a89486 P dc63fde8b21d442799cd356feae8e9a5 [term 3 FOLLOWER]: Leader election vote request: Granting yes vote for candidate a5fdf4152d30494ea2b3d8a35ad6e10c in term 3.
I20260710 13:25:40.638581 22849 consensus_queue.cc:237] T a26df07e285c4dd49641c2f544a89486 P a5fdf4152d30494ea2b3d8a35ad6e10c [LEADER]: Queue going to LEADER mode. State: All replicated index: 0, Majority replicated index: 2, Committed index: 2, Last appended: 2.2, Last appended by leader: 2, Current term: 3, Majority size: 2, State: 0, Mode: LEADER, active raft config: opid_index: -1 OBSOLETE_local: false peers { permanent_uuid: "a5fdf4152d30494ea2b3d8a35ad6e10c" member_type: VOTER last_known_addr { host: "127.21.109.65" port: 33175 } } peers { permanent_uuid: "5adc6094255c4bf180ec017f75ea75b1" member_type: VOTER last_known_addr { host: "127.21.109.66" port: 41047 } } peers { permanent_uuid: "dc63fde8b21d442799cd356feae8e9a5" member_type: VOTER last_known_addr { host: "127.21.109.67" port: 42477 } }
I20260710 13:25:40.646406 22460 catalog_manager.cc:5697] T a26df07e285c4dd49641c2f544a89486 P a5fdf4152d30494ea2b3d8a35ad6e10c reported cstate change: term changed from 2 to 3, leader changed from 5adc6094255c4bf180ec017f75ea75b1 (127.21.109.66) to a5fdf4152d30494ea2b3d8a35ad6e10c (127.21.109.65). New cstate: current_term: 3 leader_uuid: "a5fdf4152d30494ea2b3d8a35ad6e10c" committed_config { opid_index: -1 OBSOLETE_local: false peers { permanent_uuid: "a5fdf4152d30494ea2b3d8a35ad6e10c" member_type: VOTER last_known_addr { host: "127.21.109.65" port: 33175 } health_report { overall_health: HEALTHY } } peers { permanent_uuid: "5adc6094255c4bf180ec017f75ea75b1" member_type: VOTER last_known_addr { host: "127.21.109.66" port: 41047 } health_report { overall_health: UNKNOWN } } peers { permanent_uuid: "dc63fde8b21d442799cd356feae8e9a5" member_type: VOTER last_known_addr { host: "127.21.109.67" port: 42477 } health_report { overall_health: UNKNOWN } } }
I20260710 13:25:40.679787 22872 raft_consensus.cc:993] T 1b02a256f13043f78bd2726566c71d9e P 5adc6094255c4bf180ec017f75ea75b1: : Instructing follower a5fdf4152d30494ea2b3d8a35ad6e10c to start an election
I20260710 13:25:40.680255 22859 raft_consensus.cc:1081] T 1b02a256f13043f78bd2726566c71d9e P 5adc6094255c4bf180ec017f75ea75b1 [term 1 LEADER]: Signalling peer a5fdf4152d30494ea2b3d8a35ad6e10c to start an election
I20260710 13:25:40.681798 22563 tablet_service.cc:2044] Received Run Leader Election RPC: tablet_id: "1b02a256f13043f78bd2726566c71d9e"
dest_uuid: "a5fdf4152d30494ea2b3d8a35ad6e10c"
 from {username='slave'} at 127.0.0.1:40324
I20260710 13:25:40.682765 22563 raft_consensus.cc:493] T 1b02a256f13043f78bd2726566c71d9e P a5fdf4152d30494ea2b3d8a35ad6e10c [term 1 FOLLOWER]: Starting forced leader election (received explicit request)
I20260710 13:25:40.683157 22563 raft_consensus.cc:3060] T 1b02a256f13043f78bd2726566c71d9e P a5fdf4152d30494ea2b3d8a35ad6e10c [term 1 FOLLOWER]: Advancing to term 2
I20260710 13:25:40.688261 22563 raft_consensus.cc:515] T 1b02a256f13043f78bd2726566c71d9e P a5fdf4152d30494ea2b3d8a35ad6e10c [term 2 FOLLOWER]: Starting forced leader election with config: opid_index: -1 OBSOLETE_local: false peers { permanent_uuid: "a5fdf4152d30494ea2b3d8a35ad6e10c" member_type: VOTER last_known_addr { host: "127.21.109.65" port: 33175 } } peers { permanent_uuid: "5adc6094255c4bf180ec017f75ea75b1" member_type: VOTER last_known_addr { host: "127.21.109.66" port: 41047 } } peers { permanent_uuid: "dc63fde8b21d442799cd356feae8e9a5" member_type: VOTER last_known_addr { host: "127.21.109.67" port: 42477 } }
I20260710 13:25:40.689947 22563 leader_election.cc:290] T 1b02a256f13043f78bd2726566c71d9e P a5fdf4152d30494ea2b3d8a35ad6e10c [CANDIDATE]: Term 2 election: Requested vote from peers 5adc6094255c4bf180ec017f75ea75b1 (127.21.109.66:41047), dc63fde8b21d442799cd356feae8e9a5 (127.21.109.67:42477)
I20260710 13:25:40.690712 22639 tablet_service.cc:1917] Received RequestConsensusVote() RPC: tablet_id: "1b02a256f13043f78bd2726566c71d9e" candidate_uuid: "a5fdf4152d30494ea2b3d8a35ad6e10c" candidate_term: 2 candidate_status { last_received { term: 1 index: 1 } } ignore_live_leader: true dest_uuid: "5adc6094255c4bf180ec017f75ea75b1"
I20260710 13:25:40.690904 22714 tablet_service.cc:1917] Received RequestConsensusVote() RPC: tablet_id: "1b02a256f13043f78bd2726566c71d9e" candidate_uuid: "a5fdf4152d30494ea2b3d8a35ad6e10c" candidate_term: 2 candidate_status { last_received { term: 1 index: 1 } } ignore_live_leader: true dest_uuid: "dc63fde8b21d442799cd356feae8e9a5"
I20260710 13:25:40.691258 22639 raft_consensus.cc:3055] T 1b02a256f13043f78bd2726566c71d9e P 5adc6094255c4bf180ec017f75ea75b1 [term 1 LEADER]: Stepping down as leader of term 1
I20260710 13:25:40.691432 22714 raft_consensus.cc:3060] T 1b02a256f13043f78bd2726566c71d9e P dc63fde8b21d442799cd356feae8e9a5 [term 1 FOLLOWER]: Advancing to term 2
I20260710 13:25:40.691598 22639 raft_consensus.cc:740] T 1b02a256f13043f78bd2726566c71d9e P 5adc6094255c4bf180ec017f75ea75b1 [term 1 LEADER]: Becoming Follower/Learner. State: Replica: 5adc6094255c4bf180ec017f75ea75b1, State: Running, Role: LEADER
I20260710 13:25:40.692353 22639 consensus_queue.cc:260] T 1b02a256f13043f78bd2726566c71d9e P 5adc6094255c4bf180ec017f75ea75b1 [NON_LEADER]: Queue going to NON_LEADER mode. State: All replicated index: 0, Majority replicated index: 1, Committed index: 1, Last appended: 1.1, Last appended by leader: 1, Current term: 1, Majority size: -1, State: 0, Mode: NON_LEADER, active raft config: opid_index: -1 OBSOLETE_local: false peers { permanent_uuid: "a5fdf4152d30494ea2b3d8a35ad6e10c" member_type: VOTER last_known_addr { host: "127.21.109.65" port: 33175 } } peers { permanent_uuid: "5adc6094255c4bf180ec017f75ea75b1" member_type: VOTER last_known_addr { host: "127.21.109.66" port: 41047 } } peers { permanent_uuid: "dc63fde8b21d442799cd356feae8e9a5" member_type: VOTER last_known_addr { host: "127.21.109.67" port: 42477 } }
I20260710 13:25:40.693159 22639 raft_consensus.cc:3060] T 1b02a256f13043f78bd2726566c71d9e P 5adc6094255c4bf180ec017f75ea75b1 [term 1 FOLLOWER]: Advancing to term 2
I20260710 13:25:40.695744 22714 raft_consensus.cc:2468] T 1b02a256f13043f78bd2726566c71d9e P dc63fde8b21d442799cd356feae8e9a5 [term 2 FOLLOWER]: Leader election vote request: Granting yes vote for candidate a5fdf4152d30494ea2b3d8a35ad6e10c in term 2.
I20260710 13:25:40.696709 22528 leader_election.cc:304] T 1b02a256f13043f78bd2726566c71d9e P a5fdf4152d30494ea2b3d8a35ad6e10c [CANDIDATE]: Term 2 election: Election decided. Result: candidate won. Election summary: received 2 responses out of 3 voters: 2 yes votes; 0 no votes. yes voters: a5fdf4152d30494ea2b3d8a35ad6e10c, dc63fde8b21d442799cd356feae8e9a5; no voters: 
I20260710 13:25:40.697407 22849 raft_consensus.cc:2804] T 1b02a256f13043f78bd2726566c71d9e P a5fdf4152d30494ea2b3d8a35ad6e10c [term 2 FOLLOWER]: Leader election won for term 2
I20260710 13:25:40.697530 22639 raft_consensus.cc:2468] T 1b02a256f13043f78bd2726566c71d9e P 5adc6094255c4bf180ec017f75ea75b1 [term 2 FOLLOWER]: Leader election vote request: Granting yes vote for candidate a5fdf4152d30494ea2b3d8a35ad6e10c in term 2.
I20260710 13:25:40.697892 22849 raft_consensus.cc:697] T 1b02a256f13043f78bd2726566c71d9e P a5fdf4152d30494ea2b3d8a35ad6e10c [term 2 LEADER]: Becoming Leader. State: Replica: a5fdf4152d30494ea2b3d8a35ad6e10c, State: Running, Role: LEADER
I20260710 13:25:40.698779 22849 consensus_queue.cc:237] T 1b02a256f13043f78bd2726566c71d9e P a5fdf4152d30494ea2b3d8a35ad6e10c [LEADER]: Queue going to LEADER mode. State: All replicated index: 0, Majority replicated index: 1, Committed index: 1, Last appended: 1.1, Last appended by leader: 1, Current term: 2, Majority size: 2, State: 0, Mode: LEADER, active raft config: opid_index: -1 OBSOLETE_local: false peers { permanent_uuid: "a5fdf4152d30494ea2b3d8a35ad6e10c" member_type: VOTER last_known_addr { host: "127.21.109.65" port: 33175 } } peers { permanent_uuid: "5adc6094255c4bf180ec017f75ea75b1" member_type: VOTER last_known_addr { host: "127.21.109.66" port: 41047 } } peers { permanent_uuid: "dc63fde8b21d442799cd356feae8e9a5" member_type: VOTER last_known_addr { host: "127.21.109.67" port: 42477 } }
I20260710 13:25:40.705545 22460 catalog_manager.cc:5697] T 1b02a256f13043f78bd2726566c71d9e P a5fdf4152d30494ea2b3d8a35ad6e10c reported cstate change: term changed from 1 to 2, leader changed from 5adc6094255c4bf180ec017f75ea75b1 (127.21.109.66) to a5fdf4152d30494ea2b3d8a35ad6e10c (127.21.109.65). New cstate: current_term: 2 leader_uuid: "a5fdf4152d30494ea2b3d8a35ad6e10c" committed_config { opid_index: -1 OBSOLETE_local: false peers { permanent_uuid: "a5fdf4152d30494ea2b3d8a35ad6e10c" member_type: VOTER last_known_addr { host: "127.21.109.65" port: 33175 } health_report { overall_health: HEALTHY } } peers { permanent_uuid: "5adc6094255c4bf180ec017f75ea75b1" member_type: VOTER last_known_addr { host: "127.21.109.66" port: 41047 } health_report { overall_health: UNKNOWN } } peers { permanent_uuid: "dc63fde8b21d442799cd356feae8e9a5" member_type: VOTER last_known_addr { host: "127.21.109.67" port: 42477 } health_report { overall_health: UNKNOWN } } }
I20260710 13:25:40.809742 22639 raft_consensus.cc:1275] T 3daf2cfea17f413fb501bf9e1801c24f P 5adc6094255c4bf180ec017f75ea75b1 [term 3 FOLLOWER]: Refusing update from remote peer a5fdf4152d30494ea2b3d8a35ad6e10c: Log matching property violated. Preceding OpId in replica: term: 2 index: 2. Preceding OpId from leader: term: 3 index: 3. (index mismatch)
I20260710 13:25:40.811002 22849 consensus_queue.cc:1048] T 3daf2cfea17f413fb501bf9e1801c24f P a5fdf4152d30494ea2b3d8a35ad6e10c [LEADER]: Connected to new peer: Peer: permanent_uuid: "5adc6094255c4bf180ec017f75ea75b1" member_type: VOTER last_known_addr { host: "127.21.109.66" port: 41047 }, Status: LMP_MISMATCH, Last received: 0.0, Next index: 3, Last known committed idx: 2, Time since last communication: 0.000s
I20260710 13:25:40.821264 22714 raft_consensus.cc:1275] T 3daf2cfea17f413fb501bf9e1801c24f P dc63fde8b21d442799cd356feae8e9a5 [term 3 FOLLOWER]: Refusing update from remote peer a5fdf4152d30494ea2b3d8a35ad6e10c: Log matching property violated. Preceding OpId in replica: term: 2 index: 2. Preceding OpId from leader: term: 3 index: 3. (index mismatch)
I20260710 13:25:40.823911 22878 consensus_queue.cc:1048] T 3daf2cfea17f413fb501bf9e1801c24f P a5fdf4152d30494ea2b3d8a35ad6e10c [LEADER]: Connected to new peer: Peer: permanent_uuid: "dc63fde8b21d442799cd356feae8e9a5" member_type: VOTER last_known_addr { host: "127.21.109.67" port: 42477 }, Status: LMP_MISMATCH, Last received: 0.0, Next index: 3, Last known committed idx: 2, Time since last communication: 0.001s
I20260710 13:25:40.986526 22714 raft_consensus.cc:1275] T f281551f7fce4ebcac5aa83cad27e1a4 P dc63fde8b21d442799cd356feae8e9a5 [term 4 FOLLOWER]: Refusing update from remote peer a5fdf4152d30494ea2b3d8a35ad6e10c: Log matching property violated. Preceding OpId in replica: term: 3 index: 3. Preceding OpId from leader: term: 4 index: 4. (index mismatch)
I20260710 13:25:40.987758 22849 consensus_queue.cc:1048] T f281551f7fce4ebcac5aa83cad27e1a4 P a5fdf4152d30494ea2b3d8a35ad6e10c [LEADER]: Connected to new peer: Peer: permanent_uuid: "dc63fde8b21d442799cd356feae8e9a5" member_type: VOTER last_known_addr { host: "127.21.109.67" port: 42477 }, Status: LMP_MISMATCH, Last received: 0.0, Next index: 4, Last known committed idx: 3, Time since last communication: 0.000s
I20260710 13:25:40.995393 22639 raft_consensus.cc:1275] T f281551f7fce4ebcac5aa83cad27e1a4 P 5adc6094255c4bf180ec017f75ea75b1 [term 4 FOLLOWER]: Refusing update from remote peer a5fdf4152d30494ea2b3d8a35ad6e10c: Log matching property violated. Preceding OpId in replica: term: 3 index: 3. Preceding OpId from leader: term: 4 index: 4. (index mismatch)
I20260710 13:25:40.997157 22878 consensus_queue.cc:1048] T f281551f7fce4ebcac5aa83cad27e1a4 P a5fdf4152d30494ea2b3d8a35ad6e10c [LEADER]: Connected to new peer: Peer: permanent_uuid: "5adc6094255c4bf180ec017f75ea75b1" member_type: VOTER last_known_addr { host: "127.21.109.66" port: 41047 }, Status: LMP_MISMATCH, Last received: 0.0, Next index: 4, Last known committed idx: 3, Time since last communication: 0.000s
I20260710 13:25:41.094142 22639 raft_consensus.cc:1275] T 5ad96030e86d477e86a92c308e7de856 P 5adc6094255c4bf180ec017f75ea75b1 [term 3 FOLLOWER]: Refusing update from remote peer a5fdf4152d30494ea2b3d8a35ad6e10c: Log matching property violated. Preceding OpId in replica: term: 2 index: 2. Preceding OpId from leader: term: 3 index: 3. (index mismatch)
I20260710 13:25:41.094899 22714 raft_consensus.cc:1275] T 1b02a256f13043f78bd2726566c71d9e P dc63fde8b21d442799cd356feae8e9a5 [term 2 FOLLOWER]: Refusing update from remote peer a5fdf4152d30494ea2b3d8a35ad6e10c: Log matching property violated. Preceding OpId in replica: term: 1 index: 1. Preceding OpId from leader: term: 2 index: 2. (index mismatch)
I20260710 13:25:41.095367 22878 consensus_queue.cc:1048] T 5ad96030e86d477e86a92c308e7de856 P a5fdf4152d30494ea2b3d8a35ad6e10c [LEADER]: Connected to new peer: Peer: permanent_uuid: "5adc6094255c4bf180ec017f75ea75b1" member_type: VOTER last_known_addr { host: "127.21.109.66" port: 41047 }, Status: LMP_MISMATCH, Last received: 0.0, Next index: 3, Last known committed idx: 2, Time since last communication: 0.000s
I20260710 13:25:41.096256 22868 consensus_queue.cc:1048] T 1b02a256f13043f78bd2726566c71d9e P a5fdf4152d30494ea2b3d8a35ad6e10c [LEADER]: Connected to new peer: Peer: permanent_uuid: "dc63fde8b21d442799cd356feae8e9a5" member_type: VOTER last_known_addr { host: "127.21.109.67" port: 42477 }, Status: LMP_MISMATCH, Last received: 0.0, Next index: 2, Last known committed idx: 1, Time since last communication: 0.000s
I20260710 13:25:41.105221 22639 raft_consensus.cc:1275] T 1b02a256f13043f78bd2726566c71d9e P 5adc6094255c4bf180ec017f75ea75b1 [term 2 FOLLOWER]: Refusing update from remote peer a5fdf4152d30494ea2b3d8a35ad6e10c: Log matching property violated. Preceding OpId in replica: term: 1 index: 1. Preceding OpId from leader: term: 2 index: 2. (index mismatch)
I20260710 13:25:41.109907 22849 consensus_queue.cc:1048] T 1b02a256f13043f78bd2726566c71d9e P a5fdf4152d30494ea2b3d8a35ad6e10c [LEADER]: Connected to new peer: Peer: permanent_uuid: "5adc6094255c4bf180ec017f75ea75b1" member_type: VOTER last_known_addr { host: "127.21.109.66" port: 41047 }, Status: LMP_MISMATCH, Last received: 0.0, Next index: 2, Last known committed idx: 1, Time since last communication: 0.000s
I20260710 13:25:41.111681 22714 raft_consensus.cc:1275] T 5ad96030e86d477e86a92c308e7de856 P dc63fde8b21d442799cd356feae8e9a5 [term 3 FOLLOWER]: Refusing update from remote peer a5fdf4152d30494ea2b3d8a35ad6e10c: Log matching property violated. Preceding OpId in replica: term: 2 index: 2. Preceding OpId from leader: term: 3 index: 3. (index mismatch)
I20260710 13:25:41.113226 22849 consensus_queue.cc:1048] T 5ad96030e86d477e86a92c308e7de856 P a5fdf4152d30494ea2b3d8a35ad6e10c [LEADER]: Connected to new peer: Peer: permanent_uuid: "dc63fde8b21d442799cd356feae8e9a5" member_type: VOTER last_known_addr { host: "127.21.109.67" port: 42477 }, Status: LMP_MISMATCH, Last received: 0.0, Next index: 3, Last known committed idx: 2, Time since last communication: 0.000s
I20260710 13:25:41.145619 22714 raft_consensus.cc:1275] T a26df07e285c4dd49641c2f544a89486 P dc63fde8b21d442799cd356feae8e9a5 [term 3 FOLLOWER]: Refusing update from remote peer a5fdf4152d30494ea2b3d8a35ad6e10c: Log matching property violated. Preceding OpId in replica: term: 2 index: 2. Preceding OpId from leader: term: 3 index: 3. (index mismatch)
I20260710 13:25:41.146880 22878 consensus_queue.cc:1048] T a26df07e285c4dd49641c2f544a89486 P a5fdf4152d30494ea2b3d8a35ad6e10c [LEADER]: Connected to new peer: Peer: permanent_uuid: "dc63fde8b21d442799cd356feae8e9a5" member_type: VOTER last_known_addr { host: "127.21.109.67" port: 42477 }, Status: LMP_MISMATCH, Last received: 0.0, Next index: 3, Last known committed idx: 2, Time since last communication: 0.000s
I20260710 13:25:41.155670 22639 raft_consensus.cc:1275] T a26df07e285c4dd49641c2f544a89486 P 5adc6094255c4bf180ec017f75ea75b1 [term 3 FOLLOWER]: Refusing update from remote peer a5fdf4152d30494ea2b3d8a35ad6e10c: Log matching property violated. Preceding OpId in replica: term: 2 index: 2. Preceding OpId from leader: term: 3 index: 3. (index mismatch)
I20260710 13:25:41.157224 22849 consensus_queue.cc:1048] T a26df07e285c4dd49641c2f544a89486 P a5fdf4152d30494ea2b3d8a35ad6e10c [LEADER]: Connected to new peer: Peer: permanent_uuid: "5adc6094255c4bf180ec017f75ea75b1" member_type: VOTER last_known_addr { host: "127.21.109.66" port: 41047 }, Status: LMP_MISMATCH, Last received: 0.0, Next index: 3, Last known committed idx: 2, Time since last communication: 0.000s
I20260710 13:25:43.354281 21941 auto_leader_rebalancer.cc:141] leader rebalance for table test-workload
I20260710 13:25:43.362491 22563 tablet_service.cc:2072] Received LeaderStepDown RPC: tablet_id: "3daf2cfea17f413fb501bf9e1801c24f"
dest_uuid: "a5fdf4152d30494ea2b3d8a35ad6e10c"
mode: GRACEFUL
new_leader_uuid: "5adc6094255c4bf180ec017f75ea75b1"
 from {username='slave'} at 127.0.0.1:55754
I20260710 13:25:43.363436 22563 raft_consensus.cc:606] T 3daf2cfea17f413fb501bf9e1801c24f P a5fdf4152d30494ea2b3d8a35ad6e10c [term 3 LEADER]: Received request to transfer leadership to TS 5adc6094255c4bf180ec017f75ea75b1
I20260710 13:25:43.366261 22563 tablet_service.cc:2072] Received LeaderStepDown RPC: tablet_id: "5ad96030e86d477e86a92c308e7de856"
dest_uuid: "a5fdf4152d30494ea2b3d8a35ad6e10c"
mode: GRACEFUL
new_leader_uuid: "dc63fde8b21d442799cd356feae8e9a5"
 from {username='slave'} at 127.0.0.1:55754
I20260710 13:25:43.366806 22563 raft_consensus.cc:606] T 5ad96030e86d477e86a92c308e7de856 P a5fdf4152d30494ea2b3d8a35ad6e10c [term 3 LEADER]: Received request to transfer leadership to TS dc63fde8b21d442799cd356feae8e9a5
I20260710 13:25:43.369562 22565 tablet_service.cc:2072] Received LeaderStepDown RPC: tablet_id: "6b81b800d7df43c8bab6310a5f914d39"
dest_uuid: "a5fdf4152d30494ea2b3d8a35ad6e10c"
mode: GRACEFUL
new_leader_uuid: "dc63fde8b21d442799cd356feae8e9a5"
 from {username='slave'} at 127.0.0.1:55754
I20260710 13:25:43.370126 22565 raft_consensus.cc:606] T 6b81b800d7df43c8bab6310a5f914d39 P a5fdf4152d30494ea2b3d8a35ad6e10c [term 1 LEADER]: Received request to transfer leadership to TS dc63fde8b21d442799cd356feae8e9a5
I20260710 13:25:43.372496 22565 tablet_service.cc:2072] Received LeaderStepDown RPC: tablet_id: "f281551f7fce4ebcac5aa83cad27e1a4"
dest_uuid: "a5fdf4152d30494ea2b3d8a35ad6e10c"
mode: GRACEFUL
new_leader_uuid: "5adc6094255c4bf180ec017f75ea75b1"
 from {username='slave'} at 127.0.0.1:55754
I20260710 13:25:43.372977 22565 raft_consensus.cc:606] T f281551f7fce4ebcac5aa83cad27e1a4 P a5fdf4152d30494ea2b3d8a35ad6e10c [term 4 LEADER]: Received request to transfer leadership to TS 5adc6094255c4bf180ec017f75ea75b1
I20260710 13:25:43.374006 21941 auto_leader_rebalancer.cc:479] table: test-workload, leader rebalance finish, leader transfer count: 4
I20260710 13:25:43.374441 21941 auto_leader_rebalancer.cc:554] All tables' leader rebalancing finished this round
I20260710 13:25:43.387296 22849 raft_consensus.cc:993] T f281551f7fce4ebcac5aa83cad27e1a4 P a5fdf4152d30494ea2b3d8a35ad6e10c: : Instructing follower 5adc6094255c4bf180ec017f75ea75b1 to start an election
I20260710 13:25:43.387872 22891 raft_consensus.cc:1081] T f281551f7fce4ebcac5aa83cad27e1a4 P a5fdf4152d30494ea2b3d8a35ad6e10c [term 4 LEADER]: Signalling peer 5adc6094255c4bf180ec017f75ea75b1 to start an election
I20260710 13:25:43.389586 22640 tablet_service.cc:2044] Received Run Leader Election RPC: tablet_id: "f281551f7fce4ebcac5aa83cad27e1a4"
dest_uuid: "5adc6094255c4bf180ec017f75ea75b1"
 from {username='slave'} at 127.0.0.1:44372
I20260710 13:25:43.390043 22640 raft_consensus.cc:493] T f281551f7fce4ebcac5aa83cad27e1a4 P 5adc6094255c4bf180ec017f75ea75b1 [term 4 FOLLOWER]: Starting forced leader election (received explicit request)
I20260710 13:25:43.390334 22640 raft_consensus.cc:3060] T f281551f7fce4ebcac5aa83cad27e1a4 P 5adc6094255c4bf180ec017f75ea75b1 [term 4 FOLLOWER]: Advancing to term 5
I20260710 13:25:43.396313 22640 raft_consensus.cc:515] T f281551f7fce4ebcac5aa83cad27e1a4 P 5adc6094255c4bf180ec017f75ea75b1 [term 5 FOLLOWER]: Starting forced leader election with config: opid_index: -1 OBSOLETE_local: false peers { permanent_uuid: "a5fdf4152d30494ea2b3d8a35ad6e10c" member_type: VOTER last_known_addr { host: "127.21.109.65" port: 33175 } } peers { permanent_uuid: "5adc6094255c4bf180ec017f75ea75b1" member_type: VOTER last_known_addr { host: "127.21.109.66" port: 41047 } } peers { permanent_uuid: "dc63fde8b21d442799cd356feae8e9a5" member_type: VOTER last_known_addr { host: "127.21.109.67" port: 42477 } }
I20260710 13:25:43.398065 22640 leader_election.cc:290] T f281551f7fce4ebcac5aa83cad27e1a4 P 5adc6094255c4bf180ec017f75ea75b1 [CANDIDATE]: Term 5 election: Requested vote from peers a5fdf4152d30494ea2b3d8a35ad6e10c (127.21.109.65:33175), dc63fde8b21d442799cd356feae8e9a5 (127.21.109.67:42477)
I20260710 13:25:43.399204 22714 tablet_service.cc:1917] Received RequestConsensusVote() RPC: tablet_id: "f281551f7fce4ebcac5aa83cad27e1a4" candidate_uuid: "5adc6094255c4bf180ec017f75ea75b1" candidate_term: 5 candidate_status { last_received { term: 4 index: 4 } } ignore_live_leader: true dest_uuid: "dc63fde8b21d442799cd356feae8e9a5"
I20260710 13:25:43.399089 22565 tablet_service.cc:1917] Received RequestConsensusVote() RPC: tablet_id: "f281551f7fce4ebcac5aa83cad27e1a4" candidate_uuid: "5adc6094255c4bf180ec017f75ea75b1" candidate_term: 5 candidate_status { last_received { term: 4 index: 4 } } ignore_live_leader: true dest_uuid: "a5fdf4152d30494ea2b3d8a35ad6e10c"
I20260710 13:25:43.399827 22714 raft_consensus.cc:3060] T f281551f7fce4ebcac5aa83cad27e1a4 P dc63fde8b21d442799cd356feae8e9a5 [term 4 FOLLOWER]: Advancing to term 5
I20260710 13:25:43.399870 22565 raft_consensus.cc:3055] T f281551f7fce4ebcac5aa83cad27e1a4 P a5fdf4152d30494ea2b3d8a35ad6e10c [term 4 LEADER]: Stepping down as leader of term 4
I20260710 13:25:43.400261 22565 raft_consensus.cc:740] T f281551f7fce4ebcac5aa83cad27e1a4 P a5fdf4152d30494ea2b3d8a35ad6e10c [term 4 LEADER]: Becoming Follower/Learner. State: Replica: a5fdf4152d30494ea2b3d8a35ad6e10c, State: Running, Role: LEADER
I20260710 13:25:43.401036 22565 consensus_queue.cc:260] T f281551f7fce4ebcac5aa83cad27e1a4 P a5fdf4152d30494ea2b3d8a35ad6e10c [NON_LEADER]: Queue going to NON_LEADER mode. State: All replicated index: 0, Majority replicated index: 4, Committed index: 4, Last appended: 4.4, Last appended by leader: 4, Current term: 4, Majority size: -1, State: 0, Mode: NON_LEADER, active raft config: opid_index: -1 OBSOLETE_local: false peers { permanent_uuid: "a5fdf4152d30494ea2b3d8a35ad6e10c" member_type: VOTER last_known_addr { host: "127.21.109.65" port: 33175 } } peers { permanent_uuid: "5adc6094255c4bf180ec017f75ea75b1" member_type: VOTER last_known_addr { host: "127.21.109.66" port: 41047 } } peers { permanent_uuid: "dc63fde8b21d442799cd356feae8e9a5" member_type: VOTER last_known_addr { host: "127.21.109.67" port: 42477 } }
I20260710 13:25:43.402031 22565 raft_consensus.cc:3060] T f281551f7fce4ebcac5aa83cad27e1a4 P a5fdf4152d30494ea2b3d8a35ad6e10c [term 4 FOLLOWER]: Advancing to term 5
I20260710 13:25:43.404687 22714 raft_consensus.cc:2468] T f281551f7fce4ebcac5aa83cad27e1a4 P dc63fde8b21d442799cd356feae8e9a5 [term 5 FOLLOWER]: Leader election vote request: Granting yes vote for candidate 5adc6094255c4bf180ec017f75ea75b1 in term 5.
I20260710 13:25:43.405939 22603 leader_election.cc:304] T f281551f7fce4ebcac5aa83cad27e1a4 P 5adc6094255c4bf180ec017f75ea75b1 [CANDIDATE]: Term 5 election: Election decided. Result: candidate won. Election summary: received 2 responses out of 3 voters: 2 yes votes; 0 no votes. yes voters: 5adc6094255c4bf180ec017f75ea75b1, dc63fde8b21d442799cd356feae8e9a5; no voters: 
I20260710 13:25:43.406874 22859 raft_consensus.cc:2804] T f281551f7fce4ebcac5aa83cad27e1a4 P 5adc6094255c4bf180ec017f75ea75b1 [term 5 FOLLOWER]: Leader election won for term 5
I20260710 13:25:43.407661 22565 raft_consensus.cc:2468] T f281551f7fce4ebcac5aa83cad27e1a4 P a5fdf4152d30494ea2b3d8a35ad6e10c [term 5 FOLLOWER]: Leader election vote request: Granting yes vote for candidate 5adc6094255c4bf180ec017f75ea75b1 in term 5.
I20260710 13:25:43.408027 22859 raft_consensus.cc:697] T f281551f7fce4ebcac5aa83cad27e1a4 P 5adc6094255c4bf180ec017f75ea75b1 [term 5 LEADER]: Becoming Leader. State: Replica: 5adc6094255c4bf180ec017f75ea75b1, State: Running, Role: LEADER
I20260710 13:25:43.409402 22859 consensus_queue.cc:237] T f281551f7fce4ebcac5aa83cad27e1a4 P 5adc6094255c4bf180ec017f75ea75b1 [LEADER]: Queue going to LEADER mode. State: All replicated index: 0, Majority replicated index: 4, Committed index: 4, Last appended: 4.4, Last appended by leader: 4, Current term: 5, Majority size: 2, State: 0, Mode: LEADER, active raft config: opid_index: -1 OBSOLETE_local: false peers { permanent_uuid: "a5fdf4152d30494ea2b3d8a35ad6e10c" member_type: VOTER last_known_addr { host: "127.21.109.65" port: 33175 } } peers { permanent_uuid: "5adc6094255c4bf180ec017f75ea75b1" member_type: VOTER last_known_addr { host: "127.21.109.66" port: 41047 } } peers { permanent_uuid: "dc63fde8b21d442799cd356feae8e9a5" member_type: VOTER last_known_addr { host: "127.21.109.67" port: 42477 } }
I20260710 13:25:43.417006 22463 catalog_manager.cc:5697] T f281551f7fce4ebcac5aa83cad27e1a4 P 5adc6094255c4bf180ec017f75ea75b1 reported cstate change: term changed from 4 to 5, leader changed from a5fdf4152d30494ea2b3d8a35ad6e10c (127.21.109.65) to 5adc6094255c4bf180ec017f75ea75b1 (127.21.109.66). New cstate: current_term: 5 leader_uuid: "5adc6094255c4bf180ec017f75ea75b1" committed_config { opid_index: -1 OBSOLETE_local: false peers { permanent_uuid: "a5fdf4152d30494ea2b3d8a35ad6e10c" member_type: VOTER last_known_addr { host: "127.21.109.65" port: 33175 } health_report { overall_health: UNKNOWN } } peers { permanent_uuid: "5adc6094255c4bf180ec017f75ea75b1" member_type: VOTER last_known_addr { host: "127.21.109.66" port: 41047 } health_report { overall_health: HEALTHY } } peers { permanent_uuid: "dc63fde8b21d442799cd356feae8e9a5" member_type: VOTER last_known_addr { host: "127.21.109.67" port: 42477 } health_report { overall_health: UNKNOWN } } }
I20260710 13:25:43.448199 22849 raft_consensus.cc:993] T 6b81b800d7df43c8bab6310a5f914d39 P a5fdf4152d30494ea2b3d8a35ad6e10c: : Instructing follower dc63fde8b21d442799cd356feae8e9a5 to start an election
I20260710 13:25:43.448629 22891 raft_consensus.cc:1081] T 6b81b800d7df43c8bab6310a5f914d39 P a5fdf4152d30494ea2b3d8a35ad6e10c [term 1 LEADER]: Signalling peer dc63fde8b21d442799cd356feae8e9a5 to start an election
I20260710 13:25:43.450220 22714 tablet_service.cc:2044] Received Run Leader Election RPC: tablet_id: "6b81b800d7df43c8bab6310a5f914d39"
dest_uuid: "dc63fde8b21d442799cd356feae8e9a5"
 from {username='slave'} at 127.0.0.1:36434
I20260710 13:25:43.450685 22714 raft_consensus.cc:493] T 6b81b800d7df43c8bab6310a5f914d39 P dc63fde8b21d442799cd356feae8e9a5 [term 1 FOLLOWER]: Starting forced leader election (received explicit request)
I20260710 13:25:43.450991 22714 raft_consensus.cc:3060] T 6b81b800d7df43c8bab6310a5f914d39 P dc63fde8b21d442799cd356feae8e9a5 [term 1 FOLLOWER]: Advancing to term 2
I20260710 13:25:43.455315 22714 raft_consensus.cc:515] T 6b81b800d7df43c8bab6310a5f914d39 P dc63fde8b21d442799cd356feae8e9a5 [term 2 FOLLOWER]: Starting forced leader election with config: opid_index: -1 OBSOLETE_local: false peers { permanent_uuid: "dc63fde8b21d442799cd356feae8e9a5" member_type: VOTER last_known_addr { host: "127.21.109.67" port: 42477 } } peers { permanent_uuid: "5adc6094255c4bf180ec017f75ea75b1" member_type: VOTER last_known_addr { host: "127.21.109.66" port: 41047 } } peers { permanent_uuid: "a5fdf4152d30494ea2b3d8a35ad6e10c" member_type: VOTER last_known_addr { host: "127.21.109.65" port: 33175 } }
I20260710 13:25:43.456813 22714 leader_election.cc:290] T 6b81b800d7df43c8bab6310a5f914d39 P dc63fde8b21d442799cd356feae8e9a5 [CANDIDATE]: Term 2 election: Requested vote from peers 5adc6094255c4bf180ec017f75ea75b1 (127.21.109.66:41047), a5fdf4152d30494ea2b3d8a35ad6e10c (127.21.109.65:33175)
I20260710 13:25:43.457782 22640 tablet_service.cc:1917] Received RequestConsensusVote() RPC: tablet_id: "6b81b800d7df43c8bab6310a5f914d39" candidate_uuid: "dc63fde8b21d442799cd356feae8e9a5" candidate_term: 2 candidate_status { last_received { term: 1 index: 1 } } ignore_live_leader: true dest_uuid: "5adc6094255c4bf180ec017f75ea75b1"
I20260710 13:25:43.458425 22640 raft_consensus.cc:3060] T 6b81b800d7df43c8bab6310a5f914d39 P 5adc6094255c4bf180ec017f75ea75b1 [term 1 FOLLOWER]: Advancing to term 2
I20260710 13:25:43.457774 22565 tablet_service.cc:1917] Received RequestConsensusVote() RPC: tablet_id: "6b81b800d7df43c8bab6310a5f914d39" candidate_uuid: "dc63fde8b21d442799cd356feae8e9a5" candidate_term: 2 candidate_status { last_received { term: 1 index: 1 } } ignore_live_leader: true dest_uuid: "a5fdf4152d30494ea2b3d8a35ad6e10c"
I20260710 13:25:43.459051 22565 raft_consensus.cc:3055] T 6b81b800d7df43c8bab6310a5f914d39 P a5fdf4152d30494ea2b3d8a35ad6e10c [term 1 LEADER]: Stepping down as leader of term 1
I20260710 13:25:43.459672 22565 raft_consensus.cc:740] T 6b81b800d7df43c8bab6310a5f914d39 P a5fdf4152d30494ea2b3d8a35ad6e10c [term 1 LEADER]: Becoming Follower/Learner. State: Replica: a5fdf4152d30494ea2b3d8a35ad6e10c, State: Running, Role: LEADER
