I20260710 13:25:52.110739 23124 consensus_queue.cc:260] T 920c858b36524bed9672230a7008f316 P c407eeccc22444d9995257ef5f795df3 [NON_LEADER]: Queue going to NON_LEADER mode. State: All replicated index: 0, Majority replicated index: 0, Committed index: 0, Last appended: 0.0, Last appended by leader: 0, Current term: 0, Majority size: -1, State: 0, Mode: NON_LEADER, active raft config: opid_index: -1 OBSOLETE_local: false peers { permanent_uuid: "021edd9ff2a2488a9dc7cbdcaf89c1ef" member_type: VOTER last_known_addr { host: "127.21.69.129" port: 46845 } } peers { permanent_uuid: "c407eeccc22444d9995257ef5f795df3" member_type: VOTER last_known_addr { host: "127.21.69.130" port: 36541 } } peers { permanent_uuid: "876e31a081cf404b878362fa4e945186" member_type: VOTER last_known_addr { host: "127.21.69.131" port: 37687 } }
I20260710 13:25:52.111625 23122 consensus_queue.cc:260] T 87a635469879437da9faddec63b15709 P 876e31a081cf404b878362fa4e945186 [NON_LEADER]: Queue going to NON_LEADER mode. State: All replicated index: 0, Majority replicated index: 0, Committed index: 0, Last appended: 0.0, Last appended by leader: 0, Current term: 0, Majority size: -1, State: 0, Mode: NON_LEADER, active raft config: opid_index: -1 OBSOLETE_local: false peers { permanent_uuid: "021edd9ff2a2488a9dc7cbdcaf89c1ef" member_type: VOTER last_known_addr { host: "127.21.69.129" port: 46845 } } peers { permanent_uuid: "c407eeccc22444d9995257ef5f795df3" member_type: VOTER last_known_addr { host: "127.21.69.130" port: 36541 } } peers { permanent_uuid: "876e31a081cf404b878362fa4e945186" member_type: VOTER last_known_addr { host: "127.21.69.131" port: 37687 } }
I20260710 13:25:52.115041 23122 ts_tablet_manager.cc:1434] T 87a635469879437da9faddec63b15709 P 876e31a081cf404b878362fa4e945186: Time spent starting tablet: real 0.014s	user 0.006s	sys 0.000s
I20260710 13:25:52.115123 23124 ts_tablet_manager.cc:1434] T 920c858b36524bed9672230a7008f316 P c407eeccc22444d9995257ef5f795df3: Time spent starting tablet: real 0.010s	user 0.006s	sys 0.001s
I20260710 13:25:52.116012 23122 tablet_bootstrap.cc:492] T 1f3b4b17ba4a42f394ec2897d5c46db8 P 876e31a081cf404b878362fa4e945186: Bootstrap starting.
I20260710 13:25:52.116221 23124 tablet_bootstrap.cc:492] T 280a9d9aa3a34ee1939768836ee95cee P c407eeccc22444d9995257ef5f795df3: Bootstrap starting.
I20260710 13:25:52.122480 23123 tablet_bootstrap.cc:492] T 1bb8b697435842caa59bfde3a86ee718 P 021edd9ff2a2488a9dc7cbdcaf89c1ef: No bootstrap required, opened a new log
I20260710 13:25:52.123063 23123 ts_tablet_manager.cc:1403] T 1bb8b697435842caa59bfde3a86ee718 P 021edd9ff2a2488a9dc7cbdcaf89c1ef: Time spent bootstrapping tablet: real 0.031s	user 0.017s	sys 0.003s
I20260710 13:25:52.123833 23124 tablet_bootstrap.cc:654] T 280a9d9aa3a34ee1939768836ee95cee P c407eeccc22444d9995257ef5f795df3: Neither blocks nor log segments found. Creating new log.
I20260710 13:25:52.126304 23123 raft_consensus.cc:359] T 1bb8b697435842caa59bfde3a86ee718 P 021edd9ff2a2488a9dc7cbdcaf89c1ef [term 0 FOLLOWER]: Replica starting. Triggering 0 pending ops. Active config: opid_index: -1 OBSOLETE_local: false peers { permanent_uuid: "021edd9ff2a2488a9dc7cbdcaf89c1ef" member_type: VOTER last_known_addr { host: "127.21.69.129" port: 46845 } } peers { permanent_uuid: "c407eeccc22444d9995257ef5f795df3" member_type: VOTER last_known_addr { host: "127.21.69.130" port: 36541 } } peers { permanent_uuid: "876e31a081cf404b878362fa4e945186" member_type: VOTER last_known_addr { host: "127.21.69.131" port: 37687 } }
I20260710 13:25:52.127282 23123 raft_consensus.cc:385] T 1bb8b697435842caa59bfde3a86ee718 P 021edd9ff2a2488a9dc7cbdcaf89c1ef [term 0 FOLLOWER]: Consensus starting up: Expiring failure detector timer to make a prompt election more likely
I20260710 13:25:52.127651 23123 raft_consensus.cc:740] T 1bb8b697435842caa59bfde3a86ee718 P 021edd9ff2a2488a9dc7cbdcaf89c1ef [term 0 FOLLOWER]: Becoming Follower/Learner. State: Replica: 021edd9ff2a2488a9dc7cbdcaf89c1ef, State: Initialized, Role: FOLLOWER
I20260710 13:25:52.128506 23123 consensus_queue.cc:260] T 1bb8b697435842caa59bfde3a86ee718 P 021edd9ff2a2488a9dc7cbdcaf89c1ef [NON_LEADER]: Queue going to NON_LEADER mode. State: All replicated index: 0, Majority replicated index: 0, Committed index: 0, Last appended: 0.0, Last appended by leader: 0, Current term: 0, Majority size: -1, State: 0, Mode: NON_LEADER, active raft config: opid_index: -1 OBSOLETE_local: false peers { permanent_uuid: "021edd9ff2a2488a9dc7cbdcaf89c1ef" member_type: VOTER last_known_addr { host: "127.21.69.129" port: 46845 } } peers { permanent_uuid: "c407eeccc22444d9995257ef5f795df3" member_type: VOTER last_known_addr { host: "127.21.69.130" port: 36541 } } peers { permanent_uuid: "876e31a081cf404b878362fa4e945186" member_type: VOTER last_known_addr { host: "127.21.69.131" port: 37687 } }
I20260710 13:25:52.131990 23123 ts_tablet_manager.cc:1434] T 1bb8b697435842caa59bfde3a86ee718 P 021edd9ff2a2488a9dc7cbdcaf89c1ef: Time spent starting tablet: real 0.009s	user 0.006s	sys 0.000s
I20260710 13:25:52.133476 23123 tablet_bootstrap.cc:492] T 8314f334585640cc89684e0d9ccadbd7 P 021edd9ff2a2488a9dc7cbdcaf89c1ef: Bootstrap starting.
I20260710 13:25:52.129298 23122 tablet_bootstrap.cc:654] T 1f3b4b17ba4a42f394ec2897d5c46db8 P 876e31a081cf404b878362fa4e945186: Neither blocks nor log segments found. Creating new log.
I20260710 13:25:52.140255 23124 tablet_bootstrap.cc:492] T 280a9d9aa3a34ee1939768836ee95cee P c407eeccc22444d9995257ef5f795df3: No bootstrap required, opened a new log
I20260710 13:25:52.140797 23124 ts_tablet_manager.cc:1403] T 280a9d9aa3a34ee1939768836ee95cee P c407eeccc22444d9995257ef5f795df3: Time spent bootstrapping tablet: real 0.025s	user 0.008s	sys 0.014s
I20260710 13:25:52.141518 23123 tablet_bootstrap.cc:654] T 8314f334585640cc89684e0d9ccadbd7 P 021edd9ff2a2488a9dc7cbdcaf89c1ef: Neither blocks nor log segments found. Creating new log.
I20260710 13:25:52.143896 23124 raft_consensus.cc:359] T 280a9d9aa3a34ee1939768836ee95cee P c407eeccc22444d9995257ef5f795df3 [term 0 FOLLOWER]: Replica starting. Triggering 0 pending ops. Active config: opid_index: -1 OBSOLETE_local: false peers { permanent_uuid: "021edd9ff2a2488a9dc7cbdcaf89c1ef" member_type: VOTER last_known_addr { host: "127.21.69.129" port: 46845 } } peers { permanent_uuid: "c407eeccc22444d9995257ef5f795df3" member_type: VOTER last_known_addr { host: "127.21.69.130" port: 36541 } } peers { permanent_uuid: "876e31a081cf404b878362fa4e945186" member_type: VOTER last_known_addr { host: "127.21.69.131" port: 37687 } }
I20260710 13:25:52.144794 23122 tablet_bootstrap.cc:492] T 1f3b4b17ba4a42f394ec2897d5c46db8 P 876e31a081cf404b878362fa4e945186: No bootstrap required, opened a new log
I20260710 13:25:52.144789 23124 raft_consensus.cc:385] T 280a9d9aa3a34ee1939768836ee95cee P c407eeccc22444d9995257ef5f795df3 [term 0 FOLLOWER]: Consensus starting up: Expiring failure detector timer to make a prompt election more likely
I20260710 13:25:52.145576 23122 ts_tablet_manager.cc:1403] T 1f3b4b17ba4a42f394ec2897d5c46db8 P 876e31a081cf404b878362fa4e945186: Time spent bootstrapping tablet: real 0.030s	user 0.010s	sys 0.005s
I20260710 13:25:52.145466 23124 raft_consensus.cc:740] T 280a9d9aa3a34ee1939768836ee95cee P c407eeccc22444d9995257ef5f795df3 [term 0 FOLLOWER]: Becoming Follower/Learner. State: Replica: c407eeccc22444d9995257ef5f795df3, State: Initialized, Role: FOLLOWER
I20260710 13:25:52.146782 23124 consensus_queue.cc:260] T 280a9d9aa3a34ee1939768836ee95cee P c407eeccc22444d9995257ef5f795df3 [NON_LEADER]: Queue going to NON_LEADER mode. State: All replicated index: 0, Majority replicated index: 0, Committed index: 0, Last appended: 0.0, Last appended by leader: 0, Current term: 0, Majority size: -1, State: 0, Mode: NON_LEADER, active raft config: opid_index: -1 OBSOLETE_local: false peers { permanent_uuid: "021edd9ff2a2488a9dc7cbdcaf89c1ef" member_type: VOTER last_known_addr { host: "127.21.69.129" port: 46845 } } peers { permanent_uuid: "c407eeccc22444d9995257ef5f795df3" member_type: VOTER last_known_addr { host: "127.21.69.130" port: 36541 } } peers { permanent_uuid: "876e31a081cf404b878362fa4e945186" member_type: VOTER last_known_addr { host: "127.21.69.131" port: 37687 } }
I20260710 13:25:52.147706 22933 tablet_service.cc:1917] Received RequestConsensusVote() RPC: tablet_id: "1f3b4b17ba4a42f394ec2897d5c46db8" candidate_uuid: "c407eeccc22444d9995257ef5f795df3" candidate_term: 1 candidate_status { last_received { term: 0 index: 0 } } ignore_live_leader: false dest_uuid: "021edd9ff2a2488a9dc7cbdcaf89c1ef" is_pre_election: true
I20260710 13:25:52.150501 23124 ts_tablet_manager.cc:1434] T 280a9d9aa3a34ee1939768836ee95cee P c407eeccc22444d9995257ef5f795df3: Time spent starting tablet: real 0.009s	user 0.003s	sys 0.005s
I20260710 13:25:52.151928 23122 raft_consensus.cc:359] T 1f3b4b17ba4a42f394ec2897d5c46db8 P 876e31a081cf404b878362fa4e945186 [term 0 FOLLOWER]: Replica starting. Triggering 0 pending ops. Active config: opid_index: -1 OBSOLETE_local: false peers { permanent_uuid: "021edd9ff2a2488a9dc7cbdcaf89c1ef" member_type: VOTER last_known_addr { host: "127.21.69.129" port: 46845 } } peers { permanent_uuid: "c407eeccc22444d9995257ef5f795df3" member_type: VOTER last_known_addr { host: "127.21.69.130" port: 36541 } } peers { permanent_uuid: "876e31a081cf404b878362fa4e945186" member_type: VOTER last_known_addr { host: "127.21.69.131" port: 37687 } }
I20260710 13:25:52.152732 23122 raft_consensus.cc:385] T 1f3b4b17ba4a42f394ec2897d5c46db8 P 876e31a081cf404b878362fa4e945186 [term 0 FOLLOWER]: Consensus starting up: Expiring failure detector timer to make a prompt election more likely
I20260710 13:25:52.153069 23122 raft_consensus.cc:740] T 1f3b4b17ba4a42f394ec2897d5c46db8 P 876e31a081cf404b878362fa4e945186 [term 0 FOLLOWER]: Becoming Follower/Learner. State: Replica: 876e31a081cf404b878362fa4e945186, State: Initialized, Role: FOLLOWER
I20260710 13:25:52.153851 23122 consensus_queue.cc:260] T 1f3b4b17ba4a42f394ec2897d5c46db8 P 876e31a081cf404b878362fa4e945186 [NON_LEADER]: Queue going to NON_LEADER mode. State: All replicated index: 0, Majority replicated index: 0, Committed index: 0, Last appended: 0.0, Last appended by leader: 0, Current term: 0, Majority size: -1, State: 0, Mode: NON_LEADER, active raft config: opid_index: -1 OBSOLETE_local: false peers { permanent_uuid: "021edd9ff2a2488a9dc7cbdcaf89c1ef" member_type: VOTER last_known_addr { host: "127.21.69.129" port: 46845 } } peers { permanent_uuid: "c407eeccc22444d9995257ef5f795df3" member_type: VOTER last_known_addr { host: "127.21.69.130" port: 36541 } } peers { permanent_uuid: "876e31a081cf404b878362fa4e945186" member_type: VOTER last_known_addr { host: "127.21.69.131" port: 37687 } }
I20260710 13:25:52.154749 23124 tablet_bootstrap.cc:492] T 8314f334585640cc89684e0d9ccadbd7 P c407eeccc22444d9995257ef5f795df3: Bootstrap starting.
W20260710 13:25:52.157160 22973 leader_election.cc:343] T 1f3b4b17ba4a42f394ec2897d5c46db8 P c407eeccc22444d9995257ef5f795df3 [CANDIDATE]: Term 1 pre-election: Tablet error from VoteRequest() call to peer 021edd9ff2a2488a9dc7cbdcaf89c1ef (127.21.69.129:46845): Illegal state: must be running to vote when last-logged opid is not known
I20260710 13:25:52.158314 23122 ts_tablet_manager.cc:1434] T 1f3b4b17ba4a42f394ec2897d5c46db8 P 876e31a081cf404b878362fa4e945186: Time spent starting tablet: real 0.012s	user 0.006s	sys 0.000s
I20260710 13:25:52.159339 23122 tablet_bootstrap.cc:492] T 1bb8b697435842caa59bfde3a86ee718 P 876e31a081cf404b878362fa4e945186: Bootstrap starting.
I20260710 13:25:52.164104 23124 tablet_bootstrap.cc:654] T 8314f334585640cc89684e0d9ccadbd7 P c407eeccc22444d9995257ef5f795df3: Neither blocks nor log segments found. Creating new log.
I20260710 13:25:52.165773 23122 tablet_bootstrap.cc:654] T 1bb8b697435842caa59bfde3a86ee718 P 876e31a081cf404b878362fa4e945186: Neither blocks nor log segments found. Creating new log.
I20260710 13:25:52.169685 23123 tablet_bootstrap.cc:492] T 8314f334585640cc89684e0d9ccadbd7 P 021edd9ff2a2488a9dc7cbdcaf89c1ef: No bootstrap required, opened a new log
I20260710 13:25:52.170333 23123 ts_tablet_manager.cc:1403] T 8314f334585640cc89684e0d9ccadbd7 P 021edd9ff2a2488a9dc7cbdcaf89c1ef: Time spent bootstrapping tablet: real 0.037s	user 0.023s	sys 0.011s
I20260710 13:25:52.174305 23123 raft_consensus.cc:359] T 8314f334585640cc89684e0d9ccadbd7 P 021edd9ff2a2488a9dc7cbdcaf89c1ef [term 0 FOLLOWER]: Replica starting. Triggering 0 pending ops. Active config: opid_index: -1 OBSOLETE_local: false peers { permanent_uuid: "021edd9ff2a2488a9dc7cbdcaf89c1ef" member_type: VOTER last_known_addr { host: "127.21.69.129" port: 46845 } } peers { permanent_uuid: "c407eeccc22444d9995257ef5f795df3" member_type: VOTER last_known_addr { host: "127.21.69.130" port: 36541 } } peers { permanent_uuid: "876e31a081cf404b878362fa4e945186" member_type: VOTER last_known_addr { host: "127.21.69.131" port: 37687 } }
I20260710 13:25:52.175156 23123 raft_consensus.cc:385] T 8314f334585640cc89684e0d9ccadbd7 P 021edd9ff2a2488a9dc7cbdcaf89c1ef [term 0 FOLLOWER]: Consensus starting up: Expiring failure detector timer to make a prompt election more likely
I20260710 13:25:52.175509 23123 raft_consensus.cc:740] T 8314f334585640cc89684e0d9ccadbd7 P 021edd9ff2a2488a9dc7cbdcaf89c1ef [term 0 FOLLOWER]: Becoming Follower/Learner. State: Replica: 021edd9ff2a2488a9dc7cbdcaf89c1ef, State: Initialized, Role: FOLLOWER
I20260710 13:25:52.176654 23124 tablet_bootstrap.cc:492] T 8314f334585640cc89684e0d9ccadbd7 P c407eeccc22444d9995257ef5f795df3: No bootstrap required, opened a new log
I20260710 13:25:52.176396 23123 consensus_queue.cc:260] T 8314f334585640cc89684e0d9ccadbd7 P 021edd9ff2a2488a9dc7cbdcaf89c1ef [NON_LEADER]: Queue going to NON_LEADER mode. State: All replicated index: 0, Majority replicated index: 0, Committed index: 0, Last appended: 0.0, Last appended by leader: 0, Current term: 0, Majority size: -1, State: 0, Mode: NON_LEADER, active raft config: opid_index: -1 OBSOLETE_local: false peers { permanent_uuid: "021edd9ff2a2488a9dc7cbdcaf89c1ef" member_type: VOTER last_known_addr { host: "127.21.69.129" port: 46845 } } peers { permanent_uuid: "c407eeccc22444d9995257ef5f795df3" member_type: VOTER last_known_addr { host: "127.21.69.130" port: 36541 } } peers { permanent_uuid: "876e31a081cf404b878362fa4e945186" member_type: VOTER last_known_addr { host: "127.21.69.131" port: 37687 } }
I20260710 13:25:52.177276 23124 ts_tablet_manager.cc:1403] T 8314f334585640cc89684e0d9ccadbd7 P c407eeccc22444d9995257ef5f795df3: Time spent bootstrapping tablet: real 0.026s	user 0.014s	sys 0.007s
I20260710 13:25:52.180388 23124 raft_consensus.cc:359] T 8314f334585640cc89684e0d9ccadbd7 P c407eeccc22444d9995257ef5f795df3 [term 0 FOLLOWER]: Replica starting. Triggering 0 pending ops. Active config: opid_index: -1 OBSOLETE_local: false peers { permanent_uuid: "021edd9ff2a2488a9dc7cbdcaf89c1ef" member_type: VOTER last_known_addr { host: "127.21.69.129" port: 46845 } } peers { permanent_uuid: "c407eeccc22444d9995257ef5f795df3" member_type: VOTER last_known_addr { host: "127.21.69.130" port: 36541 } } peers { permanent_uuid: "876e31a081cf404b878362fa4e945186" member_type: VOTER last_known_addr { host: "127.21.69.131" port: 37687 } }
I20260710 13:25:52.181129 23124 raft_consensus.cc:385] T 8314f334585640cc89684e0d9ccadbd7 P c407eeccc22444d9995257ef5f795df3 [term 0 FOLLOWER]: Consensus starting up: Expiring failure detector timer to make a prompt election more likely
I20260710 13:25:52.181376 23122 tablet_bootstrap.cc:492] T 1bb8b697435842caa59bfde3a86ee718 P 876e31a081cf404b878362fa4e945186: No bootstrap required, opened a new log
I20260710 13:25:52.181620 23123 ts_tablet_manager.cc:1434] T 8314f334585640cc89684e0d9ccadbd7 P 021edd9ff2a2488a9dc7cbdcaf89c1ef: Time spent starting tablet: real 0.011s	user 0.009s	sys 0.000s
I20260710 13:25:52.181413 23124 raft_consensus.cc:740] T 8314f334585640cc89684e0d9ccadbd7 P c407eeccc22444d9995257ef5f795df3 [term 0 FOLLOWER]: Becoming Follower/Learner. State: Replica: c407eeccc22444d9995257ef5f795df3, State: Initialized, Role: FOLLOWER
I20260710 13:25:52.181861 23122 ts_tablet_manager.cc:1403] T 1bb8b697435842caa59bfde3a86ee718 P 876e31a081cf404b878362fa4e945186: Time spent bootstrapping tablet: real 0.023s	user 0.013s	sys 0.004s
I20260710 13:25:52.182698 23123 tablet_bootstrap.cc:492] T 1f3b4b17ba4a42f394ec2897d5c46db8 P 021edd9ff2a2488a9dc7cbdcaf89c1ef: Bootstrap starting.
I20260710 13:25:52.182416 23124 consensus_queue.cc:260] T 8314f334585640cc89684e0d9ccadbd7 P c407eeccc22444d9995257ef5f795df3 [NON_LEADER]: Queue going to NON_LEADER mode. State: All replicated index: 0, Majority replicated index: 0, Committed index: 0, Last appended: 0.0, Last appended by leader: 0, Current term: 0, Majority size: -1, State: 0, Mode: NON_LEADER, active raft config: opid_index: -1 OBSOLETE_local: false peers { permanent_uuid: "021edd9ff2a2488a9dc7cbdcaf89c1ef" member_type: VOTER last_known_addr { host: "127.21.69.129" port: 46845 } } peers { permanent_uuid: "c407eeccc22444d9995257ef5f795df3" member_type: VOTER last_known_addr { host: "127.21.69.130" port: 36541 } } peers { permanent_uuid: "876e31a081cf404b878362fa4e945186" member_type: VOTER last_known_addr { host: "127.21.69.131" port: 37687 } }
I20260710 13:25:52.185225 23124 ts_tablet_manager.cc:1434] T 8314f334585640cc89684e0d9ccadbd7 P c407eeccc22444d9995257ef5f795df3: Time spent starting tablet: real 0.008s	user 0.007s	sys 0.000s
I20260710 13:25:52.185065 23122 raft_consensus.cc:359] T 1bb8b697435842caa59bfde3a86ee718 P 876e31a081cf404b878362fa4e945186 [term 0 FOLLOWER]: Replica starting. Triggering 0 pending ops. Active config: opid_index: -1 OBSOLETE_local: false peers { permanent_uuid: "021edd9ff2a2488a9dc7cbdcaf89c1ef" member_type: VOTER last_known_addr { host: "127.21.69.129" port: 46845 } } peers { permanent_uuid: "c407eeccc22444d9995257ef5f795df3" member_type: VOTER last_known_addr { host: "127.21.69.130" port: 36541 } } peers { permanent_uuid: "876e31a081cf404b878362fa4e945186" member_type: VOTER last_known_addr { host: "127.21.69.131" port: 37687 } }
I20260710 13:25:52.185787 23122 raft_consensus.cc:385] T 1bb8b697435842caa59bfde3a86ee718 P 876e31a081cf404b878362fa4e945186 [term 0 FOLLOWER]: Consensus starting up: Expiring failure detector timer to make a prompt election more likely
I20260710 13:25:52.186080 23122 raft_consensus.cc:740] T 1bb8b697435842caa59bfde3a86ee718 P 876e31a081cf404b878362fa4e945186 [term 0 FOLLOWER]: Becoming Follower/Learner. State: Replica: 876e31a081cf404b878362fa4e945186, State: Initialized, Role: FOLLOWER
I20260710 13:25:52.186303 23124 tablet_bootstrap.cc:492] T 5bcb04d7e40047cf912f6ebb85248e4c P c407eeccc22444d9995257ef5f795df3: Bootstrap starting.
I20260710 13:25:52.186854 23122 consensus_queue.cc:260] T 1bb8b697435842caa59bfde3a86ee718 P 876e31a081cf404b878362fa4e945186 [NON_LEADER]: Queue going to NON_LEADER mode. State: All replicated index: 0, Majority replicated index: 0, Committed index: 0, Last appended: 0.0, Last appended by leader: 0, Current term: 0, Majority size: -1, State: 0, Mode: NON_LEADER, active raft config: opid_index: -1 OBSOLETE_local: false peers { permanent_uuid: "021edd9ff2a2488a9dc7cbdcaf89c1ef" member_type: VOTER last_known_addr { host: "127.21.69.129" port: 46845 } } peers { permanent_uuid: "c407eeccc22444d9995257ef5f795df3" member_type: VOTER last_known_addr { host: "127.21.69.130" port: 36541 } } peers { permanent_uuid: "876e31a081cf404b878362fa4e945186" member_type: VOTER last_known_addr { host: "127.21.69.131" port: 37687 } }
I20260710 13:25:52.189479 23122 ts_tablet_manager.cc:1434] T 1bb8b697435842caa59bfde3a86ee718 P 876e31a081cf404b878362fa4e945186: Time spent starting tablet: real 0.007s	user 0.006s	sys 0.000s
I20260710 13:25:52.190212 23123 tablet_bootstrap.cc:654] T 1f3b4b17ba4a42f394ec2897d5c46db8 P 021edd9ff2a2488a9dc7cbdcaf89c1ef: Neither blocks nor log segments found. Creating new log.
I20260710 13:25:52.193887 23124 tablet_bootstrap.cc:654] T 5bcb04d7e40047cf912f6ebb85248e4c P c407eeccc22444d9995257ef5f795df3: Neither blocks nor log segments found. Creating new log.
I20260710 13:25:52.198114 23122 tablet_bootstrap.cc:492] T 1c76196d7012412ea006d965839b3c7a P 876e31a081cf404b878362fa4e945186: Bootstrap starting.
I20260710 13:25:52.200587 23082 tablet_service.cc:1917] Received RequestConsensusVote() RPC: tablet_id: "1f3b4b17ba4a42f394ec2897d5c46db8" candidate_uuid: "c407eeccc22444d9995257ef5f795df3" candidate_term: 1 candidate_status { last_received { term: 0 index: 0 } } ignore_live_leader: false dest_uuid: "876e31a081cf404b878362fa4e945186" is_pre_election: true
I20260710 13:25:52.201303 23082 raft_consensus.cc:2468] T 1f3b4b17ba4a42f394ec2897d5c46db8 P 876e31a081cf404b878362fa4e945186 [term 0 FOLLOWER]: Leader pre-election vote request: Granting yes vote for candidate c407eeccc22444d9995257ef5f795df3 in term 0.
I20260710 13:25:52.202330 23123 tablet_bootstrap.cc:492] T 1f3b4b17ba4a42f394ec2897d5c46db8 P 021edd9ff2a2488a9dc7cbdcaf89c1ef: No bootstrap required, opened a new log
I20260710 13:25:52.202842 23123 ts_tablet_manager.cc:1403] T 1f3b4b17ba4a42f394ec2897d5c46db8 P 021edd9ff2a2488a9dc7cbdcaf89c1ef: Time spent bootstrapping tablet: real 0.020s	user 0.015s	sys 0.003s
I20260710 13:25:52.203363 22973 leader_election.cc:304] T 1f3b4b17ba4a42f394ec2897d5c46db8 P c407eeccc22444d9995257ef5f795df3 [CANDIDATE]: Term 1 pre-election: Election decided. Result: candidate won. Election summary: received 3 responses out of 3 voters: 2 yes votes; 1 no votes. yes voters: 876e31a081cf404b878362fa4e945186, c407eeccc22444d9995257ef5f795df3; no voters: 021edd9ff2a2488a9dc7cbdcaf89c1ef
I20260710 13:25:52.204420 23122 tablet_bootstrap.cc:654] T 1c76196d7012412ea006d965839b3c7a P 876e31a081cf404b878362fa4e945186: Neither blocks nor log segments found. Creating new log.
I20260710 13:25:52.204476 23124 tablet_bootstrap.cc:492] T 5bcb04d7e40047cf912f6ebb85248e4c P c407eeccc22444d9995257ef5f795df3: No bootstrap required, opened a new log
I20260710 13:25:52.205009 23128 raft_consensus.cc:2804] T 1f3b4b17ba4a42f394ec2897d5c46db8 P c407eeccc22444d9995257ef5f795df3 [term 0 FOLLOWER]: Leader pre-election won for term 1
I20260710 13:25:52.205089 23124 ts_tablet_manager.cc:1403] T 5bcb04d7e40047cf912f6ebb85248e4c P c407eeccc22444d9995257ef5f795df3: Time spent bootstrapping tablet: real 0.019s	user 0.014s	sys 0.003s
I20260710 13:25:52.205459 23128 raft_consensus.cc:493] T 1f3b4b17ba4a42f394ec2897d5c46db8 P c407eeccc22444d9995257ef5f795df3 [term 0 FOLLOWER]: Starting leader election (no leader contacted us within the election timeout)
I20260710 13:25:52.205874 23128 raft_consensus.cc:3060] T 1f3b4b17ba4a42f394ec2897d5c46db8 P c407eeccc22444d9995257ef5f795df3 [term 0 FOLLOWER]: Advancing to term 1
I20260710 13:25:52.205922 23123 raft_consensus.cc:359] T 1f3b4b17ba4a42f394ec2897d5c46db8 P 021edd9ff2a2488a9dc7cbdcaf89c1ef [term 0 FOLLOWER]: Replica starting. Triggering 0 pending ops. Active config: opid_index: -1 OBSOLETE_local: false peers { permanent_uuid: "021edd9ff2a2488a9dc7cbdcaf89c1ef" member_type: VOTER last_known_addr { host: "127.21.69.129" port: 46845 } } peers { permanent_uuid: "c407eeccc22444d9995257ef5f795df3" member_type: VOTER last_known_addr { host: "127.21.69.130" port: 36541 } } peers { permanent_uuid: "876e31a081cf404b878362fa4e945186" member_type: VOTER last_known_addr { host: "127.21.69.131" port: 37687 } }
I20260710 13:25:52.206776 23123 raft_consensus.cc:385] T 1f3b4b17ba4a42f394ec2897d5c46db8 P 021edd9ff2a2488a9dc7cbdcaf89c1ef [term 0 FOLLOWER]: Consensus starting up: Expiring failure detector timer to make a prompt election more likely
I20260710 13:25:52.207063 23123 raft_consensus.cc:740] T 1f3b4b17ba4a42f394ec2897d5c46db8 P 021edd9ff2a2488a9dc7cbdcaf89c1ef [term 0 FOLLOWER]: Becoming Follower/Learner. State: Replica: 021edd9ff2a2488a9dc7cbdcaf89c1ef, State: Initialized, Role: FOLLOWER
I20260710 13:25:52.207927 23123 consensus_queue.cc:260] T 1f3b4b17ba4a42f394ec2897d5c46db8 P 021edd9ff2a2488a9dc7cbdcaf89c1ef [NON_LEADER]: Queue going to NON_LEADER mode. State: All replicated index: 0, Majority replicated index: 0, Committed index: 0, Last appended: 0.0, Last appended by leader: 0, Current term: 0, Majority size: -1, State: 0, Mode: NON_LEADER, active raft config: opid_index: -1 OBSOLETE_local: false peers { permanent_uuid: "021edd9ff2a2488a9dc7cbdcaf89c1ef" member_type: VOTER last_known_addr { host: "127.21.69.129" port: 46845 } } peers { permanent_uuid: "c407eeccc22444d9995257ef5f795df3" member_type: VOTER last_known_addr { host: "127.21.69.130" port: 36541 } } peers { permanent_uuid: "876e31a081cf404b878362fa4e945186" member_type: VOTER last_known_addr { host: "127.21.69.131" port: 37687 } }
I20260710 13:25:52.208320 23124 raft_consensus.cc:359] T 5bcb04d7e40047cf912f6ebb85248e4c P c407eeccc22444d9995257ef5f795df3 [term 0 FOLLOWER]: Replica starting. Triggering 0 pending ops. Active config: opid_index: -1 OBSOLETE_local: false peers { permanent_uuid: "021edd9ff2a2488a9dc7cbdcaf89c1ef" member_type: VOTER last_known_addr { host: "127.21.69.129" port: 46845 } } peers { permanent_uuid: "c407eeccc22444d9995257ef5f795df3" member_type: VOTER last_known_addr { host: "127.21.69.130" port: 36541 } } peers { permanent_uuid: "876e31a081cf404b878362fa4e945186" member_type: VOTER last_known_addr { host: "127.21.69.131" port: 37687 } }
I20260710 13:25:52.209048 23124 raft_consensus.cc:385] T 5bcb04d7e40047cf912f6ebb85248e4c P c407eeccc22444d9995257ef5f795df3 [term 0 FOLLOWER]: Consensus starting up: Expiring failure detector timer to make a prompt election more likely
I20260710 13:25:52.209355 23124 raft_consensus.cc:740] T 5bcb04d7e40047cf912f6ebb85248e4c P c407eeccc22444d9995257ef5f795df3 [term 0 FOLLOWER]: Becoming Follower/Learner. State: Replica: c407eeccc22444d9995257ef5f795df3, State: Initialized, Role: FOLLOWER
I20260710 13:25:52.210132 23124 consensus_queue.cc:260] T 5bcb04d7e40047cf912f6ebb85248e4c P c407eeccc22444d9995257ef5f795df3 [NON_LEADER]: Queue going to NON_LEADER mode. State: All replicated index: 0, Majority replicated index: 0, Committed index: 0, Last appended: 0.0, Last appended by leader: 0, Current term: 0, Majority size: -1, State: 0, Mode: NON_LEADER, active raft config: opid_index: -1 OBSOLETE_local: false peers { permanent_uuid: "021edd9ff2a2488a9dc7cbdcaf89c1ef" member_type: VOTER last_known_addr { host: "127.21.69.129" port: 46845 } } peers { permanent_uuid: "c407eeccc22444d9995257ef5f795df3" member_type: VOTER last_known_addr { host: "127.21.69.130" port: 36541 } } peers { permanent_uuid: "876e31a081cf404b878362fa4e945186" member_type: VOTER last_known_addr { host: "127.21.69.131" port: 37687 } }
I20260710 13:25:52.210610 23123 ts_tablet_manager.cc:1434] T 1f3b4b17ba4a42f394ec2897d5c46db8 P 021edd9ff2a2488a9dc7cbdcaf89c1ef: Time spent starting tablet: real 0.007s	user 0.005s	sys 0.003s
I20260710 13:25:52.211846 23123 tablet_bootstrap.cc:492] T 920c858b36524bed9672230a7008f316 P 021edd9ff2a2488a9dc7cbdcaf89c1ef: Bootstrap starting.
I20260710 13:25:52.217690 23129 raft_consensus.cc:493] T 1bb8b697435842caa59bfde3a86ee718 P 021edd9ff2a2488a9dc7cbdcaf89c1ef [term 0 FOLLOWER]: Starting pre-election (no leader contacted us within the election timeout)
I20260710 13:25:52.218245 23124 ts_tablet_manager.cc:1434] T 5bcb04d7e40047cf912f6ebb85248e4c P c407eeccc22444d9995257ef5f795df3: Time spent starting tablet: real 0.013s	user 0.009s	sys 0.000s
I20260710 13:25:52.218300 23130 raft_consensus.cc:493] T f5976bd492ea420e9452fea1e232964f P 876e31a081cf404b878362fa4e945186 [term 0 FOLLOWER]: Starting pre-election (no leader contacted us within the election timeout)
I20260710 13:25:52.218170 23129 raft_consensus.cc:515] T 1bb8b697435842caa59bfde3a86ee718 P 021edd9ff2a2488a9dc7cbdcaf89c1ef [term 0 FOLLOWER]: Starting pre-election with config: opid_index: -1 OBSOLETE_local: false peers { permanent_uuid: "021edd9ff2a2488a9dc7cbdcaf89c1ef" member_type: VOTER last_known_addr { host: "127.21.69.129" port: 46845 } } peers { permanent_uuid: "c407eeccc22444d9995257ef5f795df3" member_type: VOTER last_known_addr { host: "127.21.69.130" port: 36541 } } peers { permanent_uuid: "876e31a081cf404b878362fa4e945186" member_type: VOTER last_known_addr { host: "127.21.69.131" port: 37687 } }
I20260710 13:25:52.218873 23130 raft_consensus.cc:515] T f5976bd492ea420e9452fea1e232964f P 876e31a081cf404b878362fa4e945186 [term 0 FOLLOWER]: Starting pre-election with config: opid_index: -1 OBSOLETE_local: false peers { permanent_uuid: "021edd9ff2a2488a9dc7cbdcaf89c1ef" member_type: VOTER last_known_addr { host: "127.21.69.129" port: 46845 } } peers { permanent_uuid: "c407eeccc22444d9995257ef5f795df3" member_type: VOTER last_known_addr { host: "127.21.69.130" port: 36541 } } peers { permanent_uuid: "876e31a081cf404b878362fa4e945186" member_type: VOTER last_known_addr { host: "127.21.69.131" port: 37687 } }
I20260710 13:25:52.219156 23128 raft_consensus.cc:515] T 1f3b4b17ba4a42f394ec2897d5c46db8 P c407eeccc22444d9995257ef5f795df3 [term 1 FOLLOWER]: Starting leader election with config: opid_index: -1 OBSOLETE_local: false peers { permanent_uuid: "021edd9ff2a2488a9dc7cbdcaf89c1ef" member_type: VOTER last_known_addr { host: "127.21.69.129" port: 46845 } } peers { permanent_uuid: "c407eeccc22444d9995257ef5f795df3" member_type: VOTER last_known_addr { host: "127.21.69.130" port: 36541 } } peers { permanent_uuid: "876e31a081cf404b878362fa4e945186" member_type: VOTER last_known_addr { host: "127.21.69.131" port: 37687 } }
I20260710 13:25:52.220207 23122 tablet_bootstrap.cc:492] T 1c76196d7012412ea006d965839b3c7a P 876e31a081cf404b878362fa4e945186: No bootstrap required, opened a new log
I20260710 13:25:52.220697 23122 ts_tablet_manager.cc:1403] T 1c76196d7012412ea006d965839b3c7a P 876e31a081cf404b878362fa4e945186: Time spent bootstrapping tablet: real 0.023s	user 0.016s	sys 0.002s
I20260710 13:25:52.221056 23128 leader_election.cc:290] T 1f3b4b17ba4a42f394ec2897d5c46db8 P c407eeccc22444d9995257ef5f795df3 [CANDIDATE]: Term 1 election: Requested vote from peers 021edd9ff2a2488a9dc7cbdcaf89c1ef (127.21.69.129:46845), 876e31a081cf404b878362fa4e945186 (127.21.69.131:37687)
I20260710 13:25:52.221333 23130 leader_election.cc:290] T f5976bd492ea420e9452fea1e232964f P 876e31a081cf404b878362fa4e945186 [CANDIDATE]: Term 1 pre-election: Requested pre-vote from peers 021edd9ff2a2488a9dc7cbdcaf89c1ef (127.21.69.129:46845), c407eeccc22444d9995257ef5f795df3 (127.21.69.130:36541)
I20260710 13:25:52.223791 23122 raft_consensus.cc:359] T 1c76196d7012412ea006d965839b3c7a P 876e31a081cf404b878362fa4e945186 [term 0 FOLLOWER]: Replica starting. Triggering 0 pending ops. Active config: opid_index: -1 OBSOLETE_local: false peers { permanent_uuid: "021edd9ff2a2488a9dc7cbdcaf89c1ef" member_type: VOTER last_known_addr { host: "127.21.69.129" port: 46845 } } peers { permanent_uuid: "876e31a081cf404b878362fa4e945186" member_type: VOTER last_known_addr { host: "127.21.69.131" port: 37687 } } peers { permanent_uuid: "c407eeccc22444d9995257ef5f795df3" member_type: VOTER last_known_addr { host: "127.21.69.130" port: 36541 } }
I20260710 13:25:52.224511 23122 raft_consensus.cc:385] T 1c76196d7012412ea006d965839b3c7a P 876e31a081cf404b878362fa4e945186 [term 0 FOLLOWER]: Consensus starting up: Expiring failure detector timer to make a prompt election more likely
I20260710 13:25:52.224620 23082 tablet_service.cc:1917] Received RequestConsensusVote() RPC: tablet_id: "1f3b4b17ba4a42f394ec2897d5c46db8" candidate_uuid: "c407eeccc22444d9995257ef5f795df3" candidate_term: 1 candidate_status { last_received { term: 0 index: 0 } } ignore_live_leader: false dest_uuid: "876e31a081cf404b878362fa4e945186"
I20260710 13:25:52.224848 23122 raft_consensus.cc:740] T 1c76196d7012412ea006d965839b3c7a P 876e31a081cf404b878362fa4e945186 [term 0 FOLLOWER]: Becoming Follower/Learner. State: Replica: 876e31a081cf404b878362fa4e945186, State: Initialized, Role: FOLLOWER
I20260710 13:25:52.225276 23082 raft_consensus.cc:3060] T 1f3b4b17ba4a42f394ec2897d5c46db8 P 876e31a081cf404b878362fa4e945186 [term 0 FOLLOWER]: Advancing to term 1
I20260710 13:25:52.226545 23128 raft_consensus.cc:493] T 8314f334585640cc89684e0d9ccadbd7 P c407eeccc22444d9995257ef5f795df3 [term 0 FOLLOWER]: Starting pre-election (no leader contacted us within the election timeout)
I20260710 13:25:52.227083 23128 raft_consensus.cc:515] T 8314f334585640cc89684e0d9ccadbd7 P c407eeccc22444d9995257ef5f795df3 [term 0 FOLLOWER]: Starting pre-election with config: opid_index: -1 OBSOLETE_local: false peers { permanent_uuid: "021edd9ff2a2488a9dc7cbdcaf89c1ef" member_type: VOTER last_known_addr { host: "127.21.69.129" port: 46845 } } peers { permanent_uuid: "c407eeccc22444d9995257ef5f795df3" member_type: VOTER last_known_addr { host: "127.21.69.130" port: 36541 } } peers { permanent_uuid: "876e31a081cf404b878362fa4e945186" member_type: VOTER last_known_addr { host: "127.21.69.131" port: 37687 } }
I20260710 13:25:52.229538 23128 leader_election.cc:290] T 8314f334585640cc89684e0d9ccadbd7 P c407eeccc22444d9995257ef5f795df3 [CANDIDATE]: Term 1 pre-election: Requested pre-vote from peers 021edd9ff2a2488a9dc7cbdcaf89c1ef (127.21.69.129:46845), 876e31a081cf404b878362fa4e945186 (127.21.69.131:37687)
I20260710 13:25:52.230918 23124 tablet_bootstrap.cc:492] T f5976bd492ea420e9452fea1e232964f P c407eeccc22444d9995257ef5f795df3: Bootstrap starting.
I20260710 13:25:52.231361 23081 tablet_service.cc:1917] Received RequestConsensusVote() RPC: tablet_id: "8314f334585640cc89684e0d9ccadbd7" candidate_uuid: "c407eeccc22444d9995257ef5f795df3" candidate_term: 1 candidate_status { last_received { term: 0 index: 0 } } ignore_live_leader: false dest_uuid: "876e31a081cf404b878362fa4e945186" is_pre_election: true
W20260710 13:25:52.233031 22973 leader_election.cc:343] T 8314f334585640cc89684e0d9ccadbd7 P c407eeccc22444d9995257ef5f795df3 [CANDIDATE]: Term 1 pre-election: Tablet error from VoteRequest() call to peer 876e31a081cf404b878362fa4e945186 (127.21.69.131:37687): Illegal state: must be running to vote when last-logged opid is not known
I20260710 13:25:52.233223 23129 leader_election.cc:290] T 1bb8b697435842caa59bfde3a86ee718 P 021edd9ff2a2488a9dc7cbdcaf89c1ef [CANDIDATE]: Term 1 pre-election: Requested pre-vote from peers c407eeccc22444d9995257ef5f795df3 (127.21.69.130:36541), 876e31a081cf404b878362fa4e945186 (127.21.69.131:37687)
I20260710 13:25:52.234302 23082 raft_consensus.cc:2468] T 1f3b4b17ba4a42f394ec2897d5c46db8 P 876e31a081cf404b878362fa4e945186 [term 1 FOLLOWER]: Leader election vote request: Granting yes vote for candidate c407eeccc22444d9995257ef5f795df3 in term 1.
I20260710 13:25:52.225627 23122 consensus_queue.cc:260] T 1c76196d7012412ea006d965839b3c7a P 876e31a081cf404b878362fa4e945186 [NON_LEADER]: Queue going to NON_LEADER mode. State: All replicated index: 0, Majority replicated index: 0, Committed index: 0, Last appended: 0.0, Last appended by leader: 0, Current term: 0, Majority size: -1, State: 0, Mode: NON_LEADER, active raft config: opid_index: -1 OBSOLETE_local: false peers { permanent_uuid: "021edd9ff2a2488a9dc7cbdcaf89c1ef" member_type: VOTER last_known_addr { host: "127.21.69.129" port: 46845 } } peers { permanent_uuid: "876e31a081cf404b878362fa4e945186" member_type: VOTER last_known_addr { host: "127.21.69.131" port: 37687 } } peers { permanent_uuid: "c407eeccc22444d9995257ef5f795df3" member_type: VOTER last_known_addr { host: "127.21.69.130" port: 36541 } }
I20260710 13:25:52.239836 22973 leader_election.cc:304] T 1f3b4b17ba4a42f394ec2897d5c46db8 P c407eeccc22444d9995257ef5f795df3 [CANDIDATE]: Term 1 election: Election decided. Result: candidate won. Election summary: received 2 responses out of 3 voters: 2 yes votes; 0 no votes. yes voters: 876e31a081cf404b878362fa4e945186, c407eeccc22444d9995257ef5f795df3; no voters: 
I20260710 13:25:52.240976 23151 raft_consensus.cc:493] T 920c858b36524bed9672230a7008f316 P c407eeccc22444d9995257ef5f795df3 [term 0 FOLLOWER]: Starting pre-election (no leader contacted us within the election timeout)
I20260710 13:25:52.241429 23151 raft_consensus.cc:515] T 920c858b36524bed9672230a7008f316 P c407eeccc22444d9995257ef5f795df3 [term 0 FOLLOWER]: Starting pre-election with config: opid_index: -1 OBSOLETE_local: false peers { permanent_uuid: "021edd9ff2a2488a9dc7cbdcaf89c1ef" member_type: VOTER last_known_addr { host: "127.21.69.129" port: 46845 } } peers { permanent_uuid: "c407eeccc22444d9995257ef5f795df3" member_type: VOTER last_known_addr { host: "127.21.69.130" port: 36541 } } peers { permanent_uuid: "876e31a081cf404b878362fa4e945186" member_type: VOTER last_known_addr { host: "127.21.69.131" port: 37687 } }
I20260710 13:25:52.242537 23124 tablet_bootstrap.cc:654] T f5976bd492ea420e9452fea1e232964f P c407eeccc22444d9995257ef5f795df3: Neither blocks nor log segments found. Creating new log.
I20260710 13:25:52.244542 23122 ts_tablet_manager.cc:1434] T 1c76196d7012412ea006d965839b3c7a P 876e31a081cf404b878362fa4e945186: Time spent starting tablet: real 0.024s	user 0.001s	sys 0.005s
I20260710 13:25:52.245853 23122 tablet_bootstrap.cc:492] T 3ff87daebe3a467b974de0a1f9fdbb49 P 876e31a081cf404b878362fa4e945186: Bootstrap starting.
I20260710 13:25:52.256858 23123 tablet_bootstrap.cc:654] T 920c858b36524bed9672230a7008f316 P 021edd9ff2a2488a9dc7cbdcaf89c1ef: Neither blocks nor log segments found. Creating new log.
I20260710 13:25:52.256778 23151 leader_election.cc:290] T 920c858b36524bed9672230a7008f316 P c407eeccc22444d9995257ef5f795df3 [CANDIDATE]: Term 1 pre-election: Requested pre-vote from peers 021edd9ff2a2488a9dc7cbdcaf89c1ef (127.21.69.129:46845), 876e31a081cf404b878362fa4e945186 (127.21.69.131:37687)
I20260710 13:25:52.258723 23151 raft_consensus.cc:2804] T 1f3b4b17ba4a42f394ec2897d5c46db8 P c407eeccc22444d9995257ef5f795df3 [term 1 FOLLOWER]: Leader election won for term 1
I20260710 13:25:52.259361 23151 raft_consensus.cc:697] T 1f3b4b17ba4a42f394ec2897d5c46db8 P c407eeccc22444d9995257ef5f795df3 [term 1 LEADER]: Becoming Leader. State: Replica: c407eeccc22444d9995257ef5f795df3, State: Running, Role: LEADER
I20260710 13:25:52.260172 23124 tablet_bootstrap.cc:492] T f5976bd492ea420e9452fea1e232964f P c407eeccc22444d9995257ef5f795df3: No bootstrap required, opened a new log
I20260710 13:25:52.261134 23124 ts_tablet_manager.cc:1403] T f5976bd492ea420e9452fea1e232964f P c407eeccc22444d9995257ef5f795df3: Time spent bootstrapping tablet: real 0.030s	user 0.012s	sys 0.004s
I20260710 13:25:52.261209 23082 tablet_service.cc:1917] Received RequestConsensusVote() RPC: tablet_id: "920c858b36524bed9672230a7008f316" candidate_uuid: "c407eeccc22444d9995257ef5f795df3" candidate_term: 1 candidate_status { last_received { term: 0 index: 0 } } ignore_live_leader: false dest_uuid: "876e31a081cf404b878362fa4e945186" is_pre_election: true
W20260710 13:25:52.263058 22973 leader_election.cc:343] T 920c858b36524bed9672230a7008f316 P c407eeccc22444d9995257ef5f795df3 [CANDIDATE]: Term 1 pre-election: Tablet error from VoteRequest() call to peer 876e31a081cf404b878362fa4e945186 (127.21.69.131:37687): Illegal state: must be running to vote when last-logged opid is not known
I20260710 13:25:52.263846 23151 consensus_queue.cc:237] T 1f3b4b17ba4a42f394ec2897d5c46db8 P c407eeccc22444d9995257ef5f795df3 [LEADER]: Queue going to LEADER mode. State: All replicated index: 0, Majority replicated index: 0, Committed index: 0, Last appended: 0.0, Last appended by leader: 0, Current term: 1, Majority size: 2, State: 0, Mode: LEADER, active raft config: opid_index: -1 OBSOLETE_local: false peers { permanent_uuid: "021edd9ff2a2488a9dc7cbdcaf89c1ef" member_type: VOTER last_known_addr { host: "127.21.69.129" port: 46845 } } peers { permanent_uuid: "c407eeccc22444d9995257ef5f795df3" member_type: VOTER last_known_addr { host: "127.21.69.130" port: 36541 } } peers { permanent_uuid: "876e31a081cf404b878362fa4e945186" member_type: VOTER last_known_addr { host: "127.21.69.131" port: 37687 } }
I20260710 13:25:52.257530 23122 tablet_bootstrap.cc:654] T 3ff87daebe3a467b974de0a1f9fdbb49 P 876e31a081cf404b878362fa4e945186: Neither blocks nor log segments found. Creating new log.
I20260710 13:25:52.268617 23130 raft_consensus.cc:493] T 1bb8b697435842caa59bfde3a86ee718 P 876e31a081cf404b878362fa4e945186 [term 0 FOLLOWER]: Starting pre-election (no leader contacted us within the election timeout)
I20260710 13:25:52.269150 23130 raft_consensus.cc:515] T 1bb8b697435842caa59bfde3a86ee718 P 876e31a081cf404b878362fa4e945186 [term 0 FOLLOWER]: Starting pre-election with config: opid_index: -1 OBSOLETE_local: false peers { permanent_uuid: "021edd9ff2a2488a9dc7cbdcaf89c1ef" member_type: VOTER last_known_addr { host: "127.21.69.129" port: 46845 } } peers { permanent_uuid: "c407eeccc22444d9995257ef5f795df3" member_type: VOTER last_known_addr { host: "127.21.69.130" port: 36541 } } peers { permanent_uuid: "876e31a081cf404b878362fa4e945186" member_type: VOTER last_known_addr { host: "127.21.69.131" port: 37687 } }
I20260710 13:25:52.271242 23130 leader_election.cc:290] T 1bb8b697435842caa59bfde3a86ee718 P 876e31a081cf404b878362fa4e945186 [CANDIDATE]: Term 1 pre-election: Requested pre-vote from peers 021edd9ff2a2488a9dc7cbdcaf89c1ef (127.21.69.129:46845), c407eeccc22444d9995257ef5f795df3 (127.21.69.130:36541)
I20260710 13:25:52.273145 23129 raft_consensus.cc:493] T f5976bd492ea420e9452fea1e232964f P 021edd9ff2a2488a9dc7cbdcaf89c1ef [term 0 FOLLOWER]: Starting pre-election (no leader contacted us within the election timeout)
I20260710 13:25:52.273774 22933 tablet_service.cc:1917] Received RequestConsensusVote() RPC: tablet_id: "f5976bd492ea420e9452fea1e232964f" candidate_uuid: "876e31a081cf404b878362fa4e945186" candidate_term: 1 candidate_status { last_received { term: 0 index: 0 } } ignore_live_leader: false dest_uuid: "021edd9ff2a2488a9dc7cbdcaf89c1ef" is_pre_election: true
I20260710 13:25:52.273628 23129 raft_consensus.cc:515] T f5976bd492ea420e9452fea1e232964f P 021edd9ff2a2488a9dc7cbdcaf89c1ef [term 0 FOLLOWER]: Starting pre-election with config: opid_index: -1 OBSOLETE_local: false peers { permanent_uuid: "021edd9ff2a2488a9dc7cbdcaf89c1ef" member_type: VOTER last_known_addr { host: "127.21.69.129" port: 46845 } } peers { permanent_uuid: "c407eeccc22444d9995257ef5f795df3" member_type: VOTER last_known_addr { host: "127.21.69.130" port: 36541 } } peers { permanent_uuid: "876e31a081cf404b878362fa4e945186" member_type: VOTER last_known_addr { host: "127.21.69.131" port: 37687 } }
I20260710 13:25:52.274899 22932 tablet_service.cc:1917] Received RequestConsensusVote() RPC: tablet_id: "1bb8b697435842caa59bfde3a86ee718" candidate_uuid: "876e31a081cf404b878362fa4e945186" candidate_term: 1 candidate_status { last_received { term: 0 index: 0 } } ignore_live_leader: false dest_uuid: "021edd9ff2a2488a9dc7cbdcaf89c1ef" is_pre_election: true
I20260710 13:25:52.264328 23124 raft_consensus.cc:359] T f5976bd492ea420e9452fea1e232964f P c407eeccc22444d9995257ef5f795df3 [term 0 FOLLOWER]: Replica starting. Triggering 0 pending ops. Active config: opid_index: -1 OBSOLETE_local: false peers { permanent_uuid: "021edd9ff2a2488a9dc7cbdcaf89c1ef" member_type: VOTER last_known_addr { host: "127.21.69.129" port: 46845 } } peers { permanent_uuid: "c407eeccc22444d9995257ef5f795df3" member_type: VOTER last_known_addr { host: "127.21.69.130" port: 36541 } } peers { permanent_uuid: "876e31a081cf404b878362fa4e945186" member_type: VOTER last_known_addr { host: "127.21.69.131" port: 37687 } }
I20260710 13:25:52.275578 22932 raft_consensus.cc:2468] T 1bb8b697435842caa59bfde3a86ee718 P 021edd9ff2a2488a9dc7cbdcaf89c1ef [term 0 FOLLOWER]: Leader pre-election vote request: Granting yes vote for candidate 876e31a081cf404b878362fa4e945186 in term 0.
I20260710 13:25:52.275708 23129 leader_election.cc:290] T f5976bd492ea420e9452fea1e232964f P 021edd9ff2a2488a9dc7cbdcaf89c1ef [CANDIDATE]: Term 1 pre-election: Requested pre-vote from peers c407eeccc22444d9995257ef5f795df3 (127.21.69.130:36541), 876e31a081cf404b878362fa4e945186 (127.21.69.131:37687)
I20260710 13:25:52.275791 23124 raft_consensus.cc:385] T f5976bd492ea420e9452fea1e232964f P c407eeccc22444d9995257ef5f795df3 [term 0 FOLLOWER]: Consensus starting up: Expiring failure detector timer to make a prompt election more likely
I20260710 13:25:52.276223 23124 raft_consensus.cc:740] T f5976bd492ea420e9452fea1e232964f P c407eeccc22444d9995257ef5f795df3 [term 0 FOLLOWER]: Becoming Follower/Learner. State: Replica: c407eeccc22444d9995257ef5f795df3, State: Initialized, Role: FOLLOWER
I20260710 13:25:52.276950 22932 tablet_service.cc:1917] Received RequestConsensusVote() RPC: tablet_id: "1f3b4b17ba4a42f394ec2897d5c46db8" candidate_uuid: "c407eeccc22444d9995257ef5f795df3" candidate_term: 1 candidate_status { last_received { term: 0 index: 0 } } ignore_live_leader: false dest_uuid: "021edd9ff2a2488a9dc7cbdcaf89c1ef"
I20260710 13:25:52.276964 23124 consensus_queue.cc:260] T f5976bd492ea420e9452fea1e232964f P c407eeccc22444d9995257ef5f795df3 [NON_LEADER]: Queue going to NON_LEADER mode. State: All replicated index: 0, Majority replicated index: 0, Committed index: 0, Last appended: 0.0, Last appended by leader: 0, Current term: 0, Majority size: -1, State: 0, Mode: NON_LEADER, active raft config: opid_index: -1 OBSOLETE_local: false peers { permanent_uuid: "021edd9ff2a2488a9dc7cbdcaf89c1ef" member_type: VOTER last_known_addr { host: "127.21.69.129" port: 46845 } } peers { permanent_uuid: "c407eeccc22444d9995257ef5f795df3" member_type: VOTER last_known_addr { host: "127.21.69.130" port: 36541 } } peers { permanent_uuid: "876e31a081cf404b878362fa4e945186" member_type: VOTER last_known_addr { host: "127.21.69.131" port: 37687 } }
I20260710 13:25:52.277660 22932 raft_consensus.cc:3060] T 1f3b4b17ba4a42f394ec2897d5c46db8 P 021edd9ff2a2488a9dc7cbdcaf89c1ef [term 0 FOLLOWER]: Advancing to term 1
I20260710 13:25:52.278048 23123 tablet_bootstrap.cc:492] T 920c858b36524bed9672230a7008f316 P 021edd9ff2a2488a9dc7cbdcaf89c1ef: No bootstrap required, opened a new log
I20260710 13:25:52.278635 23123 ts_tablet_manager.cc:1403] T 920c858b36524bed9672230a7008f316 P 021edd9ff2a2488a9dc7cbdcaf89c1ef: Time spent bootstrapping tablet: real 0.067s	user 0.004s	sys 0.008s
I20260710 13:25:52.279990 23124 ts_tablet_manager.cc:1434] T f5976bd492ea420e9452fea1e232964f P c407eeccc22444d9995257ef5f795df3: Time spent starting tablet: real 0.018s	user 0.005s	sys 0.000s
I20260710 13:25:52.279913 22933 raft_consensus.cc:2468] T f5976bd492ea420e9452fea1e232964f P 021edd9ff2a2488a9dc7cbdcaf89c1ef [term 0 FOLLOWER]: Leader pre-election vote request: Granting yes vote for candidate 876e31a081cf404b878362fa4e945186 in term 0.
I20260710 13:25:52.281005 23124 tablet_bootstrap.cc:492] T 1f87181a2b8b44d097b49e3f6bace2dd P c407eeccc22444d9995257ef5f795df3: Bootstrap starting.
I20260710 13:25:52.281692 23123 raft_consensus.cc:359] T 920c858b36524bed9672230a7008f316 P 021edd9ff2a2488a9dc7cbdcaf89c1ef [term 0 FOLLOWER]: Replica starting. Triggering 0 pending ops. Active config: opid_index: -1 OBSOLETE_local: false peers { permanent_uuid: "021edd9ff2a2488a9dc7cbdcaf89c1ef" member_type: VOTER last_known_addr { host: "127.21.69.129" port: 46845 } } peers { permanent_uuid: "c407eeccc22444d9995257ef5f795df3" member_type: VOTER last_known_addr { host: "127.21.69.130" port: 36541 } } peers { permanent_uuid: "876e31a081cf404b878362fa4e945186" member_type: VOTER last_known_addr { host: "127.21.69.131" port: 37687 } }
I20260710 13:25:52.282446 23123 raft_consensus.cc:385] T 920c858b36524bed9672230a7008f316 P 021edd9ff2a2488a9dc7cbdcaf89c1ef [term 0 FOLLOWER]: Consensus starting up: Expiring failure detector timer to make a prompt election more likely
I20260710 13:25:52.283843 23123 raft_consensus.cc:740] T 920c858b36524bed9672230a7008f316 P 021edd9ff2a2488a9dc7cbdcaf89c1ef [term 0 FOLLOWER]: Becoming Follower/Learner. State: Replica: 021edd9ff2a2488a9dc7cbdcaf89c1ef, State: Initialized, Role: FOLLOWER
I20260710 13:25:52.283984 23047 leader_election.cc:304] T 1bb8b697435842caa59bfde3a86ee718 P 876e31a081cf404b878362fa4e945186 [CANDIDATE]: Term 1 pre-election: Election decided. Result: candidate won. Election summary: received 2 responses out of 3 voters: 2 yes votes; 0 no votes. yes voters: 021edd9ff2a2488a9dc7cbdcaf89c1ef, 876e31a081cf404b878362fa4e945186; no voters: 
I20260710 13:25:52.284828 23123 consensus_queue.cc:260] T 920c858b36524bed9672230a7008f316 P 021edd9ff2a2488a9dc7cbdcaf89c1ef [NON_LEADER]: Queue going to NON_LEADER mode. State: All replicated index: 0, Majority replicated index: 0, Committed index: 0, Last appended: 0.0, Last appended by leader: 0, Current term: 0, Majority size: -1, State: 0, Mode: NON_LEADER, active raft config: opid_index: -1 OBSOLETE_local: false peers { permanent_uuid: "021edd9ff2a2488a9dc7cbdcaf89c1ef" member_type: VOTER last_known_addr { host: "127.21.69.129" port: 46845 } } peers { permanent_uuid: "c407eeccc22444d9995257ef5f795df3" member_type: VOTER last_known_addr { host: "127.21.69.130" port: 36541 } } peers { permanent_uuid: "876e31a081cf404b878362fa4e945186" member_type: VOTER last_known_addr { host: "127.21.69.131" port: 37687 } }
I20260710 13:25:52.286800 23130 raft_consensus.cc:2804] T 1bb8b697435842caa59bfde3a86ee718 P 876e31a081cf404b878362fa4e945186 [term 0 FOLLOWER]: Leader pre-election won for term 1
I20260710 13:25:52.287142 23130 raft_consensus.cc:493] T 1bb8b697435842caa59bfde3a86ee718 P 876e31a081cf404b878362fa4e945186 [term 0 FOLLOWER]: Starting leader election (no leader contacted us within the election timeout)
I20260710 13:25:52.287488 23130 raft_consensus.cc:3060] T 1bb8b697435842caa59bfde3a86ee718 P 876e31a081cf404b878362fa4e945186 [term 0 FOLLOWER]: Advancing to term 1
I20260710 13:25:52.287586 23123 ts_tablet_manager.cc:1434] T 920c858b36524bed9672230a7008f316 P 021edd9ff2a2488a9dc7cbdcaf89c1ef: Time spent starting tablet: real 0.009s	user 0.007s	sys 0.000s
