I20260710 13:25:29.165328 27170 fs_manager.cc:647] Opened local filesystem: /tmp/dist-test-taskDYSIkj/test-tmp/auto_leader_rebalancer-test.0.LeaderRebalancerTest.FunctionalTestForNotDivided.1783689916580475-27170-0/minicluster-data/ts-1-root
uuid: "dd4d2f5067404252b9f773d3b8583ec3"
format_stamp: "Formatted at 2026-07-10 13:25:29 on dist-test-slave-fhn2"
I20260710 13:25:29.165550 27170 fs_report.cc:389] FS layout report
--------------------
wal directory: /tmp/dist-test-taskDYSIkj/test-tmp/auto_leader_rebalancer-test.0.LeaderRebalancerTest.FunctionalTestForNotDivided.1783689916580475-27170-0/minicluster-data/ts-1-root
metadata directory: /tmp/dist-test-taskDYSIkj/test-tmp/auto_leader_rebalancer-test.0.LeaderRebalancerTest.FunctionalTestForNotDivided.1783689916580475-27170-0/minicluster-data/ts-1-root
1 data directories: /tmp/dist-test-taskDYSIkj/test-tmp/auto_leader_rebalancer-test.0.LeaderRebalancerTest.FunctionalTestForNotDivided.1783689916580475-27170-0/minicluster-data/ts-1-root/data
Total live blocks: 0
Total live bytes: 0
Total live bytes (after alignment): 0
Total number of LBM containers: 0 (0 full)
Did not check for missing blocks
Did not check for orphaned blocks
Total full LBM containers with extra space: 0 (0 repaired)
Total full LBM container extra space in bytes: 0 (0 repaired)
Total incomplete LBM containers: 0 (0 repaired)
Total LBM partial records: 0 (0 repaired)
Total corrupted LBM metadata records in RocksDB: 0 (0 repaired)
I20260710 13:25:29.175271 27170 rpc_server.cc:225] running with OpenSSL 1.1.1  11 Sep 2018
I20260710 13:25:29.176254 27170 kserver.cc:163] Server-wide thread pool size limit: 3276
I20260710 13:25:29.177579 27170 txn_system_client.cc:432] TxnSystemClient initialization is disabled...
I20260710 13:25:29.179518 27170 ts_tablet_manager.cc:585] Loaded tablet metadata (0 total tablets, 0 live tablets)
I20260710 13:25:29.179684 27170 ts_tablet_manager.cc:531] Time spent load tablet metadata: real 0.000s	user 0.000s	sys 0.000s
I20260710 13:25:29.179891 27170 ts_tablet_manager.cc:616] Registered 0 tablets
I20260710 13:25:29.180027 27170 ts_tablet_manager.cc:595] Time spent register tablets: real 0.000s	user 0.000s	sys 0.000s
I20260710 13:25:29.216013 27170 rpc_server.cc:307] RPC server started. Bound to: 127.26.136.130:43413
I20260710 13:25:29.216100 27890 acceptor_pool.cc:272] collecting diagnostics on the listening RPC socket 127.26.136.130:43413 every 8 connection(s)
I20260710 13:25:29.220191 27170 file_cache.cc:504] Constructed file cache file cache with capacity 419430
W20260710 13:25:29.227368 27894 instance_detector.cc:116] could not retrieve AWS instance metadata: Network error: curl error: HTTP response code said error: The requested URL returned error: 404
W20260710 13:25:29.227488 27895 instance_detector.cc:116] could not retrieve Azure instance metadata: Network error: curl error: HTTP response code said error: The requested URL returned error: 404
I20260710 13:25:29.230485 27891 heartbeater.cc:344] Connected to a master server at 127.26.136.190:42369
I20260710 13:25:29.230913 27170 server_base.cc:1061] running on GCE node
I20260710 13:25:29.230911 27891 heartbeater.cc:461] Registering TS with master...
W20260710 13:25:29.231712 27897 instance_detector.cc:116] could not retrieve OpenStack instance metadata: Network error: curl error: HTTP response code said error: The requested URL returned error: 404
I20260710 13:25:29.232013 27891 heartbeater.cc:507] Master 127.26.136.190:42369 requested a full tablet report, sending...
I20260710 13:25:29.232542 27170 hybrid_clock.cc:584] initializing the hybrid clock with 'system_unsync' time source
W20260710 13:25:29.232758 27170 system_unsync_time.cc:38] NTP support is disabled. Clock error bounds will not be accurate. This configuration is not suitable for distributed clusters.
I20260710 13:25:29.232905 27170 hybrid_clock.cc:648] HybridClock initialized: now 1783689929232889 us; error 0 us; skew 500 ppm
I20260710 13:25:29.233542 27170 server_base.cc:861] Flag tcmalloc_max_total_thread_cache_bytes is not working since tcmalloc is not enabled.
I20260710 13:25:29.233858 27689 ts_manager.cc:194] Registered new tserver with Master: dd4d2f5067404252b9f773d3b8583ec3 (127.26.136.130:43413)
I20260710 13:25:29.235245 27689 master_service.cc:502] Signed X509 certificate for tserver {username='slave'} at 127.0.0.1:34584
I20260710 13:25:29.235831 27170 webserver.cc:533] Webserver started at http://127.26.136.131:37749/ using document root <none> and password file <none>
I20260710 13:25:29.236361 27170 fs_manager.cc:362] Metadata directory not provided
I20260710 13:25:29.236526 27170 fs_manager.cc:368] Using write-ahead log directory (fs_wal_dir) as metadata directory
I20260710 13:25:29.236765 27170 server_base.cc:909] This appears to be a new deployment of Kudu; creating new FS layout
I20260710 13:25:29.237751 27170 fs_manager.cc:1068] Generated new instance metadata in path /tmp/dist-test-taskDYSIkj/test-tmp/auto_leader_rebalancer-test.0.LeaderRebalancerTest.FunctionalTestForNotDivided.1783689916580475-27170-0/minicluster-data/ts-2-root/instance:
uuid: "6ee3375de6d44056ae7abdf92f37df65"
format_stamp: "Formatted at 2026-07-10 13:25:29 on dist-test-slave-fhn2"
I20260710 13:25:29.241602 27170 fs_manager.cc:696] Time spent creating directory manager: real 0.003s	user 0.005s	sys 0.000s
I20260710 13:25:29.244405 27902 log_block_manager.cc:4127] Time spent loading block containers with low live blocks: real 0.000s	user 0.000s	sys 0.000s
I20260710 13:25:29.245018 27170 fs_manager.cc:730] Time spent opening block manager: real 0.002s	user 0.001s	sys 0.000s
I20260710 13:25:29.245267 27170 fs_manager.cc:647] Opened local filesystem: /tmp/dist-test-taskDYSIkj/test-tmp/auto_leader_rebalancer-test.0.LeaderRebalancerTest.FunctionalTestForNotDivided.1783689916580475-27170-0/minicluster-data/ts-2-root
uuid: "6ee3375de6d44056ae7abdf92f37df65"
format_stamp: "Formatted at 2026-07-10 13:25:29 on dist-test-slave-fhn2"
I20260710 13:25:29.245514 27170 fs_report.cc:389] FS layout report
--------------------
wal directory: /tmp/dist-test-taskDYSIkj/test-tmp/auto_leader_rebalancer-test.0.LeaderRebalancerTest.FunctionalTestForNotDivided.1783689916580475-27170-0/minicluster-data/ts-2-root
metadata directory: /tmp/dist-test-taskDYSIkj/test-tmp/auto_leader_rebalancer-test.0.LeaderRebalancerTest.FunctionalTestForNotDivided.1783689916580475-27170-0/minicluster-data/ts-2-root
1 data directories: /tmp/dist-test-taskDYSIkj/test-tmp/auto_leader_rebalancer-test.0.LeaderRebalancerTest.FunctionalTestForNotDivided.1783689916580475-27170-0/minicluster-data/ts-2-root/data
Total live blocks: 0
Total live bytes: 0
Total live bytes (after alignment): 0
Total number of LBM containers: 0 (0 full)
Did not check for missing blocks
Did not check for orphaned blocks
Total full LBM containers with extra space: 0 (0 repaired)
Total full LBM container extra space in bytes: 0 (0 repaired)
Total incomplete LBM containers: 0 (0 repaired)
Total LBM partial records: 0 (0 repaired)
Total corrupted LBM metadata records in RocksDB: 0 (0 repaired)
I20260710 13:25:29.255167 27170 rpc_server.cc:225] running with OpenSSL 1.1.1  11 Sep 2018
I20260710 13:25:29.256145 27170 kserver.cc:163] Server-wide thread pool size limit: 3276
I20260710 13:25:29.257386 27170 txn_system_client.cc:432] TxnSystemClient initialization is disabled...
I20260710 13:25:29.259301 27170 ts_tablet_manager.cc:585] Loaded tablet metadata (0 total tablets, 0 live tablets)
I20260710 13:25:29.259476 27170 ts_tablet_manager.cc:531] Time spent load tablet metadata: real 0.000s	user 0.000s	sys 0.000s
I20260710 13:25:29.259680 27170 ts_tablet_manager.cc:616] Registered 0 tablets
I20260710 13:25:29.259831 27170 ts_tablet_manager.cc:595] Time spent register tablets: real 0.000s	user 0.000s	sys 0.000s
I20260710 13:25:29.296281 27170 rpc_server.cc:307] RPC server started. Bound to: 127.26.136.131:39603
I20260710 13:25:29.296391 27964 acceptor_pool.cc:272] collecting diagnostics on the listening RPC socket 127.26.136.131:39603 every 8 connection(s)
I20260710 13:25:29.308610 27965 heartbeater.cc:344] Connected to a master server at 127.26.136.190:42369
I20260710 13:25:29.308945 27965 heartbeater.cc:461] Registering TS with master...
I20260710 13:25:29.309613 27965 heartbeater.cc:507] Master 127.26.136.190:42369 requested a full tablet report, sending...
I20260710 13:25:29.311296 27689 ts_manager.cc:194] Registered new tserver with Master: 6ee3375de6d44056ae7abdf92f37df65 (127.26.136.131:39603)
I20260710 13:25:29.312129 27170 internal_mini_cluster.cc:371] 3 TS(s) registered with all masters after 0.012959303s
I20260710 13:25:29.312455 27689 master_service.cc:502] Signed X509 certificate for tserver {username='slave'} at 127.0.0.1:34596
I20260710 13:25:29.333441 27689 catalog_manager.cc:2283] Servicing CreateTable request from {username='slave'} at 127.0.0.1:34602:
name: "test-workload"
schema {
  columns {
    name: "key"
    type: INT32
    is_key: true
    is_nullable: false
    encoding: AUTO_ENCODING
    compression: DEFAULT_COMPRESSION
    cfile_block_size: 0
    immutable: false
  }
  columns {
    name: "int_val"
    type: INT32
    is_key: false
    is_nullable: false
    encoding: AUTO_ENCODING
    compression: DEFAULT_COMPRESSION
    cfile_block_size: 0
    immutable: false
  }
  columns {
    name: "string_val"
    type: STRING
    is_key: false
    is_nullable: true
    encoding: AUTO_ENCODING
    compression: DEFAULT_COMPRESSION
    cfile_block_size: 0
    immutable: false
  }
}
num_replicas: 3
split_rows_range_bounds {
  rows: "\004\001\000\314\314\314\014\004\001\000\230\231\231\031\004\001\000dff&\004\001\0000333\004\001\000\374\377\377?\004\001\000\310\314\314L\004\001\000\224\231\231Y\004\001\000`fff\004\001\000,33s""\004\001\000\314\314\314\014\004\001\000\230\231\231\031\004\001\000dff&\004\001\0000333\004\001\000\374\377\377?\004\001\000\310\314\314L\004\001\000\224\231\231Y\004\001\000`fff\004\001\000,33s"
  indirect_data: """"
}
partition_schema {
  range_schema {
    columns {
      name: "key"
    }
  }
}
W20260710 13:25:29.336086 27689 catalog_manager.cc:7077] The number of live tablet servers is not enough to re-replicate a tablet replica of the newly created table test-workload in case of a server failure: 4 tablet servers would be needed, 3 are available. Consider bringing up more tablet servers.
I20260710 13:25:29.408197 27855 tablet_service.cc:1511] Processing CreateTablet for tablet 04cf0874c54246eda09b941837564cb0 (DEFAULT_TABLE table=test-workload [id=4e4f012865ff4f57a22738de494dd28d]), partition=RANGE (key) PARTITION 214748364 <= VALUES < 429496728
I20260710 13:25:29.409514 27855 data_dirs.cc:400] Could only allocate 1 dirs of requested 3 for tablet 04cf0874c54246eda09b941837564cb0. 1 dirs total, 0 dirs full, 0 dirs failed
I20260710 13:25:29.406738 27856 tablet_service.cc:1511] Processing CreateTablet for tablet f463482639b64156b6f01ecac7ea528c (DEFAULT_TABLE table=test-workload [id=4e4f012865ff4f57a22738de494dd28d]), partition=RANGE (key) PARTITION VALUES < 214748364
I20260710 13:25:29.413797 27856 data_dirs.cc:400] Could only allocate 1 dirs of requested 3 for tablet f463482639b64156b6f01ecac7ea528c. 1 dirs total, 0 dirs full, 0 dirs failed
I20260710 13:25:29.413494 27854 tablet_service.cc:1511] Processing CreateTablet for tablet 48b798acced647feab458d408ced2095 (DEFAULT_TABLE table=test-workload [id=4e4f012865ff4f57a22738de494dd28d]), partition=RANGE (key) PARTITION 429496728 <= VALUES < 644245092
I20260710 13:25:29.414708 27854 data_dirs.cc:400] Could only allocate 1 dirs of requested 3 for tablet 48b798acced647feab458d408ced2095. 1 dirs total, 0 dirs full, 0 dirs failed
I20260710 13:25:29.416193 27853 tablet_service.cc:1511] Processing CreateTablet for tablet ff5de4ca8763470ca33e098202c515ba (DEFAULT_TABLE table=test-workload [id=4e4f012865ff4f57a22738de494dd28d]), partition=RANGE (key) PARTITION 644245092 <= VALUES < 858993456
I20260710 13:25:29.416560 27852 tablet_service.cc:1511] Processing CreateTablet for tablet cd9ac6a1474f4d9a8babc62b59a69117 (DEFAULT_TABLE table=test-workload [id=4e4f012865ff4f57a22738de494dd28d]), partition=RANGE (key) PARTITION 858993456 <= VALUES < 1073741820
I20260710 13:25:29.417394 27853 data_dirs.cc:400] Could only allocate 1 dirs of requested 3 for tablet ff5de4ca8763470ca33e098202c515ba. 1 dirs total, 0 dirs full, 0 dirs failed
I20260710 13:25:29.417936 27852 data_dirs.cc:400] Could only allocate 1 dirs of requested 3 for tablet cd9ac6a1474f4d9a8babc62b59a69117. 1 dirs total, 0 dirs full, 0 dirs failed
I20260710 13:25:29.420567 27851 tablet_service.cc:1511] Processing CreateTablet for tablet 2fdeb9ba8d4249dbb6ae1bf564a666bd (DEFAULT_TABLE table=test-workload [id=4e4f012865ff4f57a22738de494dd28d]), partition=RANGE (key) PARTITION 1073741820 <= VALUES < 1288490184
I20260710 13:25:29.421766 27851 data_dirs.cc:400] Could only allocate 1 dirs of requested 3 for tablet 2fdeb9ba8d4249dbb6ae1bf564a666bd. 1 dirs total, 0 dirs full, 0 dirs failed
I20260710 13:25:29.425261 27850 tablet_service.cc:1511] Processing CreateTablet for tablet ff8e38781f0c4d44be1bf8efdb7611c7 (DEFAULT_TABLE table=test-workload [id=4e4f012865ff4f57a22738de494dd28d]), partition=RANGE (key) PARTITION 1288490184 <= VALUES < 1503238548
I20260710 13:25:29.426416 27850 data_dirs.cc:400] Could only allocate 1 dirs of requested 3 for tablet ff8e38781f0c4d44be1bf8efdb7611c7. 1 dirs total, 0 dirs full, 0 dirs failed
I20260710 13:25:29.429939 27849 tablet_service.cc:1511] Processing CreateTablet for tablet 381165ea5b5d4b52b1f5fe345806aa3f (DEFAULT_TABLE table=test-workload [id=4e4f012865ff4f57a22738de494dd28d]), partition=RANGE (key) PARTITION 1503238548 <= VALUES < 1717986912
I20260710 13:25:29.431066 27849 data_dirs.cc:400] Could only allocate 1 dirs of requested 3 for tablet 381165ea5b5d4b52b1f5fe345806aa3f. 1 dirs total, 0 dirs full, 0 dirs failed
I20260710 13:25:29.434837 27848 tablet_service.cc:1511] Processing CreateTablet for tablet 04e05607e2ad47c195690d3f32a2935b (DEFAULT_TABLE table=test-workload [id=4e4f012865ff4f57a22738de494dd28d]), partition=RANGE (key) PARTITION 1717986912 <= VALUES < 1932735276
I20260710 13:25:29.436134 27848 data_dirs.cc:400] Could only allocate 1 dirs of requested 3 for tablet 04e05607e2ad47c195690d3f32a2935b. 1 dirs total, 0 dirs full, 0 dirs failed
I20260710 13:25:29.445963 27929 tablet_service.cc:1511] Processing CreateTablet for tablet 04cf0874c54246eda09b941837564cb0 (DEFAULT_TABLE table=test-workload [id=4e4f012865ff4f57a22738de494dd28d]), partition=RANGE (key) PARTITION 214748364 <= VALUES < 429496728
I20260710 13:25:29.447193 27929 data_dirs.cc:400] Could only allocate 1 dirs of requested 3 for tablet 04cf0874c54246eda09b941837564cb0. 1 dirs total, 0 dirs full, 0 dirs failed
I20260710 13:25:29.447054 27925 tablet_service.cc:1511] Processing CreateTablet for tablet 2fdeb9ba8d4249dbb6ae1bf564a666bd (DEFAULT_TABLE table=test-workload [id=4e4f012865ff4f57a22738de494dd28d]), partition=RANGE (key) PARTITION 1073741820 <= VALUES < 1288490184
I20260710 13:25:29.447997 27930 tablet_service.cc:1511] Processing CreateTablet for tablet f463482639b64156b6f01ecac7ea528c (DEFAULT_TABLE table=test-workload [id=4e4f012865ff4f57a22738de494dd28d]), partition=RANGE (key) PARTITION VALUES < 214748364
I20260710 13:25:29.449179 27930 data_dirs.cc:400] Could only allocate 1 dirs of requested 3 for tablet f463482639b64156b6f01ecac7ea528c. 1 dirs total, 0 dirs full, 0 dirs failed
I20260710 13:25:29.449031 27923 tablet_service.cc:1511] Processing CreateTablet for tablet 381165ea5b5d4b52b1f5fe345806aa3f (DEFAULT_TABLE table=test-workload [id=4e4f012865ff4f57a22738de494dd28d]), partition=RANGE (key) PARTITION 1503238548 <= VALUES < 1717986912
I20260710 13:25:29.451122 27922 tablet_service.cc:1511] Processing CreateTablet for tablet 04e05607e2ad47c195690d3f32a2935b (DEFAULT_TABLE table=test-workload [id=4e4f012865ff4f57a22738de494dd28d]), partition=RANGE (key) PARTITION 1717986912 <= VALUES < 1932735276
I20260710 13:25:29.452368 27923 data_dirs.cc:400] Could only allocate 1 dirs of requested 3 for tablet 381165ea5b5d4b52b1f5fe345806aa3f. 1 dirs total, 0 dirs full, 0 dirs failed
I20260710 13:25:29.452081 27928 tablet_service.cc:1511] Processing CreateTablet for tablet 48b798acced647feab458d408ced2095 (DEFAULT_TABLE table=test-workload [id=4e4f012865ff4f57a22738de494dd28d]), partition=RANGE (key) PARTITION 429496728 <= VALUES < 644245092
I20260710 13:25:29.452183 27926 tablet_service.cc:1511] Processing CreateTablet for tablet cd9ac6a1474f4d9a8babc62b59a69117 (DEFAULT_TABLE table=test-workload [id=4e4f012865ff4f57a22738de494dd28d]), partition=RANGE (key) PARTITION 858993456 <= VALUES < 1073741820
I20260710 13:25:29.453357 27928 data_dirs.cc:400] Could only allocate 1 dirs of requested 3 for tablet 48b798acced647feab458d408ced2095. 1 dirs total, 0 dirs full, 0 dirs failed
I20260710 13:25:29.453888 27922 data_dirs.cc:400] Could only allocate 1 dirs of requested 3 for tablet 04e05607e2ad47c195690d3f32a2935b. 1 dirs total, 0 dirs full, 0 dirs failed
I20260710 13:25:29.453881 27924 tablet_service.cc:1511] Processing CreateTablet for tablet ff8e38781f0c4d44be1bf8efdb7611c7 (DEFAULT_TABLE table=test-workload [id=4e4f012865ff4f57a22738de494dd28d]), partition=RANGE (key) PARTITION 1288490184 <= VALUES < 1503238548
I20260710 13:25:29.455348 27925 data_dirs.cc:400] Could only allocate 1 dirs of requested 3 for tablet 2fdeb9ba8d4249dbb6ae1bf564a666bd. 1 dirs total, 0 dirs full, 0 dirs failed
I20260710 13:25:29.455260 27927 tablet_service.cc:1511] Processing CreateTablet for tablet ff5de4ca8763470ca33e098202c515ba (DEFAULT_TABLE table=test-workload [id=4e4f012865ff4f57a22738de494dd28d]), partition=RANGE (key) PARTITION 644245092 <= VALUES < 858993456
I20260710 13:25:29.456588 27927 data_dirs.cc:400] Could only allocate 1 dirs of requested 3 for tablet ff5de4ca8763470ca33e098202c515ba. 1 dirs total, 0 dirs full, 0 dirs failed
I20260710 13:25:29.457137 27926 data_dirs.cc:400] Could only allocate 1 dirs of requested 3 for tablet cd9ac6a1474f4d9a8babc62b59a69117. 1 dirs total, 0 dirs full, 0 dirs failed
I20260710 13:25:29.459575 27924 data_dirs.cc:400] Could only allocate 1 dirs of requested 3 for tablet ff8e38781f0c4d44be1bf8efdb7611c7. 1 dirs total, 0 dirs full, 0 dirs failed
I20260710 13:25:29.493554 27847 tablet_service.cc:1511] Processing CreateTablet for tablet dfef08b825c2402e810ec0c8d1bdbf51 (DEFAULT_TABLE table=test-workload [id=4e4f012865ff4f57a22738de494dd28d]), partition=RANGE (key) PARTITION 1932735276 <= VALUES
I20260710 13:25:29.506538 27980 tablet_bootstrap.cc:492] T cd9ac6a1474f4d9a8babc62b59a69117 P dd4d2f5067404252b9f773d3b8583ec3: Bootstrap starting.
I20260710 13:25:29.510340 27847 data_dirs.cc:400] Could only allocate 1 dirs of requested 3 for tablet dfef08b825c2402e810ec0c8d1bdbf51. 1 dirs total, 0 dirs full, 0 dirs failed
I20260710 13:25:29.517906 27926 tablet_service.cc:1511] Processing CreateTablet for tablet dfef08b825c2402e810ec0c8d1bdbf51 (DEFAULT_TABLE table=test-workload [id=4e4f012865ff4f57a22738de494dd28d]), partition=RANGE (key) PARTITION 1932735276 <= VALUES
I20260710 13:25:29.519232 27926 data_dirs.cc:400] Could only allocate 1 dirs of requested 3 for tablet dfef08b825c2402e810ec0c8d1bdbf51. 1 dirs total, 0 dirs full, 0 dirs failed
I20260710 13:25:29.516852 27980 tablet_bootstrap.cc:654] T cd9ac6a1474f4d9a8babc62b59a69117 P dd4d2f5067404252b9f773d3b8583ec3: Neither blocks nor log segments found. Creating new log.
I20260710 13:25:29.533242 27981 tablet_bootstrap.cc:492] T 48b798acced647feab458d408ced2095 P 6ee3375de6d44056ae7abdf92f37df65: Bootstrap starting.
I20260710 13:25:29.535980 27781 tablet_service.cc:1511] Processing CreateTablet for tablet f463482639b64156b6f01ecac7ea528c (DEFAULT_TABLE table=test-workload [id=4e4f012865ff4f57a22738de494dd28d]), partition=RANGE (key) PARTITION VALUES < 214748364
I20260710 13:25:29.537269 27781 data_dirs.cc:400] Could only allocate 1 dirs of requested 3 for tablet f463482639b64156b6f01ecac7ea528c. 1 dirs total, 0 dirs full, 0 dirs failed
I20260710 13:25:29.537947 27776 tablet_service.cc:1511] Processing CreateTablet for tablet 2fdeb9ba8d4249dbb6ae1bf564a666bd (DEFAULT_TABLE table=test-workload [id=4e4f012865ff4f57a22738de494dd28d]), partition=RANGE (key) PARTITION 1073741820 <= VALUES < 1288490184
I20260710 13:25:29.539129 27776 data_dirs.cc:400] Could only allocate 1 dirs of requested 3 for tablet 2fdeb9ba8d4249dbb6ae1bf564a666bd. 1 dirs total, 0 dirs full, 0 dirs failed
I20260710 13:25:29.539479 27981 tablet_bootstrap.cc:654] T 48b798acced647feab458d408ced2095 P 6ee3375de6d44056ae7abdf92f37df65: Neither blocks nor log segments found. Creating new log.
I20260710 13:25:29.540684 27775 tablet_service.cc:1511] Processing CreateTablet for tablet ff8e38781f0c4d44be1bf8efdb7611c7 (DEFAULT_TABLE table=test-workload [id=4e4f012865ff4f57a22738de494dd28d]), partition=RANGE (key) PARTITION 1288490184 <= VALUES < 1503238548
I20260710 13:25:29.541851 27775 data_dirs.cc:400] Could only allocate 1 dirs of requested 3 for tablet ff8e38781f0c4d44be1bf8efdb7611c7. 1 dirs total, 0 dirs full, 0 dirs failed
I20260710 13:25:29.547197 27780 tablet_service.cc:1511] Processing CreateTablet for tablet 04cf0874c54246eda09b941837564cb0 (DEFAULT_TABLE table=test-workload [id=4e4f012865ff4f57a22738de494dd28d]), partition=RANGE (key) PARTITION 214748364 <= VALUES < 429496728
I20260710 13:25:29.548511 27780 data_dirs.cc:400] Could only allocate 1 dirs of requested 3 for tablet 04cf0874c54246eda09b941837564cb0. 1 dirs total, 0 dirs full, 0 dirs failed
I20260710 13:25:29.551924 27773 tablet_service.cc:1511] Processing CreateTablet for tablet 04e05607e2ad47c195690d3f32a2935b (DEFAULT_TABLE table=test-workload [id=4e4f012865ff4f57a22738de494dd28d]), partition=RANGE (key) PARTITION 1717986912 <= VALUES < 1932735276
I20260710 13:25:29.553190 27773 data_dirs.cc:400] Could only allocate 1 dirs of requested 3 for tablet 04e05607e2ad47c195690d3f32a2935b. 1 dirs total, 0 dirs full, 0 dirs failed
I20260710 13:25:29.544152 27774 tablet_service.cc:1511] Processing CreateTablet for tablet 381165ea5b5d4b52b1f5fe345806aa3f (DEFAULT_TABLE table=test-workload [id=4e4f012865ff4f57a22738de494dd28d]), partition=RANGE (key) PARTITION 1503238548 <= VALUES < 1717986912
I20260710 13:25:29.556048 27777 tablet_service.cc:1511] Processing CreateTablet for tablet cd9ac6a1474f4d9a8babc62b59a69117 (DEFAULT_TABLE table=test-workload [id=4e4f012865ff4f57a22738de494dd28d]), partition=RANGE (key) PARTITION 858993456 <= VALUES < 1073741820
I20260710 13:25:29.556773 27774 data_dirs.cc:400] Could only allocate 1 dirs of requested 3 for tablet 381165ea5b5d4b52b1f5fe345806aa3f. 1 dirs total, 0 dirs full, 0 dirs failed
I20260710 13:25:29.544152 27778 tablet_service.cc:1511] Processing CreateTablet for tablet ff5de4ca8763470ca33e098202c515ba (DEFAULT_TABLE table=test-workload [id=4e4f012865ff4f57a22738de494dd28d]), partition=RANGE (key) PARTITION 644245092 <= VALUES < 858993456
I20260710 13:25:29.557456 27777 data_dirs.cc:400] Could only allocate 1 dirs of requested 3 for tablet cd9ac6a1474f4d9a8babc62b59a69117. 1 dirs total, 0 dirs full, 0 dirs failed
I20260710 13:25:29.558296 27778 data_dirs.cc:400] Could only allocate 1 dirs of requested 3 for tablet ff5de4ca8763470ca33e098202c515ba. 1 dirs total, 0 dirs full, 0 dirs failed
I20260710 13:25:29.561388 27779 tablet_service.cc:1511] Processing CreateTablet for tablet 48b798acced647feab458d408ced2095 (DEFAULT_TABLE table=test-workload [id=4e4f012865ff4f57a22738de494dd28d]), partition=RANGE (key) PARTITION 429496728 <= VALUES < 644245092
I20260710 13:25:29.562600 27779 data_dirs.cc:400] Could only allocate 1 dirs of requested 3 for tablet 48b798acced647feab458d408ced2095. 1 dirs total, 0 dirs full, 0 dirs failed
I20260710 13:25:29.564338 27772 tablet_service.cc:1511] Processing CreateTablet for tablet dfef08b825c2402e810ec0c8d1bdbf51 (DEFAULT_TABLE table=test-workload [id=4e4f012865ff4f57a22738de494dd28d]), partition=RANGE (key) PARTITION 1932735276 <= VALUES
I20260710 13:25:29.565506 27772 data_dirs.cc:400] Could only allocate 1 dirs of requested 3 for tablet dfef08b825c2402e810ec0c8d1bdbf51. 1 dirs total, 0 dirs full, 0 dirs failed
I20260710 13:25:29.608844 27981 tablet_bootstrap.cc:492] T 48b798acced647feab458d408ced2095 P 6ee3375de6d44056ae7abdf92f37df65: No bootstrap required, opened a new log
I20260710 13:25:29.609313 27981 ts_tablet_manager.cc:1403] T 48b798acced647feab458d408ced2095 P 6ee3375de6d44056ae7abdf92f37df65: Time spent bootstrapping tablet: real 0.076s	user 0.027s	sys 0.036s
I20260710 13:25:29.612124 27981 raft_consensus.cc:359] T 48b798acced647feab458d408ced2095 P 6ee3375de6d44056ae7abdf92f37df65 [term 0 FOLLOWER]: Replica starting. Triggering 0 pending ops. Active config: opid_index: -1 OBSOLETE_local: false peers { permanent_uuid: "8faf2ebaa09c41cd8396212e17936d72" member_type: VOTER last_known_addr { host: "127.26.136.129" port: 41509 } } peers { permanent_uuid: "dd4d2f5067404252b9f773d3b8583ec3" member_type: VOTER last_known_addr { host: "127.26.136.130" port: 43413 } } peers { permanent_uuid: "6ee3375de6d44056ae7abdf92f37df65" member_type: VOTER last_known_addr { host: "127.26.136.131" port: 39603 } }
I20260710 13:25:29.612810 27981 raft_consensus.cc:385] T 48b798acced647feab458d408ced2095 P 6ee3375de6d44056ae7abdf92f37df65 [term 0 FOLLOWER]: Consensus starting up: Expiring failure detector timer to make a prompt election more likely
I20260710 13:25:29.613091 27981 raft_consensus.cc:740] T 48b798acced647feab458d408ced2095 P 6ee3375de6d44056ae7abdf92f37df65 [term 0 FOLLOWER]: Becoming Follower/Learner. State: Replica: 6ee3375de6d44056ae7abdf92f37df65, State: Initialized, Role: FOLLOWER
I20260710 13:25:29.613778 27981 consensus_queue.cc:260] T 48b798acced647feab458d408ced2095 P 6ee3375de6d44056ae7abdf92f37df65 [NON_LEADER]: Queue going to NON_LEADER mode. State: All replicated index: 0, Majority replicated index: 0, Committed index: 0, Last appended: 0.0, Last appended by leader: 0, Current term: 0, Majority size: -1, State: 0, Mode: NON_LEADER, active raft config: opid_index: -1 OBSOLETE_local: false peers { permanent_uuid: "8faf2ebaa09c41cd8396212e17936d72" member_type: VOTER last_known_addr { host: "127.26.136.129" port: 41509 } } peers { permanent_uuid: "dd4d2f5067404252b9f773d3b8583ec3" member_type: VOTER last_known_addr { host: "127.26.136.130" port: 43413 } } peers { permanent_uuid: "6ee3375de6d44056ae7abdf92f37df65" member_type: VOTER last_known_addr { host: "127.26.136.131" port: 39603 } }
I20260710 13:25:29.615720 27984 tablet_bootstrap.cc:492] T cd9ac6a1474f4d9a8babc62b59a69117 P 8faf2ebaa09c41cd8396212e17936d72: Bootstrap starting.
I20260710 13:25:29.616731 27980 tablet_bootstrap.cc:492] T cd9ac6a1474f4d9a8babc62b59a69117 P dd4d2f5067404252b9f773d3b8583ec3: No bootstrap required, opened a new log
I20260710 13:25:29.617133 27980 ts_tablet_manager.cc:1403] T cd9ac6a1474f4d9a8babc62b59a69117 P dd4d2f5067404252b9f773d3b8583ec3: Time spent bootstrapping tablet: real 0.111s	user 0.017s	sys 0.003s
I20260710 13:25:29.619987 27965 heartbeater.cc:499] Master 127.26.136.190:42369 was elected leader, sending a full tablet report...
I20260710 13:25:29.620455 27980 raft_consensus.cc:359] T cd9ac6a1474f4d9a8babc62b59a69117 P dd4d2f5067404252b9f773d3b8583ec3 [term 0 FOLLOWER]: Replica starting. Triggering 0 pending ops. Active config: opid_index: -1 OBSOLETE_local: false peers { permanent_uuid: "8faf2ebaa09c41cd8396212e17936d72" member_type: VOTER last_known_addr { host: "127.26.136.129" port: 41509 } } peers { permanent_uuid: "dd4d2f5067404252b9f773d3b8583ec3" member_type: VOTER last_known_addr { host: "127.26.136.130" port: 43413 } } peers { permanent_uuid: "6ee3375de6d44056ae7abdf92f37df65" member_type: VOTER last_known_addr { host: "127.26.136.131" port: 39603 } }
I20260710 13:25:29.621178 27980 raft_consensus.cc:385] T cd9ac6a1474f4d9a8babc62b59a69117 P dd4d2f5067404252b9f773d3b8583ec3 [term 0 FOLLOWER]: Consensus starting up: Expiring failure detector timer to make a prompt election more likely
I20260710 13:25:29.621518 27980 raft_consensus.cc:740] T cd9ac6a1474f4d9a8babc62b59a69117 P dd4d2f5067404252b9f773d3b8583ec3 [term 0 FOLLOWER]: Becoming Follower/Learner. State: Replica: dd4d2f5067404252b9f773d3b8583ec3, State: Initialized, Role: FOLLOWER
I20260710 13:25:29.622802 27981 ts_tablet_manager.cc:1434] T 48b798acced647feab458d408ced2095 P 6ee3375de6d44056ae7abdf92f37df65: Time spent starting tablet: real 0.013s	user 0.009s	sys 0.002s
I20260710 13:25:29.623744 27981 tablet_bootstrap.cc:492] T cd9ac6a1474f4d9a8babc62b59a69117 P 6ee3375de6d44056ae7abdf92f37df65: Bootstrap starting.
I20260710 13:25:29.622375 27980 consensus_queue.cc:260] T cd9ac6a1474f4d9a8babc62b59a69117 P dd4d2f5067404252b9f773d3b8583ec3 [NON_LEADER]: Queue going to NON_LEADER mode. State: All replicated index: 0, Majority replicated index: 0, Committed index: 0, Last appended: 0.0, Last appended by leader: 0, Current term: 0, Majority size: -1, State: 0, Mode: NON_LEADER, active raft config: opid_index: -1 OBSOLETE_local: false peers { permanent_uuid: "8faf2ebaa09c41cd8396212e17936d72" member_type: VOTER last_known_addr { host: "127.26.136.129" port: 41509 } } peers { permanent_uuid: "dd4d2f5067404252b9f773d3b8583ec3" member_type: VOTER last_known_addr { host: "127.26.136.130" port: 43413 } } peers { permanent_uuid: "6ee3375de6d44056ae7abdf92f37df65" member_type: VOTER last_known_addr { host: "127.26.136.131" port: 39603 } }
I20260710 13:25:29.630290 27981 tablet_bootstrap.cc:654] T cd9ac6a1474f4d9a8babc62b59a69117 P 6ee3375de6d44056ae7abdf92f37df65: Neither blocks nor log segments found. Creating new log.
I20260710 13:25:29.633492 27984 tablet_bootstrap.cc:654] T cd9ac6a1474f4d9a8babc62b59a69117 P 8faf2ebaa09c41cd8396212e17936d72: Neither blocks nor log segments found. Creating new log.
I20260710 13:25:29.639204 27980 ts_tablet_manager.cc:1434] T cd9ac6a1474f4d9a8babc62b59a69117 P dd4d2f5067404252b9f773d3b8583ec3: Time spent starting tablet: real 0.022s	user 0.012s	sys 0.008s
I20260710 13:25:29.639369 27891 heartbeater.cc:499] Master 127.26.136.190:42369 was elected leader, sending a full tablet report...
I20260710 13:25:29.640133 27980 tablet_bootstrap.cc:492] T f463482639b64156b6f01ecac7ea528c P dd4d2f5067404252b9f773d3b8583ec3: Bootstrap starting.
I20260710 13:25:29.642817 27981 tablet_bootstrap.cc:492] T cd9ac6a1474f4d9a8babc62b59a69117 P 6ee3375de6d44056ae7abdf92f37df65: No bootstrap required, opened a new log
I20260710 13:25:29.643298 27981 ts_tablet_manager.cc:1403] T cd9ac6a1474f4d9a8babc62b59a69117 P 6ee3375de6d44056ae7abdf92f37df65: Time spent bootstrapping tablet: real 0.020s	user 0.008s	sys 0.011s
I20260710 13:25:29.645833 27980 tablet_bootstrap.cc:654] T f463482639b64156b6f01ecac7ea528c P dd4d2f5067404252b9f773d3b8583ec3: Neither blocks nor log segments found. Creating new log.
I20260710 13:25:29.645908 27984 tablet_bootstrap.cc:492] T cd9ac6a1474f4d9a8babc62b59a69117 P 8faf2ebaa09c41cd8396212e17936d72: No bootstrap required, opened a new log
I20260710 13:25:29.645962 27981 raft_consensus.cc:359] T cd9ac6a1474f4d9a8babc62b59a69117 P 6ee3375de6d44056ae7abdf92f37df65 [term 0 FOLLOWER]: Replica starting. Triggering 0 pending ops. Active config: opid_index: -1 OBSOLETE_local: false peers { permanent_uuid: "8faf2ebaa09c41cd8396212e17936d72" member_type: VOTER last_known_addr { host: "127.26.136.129" port: 41509 } } peers { permanent_uuid: "dd4d2f5067404252b9f773d3b8583ec3" member_type: VOTER last_known_addr { host: "127.26.136.130" port: 43413 } } peers { permanent_uuid: "6ee3375de6d44056ae7abdf92f37df65" member_type: VOTER last_known_addr { host: "127.26.136.131" port: 39603 } }
I20260710 13:25:29.646618 27984 ts_tablet_manager.cc:1403] T cd9ac6a1474f4d9a8babc62b59a69117 P 8faf2ebaa09c41cd8396212e17936d72: Time spent bootstrapping tablet: real 0.031s	user 0.007s	sys 0.008s
I20260710 13:25:29.646797 27981 raft_consensus.cc:385] T cd9ac6a1474f4d9a8babc62b59a69117 P 6ee3375de6d44056ae7abdf92f37df65 [term 0 FOLLOWER]: Consensus starting up: Expiring failure detector timer to make a prompt election more likely
I20260710 13:25:29.647150 27981 raft_consensus.cc:740] T cd9ac6a1474f4d9a8babc62b59a69117 P 6ee3375de6d44056ae7abdf92f37df65 [term 0 FOLLOWER]: Becoming Follower/Learner. State: Replica: 6ee3375de6d44056ae7abdf92f37df65, State: Initialized, Role: FOLLOWER
I20260710 13:25:29.648118 27981 consensus_queue.cc:260] T cd9ac6a1474f4d9a8babc62b59a69117 P 6ee3375de6d44056ae7abdf92f37df65 [NON_LEADER]: Queue going to NON_LEADER mode. State: All replicated index: 0, Majority replicated index: 0, Committed index: 0, Last appended: 0.0, Last appended by leader: 0, Current term: 0, Majority size: -1, State: 0, Mode: NON_LEADER, active raft config: opid_index: -1 OBSOLETE_local: false peers { permanent_uuid: "8faf2ebaa09c41cd8396212e17936d72" member_type: VOTER last_known_addr { host: "127.26.136.129" port: 41509 } } peers { permanent_uuid: "dd4d2f5067404252b9f773d3b8583ec3" member_type: VOTER last_known_addr { host: "127.26.136.130" port: 43413 } } peers { permanent_uuid: "6ee3375de6d44056ae7abdf92f37df65" member_type: VOTER last_known_addr { host: "127.26.136.131" port: 39603 } }
I20260710 13:25:29.649621 27984 raft_consensus.cc:359] T cd9ac6a1474f4d9a8babc62b59a69117 P 8faf2ebaa09c41cd8396212e17936d72 [term 0 FOLLOWER]: Replica starting. Triggering 0 pending ops. Active config: opid_index: -1 OBSOLETE_local: false peers { permanent_uuid: "8faf2ebaa09c41cd8396212e17936d72" member_type: VOTER last_known_addr { host: "127.26.136.129" port: 41509 } } peers { permanent_uuid: "dd4d2f5067404252b9f773d3b8583ec3" member_type: VOTER last_known_addr { host: "127.26.136.130" port: 43413 } } peers { permanent_uuid: "6ee3375de6d44056ae7abdf92f37df65" member_type: VOTER last_known_addr { host: "127.26.136.131" port: 39603 } }
I20260710 13:25:29.650396 27984 raft_consensus.cc:385] T cd9ac6a1474f4d9a8babc62b59a69117 P 8faf2ebaa09c41cd8396212e17936d72 [term 0 FOLLOWER]: Consensus starting up: Expiring failure detector timer to make a prompt election more likely
I20260710 13:25:29.650729 27984 raft_consensus.cc:740] T cd9ac6a1474f4d9a8babc62b59a69117 P 8faf2ebaa09c41cd8396212e17936d72 [term 0 FOLLOWER]: Becoming Follower/Learner. State: Replica: 8faf2ebaa09c41cd8396212e17936d72, State: Initialized, Role: FOLLOWER
I20260710 13:25:29.651515 27984 consensus_queue.cc:260] T cd9ac6a1474f4d9a8babc62b59a69117 P 8faf2ebaa09c41cd8396212e17936d72 [NON_LEADER]: Queue going to NON_LEADER mode. State: All replicated index: 0, Majority replicated index: 0, Committed index: 0, Last appended: 0.0, Last appended by leader: 0, Current term: 0, Majority size: -1, State: 0, Mode: NON_LEADER, active raft config: opid_index: -1 OBSOLETE_local: false peers { permanent_uuid: "8faf2ebaa09c41cd8396212e17936d72" member_type: VOTER last_known_addr { host: "127.26.136.129" port: 41509 } } peers { permanent_uuid: "dd4d2f5067404252b9f773d3b8583ec3" member_type: VOTER last_known_addr { host: "127.26.136.130" port: 43413 } } peers { permanent_uuid: "6ee3375de6d44056ae7abdf92f37df65" member_type: VOTER last_known_addr { host: "127.26.136.131" port: 39603 } }
I20260710 13:25:29.652217 27981 ts_tablet_manager.cc:1434] T cd9ac6a1474f4d9a8babc62b59a69117 P 6ee3375de6d44056ae7abdf92f37df65: Time spent starting tablet: real 0.009s	user 0.005s	sys 0.000s
I20260710 13:25:29.653142 27981 tablet_bootstrap.cc:492] T ff8e38781f0c4d44be1bf8efdb7611c7 P 6ee3375de6d44056ae7abdf92f37df65: Bootstrap starting.
I20260710 13:25:29.659348 27981 tablet_bootstrap.cc:654] T ff8e38781f0c4d44be1bf8efdb7611c7 P 6ee3375de6d44056ae7abdf92f37df65: Neither blocks nor log segments found. Creating new log.
I20260710 13:25:29.661446 27984 ts_tablet_manager.cc:1434] T cd9ac6a1474f4d9a8babc62b59a69117 P 8faf2ebaa09c41cd8396212e17936d72: Time spent starting tablet: real 0.014s	user 0.012s	sys 0.000s
I20260710 13:25:29.662370 27816 heartbeater.cc:499] Master 127.26.136.190:42369 was elected leader, sending a full tablet report...
I20260710 13:25:29.671777 27984 tablet_bootstrap.cc:492] T 2fdeb9ba8d4249dbb6ae1bf564a666bd P 8faf2ebaa09c41cd8396212e17936d72: Bootstrap starting.
I20260710 13:25:29.673156 27980 tablet_bootstrap.cc:492] T f463482639b64156b6f01ecac7ea528c P dd4d2f5067404252b9f773d3b8583ec3: No bootstrap required, opened a new log
I20260710 13:25:29.673604 27980 ts_tablet_manager.cc:1403] T f463482639b64156b6f01ecac7ea528c P dd4d2f5067404252b9f773d3b8583ec3: Time spent bootstrapping tablet: real 0.034s	user 0.023s	sys 0.008s
I20260710 13:25:29.677138 27980 raft_consensus.cc:359] T f463482639b64156b6f01ecac7ea528c P dd4d2f5067404252b9f773d3b8583ec3 [term 0 FOLLOWER]: Replica starting. Triggering 0 pending ops. Active config: opid_index: -1 OBSOLETE_local: false peers { permanent_uuid: "6ee3375de6d44056ae7abdf92f37df65" member_type: VOTER last_known_addr { host: "127.26.136.131" port: 39603 } } peers { permanent_uuid: "dd4d2f5067404252b9f773d3b8583ec3" member_type: VOTER last_known_addr { host: "127.26.136.130" port: 43413 } } peers { permanent_uuid: "8faf2ebaa09c41cd8396212e17936d72" member_type: VOTER last_known_addr { host: "127.26.136.129" port: 41509 } }
I20260710 13:25:29.677788 27980 raft_consensus.cc:385] T f463482639b64156b6f01ecac7ea528c P dd4d2f5067404252b9f773d3b8583ec3 [term 0 FOLLOWER]: Consensus starting up: Expiring failure detector timer to make a prompt election more likely
I20260710 13:25:29.678072 27980 raft_consensus.cc:740] T f463482639b64156b6f01ecac7ea528c P dd4d2f5067404252b9f773d3b8583ec3 [term 0 FOLLOWER]: Becoming Follower/Learner. State: Replica: dd4d2f5067404252b9f773d3b8583ec3, State: Initialized, Role: FOLLOWER
I20260710 13:25:29.678256 27984 tablet_bootstrap.cc:654] T 2fdeb9ba8d4249dbb6ae1bf564a666bd P 8faf2ebaa09c41cd8396212e17936d72: Neither blocks nor log segments found. Creating new log.
I20260710 13:25:29.678787 27980 consensus_queue.cc:260] T f463482639b64156b6f01ecac7ea528c P dd4d2f5067404252b9f773d3b8583ec3 [NON_LEADER]: Queue going to NON_LEADER mode. State: All replicated index: 0, Majority replicated index: 0, Committed index: 0, Last appended: 0.0, Last appended by leader: 0, Current term: 0, Majority size: -1, State: 0, Mode: NON_LEADER, active raft config: opid_index: -1 OBSOLETE_local: false peers { permanent_uuid: "6ee3375de6d44056ae7abdf92f37df65" member_type: VOTER last_known_addr { host: "127.26.136.131" port: 39603 } } peers { permanent_uuid: "dd4d2f5067404252b9f773d3b8583ec3" member_type: VOTER last_known_addr { host: "127.26.136.130" port: 43413 } } peers { permanent_uuid: "8faf2ebaa09c41cd8396212e17936d72" member_type: VOTER last_known_addr { host: "127.26.136.129" port: 41509 } }
I20260710 13:25:29.680914 27980 ts_tablet_manager.cc:1434] T f463482639b64156b6f01ecac7ea528c P dd4d2f5067404252b9f773d3b8583ec3: Time spent starting tablet: real 0.007s	user 0.006s	sys 0.000s
I20260710 13:25:29.681717 27980 tablet_bootstrap.cc:492] T 2fdeb9ba8d4249dbb6ae1bf564a666bd P dd4d2f5067404252b9f773d3b8583ec3: Bootstrap starting.
I20260710 13:25:29.682139 27981 tablet_bootstrap.cc:492] T ff8e38781f0c4d44be1bf8efdb7611c7 P 6ee3375de6d44056ae7abdf92f37df65: No bootstrap required, opened a new log
I20260710 13:25:29.682590 27981 ts_tablet_manager.cc:1403] T ff8e38781f0c4d44be1bf8efdb7611c7 P 6ee3375de6d44056ae7abdf92f37df65: Time spent bootstrapping tablet: real 0.030s	user 0.016s	sys 0.010s
I20260710 13:25:29.683557 27986 raft_consensus.cc:493] T f463482639b64156b6f01ecac7ea528c P dd4d2f5067404252b9f773d3b8583ec3 [term 0 FOLLOWER]: Starting pre-election (no leader contacted us within the election timeout)
I20260710 13:25:29.683984 27986 raft_consensus.cc:515] T f463482639b64156b6f01ecac7ea528c P dd4d2f5067404252b9f773d3b8583ec3 [term 0 FOLLOWER]: Starting pre-election with config: opid_index: -1 OBSOLETE_local: false peers { permanent_uuid: "6ee3375de6d44056ae7abdf92f37df65" member_type: VOTER last_known_addr { host: "127.26.136.131" port: 39603 } } peers { permanent_uuid: "dd4d2f5067404252b9f773d3b8583ec3" member_type: VOTER last_known_addr { host: "127.26.136.130" port: 43413 } } peers { permanent_uuid: "8faf2ebaa09c41cd8396212e17936d72" member_type: VOTER last_known_addr { host: "127.26.136.129" port: 41509 } }
I20260710 13:25:29.685425 27981 raft_consensus.cc:359] T ff8e38781f0c4d44be1bf8efdb7611c7 P 6ee3375de6d44056ae7abdf92f37df65 [term 0 FOLLOWER]: Replica starting. Triggering 0 pending ops. Active config: opid_index: -1 OBSOLETE_local: false peers { permanent_uuid: "8faf2ebaa09c41cd8396212e17936d72" member_type: VOTER last_known_addr { host: "127.26.136.129" port: 41509 } } peers { permanent_uuid: "dd4d2f5067404252b9f773d3b8583ec3" member_type: VOTER last_known_addr { host: "127.26.136.130" port: 43413 } } peers { permanent_uuid: "6ee3375de6d44056ae7abdf92f37df65" member_type: VOTER last_known_addr { host: "127.26.136.131" port: 39603 } }
I20260710 13:25:29.686126 27981 raft_consensus.cc:385] T ff8e38781f0c4d44be1bf8efdb7611c7 P 6ee3375de6d44056ae7abdf92f37df65 [term 0 FOLLOWER]: Consensus starting up: Expiring failure detector timer to make a prompt election more likely
I20260710 13:25:29.686398 27981 raft_consensus.cc:740] T ff8e38781f0c4d44be1bf8efdb7611c7 P 6ee3375de6d44056ae7abdf92f37df65 [term 0 FOLLOWER]: Becoming Follower/Learner. State: Replica: 6ee3375de6d44056ae7abdf92f37df65, State: Initialized, Role: FOLLOWER
I20260710 13:25:29.687469 27980 tablet_bootstrap.cc:654] T 2fdeb9ba8d4249dbb6ae1bf564a666bd P dd4d2f5067404252b9f773d3b8583ec3: Neither blocks nor log segments found. Creating new log.
I20260710 13:25:29.687325 27981 consensus_queue.cc:260] T ff8e38781f0c4d44be1bf8efdb7611c7 P 6ee3375de6d44056ae7abdf92f37df65 [NON_LEADER]: Queue going to NON_LEADER mode. State: All replicated index: 0, Majority replicated index: 0, Committed index: 0, Last appended: 0.0, Last appended by leader: 0, Current term: 0, Majority size: -1, State: 0, Mode: NON_LEADER, active raft config: opid_index: -1 OBSOLETE_local: false peers { permanent_uuid: "8faf2ebaa09c41cd8396212e17936d72" member_type: VOTER last_known_addr { host: "127.26.136.129" port: 41509 } } peers { permanent_uuid: "dd4d2f5067404252b9f773d3b8583ec3" member_type: VOTER last_known_addr { host: "127.26.136.130" port: 43413 } } peers { permanent_uuid: "6ee3375de6d44056ae7abdf92f37df65" member_type: VOTER last_known_addr { host: "127.26.136.131" port: 39603 } }
I20260710 13:25:29.693109 27981 ts_tablet_manager.cc:1434] T ff8e38781f0c4d44be1bf8efdb7611c7 P 6ee3375de6d44056ae7abdf92f37df65: Time spent starting tablet: real 0.010s	user 0.004s	sys 0.004s
I20260710 13:25:29.694042 27981 tablet_bootstrap.cc:492] T 2fdeb9ba8d4249dbb6ae1bf564a666bd P 6ee3375de6d44056ae7abdf92f37df65: Bootstrap starting.
I20260710 13:25:29.699048 27986 leader_election.cc:290] T f463482639b64156b6f01ecac7ea528c P dd4d2f5067404252b9f773d3b8583ec3 [CANDIDATE]: Term 1 pre-election: Requested pre-vote from peers 6ee3375de6d44056ae7abdf92f37df65 (127.26.136.131:39603), 8faf2ebaa09c41cd8396212e17936d72 (127.26.136.129:41509)
I20260710 13:25:29.700172 27981 tablet_bootstrap.cc:654] T 2fdeb9ba8d4249dbb6ae1bf564a666bd P 6ee3375de6d44056ae7abdf92f37df65: Neither blocks nor log segments found. Creating new log.
I20260710 13:25:29.703179 27791 tablet_service.cc:1917] Received RequestConsensusVote() RPC: tablet_id: "f463482639b64156b6f01ecac7ea528c" candidate_uuid: "dd4d2f5067404252b9f773d3b8583ec3" candidate_term: 1 candidate_status { last_received { term: 0 index: 0 } } ignore_live_leader: false dest_uuid: "8faf2ebaa09c41cd8396212e17936d72" is_pre_election: true
I20260710 13:25:29.704777 27984 tablet_bootstrap.cc:492] T 2fdeb9ba8d4249dbb6ae1bf564a666bd P 8faf2ebaa09c41cd8396212e17936d72: No bootstrap required, opened a new log
W20260710 13:25:29.704937 27832 leader_election.cc:343] T f463482639b64156b6f01ecac7ea528c P dd4d2f5067404252b9f773d3b8583ec3 [CANDIDATE]: Term 1 pre-election: Tablet error from VoteRequest() call to peer 8faf2ebaa09c41cd8396212e17936d72 (127.26.136.129:41509): Illegal state: must be running to vote when last-logged opid is not known
I20260710 13:25:29.705243 27984 ts_tablet_manager.cc:1403] T 2fdeb9ba8d4249dbb6ae1bf564a666bd P 8faf2ebaa09c41cd8396212e17936d72: Time spent bootstrapping tablet: real 0.034s	user 0.022s	sys 0.009s
I20260710 13:25:29.708195 27984 raft_consensus.cc:359] T 2fdeb9ba8d4249dbb6ae1bf564a666bd P 8faf2ebaa09c41cd8396212e17936d72 [term 0 FOLLOWER]: Replica starting. Triggering 0 pending ops. Active config: opid_index: -1 OBSOLETE_local: false peers { permanent_uuid: "8faf2ebaa09c41cd8396212e17936d72" member_type: VOTER last_known_addr { host: "127.26.136.129" port: 41509 } } peers { permanent_uuid: "dd4d2f5067404252b9f773d3b8583ec3" member_type: VOTER last_known_addr { host: "127.26.136.130" port: 43413 } } peers { permanent_uuid: "6ee3375de6d44056ae7abdf92f37df65" member_type: VOTER last_known_addr { host: "127.26.136.131" port: 39603 } }
I20260710 13:25:29.708868 27984 raft_consensus.cc:385] T 2fdeb9ba8d4249dbb6ae1bf564a666bd P 8faf2ebaa09c41cd8396212e17936d72 [term 0 FOLLOWER]: Consensus starting up: Expiring failure detector timer to make a prompt election more likely
I20260710 13:25:29.709151 27984 raft_consensus.cc:740] T 2fdeb9ba8d4249dbb6ae1bf564a666bd P 8faf2ebaa09c41cd8396212e17936d72 [term 0 FOLLOWER]: Becoming Follower/Learner. State: Replica: 8faf2ebaa09c41cd8396212e17936d72, State: Initialized, Role: FOLLOWER
I20260710 13:25:29.710003 27984 consensus_queue.cc:260] T 2fdeb9ba8d4249dbb6ae1bf564a666bd P 8faf2ebaa09c41cd8396212e17936d72 [NON_LEADER]: Queue going to NON_LEADER mode. State: All replicated index: 0, Majority replicated index: 0, Committed index: 0, Last appended: 0.0, Last appended by leader: 0, Current term: 0, Majority size: -1, State: 0, Mode: NON_LEADER, active raft config: opid_index: -1 OBSOLETE_local: false peers { permanent_uuid: "8faf2ebaa09c41cd8396212e17936d72" member_type: VOTER last_known_addr { host: "127.26.136.129" port: 41509 } } peers { permanent_uuid: "dd4d2f5067404252b9f773d3b8583ec3" member_type: VOTER last_known_addr { host: "127.26.136.130" port: 43413 } } peers { permanent_uuid: "6ee3375de6d44056ae7abdf92f37df65" member_type: VOTER last_known_addr { host: "127.26.136.131" port: 39603 } }
I20260710 13:25:29.712275 27984 ts_tablet_manager.cc:1434] T 2fdeb9ba8d4249dbb6ae1bf564a666bd P 8faf2ebaa09c41cd8396212e17936d72: Time spent starting tablet: real 0.007s	user 0.007s	sys 0.001s
I20260710 13:25:29.713163 27984 tablet_bootstrap.cc:492] T f463482639b64156b6f01ecac7ea528c P 8faf2ebaa09c41cd8396212e17936d72: Bootstrap starting.
I20260710 13:25:29.719439 27984 tablet_bootstrap.cc:654] T f463482639b64156b6f01ecac7ea528c P 8faf2ebaa09c41cd8396212e17936d72: Neither blocks nor log segments found. Creating new log.
I20260710 13:25:29.755225 27940 tablet_service.cc:1917] Received RequestConsensusVote() RPC: tablet_id: "f463482639b64156b6f01ecac7ea528c" candidate_uuid: "dd4d2f5067404252b9f773d3b8583ec3" candidate_term: 1 candidate_status { last_received { term: 0 index: 0 } } ignore_live_leader: false dest_uuid: "6ee3375de6d44056ae7abdf92f37df65" is_pre_election: true
W20260710 13:25:29.756682 27829 leader_election.cc:343] T f463482639b64156b6f01ecac7ea528c P dd4d2f5067404252b9f773d3b8583ec3 [CANDIDATE]: Term 1 pre-election: Tablet error from VoteRequest() call to peer 6ee3375de6d44056ae7abdf92f37df65 (127.26.136.131:39603): Illegal state: must be running to vote when last-logged opid is not known
I20260710 13:25:29.757120 27829 leader_election.cc:304] T f463482639b64156b6f01ecac7ea528c P dd4d2f5067404252b9f773d3b8583ec3 [CANDIDATE]: Term 1 pre-election: Election decided. Result: candidate lost. Election summary: received 3 responses out of 3 voters: 1 yes votes; 2 no votes. yes voters: dd4d2f5067404252b9f773d3b8583ec3; no voters: 6ee3375de6d44056ae7abdf92f37df65, 8faf2ebaa09c41cd8396212e17936d72
I20260710 13:25:29.757647 27980 tablet_bootstrap.cc:492] T 2fdeb9ba8d4249dbb6ae1bf564a666bd P dd4d2f5067404252b9f773d3b8583ec3: No bootstrap required, opened a new log
I20260710 13:25:29.758116 27986 raft_consensus.cc:2749] T f463482639b64156b6f01ecac7ea528c P dd4d2f5067404252b9f773d3b8583ec3 [term 0 FOLLOWER]: Leader pre-election lost for term 1. Reason: could not achieve majority
I20260710 13:25:29.758124 27980 ts_tablet_manager.cc:1403] T 2fdeb9ba8d4249dbb6ae1bf564a666bd P dd4d2f5067404252b9f773d3b8583ec3: Time spent bootstrapping tablet: real 0.077s	user 0.033s	sys 0.042s
I20260710 13:25:29.760313 27984 tablet_bootstrap.cc:492] T f463482639b64156b6f01ecac7ea528c P 8faf2ebaa09c41cd8396212e17936d72: No bootstrap required, opened a new log
I20260710 13:25:29.760764 27984 ts_tablet_manager.cc:1403] T f463482639b64156b6f01ecac7ea528c P 8faf2ebaa09c41cd8396212e17936d72: Time spent bootstrapping tablet: real 0.048s	user 0.032s	sys 0.013s
I20260710 13:25:29.761251 27981 tablet_bootstrap.cc:492] T 2fdeb9ba8d4249dbb6ae1bf564a666bd P 6ee3375de6d44056ae7abdf92f37df65: No bootstrap required, opened a new log
I20260710 13:25:29.761267 27980 raft_consensus.cc:359] T 2fdeb9ba8d4249dbb6ae1bf564a666bd P dd4d2f5067404252b9f773d3b8583ec3 [term 0 FOLLOWER]: Replica starting. Triggering 0 pending ops. Active config: opid_index: -1 OBSOLETE_local: false peers { permanent_uuid: "8faf2ebaa09c41cd8396212e17936d72" member_type: VOTER last_known_addr { host: "127.26.136.129" port: 41509 } } peers { permanent_uuid: "dd4d2f5067404252b9f773d3b8583ec3" member_type: VOTER last_known_addr { host: "127.26.136.130" port: 43413 } } peers { permanent_uuid: "6ee3375de6d44056ae7abdf92f37df65" member_type: VOTER last_known_addr { host: "127.26.136.131" port: 39603 } }
I20260710 13:25:29.761832 27981 ts_tablet_manager.cc:1403] T 2fdeb9ba8d4249dbb6ae1bf564a666bd P 6ee3375de6d44056ae7abdf92f37df65: Time spent bootstrapping tablet: real 0.068s	user 0.031s	sys 0.031s
