I20260710 13:25:47.575479 28439 tablet_copy_service.cc:140] P 779f2c2eb03a4becb172a4745dd199ee: Received BeginTabletCopySession request for tablet e8409c54838b457cb83d429b04556a51 from peer e3305eca20b24e18b3417bb0b6d3f652 ({username='slave'} at 127.0.0.1:58908)
I20260710 13:25:47.576040 28439 tablet_copy_service.cc:161] P 779f2c2eb03a4becb172a4745dd199ee: Beginning new tablet copy session on tablet e8409c54838b457cb83d429b04556a51 from peer e3305eca20b24e18b3417bb0b6d3f652 at {username='slave'} at 127.0.0.1:58908: session id = e3305eca20b24e18b3417bb0b6d3f652-e8409c54838b457cb83d429b04556a51
I20260710 13:25:47.584168 28439 tablet_copy_source_session.cc:215] T e8409c54838b457cb83d429b04556a51 P 779f2c2eb03a4becb172a4745dd199ee: Tablet Copy: opened 0 blocks and 1 log segments
I20260710 13:25:47.587491 28974 data_dirs.cc:400] Could only allocate 1 dirs of requested 3 for tablet e8409c54838b457cb83d429b04556a51. 1 dirs total, 0 dirs full, 0 dirs failed
I20260710 13:25:47.605384 28972 tablet_bootstrap.cc:492] T 19e1baf7df8544978c59013228a79edb P e3305eca20b24e18b3417bb0b6d3f652: Bootstrap replayed 1/1 log segments. Stats: ops{read=2 overwritten=0 applied=2 ignored=0} inserts{seen=0 ignored=0} mutations{seen=0 ignored=0} orphaned_commits=0. Pending: 0 replicates
I20260710 13:25:47.608839 28974 tablet_copy_client.cc:806] T e8409c54838b457cb83d429b04556a51 P e3305eca20b24e18b3417bb0b6d3f652: tablet copy: Starting download of 0 data blocks...
I20260710 13:25:47.609411 28974 tablet_copy_client.cc:670] T e8409c54838b457cb83d429b04556a51 P e3305eca20b24e18b3417bb0b6d3f652: tablet copy: Starting download of 1 WAL segments...
I20260710 13:25:47.610451 28972 tablet_bootstrap.cc:492] T 19e1baf7df8544978c59013228a79edb P e3305eca20b24e18b3417bb0b6d3f652: Bootstrap complete.
I20260710 13:25:47.611230 28972 ts_tablet_manager.cc:1403] T 19e1baf7df8544978c59013228a79edb P e3305eca20b24e18b3417bb0b6d3f652: Time spent bootstrapping tablet: real 0.038s	user 0.015s	sys 0.015s
I20260710 13:25:47.613669 28974 tablet_copy_client.cc:538] T e8409c54838b457cb83d429b04556a51 P e3305eca20b24e18b3417bb0b6d3f652: tablet copy: Tablet Copy complete. Replacing tablet superblock.
I20260710 13:25:47.614454 28972 raft_consensus.cc:359] T 19e1baf7df8544978c59013228a79edb P e3305eca20b24e18b3417bb0b6d3f652 [term 1 LEARNER]: Replica starting. Triggering 0 pending ops. Active config: opid_index: 2 OBSOLETE_local: false peers { permanent_uuid: "779f2c2eb03a4becb172a4745dd199ee" member_type: VOTER last_known_addr { host: "127.26.175.1" port: 40649 } } peers { permanent_uuid: "abfd0764ed1244c48f7371bf91d430b0" member_type: VOTER last_known_addr { host: "127.26.175.2" port: 44327 } } peers { permanent_uuid: "e414abc1db024b99a0bcebf584f6833d" member_type: VOTER last_known_addr { host: "127.26.175.3" port: 42495 } attrs { replace: true } } peers { permanent_uuid: "e3305eca20b24e18b3417bb0b6d3f652" member_type: NON_VOTER last_known_addr { host: "127.26.175.4" port: 42439 } attrs { promote: true } }
I20260710 13:25:47.615312 28972 raft_consensus.cc:740] T 19e1baf7df8544978c59013228a79edb P e3305eca20b24e18b3417bb0b6d3f652 [term 1 LEARNER]: Becoming Follower/Learner. State: Replica: e3305eca20b24e18b3417bb0b6d3f652, State: Initialized, Role: LEARNER
I20260710 13:25:47.616236 28969 tablet_bootstrap.cc:492] T 7e14c6701af54d6d9c55191c5dee327a P e3305eca20b24e18b3417bb0b6d3f652: Bootstrap replayed 1/1 log segments. Stats: ops{read=2 overwritten=0 applied=2 ignored=0} inserts{seen=0 ignored=0} mutations{seen=0 ignored=0} orphaned_commits=0. Pending: 0 replicates
I20260710 13:25:47.615980 28972 consensus_queue.cc:260] T 19e1baf7df8544978c59013228a79edb P e3305eca20b24e18b3417bb0b6d3f652 [NON_LEADER]: Queue going to NON_LEADER mode. State: All replicated index: 0, Majority replicated index: 0, Committed index: 2, Last appended: 1.2, Last appended by leader: 2, Current term: 0, Majority size: -1, State: 0, Mode: NON_LEADER, active raft config: opid_index: 2 OBSOLETE_local: false peers { permanent_uuid: "779f2c2eb03a4becb172a4745dd199ee" member_type: VOTER last_known_addr { host: "127.26.175.1" port: 40649 } } peers { permanent_uuid: "abfd0764ed1244c48f7371bf91d430b0" member_type: VOTER last_known_addr { host: "127.26.175.2" port: 44327 } } peers { permanent_uuid: "e414abc1db024b99a0bcebf584f6833d" member_type: VOTER last_known_addr { host: "127.26.175.3" port: 42495 } attrs { replace: true } } peers { permanent_uuid: "e3305eca20b24e18b3417bb0b6d3f652" member_type: NON_VOTER last_known_addr { host: "127.26.175.4" port: 42439 } attrs { promote: true } }
I20260710 13:25:47.617159 28969 tablet_bootstrap.cc:492] T 7e14c6701af54d6d9c55191c5dee327a P e3305eca20b24e18b3417bb0b6d3f652: Bootstrap complete.
I20260710 13:25:47.617847 28969 ts_tablet_manager.cc:1403] T 7e14c6701af54d6d9c55191c5dee327a P e3305eca20b24e18b3417bb0b6d3f652: Time spent bootstrapping tablet: real 0.048s	user 0.015s	sys 0.023s
I20260710 13:25:47.620855 28969 raft_consensus.cc:359] T 7e14c6701af54d6d9c55191c5dee327a P e3305eca20b24e18b3417bb0b6d3f652 [term 1 LEARNER]: Replica starting. Triggering 0 pending ops. Active config: opid_index: 2 OBSOLETE_local: false peers { permanent_uuid: "779f2c2eb03a4becb172a4745dd199ee" member_type: VOTER last_known_addr { host: "127.26.175.1" port: 40649 } attrs { replace: true } } peers { permanent_uuid: "abfd0764ed1244c48f7371bf91d430b0" member_type: VOTER last_known_addr { host: "127.26.175.2" port: 44327 } } peers { permanent_uuid: "e414abc1db024b99a0bcebf584f6833d" member_type: VOTER last_known_addr { host: "127.26.175.3" port: 42495 } } peers { permanent_uuid: "e3305eca20b24e18b3417bb0b6d3f652" member_type: NON_VOTER last_known_addr { host: "127.26.175.4" port: 42439 } attrs { promote: true } }
I20260710 13:25:47.621649 28969 raft_consensus.cc:740] T 7e14c6701af54d6d9c55191c5dee327a P e3305eca20b24e18b3417bb0b6d3f652 [term 1 LEARNER]: Becoming Follower/Learner. State: Replica: e3305eca20b24e18b3417bb0b6d3f652, State: Initialized, Role: LEARNER
I20260710 13:25:47.622263 28969 consensus_queue.cc:260] T 7e14c6701af54d6d9c55191c5dee327a P e3305eca20b24e18b3417bb0b6d3f652 [NON_LEADER]: Queue going to NON_LEADER mode. State: All replicated index: 0, Majority replicated index: 0, Committed index: 2, Last appended: 1.2, Last appended by leader: 2, Current term: 0, Majority size: -1, State: 0, Mode: NON_LEADER, active raft config: opid_index: 2 OBSOLETE_local: false peers { permanent_uuid: "779f2c2eb03a4becb172a4745dd199ee" member_type: VOTER last_known_addr { host: "127.26.175.1" port: 40649 } attrs { replace: true } } peers { permanent_uuid: "abfd0764ed1244c48f7371bf91d430b0" member_type: VOTER last_known_addr { host: "127.26.175.2" port: 44327 } } peers { permanent_uuid: "e414abc1db024b99a0bcebf584f6833d" member_type: VOTER last_known_addr { host: "127.26.175.3" port: 42495 } } peers { permanent_uuid: "e3305eca20b24e18b3417bb0b6d3f652" member_type: NON_VOTER last_known_addr { host: "127.26.175.4" port: 42439 } attrs { promote: true } }
I20260710 13:25:47.626590 28972 ts_tablet_manager.cc:1434] T 19e1baf7df8544978c59013228a79edb P e3305eca20b24e18b3417bb0b6d3f652: Time spent starting tablet: real 0.015s	user 0.010s	sys 0.004s
I20260710 13:25:47.628437 28513 tablet_copy_service.cc:342] P abfd0764ed1244c48f7371bf91d430b0: Request end of tablet copy session e3305eca20b24e18b3417bb0b6d3f652-19e1baf7df8544978c59013228a79edb received from {username='slave'} at 127.0.0.1:54454
I20260710 13:25:47.628933 28513 tablet_copy_service.cc:434] P abfd0764ed1244c48f7371bf91d430b0: ending tablet copy session e3305eca20b24e18b3417bb0b6d3f652-19e1baf7df8544978c59013228a79edb on tablet 19e1baf7df8544978c59013228a79edb with peer e3305eca20b24e18b3417bb0b6d3f652
I20260710 13:25:47.633334 28969 ts_tablet_manager.cc:1434] T 7e14c6701af54d6d9c55191c5dee327a P e3305eca20b24e18b3417bb0b6d3f652: Time spent starting tablet: real 0.015s	user 0.010s	sys 0.003s
I20260710 13:25:47.637513 28513 tablet_copy_service.cc:342] P abfd0764ed1244c48f7371bf91d430b0: Request end of tablet copy session e3305eca20b24e18b3417bb0b6d3f652-7e14c6701af54d6d9c55191c5dee327a received from {username='slave'} at 127.0.0.1:54454
I20260710 13:25:47.637969 28513 tablet_copy_service.cc:434] P abfd0764ed1244c48f7371bf91d430b0: ending tablet copy session e3305eca20b24e18b3417bb0b6d3f652-7e14c6701af54d6d9c55191c5dee327a on tablet 7e14c6701af54d6d9c55191c5dee327a with peer e3305eca20b24e18b3417bb0b6d3f652
I20260710 13:25:47.638959 28974 tablet_bootstrap.cc:492] T e8409c54838b457cb83d429b04556a51 P e3305eca20b24e18b3417bb0b6d3f652: Bootstrap starting.
I20260710 13:25:47.657867 28974 tablet_bootstrap.cc:492] T e8409c54838b457cb83d429b04556a51 P e3305eca20b24e18b3417bb0b6d3f652: Bootstrap replayed 1/1 log segments. Stats: ops{read=2 overwritten=0 applied=2 ignored=0} inserts{seen=0 ignored=0} mutations{seen=0 ignored=0} orphaned_commits=0. Pending: 0 replicates
I20260710 13:25:47.658769 28974 tablet_bootstrap.cc:492] T e8409c54838b457cb83d429b04556a51 P e3305eca20b24e18b3417bb0b6d3f652: Bootstrap complete.
I20260710 13:25:47.659431 28974 ts_tablet_manager.cc:1403] T e8409c54838b457cb83d429b04556a51 P e3305eca20b24e18b3417bb0b6d3f652: Time spent bootstrapping tablet: real 0.021s	user 0.015s	sys 0.004s
I20260710 13:25:47.662289 28974 raft_consensus.cc:359] T e8409c54838b457cb83d429b04556a51 P e3305eca20b24e18b3417bb0b6d3f652 [term 1 LEARNER]: Replica starting. Triggering 0 pending ops. Active config: opid_index: 2 OBSOLETE_local: false peers { permanent_uuid: "779f2c2eb03a4becb172a4745dd199ee" member_type: VOTER last_known_addr { host: "127.26.175.1" port: 40649 } } peers { permanent_uuid: "abfd0764ed1244c48f7371bf91d430b0" member_type: VOTER last_known_addr { host: "127.26.175.2" port: 44327 } attrs { replace: true } } peers { permanent_uuid: "e414abc1db024b99a0bcebf584f6833d" member_type: VOTER last_known_addr { host: "127.26.175.3" port: 42495 } } peers { permanent_uuid: "e3305eca20b24e18b3417bb0b6d3f652" member_type: NON_VOTER last_known_addr { host: "127.26.175.4" port: 42439 } attrs { promote: true } }
I20260710 13:25:47.663123 28974 raft_consensus.cc:740] T e8409c54838b457cb83d429b04556a51 P e3305eca20b24e18b3417bb0b6d3f652 [term 1 LEARNER]: Becoming Follower/Learner. State: Replica: e3305eca20b24e18b3417bb0b6d3f652, State: Initialized, Role: LEARNER
I20260710 13:25:47.663643 28974 consensus_queue.cc:260] T e8409c54838b457cb83d429b04556a51 P e3305eca20b24e18b3417bb0b6d3f652 [NON_LEADER]: Queue going to NON_LEADER mode. State: All replicated index: 0, Majority replicated index: 0, Committed index: 2, Last appended: 1.2, Last appended by leader: 2, Current term: 0, Majority size: -1, State: 0, Mode: NON_LEADER, active raft config: opid_index: 2 OBSOLETE_local: false peers { permanent_uuid: "779f2c2eb03a4becb172a4745dd199ee" member_type: VOTER last_known_addr { host: "127.26.175.1" port: 40649 } } peers { permanent_uuid: "abfd0764ed1244c48f7371bf91d430b0" member_type: VOTER last_known_addr { host: "127.26.175.2" port: 44327 } attrs { replace: true } } peers { permanent_uuid: "e414abc1db024b99a0bcebf584f6833d" member_type: VOTER last_known_addr { host: "127.26.175.3" port: 42495 } } peers { permanent_uuid: "e3305eca20b24e18b3417bb0b6d3f652" member_type: NON_VOTER last_known_addr { host: "127.26.175.4" port: 42439 } attrs { promote: true } }
I20260710 13:25:47.665917 28974 ts_tablet_manager.cc:1434] T e8409c54838b457cb83d429b04556a51 P e3305eca20b24e18b3417bb0b6d3f652: Time spent starting tablet: real 0.006s	user 0.007s	sys 0.000s
I20260710 13:25:47.667645 28439 tablet_copy_service.cc:342] P 779f2c2eb03a4becb172a4745dd199ee: Request end of tablet copy session e3305eca20b24e18b3417bb0b6d3f652-e8409c54838b457cb83d429b04556a51 received from {username='slave'} at 127.0.0.1:58908
I20260710 13:25:47.668017 28439 tablet_copy_service.cc:434] P 779f2c2eb03a4becb172a4745dd199ee: ending tablet copy session e3305eca20b24e18b3417bb0b6d3f652-e8409c54838b457cb83d429b04556a51 on tablet e8409c54838b457cb83d429b04556a51 with peer e3305eca20b24e18b3417bb0b6d3f652
I20260710 13:25:47.754637 28974 ts_tablet_manager.cc:933] T 6ff4576c62b54d188051144c2843cb10 P e3305eca20b24e18b3417bb0b6d3f652: Initiating tablet copy from peer 779f2c2eb03a4becb172a4745dd199ee (127.26.175.1:40649)
I20260710 13:25:47.756181 28974 tablet_copy_client.cc:323] T 6ff4576c62b54d188051144c2843cb10 P e3305eca20b24e18b3417bb0b6d3f652: tablet copy: Beginning tablet copy session from remote peer at address 127.26.175.1:40649
I20260710 13:25:47.757694 28439 tablet_copy_service.cc:140] P 779f2c2eb03a4becb172a4745dd199ee: Received BeginTabletCopySession request for tablet 6ff4576c62b54d188051144c2843cb10 from peer e3305eca20b24e18b3417bb0b6d3f652 ({username='slave'} at 127.0.0.1:58908)
I20260710 13:25:47.758208 28439 tablet_copy_service.cc:161] P 779f2c2eb03a4becb172a4745dd199ee: Beginning new tablet copy session on tablet 6ff4576c62b54d188051144c2843cb10 from peer e3305eca20b24e18b3417bb0b6d3f652 at {username='slave'} at 127.0.0.1:58908: session id = e3305eca20b24e18b3417bb0b6d3f652-6ff4576c62b54d188051144c2843cb10
I20260710 13:25:47.763608 28439 tablet_copy_source_session.cc:215] T 6ff4576c62b54d188051144c2843cb10 P 779f2c2eb03a4becb172a4745dd199ee: Tablet Copy: opened 0 blocks and 1 log segments
I20260710 13:25:47.766388 28974 data_dirs.cc:400] Could only allocate 1 dirs of requested 3 for tablet 6ff4576c62b54d188051144c2843cb10. 1 dirs total, 0 dirs full, 0 dirs failed
I20260710 13:25:47.776808 28974 tablet_copy_client.cc:806] T 6ff4576c62b54d188051144c2843cb10 P e3305eca20b24e18b3417bb0b6d3f652: tablet copy: Starting download of 0 data blocks...
I20260710 13:25:47.777755 28974 tablet_copy_client.cc:670] T 6ff4576c62b54d188051144c2843cb10 P e3305eca20b24e18b3417bb0b6d3f652: tablet copy: Starting download of 1 WAL segments...
I20260710 13:25:47.781237 28974 tablet_copy_client.cc:538] T 6ff4576c62b54d188051144c2843cb10 P e3305eca20b24e18b3417bb0b6d3f652: tablet copy: Tablet Copy complete. Replacing tablet superblock.
I20260710 13:25:47.787770 28974 tablet_bootstrap.cc:492] T 6ff4576c62b54d188051144c2843cb10 P e3305eca20b24e18b3417bb0b6d3f652: Bootstrap starting.
I20260710 13:25:47.803992 28974 tablet_bootstrap.cc:492] T 6ff4576c62b54d188051144c2843cb10 P e3305eca20b24e18b3417bb0b6d3f652: Bootstrap replayed 1/1 log segments. Stats: ops{read=2 overwritten=0 applied=2 ignored=0} inserts{seen=0 ignored=0} mutations{seen=0 ignored=0} orphaned_commits=0. Pending: 0 replicates
I20260710 13:25:47.804857 28974 tablet_bootstrap.cc:492] T 6ff4576c62b54d188051144c2843cb10 P e3305eca20b24e18b3417bb0b6d3f652: Bootstrap complete.
I20260710 13:25:47.805466 28974 ts_tablet_manager.cc:1403] T 6ff4576c62b54d188051144c2843cb10 P e3305eca20b24e18b3417bb0b6d3f652: Time spent bootstrapping tablet: real 0.018s	user 0.016s	sys 0.004s
I20260710 13:25:47.807514 28974 raft_consensus.cc:359] T 6ff4576c62b54d188051144c2843cb10 P e3305eca20b24e18b3417bb0b6d3f652 [term 1 LEARNER]: Replica starting. Triggering 0 pending ops. Active config: opid_index: 2 OBSOLETE_local: false peers { permanent_uuid: "779f2c2eb03a4becb172a4745dd199ee" member_type: VOTER last_known_addr { host: "127.26.175.1" port: 40649 } } peers { permanent_uuid: "abfd0764ed1244c48f7371bf91d430b0" member_type: VOTER last_known_addr { host: "127.26.175.2" port: 44327 } } peers { permanent_uuid: "e414abc1db024b99a0bcebf584f6833d" member_type: VOTER last_known_addr { host: "127.26.175.3" port: 42495 } attrs { replace: true } } peers { permanent_uuid: "e3305eca20b24e18b3417bb0b6d3f652" member_type: NON_VOTER last_known_addr { host: "127.26.175.4" port: 42439 } attrs { promote: true } }
I20260710 13:25:47.808100 28974 raft_consensus.cc:740] T 6ff4576c62b54d188051144c2843cb10 P e3305eca20b24e18b3417bb0b6d3f652 [term 1 LEARNER]: Becoming Follower/Learner. State: Replica: e3305eca20b24e18b3417bb0b6d3f652, State: Initialized, Role: LEARNER
I20260710 13:25:47.808574 28974 consensus_queue.cc:260] T 6ff4576c62b54d188051144c2843cb10 P e3305eca20b24e18b3417bb0b6d3f652 [NON_LEADER]: Queue going to NON_LEADER mode. State: All replicated index: 0, Majority replicated index: 0, Committed index: 2, Last appended: 1.2, Last appended by leader: 2, Current term: 0, Majority size: -1, State: 0, Mode: NON_LEADER, active raft config: opid_index: 2 OBSOLETE_local: false peers { permanent_uuid: "779f2c2eb03a4becb172a4745dd199ee" member_type: VOTER last_known_addr { host: "127.26.175.1" port: 40649 } } peers { permanent_uuid: "abfd0764ed1244c48f7371bf91d430b0" member_type: VOTER last_known_addr { host: "127.26.175.2" port: 44327 } } peers { permanent_uuid: "e414abc1db024b99a0bcebf584f6833d" member_type: VOTER last_known_addr { host: "127.26.175.3" port: 42495 } attrs { replace: true } } peers { permanent_uuid: "e3305eca20b24e18b3417bb0b6d3f652" member_type: NON_VOTER last_known_addr { host: "127.26.175.4" port: 42439 } attrs { promote: true } }
I20260710 13:25:47.810600 28974 ts_tablet_manager.cc:1434] T 6ff4576c62b54d188051144c2843cb10 P e3305eca20b24e18b3417bb0b6d3f652: Time spent starting tablet: real 0.005s	user 0.004s	sys 0.000s
I20260710 13:25:47.812286 28439 tablet_copy_service.cc:342] P 779f2c2eb03a4becb172a4745dd199ee: Request end of tablet copy session e3305eca20b24e18b3417bb0b6d3f652-6ff4576c62b54d188051144c2843cb10 received from {username='slave'} at 127.0.0.1:58908
I20260710 13:25:47.812680 28439 tablet_copy_service.cc:434] P 779f2c2eb03a4becb172a4745dd199ee: ending tablet copy session e3305eca20b24e18b3417bb0b6d3f652-6ff4576c62b54d188051144c2843cb10 on tablet 6ff4576c62b54d188051144c2843cb10 with peer e3305eca20b24e18b3417bb0b6d3f652
I20260710 13:25:47.906962 28849 raft_consensus.cc:1217] T 7e14c6701af54d6d9c55191c5dee327a P e3305eca20b24e18b3417bb0b6d3f652 [term 1 LEARNER]: Deduplicated request from leader. Original: 1.1->[1.2-1.2]   Dedup: 1.2->[]
I20260710 13:25:47.948897 28849 raft_consensus.cc:1217] T 19e1baf7df8544978c59013228a79edb P e3305eca20b24e18b3417bb0b6d3f652 [term 1 LEARNER]: Deduplicated request from leader. Original: 1.1->[1.2-1.2]   Dedup: 1.2->[]
I20260710 13:25:48.030581 28849 raft_consensus.cc:1217] T e8409c54838b457cb83d429b04556a51 P e3305eca20b24e18b3417bb0b6d3f652 [term 1 LEARNER]: Deduplicated request from leader. Original: 1.1->[1.2-1.2]   Dedup: 1.2->[]
I20260710 13:25:48.275408 28849 raft_consensus.cc:1217] T 6ff4576c62b54d188051144c2843cb10 P e3305eca20b24e18b3417bb0b6d3f652 [term 1 LEARNER]: Deduplicated request from leader. Original: 1.1->[1.2-1.2]   Dedup: 1.2->[]
I20260710 13:25:48.542237 28949 raft_consensus.cc:1064] T 19e1baf7df8544978c59013228a79edb P abfd0764ed1244c48f7371bf91d430b0: attempting to promote NON_VOTER e3305eca20b24e18b3417bb0b6d3f652 to VOTER
I20260710 13:25:48.544400 28949 consensus_queue.cc:237] T 19e1baf7df8544978c59013228a79edb P abfd0764ed1244c48f7371bf91d430b0 [LEADER]: Queue going to LEADER mode. State: All replicated index: 0, Majority replicated index: 2, Committed index: 2, Last appended: 1.2, Last appended by leader: 0, Current term: 1, Majority size: 3, State: 0, Mode: LEADER, active raft config: opid_index: 3 OBSOLETE_local: false peers { permanent_uuid: "779f2c2eb03a4becb172a4745dd199ee" member_type: VOTER last_known_addr { host: "127.26.175.1" port: 40649 } } peers { permanent_uuid: "abfd0764ed1244c48f7371bf91d430b0" member_type: VOTER last_known_addr { host: "127.26.175.2" port: 44327 } } peers { permanent_uuid: "e414abc1db024b99a0bcebf584f6833d" member_type: VOTER last_known_addr { host: "127.26.175.3" port: 42495 } attrs { replace: true } } peers { permanent_uuid: "e3305eca20b24e18b3417bb0b6d3f652" member_type: VOTER last_known_addr { host: "127.26.175.4" port: 42439 } attrs { promote: false } }
I20260710 13:25:48.563454 28849 raft_consensus.cc:1275] T 19e1baf7df8544978c59013228a79edb P e3305eca20b24e18b3417bb0b6d3f652 [term 1 LEARNER]: Refusing update from remote peer abfd0764ed1244c48f7371bf91d430b0: Log matching property violated. Preceding OpId in replica: term: 1 index: 2. Preceding OpId from leader: term: 1 index: 3. (index mismatch)
I20260710 13:25:48.565534 28988 consensus_queue.cc:1048] T 19e1baf7df8544978c59013228a79edb P abfd0764ed1244c48f7371bf91d430b0 [LEADER]: Connected to new peer: Peer: permanent_uuid: "e3305eca20b24e18b3417bb0b6d3f652" member_type: VOTER last_known_addr { host: "127.26.175.4" port: 42439 } attrs { promote: false }, Status: LMP_MISMATCH, Last received: 0.0, Next index: 3, Last known committed idx: 2, Time since last communication: 0.001s
I20260710 13:25:48.576529 28425 raft_consensus.cc:1275] T 19e1baf7df8544978c59013228a79edb P 779f2c2eb03a4becb172a4745dd199ee [term 1 FOLLOWER]: Refusing update from remote peer abfd0764ed1244c48f7371bf91d430b0: Log matching property violated. Preceding OpId in replica: term: 1 index: 2. Preceding OpId from leader: term: 1 index: 3. (index mismatch)
I20260710 13:25:48.579180 28988 consensus_queue.cc:1048] T 19e1baf7df8544978c59013228a79edb P abfd0764ed1244c48f7371bf91d430b0 [LEADER]: Connected to new peer: Peer: permanent_uuid: "779f2c2eb03a4becb172a4745dd199ee" member_type: VOTER last_known_addr { host: "127.26.175.1" port: 40649 }, Status: LMP_MISMATCH, Last received: 0.0, Next index: 3, Last known committed idx: 2, Time since last communication: 0.000s
I20260710 13:25:48.636062 28575 raft_consensus.cc:1275] T 19e1baf7df8544978c59013228a79edb P e414abc1db024b99a0bcebf584f6833d [term 1 FOLLOWER]: Refusing update from remote peer abfd0764ed1244c48f7371bf91d430b0: Log matching property violated. Preceding OpId in replica: term: 1 index: 2. Preceding OpId from leader: term: 1 index: 3. (index mismatch)
I20260710 13:25:48.641613 28949 consensus_queue.cc:1048] T 19e1baf7df8544978c59013228a79edb P abfd0764ed1244c48f7371bf91d430b0 [LEADER]: Connected to new peer: Peer: permanent_uuid: "e414abc1db024b99a0bcebf584f6833d" member_type: VOTER last_known_addr { host: "127.26.175.3" port: 42495 } attrs { replace: true }, Status: LMP_MISMATCH, Last received: 0.0, Next index: 3, Last known committed idx: 2, Time since last communication: 0.000s
W20260710 13:25:48.653707 28990 log.cc:927] Time spent T 19e1baf7df8544978c59013228a79edb P abfd0764ed1244c48f7371bf91d430b0: Append to log took a long time: real 0.094s	user 0.001s	sys 0.000s
I20260710 13:25:48.664150 28984 raft_consensus.cc:1064] T 7e14c6701af54d6d9c55191c5dee327a P abfd0764ed1244c48f7371bf91d430b0: attempting to promote NON_VOTER e3305eca20b24e18b3417bb0b6d3f652 to VOTER
I20260710 13:25:48.666548 28984 consensus_queue.cc:237] T 7e14c6701af54d6d9c55191c5dee327a P abfd0764ed1244c48f7371bf91d430b0 [LEADER]: Queue going to LEADER mode. State: All replicated index: 0, Majority replicated index: 2, Committed index: 2, Last appended: 1.2, Last appended by leader: 0, Current term: 1, Majority size: 3, State: 0, Mode: LEADER, active raft config: opid_index: 3 OBSOLETE_local: false peers { permanent_uuid: "779f2c2eb03a4becb172a4745dd199ee" member_type: VOTER last_known_addr { host: "127.26.175.1" port: 40649 } attrs { replace: true } } peers { permanent_uuid: "abfd0764ed1244c48f7371bf91d430b0" member_type: VOTER last_known_addr { host: "127.26.175.2" port: 44327 } } peers { permanent_uuid: "e414abc1db024b99a0bcebf584f6833d" member_type: VOTER last_known_addr { host: "127.26.175.3" port: 42495 } } peers { permanent_uuid: "e3305eca20b24e18b3417bb0b6d3f652" member_type: VOTER last_known_addr { host: "127.26.175.4" port: 42439 } attrs { promote: false } }
I20260710 13:25:48.675735 28986 raft_consensus.cc:1064] T e8409c54838b457cb83d429b04556a51 P 779f2c2eb03a4becb172a4745dd199ee: attempting to promote NON_VOTER e3305eca20b24e18b3417bb0b6d3f652 to VOTER
I20260710 13:25:48.683475 28986 consensus_queue.cc:237] T e8409c54838b457cb83d429b04556a51 P 779f2c2eb03a4becb172a4745dd199ee [LEADER]: Queue going to LEADER mode. State: All replicated index: 0, Majority replicated index: 2, Committed index: 2, Last appended: 1.2, Last appended by leader: 0, Current term: 1, Majority size: 3, State: 0, Mode: LEADER, active raft config: opid_index: 3 OBSOLETE_local: false peers { permanent_uuid: "779f2c2eb03a4becb172a4745dd199ee" member_type: VOTER last_known_addr { host: "127.26.175.1" port: 40649 } } peers { permanent_uuid: "abfd0764ed1244c48f7371bf91d430b0" member_type: VOTER last_known_addr { host: "127.26.175.2" port: 44327 } attrs { replace: true } } peers { permanent_uuid: "e414abc1db024b99a0bcebf584f6833d" member_type: VOTER last_known_addr { host: "127.26.175.3" port: 42495 } } peers { permanent_uuid: "e3305eca20b24e18b3417bb0b6d3f652" member_type: VOTER last_known_addr { host: "127.26.175.4" port: 42439 } attrs { promote: false } }
I20260710 13:25:48.704469 28994 raft_consensus.cc:2955] T 19e1baf7df8544978c59013228a79edb P abfd0764ed1244c48f7371bf91d430b0 [term 1 LEADER]: Committing config change with OpId 1.3: config changed from index 2 to 3, e3305eca20b24e18b3417bb0b6d3f652 (127.26.175.4) changed from NON_VOTER to VOTER. New config: { opid_index: 3 OBSOLETE_local: false peers { permanent_uuid: "779f2c2eb03a4becb172a4745dd199ee" member_type: VOTER last_known_addr { host: "127.26.175.1" port: 40649 } } peers { permanent_uuid: "abfd0764ed1244c48f7371bf91d430b0" member_type: VOTER last_known_addr { host: "127.26.175.2" port: 44327 } } peers { permanent_uuid: "e414abc1db024b99a0bcebf584f6833d" member_type: VOTER last_known_addr { host: "127.26.175.3" port: 42495 } attrs { replace: true } } peers { permanent_uuid: "e3305eca20b24e18b3417bb0b6d3f652" member_type: VOTER last_known_addr { host: "127.26.175.4" port: 42439 } attrs { promote: false } } }
I20260710 13:25:48.705672 28576 raft_consensus.cc:1275] T 7e14c6701af54d6d9c55191c5dee327a P e414abc1db024b99a0bcebf584f6833d [term 1 FOLLOWER]: Refusing update from remote peer abfd0764ed1244c48f7371bf91d430b0: Log matching property violated. Preceding OpId in replica: term: 1 index: 2. Preceding OpId from leader: term: 1 index: 3. (index mismatch)
I20260710 13:25:48.741122 28849 raft_consensus.cc:1275] T 7e14c6701af54d6d9c55191c5dee327a P e3305eca20b24e18b3417bb0b6d3f652 [term 1 LEARNER]: Refusing update from remote peer abfd0764ed1244c48f7371bf91d430b0: Log matching property violated. Preceding OpId in replica: term: 1 index: 2. Preceding OpId from leader: term: 1 index: 3. (index mismatch)
I20260710 13:25:48.742256 28429 raft_consensus.cc:1275] T 7e14c6701af54d6d9c55191c5dee327a P 779f2c2eb03a4becb172a4745dd199ee [term 1 FOLLOWER]: Refusing update from remote peer abfd0764ed1244c48f7371bf91d430b0: Log matching property violated. Preceding OpId in replica: term: 1 index: 2. Preceding OpId from leader: term: 1 index: 3. (index mismatch)
I20260710 13:25:48.754014 28994 consensus_queue.cc:1048] T 7e14c6701af54d6d9c55191c5dee327a P abfd0764ed1244c48f7371bf91d430b0 [LEADER]: Connected to new peer: Peer: permanent_uuid: "e3305eca20b24e18b3417bb0b6d3f652" member_type: VOTER last_known_addr { host: "127.26.175.4" port: 42439 } attrs { promote: false }, Status: LMP_MISMATCH, Last received: 0.0, Next index: 3, Last known committed idx: 2, Time since last communication: 0.001s
I20260710 13:25:48.754118 28849 raft_consensus.cc:2955] T 19e1baf7df8544978c59013228a79edb P e3305eca20b24e18b3417bb0b6d3f652 [term 1 FOLLOWER]: Committing config change with OpId 1.3: config changed from index 2 to 3, e3305eca20b24e18b3417bb0b6d3f652 (127.26.175.4) changed from NON_VOTER to VOTER. New config: { opid_index: 3 OBSOLETE_local: false peers { permanent_uuid: "779f2c2eb03a4becb172a4745dd199ee" member_type: VOTER last_known_addr { host: "127.26.175.1" port: 40649 } } peers { permanent_uuid: "abfd0764ed1244c48f7371bf91d430b0" member_type: VOTER last_known_addr { host: "127.26.175.2" port: 44327 } } peers { permanent_uuid: "e414abc1db024b99a0bcebf584f6833d" member_type: VOTER last_known_addr { host: "127.26.175.3" port: 42495 } attrs { replace: true } } peers { permanent_uuid: "e3305eca20b24e18b3417bb0b6d3f652" member_type: VOTER last_known_addr { host: "127.26.175.4" port: 42439 } attrs { promote: false } } }
I20260710 13:25:48.756567 28994 consensus_queue.cc:1048] T 7e14c6701af54d6d9c55191c5dee327a P abfd0764ed1244c48f7371bf91d430b0 [LEADER]: Connected to new peer: Peer: permanent_uuid: "779f2c2eb03a4becb172a4745dd199ee" member_type: VOTER last_known_addr { host: "127.26.175.1" port: 40649 } attrs { replace: true }, Status: LMP_MISMATCH, Last received: 0.0, Next index: 3, Last known committed idx: 2, Time since last communication: 0.000s
I20260710 13:25:48.768754 28949 consensus_queue.cc:1048] T 7e14c6701af54d6d9c55191c5dee327a P abfd0764ed1244c48f7371bf91d430b0 [LEADER]: Connected to new peer: Peer: permanent_uuid: "e414abc1db024b99a0bcebf584f6833d" member_type: VOTER last_known_addr { host: "127.26.175.3" port: 42495 }, Status: LMP_MISMATCH, Last received: 0.0, Next index: 3, Last known committed idx: 2, Time since last communication: 0.000s
I20260710 13:25:48.769250 28576 raft_consensus.cc:2955] T 19e1baf7df8544978c59013228a79edb P e414abc1db024b99a0bcebf584f6833d [term 1 FOLLOWER]: Committing config change with OpId 1.3: config changed from index 2 to 3, e3305eca20b24e18b3417bb0b6d3f652 (127.26.175.4) changed from NON_VOTER to VOTER. New config: { opid_index: 3 OBSOLETE_local: false peers { permanent_uuid: "779f2c2eb03a4becb172a4745dd199ee" member_type: VOTER last_known_addr { host: "127.26.175.1" port: 40649 } } peers { permanent_uuid: "abfd0764ed1244c48f7371bf91d430b0" member_type: VOTER last_known_addr { host: "127.26.175.2" port: 44327 } } peers { permanent_uuid: "e414abc1db024b99a0bcebf584f6833d" member_type: VOTER last_known_addr { host: "127.26.175.3" port: 42495 } attrs { replace: true } } peers { permanent_uuid: "e3305eca20b24e18b3417bb0b6d3f652" member_type: VOTER last_known_addr { host: "127.26.175.4" port: 42439 } attrs { promote: false } } }
I20260710 13:25:48.767308 28326 catalog_manager.cc:5697] T 19e1baf7df8544978c59013228a79edb P abfd0764ed1244c48f7371bf91d430b0 reported cstate change: config changed from index 2 to 3, e3305eca20b24e18b3417bb0b6d3f652 (127.26.175.4) changed from NON_VOTER to VOTER. New cstate: current_term: 1 leader_uuid: "abfd0764ed1244c48f7371bf91d430b0" committed_config { opid_index: 3 OBSOLETE_local: false peers { permanent_uuid: "779f2c2eb03a4becb172a4745dd199ee" member_type: VOTER last_known_addr { host: "127.26.175.1" port: 40649 } health_report { overall_health: UNKNOWN } } peers { permanent_uuid: "abfd0764ed1244c48f7371bf91d430b0" member_type: VOTER last_known_addr { host: "127.26.175.2" port: 44327 } health_report { overall_health: HEALTHY } } peers { permanent_uuid: "e414abc1db024b99a0bcebf584f6833d" member_type: VOTER last_known_addr { host: "127.26.175.3" port: 42495 } attrs { replace: true } health_report { overall_health: HEALTHY } } peers { permanent_uuid: "e3305eca20b24e18b3417bb0b6d3f652" member_type: VOTER last_known_addr { host: "127.26.175.4" port: 42439 } attrs { promote: false } health_report { overall_health: HEALTHY } } }
I20260710 13:25:48.826176 28987 raft_consensus.cc:1064] T 6ff4576c62b54d188051144c2843cb10 P 779f2c2eb03a4becb172a4745dd199ee: attempting to promote NON_VOTER e3305eca20b24e18b3417bb0b6d3f652 to VOTER
I20260710 13:25:48.826645 28428 raft_consensus.cc:2955] T 19e1baf7df8544978c59013228a79edb P 779f2c2eb03a4becb172a4745dd199ee [term 1 FOLLOWER]: Committing config change with OpId 1.3: config changed from index 2 to 3, e3305eca20b24e18b3417bb0b6d3f652 (127.26.175.4) changed from NON_VOTER to VOTER. New config: { opid_index: 3 OBSOLETE_local: false peers { permanent_uuid: "779f2c2eb03a4becb172a4745dd199ee" member_type: VOTER last_known_addr { host: "127.26.175.1" port: 40649 } } peers { permanent_uuid: "abfd0764ed1244c48f7371bf91d430b0" member_type: VOTER last_known_addr { host: "127.26.175.2" port: 44327 } } peers { permanent_uuid: "e414abc1db024b99a0bcebf584f6833d" member_type: VOTER last_known_addr { host: "127.26.175.3" port: 42495 } attrs { replace: true } } peers { permanent_uuid: "e3305eca20b24e18b3417bb0b6d3f652" member_type: VOTER last_known_addr { host: "127.26.175.4" port: 42439 } attrs { promote: false } } }
I20260710 13:25:48.828626 28987 consensus_queue.cc:237] T 6ff4576c62b54d188051144c2843cb10 P 779f2c2eb03a4becb172a4745dd199ee [LEADER]: Queue going to LEADER mode. State: All replicated index: 0, Majority replicated index: 2, Committed index: 2, Last appended: 1.2, Last appended by leader: 0, Current term: 1, Majority size: 3, State: 0, Mode: LEADER, active raft config: opid_index: 3 OBSOLETE_local: false peers { permanent_uuid: "779f2c2eb03a4becb172a4745dd199ee" member_type: VOTER last_known_addr { host: "127.26.175.1" port: 40649 } } peers { permanent_uuid: "abfd0764ed1244c48f7371bf91d430b0" member_type: VOTER last_known_addr { host: "127.26.175.2" port: 44327 } } peers { permanent_uuid: "e414abc1db024b99a0bcebf584f6833d" member_type: VOTER last_known_addr { host: "127.26.175.3" port: 42495 } attrs { replace: true } } peers { permanent_uuid: "e3305eca20b24e18b3417bb0b6d3f652" member_type: VOTER last_known_addr { host: "127.26.175.4" port: 42439 } attrs { promote: false } }
I20260710 13:25:48.845098 28949 raft_consensus.cc:2955] T 7e14c6701af54d6d9c55191c5dee327a P abfd0764ed1244c48f7371bf91d430b0 [term 1 LEADER]: Committing config change with OpId 1.3: config changed from index 2 to 3, e3305eca20b24e18b3417bb0b6d3f652 (127.26.175.4) changed from NON_VOTER to VOTER. New config: { opid_index: 3 OBSOLETE_local: false peers { permanent_uuid: "779f2c2eb03a4becb172a4745dd199ee" member_type: VOTER last_known_addr { host: "127.26.175.1" port: 40649 } attrs { replace: true } } peers { permanent_uuid: "abfd0764ed1244c48f7371bf91d430b0" member_type: VOTER last_known_addr { host: "127.26.175.2" port: 44327 } } peers { permanent_uuid: "e414abc1db024b99a0bcebf584f6833d" member_type: VOTER last_known_addr { host: "127.26.175.3" port: 42495 } } peers { permanent_uuid: "e3305eca20b24e18b3417bb0b6d3f652" member_type: VOTER last_known_addr { host: "127.26.175.4" port: 42439 } attrs { promote: false } } }
I20260710 13:25:48.866024 28502 raft_consensus.cc:1275] T e8409c54838b457cb83d429b04556a51 P abfd0764ed1244c48f7371bf91d430b0 [term 1 FOLLOWER]: Refusing update from remote peer 779f2c2eb03a4becb172a4745dd199ee: Log matching property violated. Preceding OpId in replica: term: 1 index: 2. Preceding OpId from leader: term: 1 index: 3. (index mismatch)
I20260710 13:25:48.869383 28576 raft_consensus.cc:2955] T 7e14c6701af54d6d9c55191c5dee327a P e414abc1db024b99a0bcebf584f6833d [term 1 FOLLOWER]: Committing config change with OpId 1.3: config changed from index 2 to 3, e3305eca20b24e18b3417bb0b6d3f652 (127.26.175.4) changed from NON_VOTER to VOTER. New config: { opid_index: 3 OBSOLETE_local: false peers { permanent_uuid: "779f2c2eb03a4becb172a4745dd199ee" member_type: VOTER last_known_addr { host: "127.26.175.1" port: 40649 } attrs { replace: true } } peers { permanent_uuid: "abfd0764ed1244c48f7371bf91d430b0" member_type: VOTER last_known_addr { host: "127.26.175.2" port: 44327 } } peers { permanent_uuid: "e414abc1db024b99a0bcebf584f6833d" member_type: VOTER last_known_addr { host: "127.26.175.3" port: 42495 } } peers { permanent_uuid: "e3305eca20b24e18b3417bb0b6d3f652" member_type: VOTER last_known_addr { host: "127.26.175.4" port: 42439 } attrs { promote: false } } }
I20260710 13:25:48.872293 28989 consensus_queue.cc:1048] T e8409c54838b457cb83d429b04556a51 P 779f2c2eb03a4becb172a4745dd199ee [LEADER]: Connected to new peer: Peer: permanent_uuid: "abfd0764ed1244c48f7371bf91d430b0" member_type: VOTER last_known_addr { host: "127.26.175.2" port: 44327 } attrs { replace: true }, Status: LMP_MISMATCH, Last received: 0.0, Next index: 3, Last known committed idx: 2, Time since last communication: 0.001s
I20260710 13:25:48.873924 28574 raft_consensus.cc:1275] T e8409c54838b457cb83d429b04556a51 P e414abc1db024b99a0bcebf584f6833d [term 1 FOLLOWER]: Refusing update from remote peer 779f2c2eb03a4becb172a4745dd199ee: Log matching property violated. Preceding OpId in replica: term: 1 index: 2. Preceding OpId from leader: term: 1 index: 3. (index mismatch)
I20260710 13:25:48.876111 28849 raft_consensus.cc:1275] T 6ff4576c62b54d188051144c2843cb10 P e3305eca20b24e18b3417bb0b6d3f652 [term 1 LEARNER]: Refusing update from remote peer 779f2c2eb03a4becb172a4745dd199ee: Log matching property violated. Preceding OpId in replica: term: 1 index: 2. Preceding OpId from leader: term: 1 index: 3. (index mismatch)
I20260710 13:25:48.877794 28989 consensus_queue.cc:1048] T 6ff4576c62b54d188051144c2843cb10 P 779f2c2eb03a4becb172a4745dd199ee [LEADER]: Connected to new peer: Peer: permanent_uuid: "e3305eca20b24e18b3417bb0b6d3f652" member_type: VOTER last_known_addr { host: "127.26.175.4" port: 42439 } attrs { promote: false }, Status: LMP_MISMATCH, Last received: 0.0, Next index: 3, Last known committed idx: 2, Time since last communication: 0.000s
I20260710 13:25:48.879276 28848 raft_consensus.cc:1275] T e8409c54838b457cb83d429b04556a51 P e3305eca20b24e18b3417bb0b6d3f652 [term 1 LEARNER]: Refusing update from remote peer 779f2c2eb03a4becb172a4745dd199ee: Log matching property violated. Preceding OpId in replica: term: 1 index: 2. Preceding OpId from leader: term: 1 index: 3. (index mismatch)
I20260710 13:25:48.881778 28847 raft_consensus.cc:2955] T 7e14c6701af54d6d9c55191c5dee327a P e3305eca20b24e18b3417bb0b6d3f652 [term 1 FOLLOWER]: Committing config change with OpId 1.3: config changed from index 2 to 3, e3305eca20b24e18b3417bb0b6d3f652 (127.26.175.4) changed from NON_VOTER to VOTER. New config: { opid_index: 3 OBSOLETE_local: false peers { permanent_uuid: "779f2c2eb03a4becb172a4745dd199ee" member_type: VOTER last_known_addr { host: "127.26.175.1" port: 40649 } attrs { replace: true } } peers { permanent_uuid: "abfd0764ed1244c48f7371bf91d430b0" member_type: VOTER last_known_addr { host: "127.26.175.2" port: 44327 } } peers { permanent_uuid: "e414abc1db024b99a0bcebf584f6833d" member_type: VOTER last_known_addr { host: "127.26.175.3" port: 42495 } } peers { permanent_uuid: "e3305eca20b24e18b3417bb0b6d3f652" member_type: VOTER last_known_addr { host: "127.26.175.4" port: 42439 } attrs { promote: false } } }
I20260710 13:25:48.875150 28428 raft_consensus.cc:2955] T 7e14c6701af54d6d9c55191c5dee327a P 779f2c2eb03a4becb172a4745dd199ee [term 1 FOLLOWER]: Committing config change with OpId 1.3: config changed from index 2 to 3, e3305eca20b24e18b3417bb0b6d3f652 (127.26.175.4) changed from NON_VOTER to VOTER. New config: { opid_index: 3 OBSOLETE_local: false peers { permanent_uuid: "779f2c2eb03a4becb172a4745dd199ee" member_type: VOTER last_known_addr { host: "127.26.175.1" port: 40649 } attrs { replace: true } } peers { permanent_uuid: "abfd0764ed1244c48f7371bf91d430b0" member_type: VOTER last_known_addr { host: "127.26.175.2" port: 44327 } } peers { permanent_uuid: "e414abc1db024b99a0bcebf584f6833d" member_type: VOTER last_known_addr { host: "127.26.175.3" port: 42495 } } peers { permanent_uuid: "e3305eca20b24e18b3417bb0b6d3f652" member_type: VOTER last_known_addr { host: "127.26.175.4" port: 42439 } attrs { promote: false } } }
I20260710 13:25:48.892521 28501 raft_consensus.cc:1275] T 6ff4576c62b54d188051144c2843cb10 P abfd0764ed1244c48f7371bf91d430b0 [term 1 FOLLOWER]: Refusing update from remote peer 779f2c2eb03a4becb172a4745dd199ee: Log matching property violated. Preceding OpId in replica: term: 1 index: 2. Preceding OpId from leader: term: 1 index: 3. (index mismatch)
I20260710 13:25:48.893838 28574 raft_consensus.cc:1275] T 6ff4576c62b54d188051144c2843cb10 P e414abc1db024b99a0bcebf584f6833d [term 1 FOLLOWER]: Refusing update from remote peer 779f2c2eb03a4becb172a4745dd199ee: Log matching property violated. Preceding OpId in replica: term: 1 index: 2. Preceding OpId from leader: term: 1 index: 3. (index mismatch)
I20260710 13:25:48.894800 28987 consensus_queue.cc:1048] T 6ff4576c62b54d188051144c2843cb10 P 779f2c2eb03a4becb172a4745dd199ee [LEADER]: Connected to new peer: Peer: permanent_uuid: "abfd0764ed1244c48f7371bf91d430b0" member_type: VOTER last_known_addr { host: "127.26.175.2" port: 44327 }, Status: LMP_MISMATCH, Last received: 0.0, Next index: 3, Last known committed idx: 2, Time since last communication: 0.000s
I20260710 13:25:48.896695 28987 consensus_queue.cc:1048] T 6ff4576c62b54d188051144c2843cb10 P 779f2c2eb03a4becb172a4745dd199ee [LEADER]: Connected to new peer: Peer: permanent_uuid: "e414abc1db024b99a0bcebf584f6833d" member_type: VOTER last_known_addr { host: "127.26.175.3" port: 42495 } attrs { replace: true }, Status: LMP_MISMATCH, Last received: 0.0, Next index: 3, Last known committed idx: 2, Time since last communication: 0.000s
I20260710 13:25:48.907789 28986 consensus_queue.cc:1048] T e8409c54838b457cb83d429b04556a51 P 779f2c2eb03a4becb172a4745dd199ee [LEADER]: Connected to new peer: Peer: permanent_uuid: "e414abc1db024b99a0bcebf584f6833d" member_type: VOTER last_known_addr { host: "127.26.175.3" port: 42495 }, Status: LMP_MISMATCH, Last received: 0.0, Next index: 3, Last known committed idx: 2, Time since last communication: 0.001s
I20260710 13:25:48.909446 28985 consensus_queue.cc:1048] T e8409c54838b457cb83d429b04556a51 P 779f2c2eb03a4becb172a4745dd199ee [LEADER]: Connected to new peer: Peer: permanent_uuid: "e3305eca20b24e18b3417bb0b6d3f652" member_type: VOTER last_known_addr { host: "127.26.175.4" port: 42439 } attrs { promote: false }, Status: LMP_MISMATCH, Last received: 0.0, Next index: 3, Last known committed idx: 2, Time since last communication: 0.001s
I20260710 13:25:48.949319 28945 raft_consensus.cc:2955] T e8409c54838b457cb83d429b04556a51 P 779f2c2eb03a4becb172a4745dd199ee [term 1 LEADER]: Committing config change with OpId 1.3: config changed from index 2 to 3, e3305eca20b24e18b3417bb0b6d3f652 (127.26.175.4) changed from NON_VOTER to VOTER. New config: { opid_index: 3 OBSOLETE_local: false peers { permanent_uuid: "779f2c2eb03a4becb172a4745dd199ee" member_type: VOTER last_known_addr { host: "127.26.175.1" port: 40649 } } peers { permanent_uuid: "abfd0764ed1244c48f7371bf91d430b0" member_type: VOTER last_known_addr { host: "127.26.175.2" port: 44327 } attrs { replace: true } } peers { permanent_uuid: "e414abc1db024b99a0bcebf584f6833d" member_type: VOTER last_known_addr { host: "127.26.175.3" port: 42495 } } peers { permanent_uuid: "e3305eca20b24e18b3417bb0b6d3f652" member_type: VOTER last_known_addr { host: "127.26.175.4" port: 42439 } attrs { promote: false } } }
I20260710 13:25:48.955003 28578 raft_consensus.cc:2955] T e8409c54838b457cb83d429b04556a51 P e414abc1db024b99a0bcebf584f6833d [term 1 FOLLOWER]: Committing config change with OpId 1.3: config changed from index 2 to 3, e3305eca20b24e18b3417bb0b6d3f652 (127.26.175.4) changed from NON_VOTER to VOTER. New config: { opid_index: 3 OBSOLETE_local: false peers { permanent_uuid: "779f2c2eb03a4becb172a4745dd199ee" member_type: VOTER last_known_addr { host: "127.26.175.1" port: 40649 } } peers { permanent_uuid: "abfd0764ed1244c48f7371bf91d430b0" member_type: VOTER last_known_addr { host: "127.26.175.2" port: 44327 } attrs { replace: true } } peers { permanent_uuid: "e414abc1db024b99a0bcebf584f6833d" member_type: VOTER last_known_addr { host: "127.26.175.3" port: 42495 } } peers { permanent_uuid: "e3305eca20b24e18b3417bb0b6d3f652" member_type: VOTER last_known_addr { host: "127.26.175.4" port: 42439 } attrs { promote: false } } }
I20260710 13:25:48.969453 28849 raft_consensus.cc:2955] T e8409c54838b457cb83d429b04556a51 P e3305eca20b24e18b3417bb0b6d3f652 [term 1 FOLLOWER]: Committing config change with OpId 1.3: config changed from index 2 to 3, e3305eca20b24e18b3417bb0b6d3f652 (127.26.175.4) changed from NON_VOTER to VOTER. New config: { opid_index: 3 OBSOLETE_local: false peers { permanent_uuid: "779f2c2eb03a4becb172a4745dd199ee" member_type: VOTER last_known_addr { host: "127.26.175.1" port: 40649 } } peers { permanent_uuid: "abfd0764ed1244c48f7371bf91d430b0" member_type: VOTER last_known_addr { host: "127.26.175.2" port: 44327 } attrs { replace: true } } peers { permanent_uuid: "e414abc1db024b99a0bcebf584f6833d" member_type: VOTER last_known_addr { host: "127.26.175.3" port: 42495 } } peers { permanent_uuid: "e3305eca20b24e18b3417bb0b6d3f652" member_type: VOTER last_known_addr { host: "127.26.175.4" port: 42439 } attrs { promote: false } } }
I20260710 13:25:48.979053 29009 raft_consensus.cc:2955] T 6ff4576c62b54d188051144c2843cb10 P 779f2c2eb03a4becb172a4745dd199ee [term 1 LEADER]: Committing config change with OpId 1.3: config changed from index 2 to 3, e3305eca20b24e18b3417bb0b6d3f652 (127.26.175.4) changed from NON_VOTER to VOTER. New config: { opid_index: 3 OBSOLETE_local: false peers { permanent_uuid: "779f2c2eb03a4becb172a4745dd199ee" member_type: VOTER last_known_addr { host: "127.26.175.1" port: 40649 } } peers { permanent_uuid: "abfd0764ed1244c48f7371bf91d430b0" member_type: VOTER last_known_addr { host: "127.26.175.2" port: 44327 } } peers { permanent_uuid: "e414abc1db024b99a0bcebf584f6833d" member_type: VOTER last_known_addr { host: "127.26.175.3" port: 42495 } attrs { replace: true } } peers { permanent_uuid: "e3305eca20b24e18b3417bb0b6d3f652" member_type: VOTER last_known_addr { host: "127.26.175.4" port: 42439 } attrs { promote: false } } }
I20260710 13:25:48.982698 28502 raft_consensus.cc:2955] T 6ff4576c62b54d188051144c2843cb10 P abfd0764ed1244c48f7371bf91d430b0 [term 1 FOLLOWER]: Committing config change with OpId 1.3: config changed from index 2 to 3, e3305eca20b24e18b3417bb0b6d3f652 (127.26.175.4) changed from NON_VOTER to VOTER. New config: { opid_index: 3 OBSOLETE_local: false peers { permanent_uuid: "779f2c2eb03a4becb172a4745dd199ee" member_type: VOTER last_known_addr { host: "127.26.175.1" port: 40649 } } peers { permanent_uuid: "abfd0764ed1244c48f7371bf91d430b0" member_type: VOTER last_known_addr { host: "127.26.175.2" port: 44327 } } peers { permanent_uuid: "e414abc1db024b99a0bcebf584f6833d" member_type: VOTER last_known_addr { host: "127.26.175.3" port: 42495 } attrs { replace: true } } peers { permanent_uuid: "e3305eca20b24e18b3417bb0b6d3f652" member_type: VOTER last_known_addr { host: "127.26.175.4" port: 42439 } attrs { promote: false } } }
I20260710 13:25:48.984695 28574 raft_consensus.cc:2955] T 6ff4576c62b54d188051144c2843cb10 P e414abc1db024b99a0bcebf584f6833d [term 1 FOLLOWER]: Committing config change with OpId 1.3: config changed from index 2 to 3, e3305eca20b24e18b3417bb0b6d3f652 (127.26.175.4) changed from NON_VOTER to VOTER. New config: { opid_index: 3 OBSOLETE_local: false peers { permanent_uuid: "779f2c2eb03a4becb172a4745dd199ee" member_type: VOTER last_known_addr { host: "127.26.175.1" port: 40649 } } peers { permanent_uuid: "abfd0764ed1244c48f7371bf91d430b0" member_type: VOTER last_known_addr { host: "127.26.175.2" port: 44327 } } peers { permanent_uuid: "e414abc1db024b99a0bcebf584f6833d" member_type: VOTER last_known_addr { host: "127.26.175.3" port: 42495 } attrs { replace: true } } peers { permanent_uuid: "e3305eca20b24e18b3417bb0b6d3f652" member_type: VOTER last_known_addr { host: "127.26.175.4" port: 42439 } attrs { promote: false } } }
I20260710 13:25:48.992332 28848 raft_consensus.cc:2955] T 6ff4576c62b54d188051144c2843cb10 P e3305eca20b24e18b3417bb0b6d3f652 [term 1 FOLLOWER]: Committing config change with OpId 1.3: config changed from index 2 to 3, e3305eca20b24e18b3417bb0b6d3f652 (127.26.175.4) changed from NON_VOTER to VOTER. New config: { opid_index: 3 OBSOLETE_local: false peers { permanent_uuid: "779f2c2eb03a4becb172a4745dd199ee" member_type: VOTER last_known_addr { host: "127.26.175.1" port: 40649 } } peers { permanent_uuid: "abfd0764ed1244c48f7371bf91d430b0" member_type: VOTER last_known_addr { host: "127.26.175.2" port: 44327 } } peers { permanent_uuid: "e414abc1db024b99a0bcebf584f6833d" member_type: VOTER last_known_addr { host: "127.26.175.3" port: 42495 } attrs { replace: true } } peers { permanent_uuid: "e3305eca20b24e18b3417bb0b6d3f652" member_type: VOTER last_known_addr { host: "127.26.175.4" port: 42439 } attrs { promote: false } } }
I20260710 13:25:49.002290 28502 raft_consensus.cc:2955] T e8409c54838b457cb83d429b04556a51 P abfd0764ed1244c48f7371bf91d430b0 [term 1 FOLLOWER]: Committing config change with OpId 1.3: config changed from index 2 to 3, e3305eca20b24e18b3417bb0b6d3f652 (127.26.175.4) changed from NON_VOTER to VOTER. New config: { opid_index: 3 OBSOLETE_local: false peers { permanent_uuid: "779f2c2eb03a4becb172a4745dd199ee" member_type: VOTER last_known_addr { host: "127.26.175.1" port: 40649 } } peers { permanent_uuid: "abfd0764ed1244c48f7371bf91d430b0" member_type: VOTER last_known_addr { host: "127.26.175.2" port: 44327 } attrs { replace: true } } peers { permanent_uuid: "e414abc1db024b99a0bcebf584f6833d" member_type: VOTER last_known_addr { host: "127.26.175.3" port: 42495 } } peers { permanent_uuid: "e3305eca20b24e18b3417bb0b6d3f652" member_type: VOTER last_known_addr { host: "127.26.175.4" port: 42439 } attrs { promote: false } } }
