I20260710 13:25:44.449801 28871 raft_consensus.cc:697] T cd5b65caae8241018bacb789347e8f2a P bdb1fe97af5844078ac3e72aaeab2034 [term 1 LEADER]: Becoming Leader. State: Replica: bdb1fe97af5844078ac3e72aaeab2034, State: Running, Role: LEADER
I20260710 13:25:44.445479 28872 raft_consensus.cc:515] T 59f80e6c48f04a6eb966dd10f80f139e P d5e75289ae364436b94c4d956c22208b [term 1 FOLLOWER]: Starting leader election with config: opid_index: -1 OBSOLETE_local: false peers { permanent_uuid: "bdb1fe97af5844078ac3e72aaeab2034" member_type: VOTER last_known_addr { host: "127.26.217.65" port: 41013 } } peers { permanent_uuid: "cf9827da6e0a4917951250184edf125d" member_type: VOTER last_known_addr { host: "127.26.217.66" port: 37091 } } peers { permanent_uuid: "d5e75289ae364436b94c4d956c22208b" member_type: VOTER last_known_addr { host: "127.26.217.67" port: 42521 } }
I20260710 13:25:44.450891 28871 consensus_queue.cc:237] T cd5b65caae8241018bacb789347e8f2a P bdb1fe97af5844078ac3e72aaeab2034 [LEADER]: Queue going to LEADER mode. State: All replicated index: 0, Majority replicated index: 0, Committed index: 0, Last appended: 0.0, Last appended by leader: 0, Current term: 1, Majority size: 2, State: 0, Mode: LEADER, active raft config: opid_index: -1 OBSOLETE_local: false peers { permanent_uuid: "bdb1fe97af5844078ac3e72aaeab2034" member_type: VOTER last_known_addr { host: "127.26.217.65" port: 41013 } } peers { permanent_uuid: "cf9827da6e0a4917951250184edf125d" member_type: VOTER last_known_addr { host: "127.26.217.66" port: 37091 } } peers { permanent_uuid: "d5e75289ae364436b94c4d956c22208b" member_type: VOTER last_known_addr { host: "127.26.217.67" port: 42521 } }
I20260710 13:25:44.453179 28662 leader_election.cc:304] T 1a831e1dd93f45da965fb2c82ab5f3fd P cf9827da6e0a4917951250184edf125d [CANDIDATE]: Term 1 election: Election decided. Result: candidate won. Election summary: received 3 responses out of 3 voters: 2 yes votes; 1 no votes. yes voters: bdb1fe97af5844078ac3e72aaeab2034, cf9827da6e0a4917951250184edf125d; no voters: d5e75289ae364436b94c4d956c22208b
I20260710 13:25:44.456302 28877 raft_consensus.cc:2804] T 1a831e1dd93f45da965fb2c82ab5f3fd P cf9827da6e0a4917951250184edf125d [term 1 FOLLOWER]: Leader election won for term 1
I20260710 13:25:44.456821 28877 raft_consensus.cc:697] T 1a831e1dd93f45da965fb2c82ab5f3fd P cf9827da6e0a4917951250184edf125d [term 1 LEADER]: Becoming Leader. State: Replica: cf9827da6e0a4917951250184edf125d, State: Running, Role: LEADER
I20260710 13:25:44.457726 28818 tablet_bootstrap.cc:492] T 32b3c944e92c4422bff9caca3629c090 P d5e75289ae364436b94c4d956c22208b: No bootstrap required, opened a new log
I20260710 13:25:44.451397 28815 raft_consensus.cc:359] T 32b3c944e92c4422bff9caca3629c090 P cf9827da6e0a4917951250184edf125d [term 0 FOLLOWER]: Replica starting. Triggering 0 pending ops. Active config: opid_index: -1 OBSOLETE_local: false peers { permanent_uuid: "bdb1fe97af5844078ac3e72aaeab2034" member_type: VOTER last_known_addr { host: "127.26.217.65" port: 41013 } } peers { permanent_uuid: "cf9827da6e0a4917951250184edf125d" member_type: VOTER last_known_addr { host: "127.26.217.66" port: 37091 } } peers { permanent_uuid: "d5e75289ae364436b94c4d956c22208b" member_type: VOTER last_known_addr { host: "127.26.217.67" port: 42521 } }
I20260710 13:25:44.458395 28815 raft_consensus.cc:385] T 32b3c944e92c4422bff9caca3629c090 P cf9827da6e0a4917951250184edf125d [term 0 FOLLOWER]: Consensus starting up: Expiring failure detector timer to make a prompt election more likely
I20260710 13:25:44.458470 28818 ts_tablet_manager.cc:1403] T 32b3c944e92c4422bff9caca3629c090 P d5e75289ae364436b94c4d956c22208b: Time spent bootstrapping tablet: real 0.088s	user 0.011s	sys 0.004s
I20260710 13:25:44.458796 28815 raft_consensus.cc:740] T 32b3c944e92c4422bff9caca3629c090 P cf9827da6e0a4917951250184edf125d [term 0 FOLLOWER]: Becoming Follower/Learner. State: Replica: cf9827da6e0a4917951250184edf125d, State: Initialized, Role: FOLLOWER
I20260710 13:25:44.457435 28622 tablet_service.cc:1917] Received RequestConsensusVote() RPC: tablet_id: "59f80e6c48f04a6eb966dd10f80f139e" candidate_uuid: "d5e75289ae364436b94c4d956c22208b" candidate_term: 1 candidate_status { last_received { term: 0 index: 0 } } ignore_live_leader: false dest_uuid: "bdb1fe97af5844078ac3e72aaeab2034"
I20260710 13:25:44.460115 28872 leader_election.cc:290] T 59f80e6c48f04a6eb966dd10f80f139e P d5e75289ae364436b94c4d956c22208b [CANDIDATE]: Term 1 election: Requested vote from peers bdb1fe97af5844078ac3e72aaeab2034 (127.26.217.65:41013), cf9827da6e0a4917951250184edf125d (127.26.217.66:37091)
I20260710 13:25:44.459671 28815 consensus_queue.cc:260] T 32b3c944e92c4422bff9caca3629c090 P cf9827da6e0a4917951250184edf125d [NON_LEADER]: Queue going to NON_LEADER mode. State: All replicated index: 0, Majority replicated index: 0, Committed index: 0, Last appended: 0.0, Last appended by leader: 0, Current term: 0, Majority size: -1, State: 0, Mode: NON_LEADER, active raft config: opid_index: -1 OBSOLETE_local: false peers { permanent_uuid: "bdb1fe97af5844078ac3e72aaeab2034" member_type: VOTER last_known_addr { host: "127.26.217.65" port: 41013 } } peers { permanent_uuid: "cf9827da6e0a4917951250184edf125d" member_type: VOTER last_known_addr { host: "127.26.217.66" port: 37091 } } peers { permanent_uuid: "d5e75289ae364436b94c4d956c22208b" member_type: VOTER last_known_addr { host: "127.26.217.67" port: 42521 } }
I20260710 13:25:44.457711 28877 consensus_queue.cc:237] T 1a831e1dd93f45da965fb2c82ab5f3fd P cf9827da6e0a4917951250184edf125d [LEADER]: Queue going to LEADER mode. State: All replicated index: 0, Majority replicated index: 0, Committed index: 0, Last appended: 0.0, Last appended by leader: 0, Current term: 1, Majority size: 2, State: 0, Mode: LEADER, active raft config: opid_index: -1 OBSOLETE_local: false peers { permanent_uuid: "bdb1fe97af5844078ac3e72aaeab2034" member_type: VOTER last_known_addr { host: "127.26.217.65" port: 41013 } } peers { permanent_uuid: "cf9827da6e0a4917951250184edf125d" member_type: VOTER last_known_addr { host: "127.26.217.66" port: 37091 } } peers { permanent_uuid: "d5e75289ae364436b94c4d956c22208b" member_type: VOTER last_known_addr { host: "127.26.217.67" port: 42521 } }
I20260710 13:25:44.462183 28622 raft_consensus.cc:3060] T 59f80e6c48f04a6eb966dd10f80f139e P bdb1fe97af5844078ac3e72aaeab2034 [term 0 FOLLOWER]: Advancing to term 1
I20260710 13:25:44.462852 28697 tablet_service.cc:1917] Received RequestConsensusVote() RPC: tablet_id: "59f80e6c48f04a6eb966dd10f80f139e" candidate_uuid: "d5e75289ae364436b94c4d956c22208b" candidate_term: 1 candidate_status { last_received { term: 0 index: 0 } } ignore_live_leader: false dest_uuid: "cf9827da6e0a4917951250184edf125d"
I20260710 13:25:44.463451 28697 raft_consensus.cc:3060] T 59f80e6c48f04a6eb966dd10f80f139e P cf9827da6e0a4917951250184edf125d [term 0 FOLLOWER]: Advancing to term 1
I20260710 13:25:44.464876 28829 raft_consensus.cc:493] T 32b3c944e92c4422bff9caca3629c090 P cf9827da6e0a4917951250184edf125d [term 0 FOLLOWER]: Starting pre-election (no leader contacted us within the election timeout)
I20260710 13:25:44.465447 28829 raft_consensus.cc:515] T 32b3c944e92c4422bff9caca3629c090 P cf9827da6e0a4917951250184edf125d [term 0 FOLLOWER]: Starting pre-election with config: opid_index: -1 OBSOLETE_local: false peers { permanent_uuid: "bdb1fe97af5844078ac3e72aaeab2034" member_type: VOTER last_known_addr { host: "127.26.217.65" port: 41013 } } peers { permanent_uuid: "cf9827da6e0a4917951250184edf125d" member_type: VOTER last_known_addr { host: "127.26.217.66" port: 37091 } } peers { permanent_uuid: "d5e75289ae364436b94c4d956c22208b" member_type: VOTER last_known_addr { host: "127.26.217.67" port: 42521 } }
I20260710 13:25:44.466809 28815 ts_tablet_manager.cc:1434] T 32b3c944e92c4422bff9caca3629c090 P cf9827da6e0a4917951250184edf125d: Time spent starting tablet: real 0.040s	user 0.004s	sys 0.002s
I20260710 13:25:44.468053 28815 tablet_bootstrap.cc:492] T 2a24eddd6ae8474cb2f746428ea8e83d P cf9827da6e0a4917951250184edf125d: Bootstrap starting.
I20260710 13:25:44.468480 28829 leader_election.cc:290] T 32b3c944e92c4422bff9caca3629c090 P cf9827da6e0a4917951250184edf125d [CANDIDATE]: Term 1 pre-election: Requested pre-vote from peers bdb1fe97af5844078ac3e72aaeab2034 (127.26.217.65:41013), d5e75289ae364436b94c4d956c22208b (127.26.217.67:42521)
I20260710 13:25:44.470502 28623 tablet_service.cc:1917] Received RequestConsensusVote() RPC: tablet_id: "32b3c944e92c4422bff9caca3629c090" candidate_uuid: "cf9827da6e0a4917951250184edf125d" candidate_term: 1 candidate_status { last_received { term: 0 index: 0 } } ignore_live_leader: false dest_uuid: "bdb1fe97af5844078ac3e72aaeab2034" is_pre_election: true
W20260710 13:25:44.472908 28662 leader_election.cc:343] T 32b3c944e92c4422bff9caca3629c090 P cf9827da6e0a4917951250184edf125d [CANDIDATE]: Term 1 pre-election: Tablet error from VoteRequest() call to peer bdb1fe97af5844078ac3e72aaeab2034 (127.26.217.65:41013): Illegal state: must be running to vote when last-logged opid is not known
I20260710 13:25:44.471978 28697 raft_consensus.cc:2468] T 59f80e6c48f04a6eb966dd10f80f139e P cf9827da6e0a4917951250184edf125d [term 1 FOLLOWER]: Leader election vote request: Granting yes vote for candidate d5e75289ae364436b94c4d956c22208b in term 1.
I20260710 13:25:44.474444 28770 tablet_service.cc:1917] Received RequestConsensusVote() RPC: tablet_id: "32b3c944e92c4422bff9caca3629c090" candidate_uuid: "cf9827da6e0a4917951250184edf125d" candidate_term: 1 candidate_status { last_received { term: 0 index: 0 } } ignore_live_leader: false dest_uuid: "d5e75289ae364436b94c4d956c22208b" is_pre_election: true
I20260710 13:25:44.475267 28818 raft_consensus.cc:359] T 32b3c944e92c4422bff9caca3629c090 P d5e75289ae364436b94c4d956c22208b [term 0 FOLLOWER]: Replica starting. Triggering 0 pending ops. Active config: opid_index: -1 OBSOLETE_local: false peers { permanent_uuid: "bdb1fe97af5844078ac3e72aaeab2034" member_type: VOTER last_known_addr { host: "127.26.217.65" port: 41013 } } peers { permanent_uuid: "cf9827da6e0a4917951250184edf125d" member_type: VOTER last_known_addr { host: "127.26.217.66" port: 37091 } } peers { permanent_uuid: "d5e75289ae364436b94c4d956c22208b" member_type: VOTER last_known_addr { host: "127.26.217.67" port: 42521 } }
I20260710 13:25:44.475462 28735 leader_election.cc:304] T 59f80e6c48f04a6eb966dd10f80f139e P d5e75289ae364436b94c4d956c22208b [CANDIDATE]: Term 1 election: Election decided. Result: candidate won. Election summary: received 2 responses out of 3 voters: 2 yes votes; 0 no votes. yes voters: cf9827da6e0a4917951250184edf125d, d5e75289ae364436b94c4d956c22208b; no voters: 
W20260710 13:25:44.475859 28662 leader_election.cc:343] T 32b3c944e92c4422bff9caca3629c090 P cf9827da6e0a4917951250184edf125d [CANDIDATE]: Term 1 pre-election: Tablet error from VoteRequest() call to peer d5e75289ae364436b94c4d956c22208b (127.26.217.67:42521): Illegal state: must be running to vote when last-logged opid is not known
I20260710 13:25:44.476127 28818 raft_consensus.cc:385] T 32b3c944e92c4422bff9caca3629c090 P d5e75289ae364436b94c4d956c22208b [term 0 FOLLOWER]: Consensus starting up: Expiring failure detector timer to make a prompt election more likely
I20260710 13:25:44.476378 28662 leader_election.cc:304] T 32b3c944e92c4422bff9caca3629c090 P cf9827da6e0a4917951250184edf125d [CANDIDATE]: Term 1 pre-election: Election decided. Result: candidate lost. Election summary: received 3 responses out of 3 voters: 1 yes votes; 2 no votes. yes voters: cf9827da6e0a4917951250184edf125d; no voters: bdb1fe97af5844078ac3e72aaeab2034, d5e75289ae364436b94c4d956c22208b
I20260710 13:25:44.476527 28855 raft_consensus.cc:2804] T 59f80e6c48f04a6eb966dd10f80f139e P d5e75289ae364436b94c4d956c22208b [term 1 FOLLOWER]: Leader election won for term 1
I20260710 13:25:44.477279 28855 raft_consensus.cc:697] T 59f80e6c48f04a6eb966dd10f80f139e P d5e75289ae364436b94c4d956c22208b [term 1 LEADER]: Becoming Leader. State: Replica: d5e75289ae364436b94c4d956c22208b, State: Running, Role: LEADER
I20260710 13:25:44.477584 28829 raft_consensus.cc:2749] T 32b3c944e92c4422bff9caca3629c090 P cf9827da6e0a4917951250184edf125d [term 0 FOLLOWER]: Leader pre-election lost for term 1. Reason: could not achieve majority
I20260710 13:25:44.477137 28816 tablet_bootstrap.cc:492] T accd9a5e103e45f68c7c5d8c4819687f P bdb1fe97af5844078ac3e72aaeab2034: No bootstrap required, opened a new log
I20260710 13:25:44.478223 28855 consensus_queue.cc:237] T 59f80e6c48f04a6eb966dd10f80f139e P d5e75289ae364436b94c4d956c22208b [LEADER]: Queue going to LEADER mode. State: All replicated index: 0, Majority replicated index: 0, Committed index: 0, Last appended: 0.0, Last appended by leader: 0, Current term: 1, Majority size: 2, State: 0, Mode: LEADER, active raft config: opid_index: -1 OBSOLETE_local: false peers { permanent_uuid: "bdb1fe97af5844078ac3e72aaeab2034" member_type: VOTER last_known_addr { host: "127.26.217.65" port: 41013 } } peers { permanent_uuid: "cf9827da6e0a4917951250184edf125d" member_type: VOTER last_known_addr { host: "127.26.217.66" port: 37091 } } peers { permanent_uuid: "d5e75289ae364436b94c4d956c22208b" member_type: VOTER last_known_addr { host: "127.26.217.67" port: 42521 } }
I20260710 13:25:44.478891 28816 ts_tablet_manager.cc:1403] T accd9a5e103e45f68c7c5d8c4819687f P bdb1fe97af5844078ac3e72aaeab2034: Time spent bootstrapping tablet: real 0.120s	user 0.013s	sys 0.003s
I20260710 13:25:44.479637 28815 tablet_bootstrap.cc:654] T 2a24eddd6ae8474cb2f746428ea8e83d P cf9827da6e0a4917951250184edf125d: Neither blocks nor log segments found. Creating new log.
I20260710 13:25:44.480638 28622 raft_consensus.cc:2468] T 59f80e6c48f04a6eb966dd10f80f139e P bdb1fe97af5844078ac3e72aaeab2034 [term 1 FOLLOWER]: Leader election vote request: Granting yes vote for candidate d5e75289ae364436b94c4d956c22208b in term 1.
I20260710 13:25:44.482374 28519 catalog_manager.cc:5697] T cd5b65caae8241018bacb789347e8f2a P bdb1fe97af5844078ac3e72aaeab2034 reported cstate change: term changed from 0 to 1, leader changed from <none> to bdb1fe97af5844078ac3e72aaeab2034 (127.26.217.65). New cstate: current_term: 1 leader_uuid: "bdb1fe97af5844078ac3e72aaeab2034" committed_config { opid_index: -1 OBSOLETE_local: false peers { permanent_uuid: "bdb1fe97af5844078ac3e72aaeab2034" member_type: VOTER last_known_addr { host: "127.26.217.65" port: 41013 } health_report { overall_health: HEALTHY } } peers { permanent_uuid: "cf9827da6e0a4917951250184edf125d" member_type: VOTER last_known_addr { host: "127.26.217.66" port: 37091 } health_report { overall_health: UNKNOWN } } peers { permanent_uuid: "d5e75289ae364436b94c4d956c22208b" member_type: VOTER last_known_addr { host: "127.26.217.67" port: 42521 } health_report { overall_health: UNKNOWN } } }
I20260710 13:25:44.476727 28872 raft_consensus.cc:493] T ba8b10a699374f598f49a0bd2b3c548e P d5e75289ae364436b94c4d956c22208b [term 0 FOLLOWER]: Starting pre-election (no leader contacted us within the election timeout)
I20260710 13:25:44.483495 28872 raft_consensus.cc:515] T ba8b10a699374f598f49a0bd2b3c548e P d5e75289ae364436b94c4d956c22208b [term 0 FOLLOWER]: Starting pre-election with config: opid_index: -1 OBSOLETE_local: false peers { permanent_uuid: "bdb1fe97af5844078ac3e72aaeab2034" member_type: VOTER last_known_addr { host: "127.26.217.65" port: 41013 } } peers { permanent_uuid: "cf9827da6e0a4917951250184edf125d" member_type: VOTER last_known_addr { host: "127.26.217.66" port: 37091 } } peers { permanent_uuid: "d5e75289ae364436b94c4d956c22208b" member_type: VOTER last_known_addr { host: "127.26.217.67" port: 42521 } }
I20260710 13:25:44.476492 28818 raft_consensus.cc:740] T 32b3c944e92c4422bff9caca3629c090 P d5e75289ae364436b94c4d956c22208b [term 0 FOLLOWER]: Becoming Follower/Learner. State: Replica: d5e75289ae364436b94c4d956c22208b, State: Initialized, Role: FOLLOWER
I20260710 13:25:44.488121 28818 consensus_queue.cc:260] T 32b3c944e92c4422bff9caca3629c090 P d5e75289ae364436b94c4d956c22208b [NON_LEADER]: Queue going to NON_LEADER mode. State: All replicated index: 0, Majority replicated index: 0, Committed index: 0, Last appended: 0.0, Last appended by leader: 0, Current term: 0, Majority size: -1, State: 0, Mode: NON_LEADER, active raft config: opid_index: -1 OBSOLETE_local: false peers { permanent_uuid: "bdb1fe97af5844078ac3e72aaeab2034" member_type: VOTER last_known_addr { host: "127.26.217.65" port: 41013 } } peers { permanent_uuid: "cf9827da6e0a4917951250184edf125d" member_type: VOTER last_known_addr { host: "127.26.217.66" port: 37091 } } peers { permanent_uuid: "d5e75289ae364436b94c4d956c22208b" member_type: VOTER last_known_addr { host: "127.26.217.67" port: 42521 } }
I20260710 13:25:44.492134 28818 ts_tablet_manager.cc:1434] T 32b3c944e92c4422bff9caca3629c090 P d5e75289ae364436b94c4d956c22208b: Time spent starting tablet: real 0.033s	user 0.006s	sys 0.001s
I20260710 13:25:44.493135 28818 tablet_bootstrap.cc:492] T 533f7a10b9734bd599fb11b02f835bd5 P d5e75289ae364436b94c4d956c22208b: Bootstrap starting.
I20260710 13:25:44.494599 28622 tablet_service.cc:1917] Received RequestConsensusVote() RPC: tablet_id: "ba8b10a699374f598f49a0bd2b3c548e" candidate_uuid: "d5e75289ae364436b94c4d956c22208b" candidate_term: 1 candidate_status { last_received { term: 0 index: 0 } } ignore_live_leader: false dest_uuid: "bdb1fe97af5844078ac3e72aaeab2034" is_pre_election: true
I20260710 13:25:44.495322 28622 raft_consensus.cc:2468] T ba8b10a699374f598f49a0bd2b3c548e P bdb1fe97af5844078ac3e72aaeab2034 [term 0 FOLLOWER]: Leader pre-election vote request: Granting yes vote for candidate d5e75289ae364436b94c4d956c22208b in term 0.
I20260710 13:25:44.501179 28818 tablet_bootstrap.cc:654] T 533f7a10b9734bd599fb11b02f835bd5 P d5e75289ae364436b94c4d956c22208b: Neither blocks nor log segments found. Creating new log.
I20260710 13:25:44.502403 28736 leader_election.cc:304] T ba8b10a699374f598f49a0bd2b3c548e P d5e75289ae364436b94c4d956c22208b [CANDIDATE]: Term 1 pre-election: Election decided. Result: candidate won. Election summary: received 2 responses out of 3 voters: 2 yes votes; 0 no votes. yes voters: bdb1fe97af5844078ac3e72aaeab2034, d5e75289ae364436b94c4d956c22208b; no voters: 
I20260710 13:25:44.503654 28855 raft_consensus.cc:2804] T ba8b10a699374f598f49a0bd2b3c548e P d5e75289ae364436b94c4d956c22208b [term 0 FOLLOWER]: Leader pre-election won for term 1
I20260710 13:25:44.504158 28855 raft_consensus.cc:493] T ba8b10a699374f598f49a0bd2b3c548e P d5e75289ae364436b94c4d956c22208b [term 0 FOLLOWER]: Starting leader election (no leader contacted us within the election timeout)
I20260710 13:25:44.504576 28855 raft_consensus.cc:3060] T ba8b10a699374f598f49a0bd2b3c548e P d5e75289ae364436b94c4d956c22208b [term 0 FOLLOWER]: Advancing to term 1
I20260710 13:25:44.505251 28818 tablet_bootstrap.cc:492] T 533f7a10b9734bd599fb11b02f835bd5 P d5e75289ae364436b94c4d956c22208b: No bootstrap required, opened a new log
I20260710 13:25:44.505759 28818 ts_tablet_manager.cc:1403] T 533f7a10b9734bd599fb11b02f835bd5 P d5e75289ae364436b94c4d956c22208b: Time spent bootstrapping tablet: real 0.013s	user 0.009s	sys 0.000s
I20260710 13:25:44.508072 28818 raft_consensus.cc:359] T 533f7a10b9734bd599fb11b02f835bd5 P d5e75289ae364436b94c4d956c22208b [term 0 FOLLOWER]: Replica starting. Triggering 0 pending ops. Active config: opid_index: -1 OBSOLETE_local: false peers { permanent_uuid: "cf9827da6e0a4917951250184edf125d" member_type: VOTER last_known_addr { host: "127.26.217.66" port: 37091 } } peers { permanent_uuid: "bdb1fe97af5844078ac3e72aaeab2034" member_type: VOTER last_known_addr { host: "127.26.217.65" port: 41013 } } peers { permanent_uuid: "d5e75289ae364436b94c4d956c22208b" member_type: VOTER last_known_addr { host: "127.26.217.67" port: 42521 } }
I20260710 13:25:44.508560 28818 raft_consensus.cc:385] T 533f7a10b9734bd599fb11b02f835bd5 P d5e75289ae364436b94c4d956c22208b [term 0 FOLLOWER]: Consensus starting up: Expiring failure detector timer to make a prompt election more likely
I20260710 13:25:44.508775 28818 raft_consensus.cc:740] T 533f7a10b9734bd599fb11b02f835bd5 P d5e75289ae364436b94c4d956c22208b [term 0 FOLLOWER]: Becoming Follower/Learner. State: Replica: d5e75289ae364436b94c4d956c22208b, State: Initialized, Role: FOLLOWER
I20260710 13:25:44.509274 28818 consensus_queue.cc:260] T 533f7a10b9734bd599fb11b02f835bd5 P d5e75289ae364436b94c4d956c22208b [NON_LEADER]: Queue going to NON_LEADER mode. State: All replicated index: 0, Majority replicated index: 0, Committed index: 0, Last appended: 0.0, Last appended by leader: 0, Current term: 0, Majority size: -1, State: 0, Mode: NON_LEADER, active raft config: opid_index: -1 OBSOLETE_local: false peers { permanent_uuid: "cf9827da6e0a4917951250184edf125d" member_type: VOTER last_known_addr { host: "127.26.217.66" port: 37091 } } peers { permanent_uuid: "bdb1fe97af5844078ac3e72aaeab2034" member_type: VOTER last_known_addr { host: "127.26.217.65" port: 41013 } } peers { permanent_uuid: "d5e75289ae364436b94c4d956c22208b" member_type: VOTER last_known_addr { host: "127.26.217.67" port: 42521 } }
I20260710 13:25:44.510807 28818 ts_tablet_manager.cc:1434] T 533f7a10b9734bd599fb11b02f835bd5 P d5e75289ae364436b94c4d956c22208b: Time spent starting tablet: real 0.005s	user 0.004s	sys 0.000s
I20260710 13:25:44.514526 28697 tablet_service.cc:1917] Received RequestConsensusVote() RPC: tablet_id: "ba8b10a699374f598f49a0bd2b3c548e" candidate_uuid: "d5e75289ae364436b94c4d956c22208b" candidate_term: 1 candidate_status { last_received { term: 0 index: 0 } } ignore_live_leader: false dest_uuid: "cf9827da6e0a4917951250184edf125d" is_pre_election: true
I20260710 13:25:44.516901 28872 leader_election.cc:290] T ba8b10a699374f598f49a0bd2b3c548e P d5e75289ae364436b94c4d956c22208b [CANDIDATE]: Term 1 pre-election: Requested pre-vote from peers bdb1fe97af5844078ac3e72aaeab2034 (127.26.217.65:41013), cf9827da6e0a4917951250184edf125d (127.26.217.66:37091)
I20260710 13:25:44.482450 28816 raft_consensus.cc:359] T accd9a5e103e45f68c7c5d8c4819687f P bdb1fe97af5844078ac3e72aaeab2034 [term 0 FOLLOWER]: Replica starting. Triggering 0 pending ops. Active config: opid_index: -1 OBSOLETE_local: false peers { permanent_uuid: "bdb1fe97af5844078ac3e72aaeab2034" member_type: VOTER last_known_addr { host: "127.26.217.65" port: 41013 } } peers { permanent_uuid: "cf9827da6e0a4917951250184edf125d" member_type: VOTER last_known_addr { host: "127.26.217.66" port: 37091 } } peers { permanent_uuid: "d5e75289ae364436b94c4d956c22208b" member_type: VOTER last_known_addr { host: "127.26.217.67" port: 42521 } }
I20260710 13:25:44.519586 28816 raft_consensus.cc:385] T accd9a5e103e45f68c7c5d8c4819687f P bdb1fe97af5844078ac3e72aaeab2034 [term 0 FOLLOWER]: Consensus starting up: Expiring failure detector timer to make a prompt election more likely
I20260710 13:25:44.519961 28816 raft_consensus.cc:740] T accd9a5e103e45f68c7c5d8c4819687f P bdb1fe97af5844078ac3e72aaeab2034 [term 0 FOLLOWER]: Becoming Follower/Learner. State: Replica: bdb1fe97af5844078ac3e72aaeab2034, State: Initialized, Role: FOLLOWER
W20260710 13:25:44.521447 28735 leader_election.cc:343] T ba8b10a699374f598f49a0bd2b3c548e P d5e75289ae364436b94c4d956c22208b [CANDIDATE]: Term 1 pre-election: Tablet error from VoteRequest() call to peer cf9827da6e0a4917951250184edf125d (127.26.217.66:37091): Illegal state: must be running to vote when last-logged opid is not known
I20260710 13:25:44.522233 28816 consensus_queue.cc:260] T accd9a5e103e45f68c7c5d8c4819687f P bdb1fe97af5844078ac3e72aaeab2034 [NON_LEADER]: Queue going to NON_LEADER mode. State: All replicated index: 0, Majority replicated index: 0, Committed index: 0, Last appended: 0.0, Last appended by leader: 0, Current term: 0, Majority size: -1, State: 0, Mode: NON_LEADER, active raft config: opid_index: -1 OBSOLETE_local: false peers { permanent_uuid: "bdb1fe97af5844078ac3e72aaeab2034" member_type: VOTER last_known_addr { host: "127.26.217.65" port: 41013 } } peers { permanent_uuid: "cf9827da6e0a4917951250184edf125d" member_type: VOTER last_known_addr { host: "127.26.217.66" port: 37091 } } peers { permanent_uuid: "d5e75289ae364436b94c4d956c22208b" member_type: VOTER last_known_addr { host: "127.26.217.67" port: 42521 } }
I20260710 13:25:44.523758 28519 catalog_manager.cc:5697] T 59f80e6c48f04a6eb966dd10f80f139e P d5e75289ae364436b94c4d956c22208b reported cstate change: term changed from 0 to 1, leader changed from <none> to d5e75289ae364436b94c4d956c22208b (127.26.217.67). New cstate: current_term: 1 leader_uuid: "d5e75289ae364436b94c4d956c22208b" committed_config { opid_index: -1 OBSOLETE_local: false peers { permanent_uuid: "bdb1fe97af5844078ac3e72aaeab2034" member_type: VOTER last_known_addr { host: "127.26.217.65" port: 41013 } health_report { overall_health: UNKNOWN } } peers { permanent_uuid: "cf9827da6e0a4917951250184edf125d" member_type: VOTER last_known_addr { host: "127.26.217.66" port: 37091 } health_report { overall_health: UNKNOWN } } peers { permanent_uuid: "d5e75289ae364436b94c4d956c22208b" member_type: VOTER last_known_addr { host: "127.26.217.67" port: 42521 } health_report { overall_health: HEALTHY } } }
I20260710 13:25:44.525182 28816 ts_tablet_manager.cc:1434] T accd9a5e103e45f68c7c5d8c4819687f P bdb1fe97af5844078ac3e72aaeab2034: Time spent starting tablet: real 0.046s	user 0.006s	sys 0.000s
I20260710 13:25:44.530620 28816 tablet_bootstrap.cc:492] T 32b3c944e92c4422bff9caca3629c090 P bdb1fe97af5844078ac3e72aaeab2034: Bootstrap starting.
I20260710 13:25:44.531611 28855 raft_consensus.cc:515] T ba8b10a699374f598f49a0bd2b3c548e P d5e75289ae364436b94c4d956c22208b [term 1 FOLLOWER]: Starting leader election with config: opid_index: -1 OBSOLETE_local: false peers { permanent_uuid: "bdb1fe97af5844078ac3e72aaeab2034" member_type: VOTER last_known_addr { host: "127.26.217.65" port: 41013 } } peers { permanent_uuid: "cf9827da6e0a4917951250184edf125d" member_type: VOTER last_known_addr { host: "127.26.217.66" port: 37091 } } peers { permanent_uuid: "d5e75289ae364436b94c4d956c22208b" member_type: VOTER last_known_addr { host: "127.26.217.67" port: 42521 } }
I20260710 13:25:44.534502 28622 tablet_service.cc:1917] Received RequestConsensusVote() RPC: tablet_id: "ba8b10a699374f598f49a0bd2b3c548e" candidate_uuid: "d5e75289ae364436b94c4d956c22208b" candidate_term: 1 candidate_status { last_received { term: 0 index: 0 } } ignore_live_leader: false dest_uuid: "bdb1fe97af5844078ac3e72aaeab2034"
I20260710 13:25:44.535110 28622 raft_consensus.cc:3060] T ba8b10a699374f598f49a0bd2b3c548e P bdb1fe97af5844078ac3e72aaeab2034 [term 0 FOLLOWER]: Advancing to term 1
I20260710 13:25:44.535481 28855 leader_election.cc:290] T ba8b10a699374f598f49a0bd2b3c548e P d5e75289ae364436b94c4d956c22208b [CANDIDATE]: Term 1 election: Requested vote from peers bdb1fe97af5844078ac3e72aaeab2034 (127.26.217.65:41013), cf9827da6e0a4917951250184edf125d (127.26.217.66:37091)
I20260710 13:25:44.536289 28697 tablet_service.cc:1917] Received RequestConsensusVote() RPC: tablet_id: "ba8b10a699374f598f49a0bd2b3c548e" candidate_uuid: "d5e75289ae364436b94c4d956c22208b" candidate_term: 1 candidate_status { last_received { term: 0 index: 0 } } ignore_live_leader: false dest_uuid: "cf9827da6e0a4917951250184edf125d"
I20260710 13:25:44.523166 28818 tablet_bootstrap.cc:492] T cd5b65caae8241018bacb789347e8f2a P d5e75289ae364436b94c4d956c22208b: Bootstrap starting.
I20260710 13:25:44.528616 28877 consensus_queue.cc:1048] T 4cd7afd38a614165a631b515767e162e P cf9827da6e0a4917951250184edf125d [LEADER]: Connected to new peer: Peer: permanent_uuid: "bdb1fe97af5844078ac3e72aaeab2034" member_type: VOTER last_known_addr { host: "127.26.217.65" port: 41013 }, Status: LMP_MISMATCH, Last received: 0.0, Next index: 1, Last known committed idx: 0, Time since last communication: 0.000s
I20260710 13:25:44.537289 28815 tablet_bootstrap.cc:492] T 2a24eddd6ae8474cb2f746428ea8e83d P cf9827da6e0a4917951250184edf125d: No bootstrap required, opened a new log
W20260710 13:25:44.537704 28735 leader_election.cc:343] T ba8b10a699374f598f49a0bd2b3c548e P d5e75289ae364436b94c4d956c22208b [CANDIDATE]: Term 1 election: Tablet error from VoteRequest() call to peer cf9827da6e0a4917951250184edf125d (127.26.217.66:37091): Illegal state: must be running to vote when last-logged opid is not known
I20260710 13:25:44.538178 28815 ts_tablet_manager.cc:1403] T 2a24eddd6ae8474cb2f746428ea8e83d P cf9827da6e0a4917951250184edf125d: Time spent bootstrapping tablet: real 0.070s	user 0.021s	sys 0.024s
I20260710 13:25:44.541165 28815 raft_consensus.cc:359] T 2a24eddd6ae8474cb2f746428ea8e83d P cf9827da6e0a4917951250184edf125d [term 0 FOLLOWER]: Replica starting. Triggering 0 pending ops. Active config: opid_index: -1 OBSOLETE_local: false peers { permanent_uuid: "bdb1fe97af5844078ac3e72aaeab2034" member_type: VOTER last_known_addr { host: "127.26.217.65" port: 41013 } } peers { permanent_uuid: "cf9827da6e0a4917951250184edf125d" member_type: VOTER last_known_addr { host: "127.26.217.66" port: 37091 } } peers { permanent_uuid: "d5e75289ae364436b94c4d956c22208b" member_type: VOTER last_known_addr { host: "127.26.217.67" port: 42521 } }
I20260710 13:25:44.542196 28815 raft_consensus.cc:385] T 2a24eddd6ae8474cb2f746428ea8e83d P cf9827da6e0a4917951250184edf125d [term 0 FOLLOWER]: Consensus starting up: Expiring failure detector timer to make a prompt election more likely
I20260710 13:25:44.542513 28815 raft_consensus.cc:740] T 2a24eddd6ae8474cb2f746428ea8e83d P cf9827da6e0a4917951250184edf125d [term 0 FOLLOWER]: Becoming Follower/Learner. State: Replica: cf9827da6e0a4917951250184edf125d, State: Initialized, Role: FOLLOWER
I20260710 13:25:44.542685 28521 catalog_manager.cc:5697] T 1a831e1dd93f45da965fb2c82ab5f3fd P cf9827da6e0a4917951250184edf125d reported cstate change: term changed from 0 to 1, leader changed from <none> to cf9827da6e0a4917951250184edf125d (127.26.217.66). New cstate: current_term: 1 leader_uuid: "cf9827da6e0a4917951250184edf125d" committed_config { opid_index: -1 OBSOLETE_local: false peers { permanent_uuid: "bdb1fe97af5844078ac3e72aaeab2034" member_type: VOTER last_known_addr { host: "127.26.217.65" port: 41013 } health_report { overall_health: UNKNOWN } } peers { permanent_uuid: "cf9827da6e0a4917951250184edf125d" member_type: VOTER last_known_addr { host: "127.26.217.66" port: 37091 } health_report { overall_health: HEALTHY } } peers { permanent_uuid: "d5e75289ae364436b94c4d956c22208b" member_type: VOTER last_known_addr { host: "127.26.217.67" port: 42521 } health_report { overall_health: UNKNOWN } } }
I20260710 13:25:44.543577 28815 consensus_queue.cc:260] T 2a24eddd6ae8474cb2f746428ea8e83d P cf9827da6e0a4917951250184edf125d [NON_LEADER]: Queue going to NON_LEADER mode. State: All replicated index: 0, Majority replicated index: 0, Committed index: 0, Last appended: 0.0, Last appended by leader: 0, Current term: 0, Majority size: -1, State: 0, Mode: NON_LEADER, active raft config: opid_index: -1 OBSOLETE_local: false peers { permanent_uuid: "bdb1fe97af5844078ac3e72aaeab2034" member_type: VOTER last_known_addr { host: "127.26.217.65" port: 41013 } } peers { permanent_uuid: "cf9827da6e0a4917951250184edf125d" member_type: VOTER last_known_addr { host: "127.26.217.66" port: 37091 } } peers { permanent_uuid: "d5e75289ae364436b94c4d956c22208b" member_type: VOTER last_known_addr { host: "127.26.217.67" port: 42521 } }
I20260710 13:25:44.545826 28871 raft_consensus.cc:493] T accd9a5e103e45f68c7c5d8c4819687f P bdb1fe97af5844078ac3e72aaeab2034 [term 0 FOLLOWER]: Starting pre-election (no leader contacted us within the election timeout)
I20260710 13:25:44.546283 28622 raft_consensus.cc:2468] T ba8b10a699374f598f49a0bd2b3c548e P bdb1fe97af5844078ac3e72aaeab2034 [term 1 FOLLOWER]: Leader election vote request: Granting yes vote for candidate d5e75289ae364436b94c4d956c22208b in term 1.
I20260710 13:25:44.546370 28871 raft_consensus.cc:515] T accd9a5e103e45f68c7c5d8c4819687f P bdb1fe97af5844078ac3e72aaeab2034 [term 0 FOLLOWER]: Starting pre-election with config: opid_index: -1 OBSOLETE_local: false peers { permanent_uuid: "bdb1fe97af5844078ac3e72aaeab2034" member_type: VOTER last_known_addr { host: "127.26.217.65" port: 41013 } } peers { permanent_uuid: "cf9827da6e0a4917951250184edf125d" member_type: VOTER last_known_addr { host: "127.26.217.66" port: 37091 } } peers { permanent_uuid: "d5e75289ae364436b94c4d956c22208b" member_type: VOTER last_known_addr { host: "127.26.217.67" port: 42521 } }
I20260710 13:25:44.547349 28815 ts_tablet_manager.cc:1434] T 2a24eddd6ae8474cb2f746428ea8e83d P cf9827da6e0a4917951250184edf125d: Time spent starting tablet: real 0.009s	user 0.006s	sys 0.001s
I20260710 13:25:44.549785 28770 tablet_service.cc:1917] Received RequestConsensusVote() RPC: tablet_id: "accd9a5e103e45f68c7c5d8c4819687f" candidate_uuid: "bdb1fe97af5844078ac3e72aaeab2034" candidate_term: 1 candidate_status { last_received { term: 0 index: 0 } } ignore_live_leader: false dest_uuid: "d5e75289ae364436b94c4d956c22208b" is_pre_election: true
I20260710 13:25:44.550441 28736 leader_election.cc:304] T ba8b10a699374f598f49a0bd2b3c548e P d5e75289ae364436b94c4d956c22208b [CANDIDATE]: Term 1 election: Election decided. Result: candidate won. Election summary: received 3 responses out of 3 voters: 2 yes votes; 1 no votes. yes voters: bdb1fe97af5844078ac3e72aaeab2034, d5e75289ae364436b94c4d956c22208b; no voters: cf9827da6e0a4917951250184edf125d
I20260710 13:25:44.550601 28815 tablet_bootstrap.cc:492] T 679a285959bf40aabd390f3c6d6c059e P cf9827da6e0a4917951250184edf125d: Bootstrap starting.
I20260710 13:25:44.551466 28871 leader_election.cc:290] T accd9a5e103e45f68c7c5d8c4819687f P bdb1fe97af5844078ac3e72aaeab2034 [CANDIDATE]: Term 1 pre-election: Requested pre-vote from peers cf9827da6e0a4917951250184edf125d (127.26.217.66:37091), d5e75289ae364436b94c4d956c22208b (127.26.217.67:42521)
I20260710 13:25:44.551992 28855 raft_consensus.cc:2804] T ba8b10a699374f598f49a0bd2b3c548e P d5e75289ae364436b94c4d956c22208b [term 1 FOLLOWER]: Leader election won for term 1
I20260710 13:25:44.552440 28855 raft_consensus.cc:697] T ba8b10a699374f598f49a0bd2b3c548e P d5e75289ae364436b94c4d956c22208b [term 1 LEADER]: Becoming Leader. State: Replica: d5e75289ae364436b94c4d956c22208b, State: Running, Role: LEADER
I20260710 13:25:44.553143 28855 consensus_queue.cc:237] T ba8b10a699374f598f49a0bd2b3c548e P d5e75289ae364436b94c4d956c22208b [LEADER]: Queue going to LEADER mode. State: All replicated index: 0, Majority replicated index: 0, Committed index: 0, Last appended: 0.0, Last appended by leader: 0, Current term: 1, Majority size: 2, State: 0, Mode: LEADER, active raft config: opid_index: -1 OBSOLETE_local: false peers { permanent_uuid: "bdb1fe97af5844078ac3e72aaeab2034" member_type: VOTER last_known_addr { host: "127.26.217.65" port: 41013 } } peers { permanent_uuid: "cf9827da6e0a4917951250184edf125d" member_type: VOTER last_known_addr { host: "127.26.217.66" port: 37091 } } peers { permanent_uuid: "d5e75289ae364436b94c4d956c22208b" member_type: VOTER last_known_addr { host: "127.26.217.67" port: 42521 } }
I20260710 13:25:44.554262 28697 tablet_service.cc:1917] Received RequestConsensusVote() RPC: tablet_id: "accd9a5e103e45f68c7c5d8c4819687f" candidate_uuid: "bdb1fe97af5844078ac3e72aaeab2034" candidate_term: 1 candidate_status { last_received { term: 0 index: 0 } } ignore_live_leader: false dest_uuid: "cf9827da6e0a4917951250184edf125d" is_pre_election: true
I20260710 13:25:44.555019 28697 raft_consensus.cc:2393] T accd9a5e103e45f68c7c5d8c4819687f P cf9827da6e0a4917951250184edf125d [term 1 FOLLOWER]: Leader pre-election vote request: Denying vote to candidate bdb1fe97af5844078ac3e72aaeab2034 in current term 1: Already voted for candidate d5e75289ae364436b94c4d956c22208b in this term.
I20260710 13:25:44.556262 28586 leader_election.cc:304] T accd9a5e103e45f68c7c5d8c4819687f P bdb1fe97af5844078ac3e72aaeab2034 [CANDIDATE]: Term 1 pre-election: Election decided. Result: candidate lost. Election summary: received 3 responses out of 3 voters: 1 yes votes; 2 no votes. yes voters: bdb1fe97af5844078ac3e72aaeab2034; no voters: cf9827da6e0a4917951250184edf125d, d5e75289ae364436b94c4d956c22208b
I20260710 13:25:44.557837 28871 raft_consensus.cc:3060] T accd9a5e103e45f68c7c5d8c4819687f P bdb1fe97af5844078ac3e72aaeab2034 [term 0 FOLLOWER]: Advancing to term 1
I20260710 13:25:44.558265 28815 tablet_bootstrap.cc:654] T 679a285959bf40aabd390f3c6d6c059e P cf9827da6e0a4917951250184edf125d: Neither blocks nor log segments found. Creating new log.
I20260710 13:25:44.562201 28825 raft_consensus.cc:493] T c2f4b9ef9aa44063beb0854b45259790 P bdb1fe97af5844078ac3e72aaeab2034 [term 0 FOLLOWER]: Starting pre-election (no leader contacted us within the election timeout)
I20260710 13:25:44.562719 28825 raft_consensus.cc:515] T c2f4b9ef9aa44063beb0854b45259790 P bdb1fe97af5844078ac3e72aaeab2034 [term 0 FOLLOWER]: Starting pre-election with config: opid_index: -1 OBSOLETE_local: false peers { permanent_uuid: "bdb1fe97af5844078ac3e72aaeab2034" member_type: VOTER last_known_addr { host: "127.26.217.65" port: 41013 } } peers { permanent_uuid: "cf9827da6e0a4917951250184edf125d" member_type: VOTER last_known_addr { host: "127.26.217.66" port: 37091 } } peers { permanent_uuid: "d5e75289ae364436b94c4d956c22208b" member_type: VOTER last_known_addr { host: "127.26.217.67" port: 42521 } }
I20260710 13:25:44.564795 28825 leader_election.cc:290] T c2f4b9ef9aa44063beb0854b45259790 P bdb1fe97af5844078ac3e72aaeab2034 [CANDIDATE]: Term 1 pre-election: Requested pre-vote from peers cf9827da6e0a4917951250184edf125d (127.26.217.66:37091), d5e75289ae364436b94c4d956c22208b (127.26.217.67:42521)
I20260710 13:25:44.567801 28871 raft_consensus.cc:2749] T accd9a5e103e45f68c7c5d8c4819687f P bdb1fe97af5844078ac3e72aaeab2034 [term 1 FOLLOWER]: Leader pre-election lost for term 1. Reason: could not achieve majority
I20260710 13:25:44.570509 28770 tablet_service.cc:1917] Received RequestConsensusVote() RPC: tablet_id: "c2f4b9ef9aa44063beb0854b45259790" candidate_uuid: "bdb1fe97af5844078ac3e72aaeab2034" candidate_term: 1 candidate_status { last_received { term: 0 index: 0 } } ignore_live_leader: false dest_uuid: "d5e75289ae364436b94c4d956c22208b" is_pre_election: true
I20260710 13:25:44.572824 28697 tablet_service.cc:1917] Received RequestConsensusVote() RPC: tablet_id: "c2f4b9ef9aa44063beb0854b45259790" candidate_uuid: "bdb1fe97af5844078ac3e72aaeab2034" candidate_term: 1 candidate_status { last_received { term: 0 index: 0 } } ignore_live_leader: false dest_uuid: "cf9827da6e0a4917951250184edf125d" is_pre_election: true
I20260710 13:25:44.576304 28697 raft_consensus.cc:2468] T c2f4b9ef9aa44063beb0854b45259790 P cf9827da6e0a4917951250184edf125d [term 0 FOLLOWER]: Leader pre-election vote request: Granting yes vote for candidate bdb1fe97af5844078ac3e72aaeab2034 in term 0.
I20260710 13:25:44.573589 28830 consensus_queue.cc:1048] T 4cd7afd38a614165a631b515767e162e P cf9827da6e0a4917951250184edf125d [LEADER]: Connected to new peer: Peer: permanent_uuid: "d5e75289ae364436b94c4d956c22208b" member_type: VOTER last_known_addr { host: "127.26.217.67" port: 42521 }, Status: LMP_MISMATCH, Last received: 0.0, Next index: 1, Last known committed idx: 0, Time since last communication: 0.000s
I20260710 13:25:44.577829 28586 leader_election.cc:304] T c2f4b9ef9aa44063beb0854b45259790 P bdb1fe97af5844078ac3e72aaeab2034 [CANDIDATE]: Term 1 pre-election: Election decided. Result: candidate won. Election summary: received 2 responses out of 3 voters: 2 yes votes; 0 no votes. yes voters: bdb1fe97af5844078ac3e72aaeab2034, cf9827da6e0a4917951250184edf125d; no voters: 
I20260710 13:25:44.578794 28825 raft_consensus.cc:2804] T c2f4b9ef9aa44063beb0854b45259790 P bdb1fe97af5844078ac3e72aaeab2034 [term 0 FOLLOWER]: Leader pre-election won for term 1
W20260710 13:25:44.579007 28587 leader_election.cc:343] T c2f4b9ef9aa44063beb0854b45259790 P bdb1fe97af5844078ac3e72aaeab2034 [CANDIDATE]: Term 1 pre-election: Tablet error from VoteRequest() call to peer d5e75289ae364436b94c4d956c22208b (127.26.217.67:42521): Illegal state: must be running to vote when last-logged opid is not known
I20260710 13:25:44.579216 28825 raft_consensus.cc:493] T c2f4b9ef9aa44063beb0854b45259790 P bdb1fe97af5844078ac3e72aaeab2034 [term 0 FOLLOWER]: Starting leader election (no leader contacted us within the election timeout)
I20260710 13:25:44.579591 28825 raft_consensus.cc:3060] T c2f4b9ef9aa44063beb0854b45259790 P bdb1fe97af5844078ac3e72aaeab2034 [term 0 FOLLOWER]: Advancing to term 1
I20260710 13:25:44.573937 28818 tablet_bootstrap.cc:654] T cd5b65caae8241018bacb789347e8f2a P d5e75289ae364436b94c4d956c22208b: Neither blocks nor log segments found. Creating new log.
I20260710 13:25:44.588956 28825 raft_consensus.cc:515] T c2f4b9ef9aa44063beb0854b45259790 P bdb1fe97af5844078ac3e72aaeab2034 [term 1 FOLLOWER]: Starting leader election with config: opid_index: -1 OBSOLETE_local: false peers { permanent_uuid: "bdb1fe97af5844078ac3e72aaeab2034" member_type: VOTER last_known_addr { host: "127.26.217.65" port: 41013 } } peers { permanent_uuid: "cf9827da6e0a4917951250184edf125d" member_type: VOTER last_known_addr { host: "127.26.217.66" port: 37091 } } peers { permanent_uuid: "d5e75289ae364436b94c4d956c22208b" member_type: VOTER last_known_addr { host: "127.26.217.67" port: 42521 } }
I20260710 13:25:44.594485 28825 leader_election.cc:290] T c2f4b9ef9aa44063beb0854b45259790 P bdb1fe97af5844078ac3e72aaeab2034 [CANDIDATE]: Term 1 election: Requested vote from peers cf9827da6e0a4917951250184edf125d (127.26.217.66:37091), d5e75289ae364436b94c4d956c22208b (127.26.217.67:42521)
I20260710 13:25:44.595670 28770 tablet_service.cc:1917] Received RequestConsensusVote() RPC: tablet_id: "c2f4b9ef9aa44063beb0854b45259790" candidate_uuid: "bdb1fe97af5844078ac3e72aaeab2034" candidate_term: 1 candidate_status { last_received { term: 0 index: 0 } } ignore_live_leader: false dest_uuid: "d5e75289ae364436b94c4d956c22208b"
I20260710 13:25:44.595114 28816 tablet_bootstrap.cc:654] T 32b3c944e92c4422bff9caca3629c090 P bdb1fe97af5844078ac3e72aaeab2034: Neither blocks nor log segments found. Creating new log.
I20260710 13:25:44.595786 28697 tablet_service.cc:1917] Received RequestConsensusVote() RPC: tablet_id: "c2f4b9ef9aa44063beb0854b45259790" candidate_uuid: "bdb1fe97af5844078ac3e72aaeab2034" candidate_term: 1 candidate_status { last_received { term: 0 index: 0 } } ignore_live_leader: false dest_uuid: "cf9827da6e0a4917951250184edf125d"
I20260710 13:25:44.596760 28697 raft_consensus.cc:3060] T c2f4b9ef9aa44063beb0854b45259790 P cf9827da6e0a4917951250184edf125d [term 0 FOLLOWER]: Advancing to term 1
W20260710 13:25:44.597141 28587 leader_election.cc:343] T c2f4b9ef9aa44063beb0854b45259790 P bdb1fe97af5844078ac3e72aaeab2034 [CANDIDATE]: Term 1 election: Tablet error from VoteRequest() call to peer d5e75289ae364436b94c4d956c22208b (127.26.217.67:42521): Illegal state: must be running to vote when last-logged opid is not known
I20260710 13:25:44.612923 28815 tablet_bootstrap.cc:492] T 679a285959bf40aabd390f3c6d6c059e P cf9827da6e0a4917951250184edf125d: No bootstrap required, opened a new log
I20260710 13:25:44.615378 28815 ts_tablet_manager.cc:1403] T 679a285959bf40aabd390f3c6d6c059e P cf9827da6e0a4917951250184edf125d: Time spent bootstrapping tablet: real 0.065s	user 0.017s	sys 0.014s
I20260710 13:25:44.615880 28519 catalog_manager.cc:5697] T ba8b10a699374f598f49a0bd2b3c548e P d5e75289ae364436b94c4d956c22208b reported cstate change: term changed from 0 to 1, leader changed from <none> to d5e75289ae364436b94c4d956c22208b (127.26.217.67). New cstate: current_term: 1 leader_uuid: "d5e75289ae364436b94c4d956c22208b" committed_config { opid_index: -1 OBSOLETE_local: false peers { permanent_uuid: "bdb1fe97af5844078ac3e72aaeab2034" member_type: VOTER last_known_addr { host: "127.26.217.65" port: 41013 } health_report { overall_health: UNKNOWN } } peers { permanent_uuid: "cf9827da6e0a4917951250184edf125d" member_type: VOTER last_known_addr { host: "127.26.217.66" port: 37091 } health_report { overall_health: UNKNOWN } } peers { permanent_uuid: "d5e75289ae364436b94c4d956c22208b" member_type: VOTER last_known_addr { host: "127.26.217.67" port: 42521 } health_report { overall_health: HEALTHY } } }
I20260710 13:25:44.617091 28697 raft_consensus.cc:2468] T c2f4b9ef9aa44063beb0854b45259790 P cf9827da6e0a4917951250184edf125d [term 1 FOLLOWER]: Leader election vote request: Granting yes vote for candidate bdb1fe97af5844078ac3e72aaeab2034 in term 1.
I20260710 13:25:44.618841 28586 leader_election.cc:304] T c2f4b9ef9aa44063beb0854b45259790 P bdb1fe97af5844078ac3e72aaeab2034 [CANDIDATE]: Term 1 election: Election decided. Result: candidate won. Election summary: received 3 responses out of 3 voters: 2 yes votes; 1 no votes. yes voters: bdb1fe97af5844078ac3e72aaeab2034, cf9827da6e0a4917951250184edf125d; no voters: d5e75289ae364436b94c4d956c22208b
I20260710 13:25:44.619601 28825 raft_consensus.cc:2804] T c2f4b9ef9aa44063beb0854b45259790 P bdb1fe97af5844078ac3e72aaeab2034 [term 1 FOLLOWER]: Leader election won for term 1
I20260710 13:25:44.620047 28818 tablet_bootstrap.cc:492] T cd5b65caae8241018bacb789347e8f2a P d5e75289ae364436b94c4d956c22208b: No bootstrap required, opened a new log
I20260710 13:25:44.620306 28825 raft_consensus.cc:697] T c2f4b9ef9aa44063beb0854b45259790 P bdb1fe97af5844078ac3e72aaeab2034 [term 1 LEADER]: Becoming Leader. State: Replica: bdb1fe97af5844078ac3e72aaeab2034, State: Running, Role: LEADER
I20260710 13:25:44.620604 28818 ts_tablet_manager.cc:1403] T cd5b65caae8241018bacb789347e8f2a P d5e75289ae364436b94c4d956c22208b: Time spent bootstrapping tablet: real 0.098s	user 0.012s	sys 0.005s
I20260710 13:25:44.621286 28825 consensus_queue.cc:237] T c2f4b9ef9aa44063beb0854b45259790 P bdb1fe97af5844078ac3e72aaeab2034 [LEADER]: Queue going to LEADER mode. State: All replicated index: 0, Majority replicated index: 0, Committed index: 0, Last appended: 0.0, Last appended by leader: 0, Current term: 1, Majority size: 2, State: 0, Mode: LEADER, active raft config: opid_index: -1 OBSOLETE_local: false peers { permanent_uuid: "bdb1fe97af5844078ac3e72aaeab2034" member_type: VOTER last_known_addr { host: "127.26.217.65" port: 41013 } } peers { permanent_uuid: "cf9827da6e0a4917951250184edf125d" member_type: VOTER last_known_addr { host: "127.26.217.66" port: 37091 } } peers { permanent_uuid: "d5e75289ae364436b94c4d956c22208b" member_type: VOTER last_known_addr { host: "127.26.217.67" port: 42521 } }
I20260710 13:25:44.624296 28818 raft_consensus.cc:359] T cd5b65caae8241018bacb789347e8f2a P d5e75289ae364436b94c4d956c22208b [term 0 FOLLOWER]: Replica starting. Triggering 0 pending ops. Active config: opid_index: -1 OBSOLETE_local: false peers { permanent_uuid: "bdb1fe97af5844078ac3e72aaeab2034" member_type: VOTER last_known_addr { host: "127.26.217.65" port: 41013 } } peers { permanent_uuid: "cf9827da6e0a4917951250184edf125d" member_type: VOTER last_known_addr { host: "127.26.217.66" port: 37091 } } peers { permanent_uuid: "d5e75289ae364436b94c4d956c22208b" member_type: VOTER last_known_addr { host: "127.26.217.67" port: 42521 } }
I20260710 13:25:44.625269 28818 raft_consensus.cc:385] T cd5b65caae8241018bacb789347e8f2a P d5e75289ae364436b94c4d956c22208b [term 0 FOLLOWER]: Consensus starting up: Expiring failure detector timer to make a prompt election more likely
I20260710 13:25:44.621304 28815 raft_consensus.cc:359] T 679a285959bf40aabd390f3c6d6c059e P cf9827da6e0a4917951250184edf125d [term 0 FOLLOWER]: Replica starting. Triggering 0 pending ops. Active config: opid_index: -1 OBSOLETE_local: false peers { permanent_uuid: "bdb1fe97af5844078ac3e72aaeab2034" member_type: VOTER last_known_addr { host: "127.26.217.65" port: 41013 } } peers { permanent_uuid: "cf9827da6e0a4917951250184edf125d" member_type: VOTER last_known_addr { host: "127.26.217.66" port: 37091 } } peers { permanent_uuid: "d5e75289ae364436b94c4d956c22208b" member_type: VOTER last_known_addr { host: "127.26.217.67" port: 42521 } }
I20260710 13:25:44.625866 28815 raft_consensus.cc:385] T 679a285959bf40aabd390f3c6d6c059e P cf9827da6e0a4917951250184edf125d [term 0 FOLLOWER]: Consensus starting up: Expiring failure detector timer to make a prompt election more likely
I20260710 13:25:44.625700 28818 raft_consensus.cc:740] T cd5b65caae8241018bacb789347e8f2a P d5e75289ae364436b94c4d956c22208b [term 0 FOLLOWER]: Becoming Follower/Learner. State: Replica: d5e75289ae364436b94c4d956c22208b, State: Initialized, Role: FOLLOWER
I20260710 13:25:44.626232 28815 raft_consensus.cc:740] T 679a285959bf40aabd390f3c6d6c059e P cf9827da6e0a4917951250184edf125d [term 0 FOLLOWER]: Becoming Follower/Learner. State: Replica: cf9827da6e0a4917951250184edf125d, State: Initialized, Role: FOLLOWER
I20260710 13:25:44.627012 28818 consensus_queue.cc:260] T cd5b65caae8241018bacb789347e8f2a P d5e75289ae364436b94c4d956c22208b [NON_LEADER]: Queue going to NON_LEADER mode. State: All replicated index: 0, Majority replicated index: 0, Committed index: 0, Last appended: 0.0, Last appended by leader: 0, Current term: 0, Majority size: -1, State: 0, Mode: NON_LEADER, active raft config: opid_index: -1 OBSOLETE_local: false peers { permanent_uuid: "bdb1fe97af5844078ac3e72aaeab2034" member_type: VOTER last_known_addr { host: "127.26.217.65" port: 41013 } } peers { permanent_uuid: "cf9827da6e0a4917951250184edf125d" member_type: VOTER last_known_addr { host: "127.26.217.66" port: 37091 } } peers { permanent_uuid: "d5e75289ae364436b94c4d956c22208b" member_type: VOTER last_known_addr { host: "127.26.217.67" port: 42521 } }
I20260710 13:25:44.628839 28818 ts_tablet_manager.cc:1434] T cd5b65caae8241018bacb789347e8f2a P d5e75289ae364436b94c4d956c22208b: Time spent starting tablet: real 0.008s	user 0.007s	sys 0.000s
