I20260710 13:25:48.502243 23979 log.cc:1199] T e8aca4d0e2314ebe9bb911c4bea5898c P 4fe8cea0c1604c3797a47bd2ff71868e: Deleting WAL directory at /tmp/dist-test-taska6LO7a/test-tmp/auto_leader_rebalancer-test.0.LeaderRebalancerTest.AddTserver.1783689910954730-22278-0/minicluster-data/ts-1-root/wals/e8aca4d0e2314ebe9bb911c4bea5898c
I20260710 13:25:48.503947 23316 catalog_manager.cc:5028] TS 4fe8cea0c1604c3797a47bd2ff71868e (127.21.193.130:40517): tablet e8aca4d0e2314ebe9bb911c4bea5898c (table test-workload [id=ccc657c2c79346ef95fc70bd8c62b1a0]) successfully deleted
I20260710 13:25:48.505146 23978 ts_tablet_manager.cc:1929] T 59de1c55306141b39302074e2af4f059 P 4751e1371eba476a99c9e7e868ef4436: tablet deleted with delete type TABLET_DATA_TOMBSTONED: last-logged OpId 1.3
I20260710 13:25:48.505712 23978 log.cc:1199] T 59de1c55306141b39302074e2af4f059 P 4751e1371eba476a99c9e7e868ef4436: Deleting WAL directory at /tmp/dist-test-taska6LO7a/test-tmp/auto_leader_rebalancer-test.0.LeaderRebalancerTest.AddTserver.1783689910954730-22278-0/minicluster-data/ts-0-root/wals/59de1c55306141b39302074e2af4f059
I20260710 13:25:48.507647 23316 catalog_manager.cc:5028] TS 4751e1371eba476a99c9e7e868ef4436 (127.21.193.129:34611): tablet 59de1c55306141b39302074e2af4f059 (table test-workload [id=ccc657c2c79346ef95fc70bd8c62b1a0]) successfully deleted
I20260710 13:25:49.476078 23431 consensus_queue.cc:237] T b8e741ed8a8f423b91a7c91e6cd5b7c3 P 4751e1371eba476a99c9e7e868ef4436 [LEADER]: Queue going to LEADER mode. State: All replicated index: 0, Majority replicated index: 1, Committed index: 1, Last appended: 1.1, Last appended by leader: 0, Current term: 1, Majority size: 2, State: 0, Mode: LEADER, active raft config: opid_index: 2 OBSOLETE_local: false peers { permanent_uuid: "4751e1371eba476a99c9e7e868ef4436" member_type: VOTER last_known_addr { host: "127.21.193.129" port: 34611 } } peers { permanent_uuid: "4fe8cea0c1604c3797a47bd2ff71868e" member_type: VOTER last_known_addr { host: "127.21.193.130" port: 40517 } attrs { replace: true } } peers { permanent_uuid: "98b28913d4b84c4fac95bef9d20a5a42" member_type: VOTER last_known_addr { host: "127.21.193.131" port: 35021 } } peers { permanent_uuid: "5d9a232d1885471eb05f1d11cdc9bf8d" member_type: NON_VOTER last_known_addr { host: "127.21.193.132" port: 45361 } attrs { promote: true } }
W20260710 13:25:49.490948 23395 consensus_peers.cc:597] T b8e741ed8a8f423b91a7c91e6cd5b7c3 P 4751e1371eba476a99c9e7e868ef4436 -> Peer 5d9a232d1885471eb05f1d11cdc9bf8d (127.21.193.132:45361): Couldn't send request to peer 5d9a232d1885471eb05f1d11cdc9bf8d. Error code: TABLET_NOT_FOUND (6). Status: Not found: Tablet not found: b8e741ed8a8f423b91a7c91e6cd5b7c3. This is attempt 1: this message will repeat every 5th retry.
I20260710 13:25:49.493835 23579 raft_consensus.cc:1275] T b8e741ed8a8f423b91a7c91e6cd5b7c3 P 98b28913d4b84c4fac95bef9d20a5a42 [term 1 FOLLOWER]: Refusing update from remote peer 4751e1371eba476a99c9e7e868ef4436: Log matching property violated. Preceding OpId in replica: term: 1 index: 1. Preceding OpId from leader: term: 1 index: 2. (index mismatch)
I20260710 13:25:49.501407 23982 consensus_queue.cc:1048] T b8e741ed8a8f423b91a7c91e6cd5b7c3 P 4751e1371eba476a99c9e7e868ef4436 [LEADER]: Connected to new peer: Peer: permanent_uuid: "98b28913d4b84c4fac95bef9d20a5a42" member_type: VOTER last_known_addr { host: "127.21.193.131" port: 35021 }, Status: LMP_MISMATCH, Last received: 0.0, Next index: 2, Last known committed idx: 1, Time since last communication: 0.001s
I20260710 13:25:49.503471 23506 raft_consensus.cc:1275] T b8e741ed8a8f423b91a7c91e6cd5b7c3 P 4fe8cea0c1604c3797a47bd2ff71868e [term 1 FOLLOWER]: Refusing update from remote peer 4751e1371eba476a99c9e7e868ef4436: Log matching property violated. Preceding OpId in replica: term: 1 index: 1. Preceding OpId from leader: term: 1 index: 2. (index mismatch)
I20260710 13:25:49.506735 23720 consensus_queue.cc:1048] T b8e741ed8a8f423b91a7c91e6cd5b7c3 P 4751e1371eba476a99c9e7e868ef4436 [LEADER]: Connected to new peer: Peer: permanent_uuid: "4fe8cea0c1604c3797a47bd2ff71868e" member_type: VOTER last_known_addr { host: "127.21.193.130" port: 40517 } attrs { replace: true }, Status: LMP_MISMATCH, Last received: 0.0, Next index: 2, Last known committed idx: 1, Time since last communication: 0.001s
I20260710 13:25:49.519075 23506 raft_consensus.cc:2955] T b8e741ed8a8f423b91a7c91e6cd5b7c3 P 4fe8cea0c1604c3797a47bd2ff71868e [term 1 FOLLOWER]: Committing config change with OpId 1.2: config changed from index -1 to 2, NON_VOTER 5d9a232d1885471eb05f1d11cdc9bf8d (127.21.193.132) added. New config: { opid_index: 2 OBSOLETE_local: false peers { permanent_uuid: "4751e1371eba476a99c9e7e868ef4436" member_type: VOTER last_known_addr { host: "127.21.193.129" port: 34611 } } peers { permanent_uuid: "4fe8cea0c1604c3797a47bd2ff71868e" member_type: VOTER last_known_addr { host: "127.21.193.130" port: 40517 } attrs { replace: true } } peers { permanent_uuid: "98b28913d4b84c4fac95bef9d20a5a42" member_type: VOTER last_known_addr { host: "127.21.193.131" port: 35021 } } peers { permanent_uuid: "5d9a232d1885471eb05f1d11cdc9bf8d" member_type: NON_VOTER last_known_addr { host: "127.21.193.132" port: 45361 } attrs { promote: true } } }
I20260710 13:25:49.517251 23720 raft_consensus.cc:2955] T b8e741ed8a8f423b91a7c91e6cd5b7c3 P 4751e1371eba476a99c9e7e868ef4436 [term 1 LEADER]: Committing config change with OpId 1.2: config changed from index -1 to 2, NON_VOTER 5d9a232d1885471eb05f1d11cdc9bf8d (127.21.193.132) added. New config: { opid_index: 2 OBSOLETE_local: false peers { permanent_uuid: "4751e1371eba476a99c9e7e868ef4436" member_type: VOTER last_known_addr { host: "127.21.193.129" port: 34611 } } peers { permanent_uuid: "4fe8cea0c1604c3797a47bd2ff71868e" member_type: VOTER last_known_addr { host: "127.21.193.130" port: 40517 } attrs { replace: true } } peers { permanent_uuid: "98b28913d4b84c4fac95bef9d20a5a42" member_type: VOTER last_known_addr { host: "127.21.193.131" port: 35021 } } peers { permanent_uuid: "5d9a232d1885471eb05f1d11cdc9bf8d" member_type: NON_VOTER last_known_addr { host: "127.21.193.132" port: 45361 } attrs { promote: true } } }
I20260710 13:25:49.521520 23579 raft_consensus.cc:2955] T b8e741ed8a8f423b91a7c91e6cd5b7c3 P 98b28913d4b84c4fac95bef9d20a5a42 [term 1 FOLLOWER]: Committing config change with OpId 1.2: config changed from index -1 to 2, NON_VOTER 5d9a232d1885471eb05f1d11cdc9bf8d (127.21.193.132) added. New config: { opid_index: 2 OBSOLETE_local: false peers { permanent_uuid: "4751e1371eba476a99c9e7e868ef4436" member_type: VOTER last_known_addr { host: "127.21.193.129" port: 34611 } } peers { permanent_uuid: "4fe8cea0c1604c3797a47bd2ff71868e" member_type: VOTER last_known_addr { host: "127.21.193.130" port: 40517 } attrs { replace: true } } peers { permanent_uuid: "98b28913d4b84c4fac95bef9d20a5a42" member_type: VOTER last_known_addr { host: "127.21.193.131" port: 35021 } } peers { permanent_uuid: "5d9a232d1885471eb05f1d11cdc9bf8d" member_type: NON_VOTER last_known_addr { host: "127.21.193.132" port: 45361 } attrs { promote: true } } }
I20260710 13:25:49.535410 23327 catalog_manager.cc:5697] T b8e741ed8a8f423b91a7c91e6cd5b7c3 P 4fe8cea0c1604c3797a47bd2ff71868e reported cstate change: config changed from index -1 to 2, NON_VOTER 5d9a232d1885471eb05f1d11cdc9bf8d (127.21.193.132) added. New cstate: current_term: 1 leader_uuid: "4751e1371eba476a99c9e7e868ef4436" committed_config { opid_index: 2 OBSOLETE_local: false peers { permanent_uuid: "4751e1371eba476a99c9e7e868ef4436" member_type: VOTER last_known_addr { host: "127.21.193.129" port: 34611 } } peers { permanent_uuid: "4fe8cea0c1604c3797a47bd2ff71868e" member_type: VOTER last_known_addr { host: "127.21.193.130" port: 40517 } attrs { replace: true } } peers { permanent_uuid: "98b28913d4b84c4fac95bef9d20a5a42" member_type: VOTER last_known_addr { host: "127.21.193.131" port: 35021 } } peers { permanent_uuid: "5d9a232d1885471eb05f1d11cdc9bf8d" member_type: NON_VOTER last_known_addr { host: "127.21.193.132" port: 45361 } attrs { promote: true } } }
I20260710 13:25:49.545786 23506 consensus_queue.cc:237] T b697368b31ee452da6ebf3f28d9ce23b P 4fe8cea0c1604c3797a47bd2ff71868e [LEADER]: Queue going to LEADER mode. State: All replicated index: 0, Majority replicated index: 1, Committed index: 1, Last appended: 1.1, Last appended by leader: 0, Current term: 1, Majority size: 2, State: 0, Mode: LEADER, active raft config: opid_index: 2 OBSOLETE_local: false peers { permanent_uuid: "4751e1371eba476a99c9e7e868ef4436" member_type: VOTER last_known_addr { host: "127.21.193.129" port: 34611 } attrs { replace: true } } peers { permanent_uuid: "4fe8cea0c1604c3797a47bd2ff71868e" member_type: VOTER last_known_addr { host: "127.21.193.130" port: 40517 } } peers { permanent_uuid: "98b28913d4b84c4fac95bef9d20a5a42" member_type: VOTER last_known_addr { host: "127.21.193.131" port: 35021 } } peers { permanent_uuid: "5d9a232d1885471eb05f1d11cdc9bf8d" member_type: NON_VOTER last_known_addr { host: "127.21.193.132" port: 45361 } attrs { promote: true } }
I20260710 13:25:49.559736 23431 raft_consensus.cc:1275] T b697368b31ee452da6ebf3f28d9ce23b P 4751e1371eba476a99c9e7e868ef4436 [term 1 FOLLOWER]: Refusing update from remote peer 4fe8cea0c1604c3797a47bd2ff71868e: Log matching property violated. Preceding OpId in replica: term: 1 index: 1. Preceding OpId from leader: term: 1 index: 2. (index mismatch)
W20260710 13:25:49.561375 23470 consensus_peers.cc:597] T b697368b31ee452da6ebf3f28d9ce23b P 4fe8cea0c1604c3797a47bd2ff71868e -> Peer 5d9a232d1885471eb05f1d11cdc9bf8d (127.21.193.132:45361): Couldn't send request to peer 5d9a232d1885471eb05f1d11cdc9bf8d. Error code: TABLET_NOT_FOUND (6). Status: Not found: Tablet not found: b697368b31ee452da6ebf3f28d9ce23b. This is attempt 1: this message will repeat every 5th retry.
I20260710 13:25:49.563194 23579 raft_consensus.cc:1275] T b697368b31ee452da6ebf3f28d9ce23b P 98b28913d4b84c4fac95bef9d20a5a42 [term 1 FOLLOWER]: Refusing update from remote peer 4fe8cea0c1604c3797a47bd2ff71868e: Log matching property violated. Preceding OpId in replica: term: 1 index: 1. Preceding OpId from leader: term: 1 index: 2. (index mismatch)
I20260710 13:25:49.565353 23992 consensus_queue.cc:1048] T b697368b31ee452da6ebf3f28d9ce23b P 4fe8cea0c1604c3797a47bd2ff71868e [LEADER]: Connected to new peer: Peer: permanent_uuid: "4751e1371eba476a99c9e7e868ef4436" member_type: VOTER last_known_addr { host: "127.21.193.129" port: 34611 } attrs { replace: true }, Status: LMP_MISMATCH, Last received: 0.0, Next index: 2, Last known committed idx: 1, Time since last communication: 0.001s
I20260710 13:25:49.566812 23950 consensus_queue.cc:1048] T b697368b31ee452da6ebf3f28d9ce23b P 4fe8cea0c1604c3797a47bd2ff71868e [LEADER]: Connected to new peer: Peer: permanent_uuid: "98b28913d4b84c4fac95bef9d20a5a42" member_type: VOTER last_known_addr { host: "127.21.193.131" port: 35021 }, Status: LMP_MISMATCH, Last received: 0.0, Next index: 2, Last known committed idx: 1, Time since last communication: 0.000s
I20260710 13:25:49.585036 23950 raft_consensus.cc:2955] T b697368b31ee452da6ebf3f28d9ce23b P 4fe8cea0c1604c3797a47bd2ff71868e [term 1 LEADER]: Committing config change with OpId 1.2: config changed from index -1 to 2, NON_VOTER 5d9a232d1885471eb05f1d11cdc9bf8d (127.21.193.132) added. New config: { opid_index: 2 OBSOLETE_local: false peers { permanent_uuid: "4751e1371eba476a99c9e7e868ef4436" member_type: VOTER last_known_addr { host: "127.21.193.129" port: 34611 } attrs { replace: true } } peers { permanent_uuid: "4fe8cea0c1604c3797a47bd2ff71868e" member_type: VOTER last_known_addr { host: "127.21.193.130" port: 40517 } } peers { permanent_uuid: "98b28913d4b84c4fac95bef9d20a5a42" member_type: VOTER last_known_addr { host: "127.21.193.131" port: 35021 } } peers { permanent_uuid: "5d9a232d1885471eb05f1d11cdc9bf8d" member_type: NON_VOTER last_known_addr { host: "127.21.193.132" port: 45361 } attrs { promote: true } } }
I20260710 13:25:49.582908 23431 raft_consensus.cc:2955] T b697368b31ee452da6ebf3f28d9ce23b P 4751e1371eba476a99c9e7e868ef4436 [term 1 FOLLOWER]: Committing config change with OpId 1.2: config changed from index -1 to 2, NON_VOTER 5d9a232d1885471eb05f1d11cdc9bf8d (127.21.193.132) added. New config: { opid_index: 2 OBSOLETE_local: false peers { permanent_uuid: "4751e1371eba476a99c9e7e868ef4436" member_type: VOTER last_known_addr { host: "127.21.193.129" port: 34611 } attrs { replace: true } } peers { permanent_uuid: "4fe8cea0c1604c3797a47bd2ff71868e" member_type: VOTER last_known_addr { host: "127.21.193.130" port: 40517 } } peers { permanent_uuid: "98b28913d4b84c4fac95bef9d20a5a42" member_type: VOTER last_known_addr { host: "127.21.193.131" port: 35021 } } peers { permanent_uuid: "5d9a232d1885471eb05f1d11cdc9bf8d" member_type: NON_VOTER last_known_addr { host: "127.21.193.132" port: 45361 } attrs { promote: true } } }
I20260710 13:25:49.603302 23328 catalog_manager.cc:5697] T b697368b31ee452da6ebf3f28d9ce23b P 4751e1371eba476a99c9e7e868ef4436 reported cstate change: config changed from index -1 to 2, NON_VOTER 5d9a232d1885471eb05f1d11cdc9bf8d (127.21.193.132) added. New cstate: current_term: 1 leader_uuid: "4fe8cea0c1604c3797a47bd2ff71868e" committed_config { opid_index: 2 OBSOLETE_local: false peers { permanent_uuid: "4751e1371eba476a99c9e7e868ef4436" member_type: VOTER last_known_addr { host: "127.21.193.129" port: 34611 } attrs { replace: true } } peers { permanent_uuid: "4fe8cea0c1604c3797a47bd2ff71868e" member_type: VOTER last_known_addr { host: "127.21.193.130" port: 40517 } } peers { permanent_uuid: "98b28913d4b84c4fac95bef9d20a5a42" member_type: VOTER last_known_addr { host: "127.21.193.131" port: 35021 } } peers { permanent_uuid: "5d9a232d1885471eb05f1d11cdc9bf8d" member_type: NON_VOTER last_known_addr { host: "127.21.193.132" port: 45361 } attrs { promote: true } } }
I20260710 13:25:49.611189 23506 consensus_queue.cc:237] T 70e5fa79eb284ff1b91497f8c8485f4a P 4fe8cea0c1604c3797a47bd2ff71868e [LEADER]: Queue going to LEADER mode. State: All replicated index: 0, Majority replicated index: 1, Committed index: 1, Last appended: 1.1, Last appended by leader: 0, Current term: 1, Majority size: 2, State: 0, Mode: LEADER, active raft config: opid_index: 2 OBSOLETE_local: false peers { permanent_uuid: "4751e1371eba476a99c9e7e868ef4436" member_type: VOTER last_known_addr { host: "127.21.193.129" port: 34611 } } peers { permanent_uuid: "4fe8cea0c1604c3797a47bd2ff71868e" member_type: VOTER last_known_addr { host: "127.21.193.130" port: 40517 } } peers { permanent_uuid: "98b28913d4b84c4fac95bef9d20a5a42" member_type: VOTER last_known_addr { host: "127.21.193.131" port: 35021 } attrs { replace: true } } peers { permanent_uuid: "5d9a232d1885471eb05f1d11cdc9bf8d" member_type: NON_VOTER last_known_addr { host: "127.21.193.132" port: 45361 } attrs { promote: true } }
W20260710 13:25:49.625677 23470 consensus_peers.cc:597] T 70e5fa79eb284ff1b91497f8c8485f4a P 4fe8cea0c1604c3797a47bd2ff71868e -> Peer 5d9a232d1885471eb05f1d11cdc9bf8d (127.21.193.132:45361): Couldn't send request to peer 5d9a232d1885471eb05f1d11cdc9bf8d. Error code: TABLET_NOT_FOUND (6). Status: Not found: Tablet not found: 70e5fa79eb284ff1b91497f8c8485f4a. This is attempt 1: this message will repeat every 5th retry.
I20260710 13:25:49.628597 23580 raft_consensus.cc:1275] T 70e5fa79eb284ff1b91497f8c8485f4a P 98b28913d4b84c4fac95bef9d20a5a42 [term 1 FOLLOWER]: Refusing update from remote peer 4fe8cea0c1604c3797a47bd2ff71868e: Log matching property violated. Preceding OpId in replica: term: 1 index: 1. Preceding OpId from leader: term: 1 index: 2. (index mismatch)
I20260710 13:25:49.630007 23431 raft_consensus.cc:1275] T 70e5fa79eb284ff1b91497f8c8485f4a P 4751e1371eba476a99c9e7e868ef4436 [term 1 FOLLOWER]: Refusing update from remote peer 4fe8cea0c1604c3797a47bd2ff71868e: Log matching property violated. Preceding OpId in replica: term: 1 index: 1. Preceding OpId from leader: term: 1 index: 2. (index mismatch)
I20260710 13:25:49.616845 23579 raft_consensus.cc:2955] T b697368b31ee452da6ebf3f28d9ce23b P 98b28913d4b84c4fac95bef9d20a5a42 [term 1 FOLLOWER]: Committing config change with OpId 1.2: config changed from index -1 to 2, NON_VOTER 5d9a232d1885471eb05f1d11cdc9bf8d (127.21.193.132) added. New config: { opid_index: 2 OBSOLETE_local: false peers { permanent_uuid: "4751e1371eba476a99c9e7e868ef4436" member_type: VOTER last_known_addr { host: "127.21.193.129" port: 34611 } attrs { replace: true } } peers { permanent_uuid: "4fe8cea0c1604c3797a47bd2ff71868e" member_type: VOTER last_known_addr { host: "127.21.193.130" port: 40517 } } peers { permanent_uuid: "98b28913d4b84c4fac95bef9d20a5a42" member_type: VOTER last_known_addr { host: "127.21.193.131" port: 35021 } } peers { permanent_uuid: "5d9a232d1885471eb05f1d11cdc9bf8d" member_type: NON_VOTER last_known_addr { host: "127.21.193.132" port: 45361 } attrs { promote: true } } }
I20260710 13:25:49.632588 23992 consensus_queue.cc:1048] T 70e5fa79eb284ff1b91497f8c8485f4a P 4fe8cea0c1604c3797a47bd2ff71868e [LEADER]: Connected to new peer: Peer: permanent_uuid: "98b28913d4b84c4fac95bef9d20a5a42" member_type: VOTER last_known_addr { host: "127.21.193.131" port: 35021 } attrs { replace: true }, Status: LMP_MISMATCH, Last received: 0.0, Next index: 2, Last known committed idx: 1, Time since last communication: 0.001s
I20260710 13:25:49.634932 23992 consensus_queue.cc:1048] T 70e5fa79eb284ff1b91497f8c8485f4a P 4fe8cea0c1604c3797a47bd2ff71868e [LEADER]: Connected to new peer: Peer: permanent_uuid: "4751e1371eba476a99c9e7e868ef4436" member_type: VOTER last_known_addr { host: "127.21.193.129" port: 34611 }, Status: LMP_MISMATCH, Last received: 0.0, Next index: 2, Last known committed idx: 1, Time since last communication: 0.000s
I20260710 13:25:49.648527 23950 raft_consensus.cc:2955] T 70e5fa79eb284ff1b91497f8c8485f4a P 4fe8cea0c1604c3797a47bd2ff71868e [term 1 LEADER]: Committing config change with OpId 1.2: config changed from index -1 to 2, NON_VOTER 5d9a232d1885471eb05f1d11cdc9bf8d (127.21.193.132) added. New config: { opid_index: 2 OBSOLETE_local: false peers { permanent_uuid: "4751e1371eba476a99c9e7e868ef4436" member_type: VOTER last_known_addr { host: "127.21.193.129" port: 34611 } } peers { permanent_uuid: "4fe8cea0c1604c3797a47bd2ff71868e" member_type: VOTER last_known_addr { host: "127.21.193.130" port: 40517 } } peers { permanent_uuid: "98b28913d4b84c4fac95bef9d20a5a42" member_type: VOTER last_known_addr { host: "127.21.193.131" port: 35021 } attrs { replace: true } } peers { permanent_uuid: "5d9a232d1885471eb05f1d11cdc9bf8d" member_type: NON_VOTER last_known_addr { host: "127.21.193.132" port: 45361 } attrs { promote: true } } }
I20260710 13:25:49.658831 23580 raft_consensus.cc:2955] T 70e5fa79eb284ff1b91497f8c8485f4a P 98b28913d4b84c4fac95bef9d20a5a42 [term 1 FOLLOWER]: Committing config change with OpId 1.2: config changed from index -1 to 2, NON_VOTER 5d9a232d1885471eb05f1d11cdc9bf8d (127.21.193.132) added. New config: { opid_index: 2 OBSOLETE_local: false peers { permanent_uuid: "4751e1371eba476a99c9e7e868ef4436" member_type: VOTER last_known_addr { host: "127.21.193.129" port: 34611 } } peers { permanent_uuid: "4fe8cea0c1604c3797a47bd2ff71868e" member_type: VOTER last_known_addr { host: "127.21.193.130" port: 40517 } } peers { permanent_uuid: "98b28913d4b84c4fac95bef9d20a5a42" member_type: VOTER last_known_addr { host: "127.21.193.131" port: 35021 } attrs { replace: true } } peers { permanent_uuid: "5d9a232d1885471eb05f1d11cdc9bf8d" member_type: NON_VOTER last_known_addr { host: "127.21.193.132" port: 45361 } attrs { promote: true } } }
I20260710 13:25:49.653102 23432 raft_consensus.cc:2955] T 70e5fa79eb284ff1b91497f8c8485f4a P 4751e1371eba476a99c9e7e868ef4436 [term 1 FOLLOWER]: Committing config change with OpId 1.2: config changed from index -1 to 2, NON_VOTER 5d9a232d1885471eb05f1d11cdc9bf8d (127.21.193.132) added. New config: { opid_index: 2 OBSOLETE_local: false peers { permanent_uuid: "4751e1371eba476a99c9e7e868ef4436" member_type: VOTER last_known_addr { host: "127.21.193.129" port: 34611 } } peers { permanent_uuid: "4fe8cea0c1604c3797a47bd2ff71868e" member_type: VOTER last_known_addr { host: "127.21.193.130" port: 40517 } } peers { permanent_uuid: "98b28913d4b84c4fac95bef9d20a5a42" member_type: VOTER last_known_addr { host: "127.21.193.131" port: 35021 } attrs { replace: true } } peers { permanent_uuid: "5d9a232d1885471eb05f1d11cdc9bf8d" member_type: NON_VOTER last_known_addr { host: "127.21.193.132" port: 45361 } attrs { promote: true } } }
I20260710 13:25:49.720170 23580 consensus_queue.cc:237] T 87806f6d13a94f6a827973d2236cb698 P 98b28913d4b84c4fac95bef9d20a5a42 [LEADER]: Queue going to LEADER mode. State: All replicated index: 0, Majority replicated index: 1, Committed index: 1, Last appended: 1.1, Last appended by leader: 0, Current term: 1, Majority size: 2, State: 0, Mode: LEADER, active raft config: opid_index: 2 OBSOLETE_local: false peers { permanent_uuid: "4751e1371eba476a99c9e7e868ef4436" member_type: VOTER last_known_addr { host: "127.21.193.129" port: 34611 } attrs { replace: true } } peers { permanent_uuid: "4fe8cea0c1604c3797a47bd2ff71868e" member_type: VOTER last_known_addr { host: "127.21.193.130" port: 40517 } } peers { permanent_uuid: "98b28913d4b84c4fac95bef9d20a5a42" member_type: VOTER last_known_addr { host: "127.21.193.131" port: 35021 } } peers { permanent_uuid: "5d9a232d1885471eb05f1d11cdc9bf8d" member_type: NON_VOTER last_known_addr { host: "127.21.193.132" port: 45361 } attrs { promote: true } }
I20260710 13:25:49.720221 23330 catalog_manager.cc:5697] T 70e5fa79eb284ff1b91497f8c8485f4a P 98b28913d4b84c4fac95bef9d20a5a42 reported cstate change: config changed from index -1 to 2, NON_VOTER 5d9a232d1885471eb05f1d11cdc9bf8d (127.21.193.132) added. New cstate: current_term: 1 leader_uuid: "4fe8cea0c1604c3797a47bd2ff71868e" committed_config { opid_index: 2 OBSOLETE_local: false peers { permanent_uuid: "4751e1371eba476a99c9e7e868ef4436" member_type: VOTER last_known_addr { host: "127.21.193.129" port: 34611 } } peers { permanent_uuid: "4fe8cea0c1604c3797a47bd2ff71868e" member_type: VOTER last_known_addr { host: "127.21.193.130" port: 40517 } } peers { permanent_uuid: "98b28913d4b84c4fac95bef9d20a5a42" member_type: VOTER last_known_addr { host: "127.21.193.131" port: 35021 } attrs { replace: true } } peers { permanent_uuid: "5d9a232d1885471eb05f1d11cdc9bf8d" member_type: NON_VOTER last_known_addr { host: "127.21.193.132" port: 45361 } attrs { promote: true } } }
W20260710 13:25:49.736249 23544 consensus_peers.cc:597] T 87806f6d13a94f6a827973d2236cb698 P 98b28913d4b84c4fac95bef9d20a5a42 -> Peer 5d9a232d1885471eb05f1d11cdc9bf8d (127.21.193.132:45361): Couldn't send request to peer 5d9a232d1885471eb05f1d11cdc9bf8d. Error code: TABLET_NOT_FOUND (6). Status: Not found: Tablet not found: 87806f6d13a94f6a827973d2236cb698. This is attempt 1: this message will repeat every 5th retry.
I20260710 13:25:49.736680 23506 raft_consensus.cc:1275] T 87806f6d13a94f6a827973d2236cb698 P 4fe8cea0c1604c3797a47bd2ff71868e [term 1 FOLLOWER]: Refusing update from remote peer 98b28913d4b84c4fac95bef9d20a5a42: Log matching property violated. Preceding OpId in replica: term: 1 index: 1. Preceding OpId from leader: term: 1 index: 2. (index mismatch)
I20260710 13:25:49.738673 23432 raft_consensus.cc:1275] T 87806f6d13a94f6a827973d2236cb698 P 4751e1371eba476a99c9e7e868ef4436 [term 1 FOLLOWER]: Refusing update from remote peer 98b28913d4b84c4fac95bef9d20a5a42: Log matching property violated. Preceding OpId in replica: term: 1 index: 1. Preceding OpId from leader: term: 1 index: 2. (index mismatch)
I20260710 13:25:49.740196 23999 consensus_queue.cc:1048] T 87806f6d13a94f6a827973d2236cb698 P 98b28913d4b84c4fac95bef9d20a5a42 [LEADER]: Connected to new peer: Peer: permanent_uuid: "4fe8cea0c1604c3797a47bd2ff71868e" member_type: VOTER last_known_addr { host: "127.21.193.130" port: 40517 }, Status: LMP_MISMATCH, Last received: 0.0, Next index: 2, Last known committed idx: 1, Time since last communication: 0.001s
I20260710 13:25:49.741957 23948 consensus_queue.cc:1048] T 87806f6d13a94f6a827973d2236cb698 P 98b28913d4b84c4fac95bef9d20a5a42 [LEADER]: Connected to new peer: Peer: permanent_uuid: "4751e1371eba476a99c9e7e868ef4436" member_type: VOTER last_known_addr { host: "127.21.193.129" port: 34611 } attrs { replace: true }, Status: LMP_MISMATCH, Last received: 0.0, Next index: 2, Last known committed idx: 1, Time since last communication: 0.000s
I20260710 13:25:49.761327 23999 raft_consensus.cc:2955] T 87806f6d13a94f6a827973d2236cb698 P 98b28913d4b84c4fac95bef9d20a5a42 [term 1 LEADER]: Committing config change with OpId 1.2: config changed from index -1 to 2, NON_VOTER 5d9a232d1885471eb05f1d11cdc9bf8d (127.21.193.132) added. New config: { opid_index: 2 OBSOLETE_local: false peers { permanent_uuid: "4751e1371eba476a99c9e7e868ef4436" member_type: VOTER last_known_addr { host: "127.21.193.129" port: 34611 } attrs { replace: true } } peers { permanent_uuid: "4fe8cea0c1604c3797a47bd2ff71868e" member_type: VOTER last_known_addr { host: "127.21.193.130" port: 40517 } } peers { permanent_uuid: "98b28913d4b84c4fac95bef9d20a5a42" member_type: VOTER last_known_addr { host: "127.21.193.131" port: 35021 } } peers { permanent_uuid: "5d9a232d1885471eb05f1d11cdc9bf8d" member_type: NON_VOTER last_known_addr { host: "127.21.193.132" port: 45361 } attrs { promote: true } } }
I20260710 13:25:49.766032 23506 raft_consensus.cc:2955] T 87806f6d13a94f6a827973d2236cb698 P 4fe8cea0c1604c3797a47bd2ff71868e [term 1 FOLLOWER]: Committing config change with OpId 1.2: config changed from index -1 to 2, NON_VOTER 5d9a232d1885471eb05f1d11cdc9bf8d (127.21.193.132) added. New config: { opid_index: 2 OBSOLETE_local: false peers { permanent_uuid: "4751e1371eba476a99c9e7e868ef4436" member_type: VOTER last_known_addr { host: "127.21.193.129" port: 34611 } attrs { replace: true } } peers { permanent_uuid: "4fe8cea0c1604c3797a47bd2ff71868e" member_type: VOTER last_known_addr { host: "127.21.193.130" port: 40517 } } peers { permanent_uuid: "98b28913d4b84c4fac95bef9d20a5a42" member_type: VOTER last_known_addr { host: "127.21.193.131" port: 35021 } } peers { permanent_uuid: "5d9a232d1885471eb05f1d11cdc9bf8d" member_type: NON_VOTER last_known_addr { host: "127.21.193.132" port: 45361 } attrs { promote: true } } }
I20260710 13:25:49.767748 23432 raft_consensus.cc:2955] T 87806f6d13a94f6a827973d2236cb698 P 4751e1371eba476a99c9e7e868ef4436 [term 1 FOLLOWER]: Committing config change with OpId 1.2: config changed from index -1 to 2, NON_VOTER 5d9a232d1885471eb05f1d11cdc9bf8d (127.21.193.132) added. New config: { opid_index: 2 OBSOLETE_local: false peers { permanent_uuid: "4751e1371eba476a99c9e7e868ef4436" member_type: VOTER last_known_addr { host: "127.21.193.129" port: 34611 } attrs { replace: true } } peers { permanent_uuid: "4fe8cea0c1604c3797a47bd2ff71868e" member_type: VOTER last_known_addr { host: "127.21.193.130" port: 40517 } } peers { permanent_uuid: "98b28913d4b84c4fac95bef9d20a5a42" member_type: VOTER last_known_addr { host: "127.21.193.131" port: 35021 } } peers { permanent_uuid: "5d9a232d1885471eb05f1d11cdc9bf8d" member_type: NON_VOTER last_known_addr { host: "127.21.193.132" port: 45361 } attrs { promote: true } } }
I20260710 13:25:49.784827 23328 catalog_manager.cc:5697] T 87806f6d13a94f6a827973d2236cb698 P 98b28913d4b84c4fac95bef9d20a5a42 reported cstate change: config changed from index -1 to 2, NON_VOTER 5d9a232d1885471eb05f1d11cdc9bf8d (127.21.193.132) added. New cstate: current_term: 1 leader_uuid: "98b28913d4b84c4fac95bef9d20a5a42" committed_config { opid_index: 2 OBSOLETE_local: false peers { permanent_uuid: "4751e1371eba476a99c9e7e868ef4436" member_type: VOTER last_known_addr { host: "127.21.193.129" port: 34611 } attrs { replace: true } health_report { overall_health: HEALTHY } } peers { permanent_uuid: "4fe8cea0c1604c3797a47bd2ff71868e" member_type: VOTER last_known_addr { host: "127.21.193.130" port: 40517 } health_report { overall_health: HEALTHY } } peers { permanent_uuid: "98b28913d4b84c4fac95bef9d20a5a42" member_type: VOTER last_known_addr { host: "127.21.193.131" port: 35021 } health_report { overall_health: HEALTHY } } peers { permanent_uuid: "5d9a232d1885471eb05f1d11cdc9bf8d" member_type: NON_VOTER last_known_addr { host: "127.21.193.132" port: 45361 } attrs { promote: true } health_report { overall_health: UNKNOWN } } }
I20260710 13:25:50.067469 24005 ts_tablet_manager.cc:933] T b8e741ed8a8f423b91a7c91e6cd5b7c3 P 5d9a232d1885471eb05f1d11cdc9bf8d: Initiating tablet copy from peer 4751e1371eba476a99c9e7e868ef4436 (127.21.193.129:34611)
I20260710 13:25:50.081957 24005 tablet_copy_client.cc:323] T b8e741ed8a8f423b91a7c91e6cd5b7c3 P 5d9a232d1885471eb05f1d11cdc9bf8d: tablet copy: Beginning tablet copy session from remote peer at address 127.21.193.129:34611
I20260710 13:25:50.084739 23442 tablet_copy_service.cc:140] P 4751e1371eba476a99c9e7e868ef4436: Received BeginTabletCopySession request for tablet b8e741ed8a8f423b91a7c91e6cd5b7c3 from peer 5d9a232d1885471eb05f1d11cdc9bf8d ({username='slave'} at 127.0.0.1:44774)
I20260710 13:25:50.085495 23442 tablet_copy_service.cc:161] P 4751e1371eba476a99c9e7e868ef4436: Beginning new tablet copy session on tablet b8e741ed8a8f423b91a7c91e6cd5b7c3 from peer 5d9a232d1885471eb05f1d11cdc9bf8d at {username='slave'} at 127.0.0.1:44774: session id = 5d9a232d1885471eb05f1d11cdc9bf8d-b8e741ed8a8f423b91a7c91e6cd5b7c3
I20260710 13:25:50.094830 23442 tablet_copy_source_session.cc:215] T b8e741ed8a8f423b91a7c91e6cd5b7c3 P 4751e1371eba476a99c9e7e868ef4436: Tablet Copy: opened 0 blocks and 1 log segments
I20260710 13:25:50.099166 24005 data_dirs.cc:400] Could only allocate 1 dirs of requested 3 for tablet b8e741ed8a8f423b91a7c91e6cd5b7c3. 1 dirs total, 0 dirs full, 0 dirs failed
I20260710 13:25:50.125802 24005 tablet_copy_client.cc:806] T b8e741ed8a8f423b91a7c91e6cd5b7c3 P 5d9a232d1885471eb05f1d11cdc9bf8d: tablet copy: Starting download of 0 data blocks...
I20260710 13:25:50.126611 24005 tablet_copy_client.cc:670] T b8e741ed8a8f423b91a7c91e6cd5b7c3 P 5d9a232d1885471eb05f1d11cdc9bf8d: tablet copy: Starting download of 1 WAL segments...
I20260710 13:25:50.140864 24007 ts_tablet_manager.cc:933] T b697368b31ee452da6ebf3f28d9ce23b P 5d9a232d1885471eb05f1d11cdc9bf8d: Initiating tablet copy from peer 4fe8cea0c1604c3797a47bd2ff71868e (127.21.193.130:40517)
I20260710 13:25:50.143684 24005 tablet_copy_client.cc:538] T b8e741ed8a8f423b91a7c91e6cd5b7c3 P 5d9a232d1885471eb05f1d11cdc9bf8d: tablet copy: Tablet Copy complete. Replacing tablet superblock.
I20260710 13:25:50.162353 24005 tablet_bootstrap.cc:492] T b8e741ed8a8f423b91a7c91e6cd5b7c3 P 5d9a232d1885471eb05f1d11cdc9bf8d: Bootstrap starting.
I20260710 13:25:50.171314 24007 tablet_copy_client.cc:323] T b697368b31ee452da6ebf3f28d9ce23b P 5d9a232d1885471eb05f1d11cdc9bf8d: tablet copy: Beginning tablet copy session from remote peer at address 127.21.193.130:40517
I20260710 13:25:50.174608 23517 tablet_copy_service.cc:140] P 4fe8cea0c1604c3797a47bd2ff71868e: Received BeginTabletCopySession request for tablet b697368b31ee452da6ebf3f28d9ce23b from peer 5d9a232d1885471eb05f1d11cdc9bf8d ({username='slave'} at 127.0.0.1:58934)
I20260710 13:25:50.175242 23517 tablet_copy_service.cc:161] P 4fe8cea0c1604c3797a47bd2ff71868e: Beginning new tablet copy session on tablet b697368b31ee452da6ebf3f28d9ce23b from peer 5d9a232d1885471eb05f1d11cdc9bf8d at {username='slave'} at 127.0.0.1:58934: session id = 5d9a232d1885471eb05f1d11cdc9bf8d-b697368b31ee452da6ebf3f28d9ce23b
I20260710 13:25:50.184959 23517 tablet_copy_source_session.cc:215] T b697368b31ee452da6ebf3f28d9ce23b P 4fe8cea0c1604c3797a47bd2ff71868e: Tablet Copy: opened 0 blocks and 1 log segments
I20260710 13:25:50.190912 24007 data_dirs.cc:400] Could only allocate 1 dirs of requested 3 for tablet b697368b31ee452da6ebf3f28d9ce23b. 1 dirs total, 0 dirs full, 0 dirs failed
I20260710 13:25:50.203842 24005 tablet_bootstrap.cc:492] T b8e741ed8a8f423b91a7c91e6cd5b7c3 P 5d9a232d1885471eb05f1d11cdc9bf8d: Bootstrap replayed 1/1 log segments. Stats: ops{read=2 overwritten=0 applied=2 ignored=0} inserts{seen=0 ignored=0} mutations{seen=0 ignored=0} orphaned_commits=0. Pending: 0 replicates
I20260710 13:25:50.206717 24010 ts_tablet_manager.cc:933] T 87806f6d13a94f6a827973d2236cb698 P 5d9a232d1885471eb05f1d11cdc9bf8d: Initiating tablet copy from peer 98b28913d4b84c4fac95bef9d20a5a42 (127.21.193.131:35021)
I20260710 13:25:50.207456 24005 tablet_bootstrap.cc:492] T b8e741ed8a8f423b91a7c91e6cd5b7c3 P 5d9a232d1885471eb05f1d11cdc9bf8d: Bootstrap complete.
I20260710 13:25:50.208658 24005 ts_tablet_manager.cc:1403] T b8e741ed8a8f423b91a7c91e6cd5b7c3 P 5d9a232d1885471eb05f1d11cdc9bf8d: Time spent bootstrapping tablet: real 0.047s	user 0.025s	sys 0.010s
I20260710 13:25:50.213323 24005 raft_consensus.cc:359] T b8e741ed8a8f423b91a7c91e6cd5b7c3 P 5d9a232d1885471eb05f1d11cdc9bf8d [term 1 LEARNER]: Replica starting. Triggering 0 pending ops. Active config: opid_index: 2 OBSOLETE_local: false peers { permanent_uuid: "4751e1371eba476a99c9e7e868ef4436" member_type: VOTER last_known_addr { host: "127.21.193.129" port: 34611 } } peers { permanent_uuid: "4fe8cea0c1604c3797a47bd2ff71868e" member_type: VOTER last_known_addr { host: "127.21.193.130" port: 40517 } attrs { replace: true } } peers { permanent_uuid: "98b28913d4b84c4fac95bef9d20a5a42" member_type: VOTER last_known_addr { host: "127.21.193.131" port: 35021 } } peers { permanent_uuid: "5d9a232d1885471eb05f1d11cdc9bf8d" member_type: NON_VOTER last_known_addr { host: "127.21.193.132" port: 45361 } attrs { promote: true } }
I20260710 13:25:50.217326 24010 tablet_copy_client.cc:323] T 87806f6d13a94f6a827973d2236cb698 P 5d9a232d1885471eb05f1d11cdc9bf8d: tablet copy: Beginning tablet copy session from remote peer at address 127.21.193.131:35021
I20260710 13:25:50.220764 23590 tablet_copy_service.cc:140] P 98b28913d4b84c4fac95bef9d20a5a42: Received BeginTabletCopySession request for tablet 87806f6d13a94f6a827973d2236cb698 from peer 5d9a232d1885471eb05f1d11cdc9bf8d ({username='slave'} at 127.0.0.1:33048)
I20260710 13:25:50.221403 23590 tablet_copy_service.cc:161] P 98b28913d4b84c4fac95bef9d20a5a42: Beginning new tablet copy session on tablet 87806f6d13a94f6a827973d2236cb698 from peer 5d9a232d1885471eb05f1d11cdc9bf8d at {username='slave'} at 127.0.0.1:33048: session id = 5d9a232d1885471eb05f1d11cdc9bf8d-87806f6d13a94f6a827973d2236cb698
I20260710 13:25:50.221959 24007 tablet_copy_client.cc:806] T b697368b31ee452da6ebf3f28d9ce23b P 5d9a232d1885471eb05f1d11cdc9bf8d: tablet copy: Starting download of 0 data blocks...
I20260710 13:25:50.222550 24007 tablet_copy_client.cc:670] T b697368b31ee452da6ebf3f28d9ce23b P 5d9a232d1885471eb05f1d11cdc9bf8d: tablet copy: Starting download of 1 WAL segments...
I20260710 13:25:50.231122 23590 tablet_copy_source_session.cc:215] T 87806f6d13a94f6a827973d2236cb698 P 98b28913d4b84c4fac95bef9d20a5a42: Tablet Copy: opened 0 blocks and 1 log segments
I20260710 13:25:50.214608 24005 raft_consensus.cc:740] T b8e741ed8a8f423b91a7c91e6cd5b7c3 P 5d9a232d1885471eb05f1d11cdc9bf8d [term 1 LEARNER]: Becoming Follower/Learner. State: Replica: 5d9a232d1885471eb05f1d11cdc9bf8d, State: Initialized, Role: LEARNER
I20260710 13:25:50.233736 24005 consensus_queue.cc:260] T b8e741ed8a8f423b91a7c91e6cd5b7c3 P 5d9a232d1885471eb05f1d11cdc9bf8d [NON_LEADER]: Queue going to NON_LEADER mode. State: All replicated index: 0, Majority replicated index: 0, Committed index: 2, Last appended: 1.2, Last appended by leader: 2, Current term: 0, Majority size: -1, State: 0, Mode: NON_LEADER, active raft config: opid_index: 2 OBSOLETE_local: false peers { permanent_uuid: "4751e1371eba476a99c9e7e868ef4436" member_type: VOTER last_known_addr { host: "127.21.193.129" port: 34611 } } peers { permanent_uuid: "4fe8cea0c1604c3797a47bd2ff71868e" member_type: VOTER last_known_addr { host: "127.21.193.130" port: 40517 } attrs { replace: true } } peers { permanent_uuid: "98b28913d4b84c4fac95bef9d20a5a42" member_type: VOTER last_known_addr { host: "127.21.193.131" port: 35021 } } peers { permanent_uuid: "5d9a232d1885471eb05f1d11cdc9bf8d" member_type: NON_VOTER last_known_addr { host: "127.21.193.132" port: 45361 } attrs { promote: true } }
I20260710 13:25:50.236708 24010 data_dirs.cc:400] Could only allocate 1 dirs of requested 3 for tablet 87806f6d13a94f6a827973d2236cb698. 1 dirs total, 0 dirs full, 0 dirs failed
I20260710 13:25:50.250006 24005 ts_tablet_manager.cc:1434] T b8e741ed8a8f423b91a7c91e6cd5b7c3 P 5d9a232d1885471eb05f1d11cdc9bf8d: Time spent starting tablet: real 0.041s	user 0.008s	sys 0.008s
I20260710 13:25:50.232564 24012 ts_tablet_manager.cc:933] T 70e5fa79eb284ff1b91497f8c8485f4a P 5d9a232d1885471eb05f1d11cdc9bf8d: Initiating tablet copy from peer 4fe8cea0c1604c3797a47bd2ff71868e (127.21.193.130:40517)
I20260710 13:25:50.231427 24007 tablet_copy_client.cc:538] T b697368b31ee452da6ebf3f28d9ce23b P 5d9a232d1885471eb05f1d11cdc9bf8d: tablet copy: Tablet Copy complete. Replacing tablet superblock.
I20260710 13:25:50.254628 23442 tablet_copy_service.cc:342] P 4751e1371eba476a99c9e7e868ef4436: Request end of tablet copy session 5d9a232d1885471eb05f1d11cdc9bf8d-b8e741ed8a8f423b91a7c91e6cd5b7c3 received from {username='slave'} at 127.0.0.1:44774
I20260710 13:25:50.255143 23442 tablet_copy_service.cc:434] P 4751e1371eba476a99c9e7e868ef4436: ending tablet copy session 5d9a232d1885471eb05f1d11cdc9bf8d-b8e741ed8a8f423b91a7c91e6cd5b7c3 on tablet b8e741ed8a8f423b91a7c91e6cd5b7c3 with peer 5d9a232d1885471eb05f1d11cdc9bf8d
I20260710 13:25:50.269353 24010 tablet_copy_client.cc:806] T 87806f6d13a94f6a827973d2236cb698 P 5d9a232d1885471eb05f1d11cdc9bf8d: tablet copy: Starting download of 0 data blocks...
I20260710 13:25:50.270315 24010 tablet_copy_client.cc:670] T 87806f6d13a94f6a827973d2236cb698 P 5d9a232d1885471eb05f1d11cdc9bf8d: tablet copy: Starting download of 1 WAL segments...
I20260710 13:25:50.270401 24007 tablet_bootstrap.cc:492] T b697368b31ee452da6ebf3f28d9ce23b P 5d9a232d1885471eb05f1d11cdc9bf8d: Bootstrap starting.
I20260710 13:25:50.275923 24010 tablet_copy_client.cc:538] T 87806f6d13a94f6a827973d2236cb698 P 5d9a232d1885471eb05f1d11cdc9bf8d: tablet copy: Tablet Copy complete. Replacing tablet superblock.
I20260710 13:25:50.280434 24012 tablet_copy_client.cc:323] T 70e5fa79eb284ff1b91497f8c8485f4a P 5d9a232d1885471eb05f1d11cdc9bf8d: tablet copy: Beginning tablet copy session from remote peer at address 127.21.193.130:40517
I20260710 13:25:50.282847 23517 tablet_copy_service.cc:140] P 4fe8cea0c1604c3797a47bd2ff71868e: Received BeginTabletCopySession request for tablet 70e5fa79eb284ff1b91497f8c8485f4a from peer 5d9a232d1885471eb05f1d11cdc9bf8d ({username='slave'} at 127.0.0.1:58934)
I20260710 13:25:50.283466 23517 tablet_copy_service.cc:161] P 4fe8cea0c1604c3797a47bd2ff71868e: Beginning new tablet copy session on tablet 70e5fa79eb284ff1b91497f8c8485f4a from peer 5d9a232d1885471eb05f1d11cdc9bf8d at {username='slave'} at 127.0.0.1:58934: session id = 5d9a232d1885471eb05f1d11cdc9bf8d-70e5fa79eb284ff1b91497f8c8485f4a
I20260710 13:25:50.290729 24010 tablet_bootstrap.cc:492] T 87806f6d13a94f6a827973d2236cb698 P 5d9a232d1885471eb05f1d11cdc9bf8d: Bootstrap starting.
I20260710 13:25:50.292366 23517 tablet_copy_source_session.cc:215] T 70e5fa79eb284ff1b91497f8c8485f4a P 4fe8cea0c1604c3797a47bd2ff71868e: Tablet Copy: opened 0 blocks and 1 log segments
I20260710 13:25:50.296264 24012 data_dirs.cc:400] Could only allocate 1 dirs of requested 3 for tablet 70e5fa79eb284ff1b91497f8c8485f4a. 1 dirs total, 0 dirs full, 0 dirs failed
I20260710 13:25:50.338487 24010 tablet_bootstrap.cc:492] T 87806f6d13a94f6a827973d2236cb698 P 5d9a232d1885471eb05f1d11cdc9bf8d: Bootstrap replayed 1/1 log segments. Stats: ops{read=2 overwritten=0 applied=2 ignored=0} inserts{seen=0 ignored=0} mutations{seen=0 ignored=0} orphaned_commits=0. Pending: 0 replicates
I20260710 13:25:50.339738 24010 tablet_bootstrap.cc:492] T 87806f6d13a94f6a827973d2236cb698 P 5d9a232d1885471eb05f1d11cdc9bf8d: Bootstrap complete.
I20260710 13:25:50.340710 24010 ts_tablet_manager.cc:1403] T 87806f6d13a94f6a827973d2236cb698 P 5d9a232d1885471eb05f1d11cdc9bf8d: Time spent bootstrapping tablet: real 0.050s	user 0.027s	sys 0.021s
I20260710 13:25:50.344920 24010 raft_consensus.cc:359] T 87806f6d13a94f6a827973d2236cb698 P 5d9a232d1885471eb05f1d11cdc9bf8d [term 1 LEARNER]: Replica starting. Triggering 0 pending ops. Active config: opid_index: 2 OBSOLETE_local: false peers { permanent_uuid: "4751e1371eba476a99c9e7e868ef4436" member_type: VOTER last_known_addr { host: "127.21.193.129" port: 34611 } attrs { replace: true } } peers { permanent_uuid: "4fe8cea0c1604c3797a47bd2ff71868e" member_type: VOTER last_known_addr { host: "127.21.193.130" port: 40517 } } peers { permanent_uuid: "98b28913d4b84c4fac95bef9d20a5a42" member_type: VOTER last_known_addr { host: "127.21.193.131" port: 35021 } } peers { permanent_uuid: "5d9a232d1885471eb05f1d11cdc9bf8d" member_type: NON_VOTER last_known_addr { host: "127.21.193.132" port: 45361 } attrs { promote: true } }
I20260710 13:25:50.346107 24010 raft_consensus.cc:740] T 87806f6d13a94f6a827973d2236cb698 P 5d9a232d1885471eb05f1d11cdc9bf8d [term 1 LEARNER]: Becoming Follower/Learner. State: Replica: 5d9a232d1885471eb05f1d11cdc9bf8d, State: Initialized, Role: LEARNER
I20260710 13:25:50.363759 24010 consensus_queue.cc:260] T 87806f6d13a94f6a827973d2236cb698 P 5d9a232d1885471eb05f1d11cdc9bf8d [NON_LEADER]: Queue going to NON_LEADER mode. State: All replicated index: 0, Majority replicated index: 0, Committed index: 2, Last appended: 1.2, Last appended by leader: 2, Current term: 0, Majority size: -1, State: 0, Mode: NON_LEADER, active raft config: opid_index: 2 OBSOLETE_local: false peers { permanent_uuid: "4751e1371eba476a99c9e7e868ef4436" member_type: VOTER last_known_addr { host: "127.21.193.129" port: 34611 } attrs { replace: true } } peers { permanent_uuid: "4fe8cea0c1604c3797a47bd2ff71868e" member_type: VOTER last_known_addr { host: "127.21.193.130" port: 40517 } } peers { permanent_uuid: "98b28913d4b84c4fac95bef9d20a5a42" member_type: VOTER last_known_addr { host: "127.21.193.131" port: 35021 } } peers { permanent_uuid: "5d9a232d1885471eb05f1d11cdc9bf8d" member_type: NON_VOTER last_known_addr { host: "127.21.193.132" port: 45361 } attrs { promote: true } }
I20260710 13:25:50.364701 24007 tablet_bootstrap.cc:492] T b697368b31ee452da6ebf3f28d9ce23b P 5d9a232d1885471eb05f1d11cdc9bf8d: Bootstrap replayed 1/1 log segments. Stats: ops{read=2 overwritten=0 applied=2 ignored=0} inserts{seen=0 ignored=0} mutations{seen=0 ignored=0} orphaned_commits=0. Pending: 0 replicates
I20260710 13:25:50.365778 24012 tablet_copy_client.cc:806] T 70e5fa79eb284ff1b91497f8c8485f4a P 5d9a232d1885471eb05f1d11cdc9bf8d: tablet copy: Starting download of 0 data blocks...
I20260710 13:25:50.369009 24012 tablet_copy_client.cc:670] T 70e5fa79eb284ff1b91497f8c8485f4a P 5d9a232d1885471eb05f1d11cdc9bf8d: tablet copy: Starting download of 1 WAL segments...
I20260710 13:25:50.366044 24010 ts_tablet_manager.cc:1434] T 87806f6d13a94f6a827973d2236cb698 P 5d9a232d1885471eb05f1d11cdc9bf8d: Time spent starting tablet: real 0.025s	user 0.011s	sys 0.012s
I20260710 13:25:50.372473 23590 tablet_copy_service.cc:342] P 98b28913d4b84c4fac95bef9d20a5a42: Request end of tablet copy session 5d9a232d1885471eb05f1d11cdc9bf8d-87806f6d13a94f6a827973d2236cb698 received from {username='slave'} at 127.0.0.1:33048
I20260710 13:25:50.373085 23590 tablet_copy_service.cc:434] P 98b28913d4b84c4fac95bef9d20a5a42: ending tablet copy session 5d9a232d1885471eb05f1d11cdc9bf8d-87806f6d13a94f6a827973d2236cb698 on tablet 87806f6d13a94f6a827973d2236cb698 with peer 5d9a232d1885471eb05f1d11cdc9bf8d
I20260710 13:25:50.375756 24012 tablet_copy_client.cc:538] T 70e5fa79eb284ff1b91497f8c8485f4a P 5d9a232d1885471eb05f1d11cdc9bf8d: tablet copy: Tablet Copy complete. Replacing tablet superblock.
I20260710 13:25:50.380656 24007 tablet_bootstrap.cc:492] T b697368b31ee452da6ebf3f28d9ce23b P 5d9a232d1885471eb05f1d11cdc9bf8d: Bootstrap complete.
I20260710 13:25:50.381758 24007 ts_tablet_manager.cc:1403] T b697368b31ee452da6ebf3f28d9ce23b P 5d9a232d1885471eb05f1d11cdc9bf8d: Time spent bootstrapping tablet: real 0.112s	user 0.021s	sys 0.009s
I20260710 13:25:50.393699 24007 raft_consensus.cc:359] T b697368b31ee452da6ebf3f28d9ce23b P 5d9a232d1885471eb05f1d11cdc9bf8d [term 1 LEARNER]: Replica starting. Triggering 0 pending ops. Active config: opid_index: 2 OBSOLETE_local: false peers { permanent_uuid: "4751e1371eba476a99c9e7e868ef4436" member_type: VOTER last_known_addr { host: "127.21.193.129" port: 34611 } attrs { replace: true } } peers { permanent_uuid: "4fe8cea0c1604c3797a47bd2ff71868e" member_type: VOTER last_known_addr { host: "127.21.193.130" port: 40517 } } peers { permanent_uuid: "98b28913d4b84c4fac95bef9d20a5a42" member_type: VOTER last_known_addr { host: "127.21.193.131" port: 35021 } } peers { permanent_uuid: "5d9a232d1885471eb05f1d11cdc9bf8d" member_type: NON_VOTER last_known_addr { host: "127.21.193.132" port: 45361 } attrs { promote: true } }
I20260710 13:25:50.394920 24007 raft_consensus.cc:740] T b697368b31ee452da6ebf3f28d9ce23b P 5d9a232d1885471eb05f1d11cdc9bf8d [term 1 LEARNER]: Becoming Follower/Learner. State: Replica: 5d9a232d1885471eb05f1d11cdc9bf8d, State: Initialized, Role: LEARNER
I20260710 13:25:50.395653 24007 consensus_queue.cc:260] T b697368b31ee452da6ebf3f28d9ce23b P 5d9a232d1885471eb05f1d11cdc9bf8d [NON_LEADER]: Queue going to NON_LEADER mode. State: All replicated index: 0, Majority replicated index: 0, Committed index: 2, Last appended: 1.2, Last appended by leader: 2, Current term: 0, Majority size: -1, State: 0, Mode: NON_LEADER, active raft config: opid_index: 2 OBSOLETE_local: false peers { permanent_uuid: "4751e1371eba476a99c9e7e868ef4436" member_type: VOTER last_known_addr { host: "127.21.193.129" port: 34611 } attrs { replace: true } } peers { permanent_uuid: "4fe8cea0c1604c3797a47bd2ff71868e" member_type: VOTER last_known_addr { host: "127.21.193.130" port: 40517 } } peers { permanent_uuid: "98b28913d4b84c4fac95bef9d20a5a42" member_type: VOTER last_known_addr { host: "127.21.193.131" port: 35021 } } peers { permanent_uuid: "5d9a232d1885471eb05f1d11cdc9bf8d" member_type: NON_VOTER last_known_addr { host: "127.21.193.132" port: 45361 } attrs { promote: true } }
I20260710 13:25:50.396272 24012 tablet_bootstrap.cc:492] T 70e5fa79eb284ff1b91497f8c8485f4a P 5d9a232d1885471eb05f1d11cdc9bf8d: Bootstrap starting.
I20260710 13:25:50.411494 24007 ts_tablet_manager.cc:1434] T b697368b31ee452da6ebf3f28d9ce23b P 5d9a232d1885471eb05f1d11cdc9bf8d: Time spent starting tablet: real 0.029s	user 0.005s	sys 0.001s
I20260710 13:25:50.435943 23517 tablet_copy_service.cc:342] P 4fe8cea0c1604c3797a47bd2ff71868e: Request end of tablet copy session 5d9a232d1885471eb05f1d11cdc9bf8d-b697368b31ee452da6ebf3f28d9ce23b received from {username='slave'} at 127.0.0.1:58934
I20260710 13:25:50.436463 23517 tablet_copy_service.cc:434] P 4fe8cea0c1604c3797a47bd2ff71868e: ending tablet copy session 5d9a232d1885471eb05f1d11cdc9bf8d-b697368b31ee452da6ebf3f28d9ce23b on tablet b697368b31ee452da6ebf3f28d9ce23b with peer 5d9a232d1885471eb05f1d11cdc9bf8d
I20260710 13:25:50.457566 24012 tablet_bootstrap.cc:492] T 70e5fa79eb284ff1b91497f8c8485f4a P 5d9a232d1885471eb05f1d11cdc9bf8d: Bootstrap replayed 1/1 log segments. Stats: ops{read=2 overwritten=0 applied=2 ignored=0} inserts{seen=0 ignored=0} mutations{seen=0 ignored=0} orphaned_commits=0. Pending: 0 replicates
I20260710 13:25:50.458967 24012 tablet_bootstrap.cc:492] T 70e5fa79eb284ff1b91497f8c8485f4a P 5d9a232d1885471eb05f1d11cdc9bf8d: Bootstrap complete.
I20260710 13:25:50.459875 24012 ts_tablet_manager.cc:1403] T 70e5fa79eb284ff1b91497f8c8485f4a P 5d9a232d1885471eb05f1d11cdc9bf8d: Time spent bootstrapping tablet: real 0.064s	user 0.043s	sys 0.017s
I20260710 13:25:50.463428 24012 raft_consensus.cc:359] T 70e5fa79eb284ff1b91497f8c8485f4a P 5d9a232d1885471eb05f1d11cdc9bf8d [term 1 LEARNER]: Replica starting. Triggering 0 pending ops. Active config: opid_index: 2 OBSOLETE_local: false peers { permanent_uuid: "4751e1371eba476a99c9e7e868ef4436" member_type: VOTER last_known_addr { host: "127.21.193.129" port: 34611 } } peers { permanent_uuid: "4fe8cea0c1604c3797a47bd2ff71868e" member_type: VOTER last_known_addr { host: "127.21.193.130" port: 40517 } } peers { permanent_uuid: "98b28913d4b84c4fac95bef9d20a5a42" member_type: VOTER last_known_addr { host: "127.21.193.131" port: 35021 } attrs { replace: true } } peers { permanent_uuid: "5d9a232d1885471eb05f1d11cdc9bf8d" member_type: NON_VOTER last_known_addr { host: "127.21.193.132" port: 45361 } attrs { promote: true } }
I20260710 13:25:50.466094 24012 raft_consensus.cc:740] T 70e5fa79eb284ff1b91497f8c8485f4a P 5d9a232d1885471eb05f1d11cdc9bf8d [term 1 LEARNER]: Becoming Follower/Learner. State: Replica: 5d9a232d1885471eb05f1d11cdc9bf8d, State: Initialized, Role: LEARNER
