I20260710 13:25:41.678320 28970 raft_consensus.cc:2955] T 914d60312ed44a368f7ce185bea8cb8d P 16206ed838c0461584e36593516804e6 [term 2 LEADER]: Committing config change with OpId 2.5: config changed from index 4 to 5, VOTER cf516ef1201545a2874667ba08c3f7a9 (127.26.183.194) evicted. New config: { opid_index: 5 OBSOLETE_local: false peers { permanent_uuid: "91efd8cafbcc42e9aad87ff7815e34f8" member_type: VOTER last_known_addr { host: "127.26.183.193" port: 45283 } } peers { permanent_uuid: "16206ed838c0461584e36593516804e6" member_type: VOTER last_known_addr { host: "127.26.183.195" port: 43791 } } peers { permanent_uuid: "f56008b421dc40599a2ed86b39c7e4df" member_type: VOTER last_known_addr { host: "127.26.183.196" port: 34497 } attrs { promote: false } } }
I20260710 13:25:41.680508 28475 raft_consensus.cc:2955] T 914d60312ed44a368f7ce185bea8cb8d P 91efd8cafbcc42e9aad87ff7815e34f8 [term 2 FOLLOWER]: Committing config change with OpId 2.5: config changed from index 4 to 5, VOTER cf516ef1201545a2874667ba08c3f7a9 (127.26.183.194) evicted. New config: { opid_index: 5 OBSOLETE_local: false peers { permanent_uuid: "91efd8cafbcc42e9aad87ff7815e34f8" member_type: VOTER last_known_addr { host: "127.26.183.193" port: 45283 } } peers { permanent_uuid: "16206ed838c0461584e36593516804e6" member_type: VOTER last_known_addr { host: "127.26.183.195" port: 43791 } } peers { permanent_uuid: "f56008b421dc40599a2ed86b39c7e4df" member_type: VOTER last_known_addr { host: "127.26.183.196" port: 34497 } attrs { promote: false } } }
I20260710 13:25:41.688156 28357 catalog_manager.cc:5210] ChangeConfig:REMOVE_PEER RPC for tablet 914d60312ed44a368f7ce185bea8cb8d with cas_config_opid_index 4: ChangeConfig:REMOVE_PEER succeeded (attempt 1)
I20260710 13:25:41.696532 29010 tablet_replica.cc:333] T e2817356bfed4388b0e04baac639485b P 91efd8cafbcc42e9aad87ff7815e34f8: stopping tablet replica
I20260710 13:25:41.695864 28370 catalog_manager.cc:5697] T 914d60312ed44a368f7ce185bea8cb8d P 16206ed838c0461584e36593516804e6 reported cstate change: config changed from index 4 to 5, VOTER cf516ef1201545a2874667ba08c3f7a9 (127.26.183.194) evicted. New cstate: current_term: 2 leader_uuid: "16206ed838c0461584e36593516804e6" committed_config { opid_index: 5 OBSOLETE_local: false peers { permanent_uuid: "91efd8cafbcc42e9aad87ff7815e34f8" member_type: VOTER last_known_addr { host: "127.26.183.193" port: 45283 } health_report { overall_health: HEALTHY } } peers { permanent_uuid: "16206ed838c0461584e36593516804e6" member_type: VOTER last_known_addr { host: "127.26.183.195" port: 43791 } health_report { overall_health: HEALTHY } } peers { permanent_uuid: "f56008b421dc40599a2ed86b39c7e4df" member_type: VOTER last_known_addr { host: "127.26.183.196" port: 34497 } attrs { promote: false } health_report { overall_health: UNKNOWN } } }
I20260710 13:25:41.697671 29010 raft_consensus.cc:2243] T e2817356bfed4388b0e04baac639485b P 91efd8cafbcc42e9aad87ff7815e34f8 [term 1 FOLLOWER]: Raft consensus shutting down.
I20260710 13:25:41.698354 29010 raft_consensus.cc:2272] T e2817356bfed4388b0e04baac639485b P 91efd8cafbcc42e9aad87ff7815e34f8 [term 1 FOLLOWER]: Raft consensus is shut down!
I20260710 13:25:41.696650 28475 raft_consensus.cc:2955] T fba1b1db0e48436086bdf21d3ece39d4 P 91efd8cafbcc42e9aad87ff7815e34f8 [term 1 FOLLOWER]: Committing config change with OpId 1.3: config changed from index 2 to 3, f56008b421dc40599a2ed86b39c7e4df (127.26.183.196) changed from NON_VOTER to VOTER. New config: { opid_index: 3 OBSOLETE_local: false peers { permanent_uuid: "91efd8cafbcc42e9aad87ff7815e34f8" member_type: VOTER last_known_addr { host: "127.26.183.193" port: 45283 } } peers { permanent_uuid: "cf516ef1201545a2874667ba08c3f7a9" member_type: VOTER last_known_addr { host: "127.26.183.194" port: 39519 } attrs { replace: true } } peers { permanent_uuid: "16206ed838c0461584e36593516804e6" member_type: VOTER last_known_addr { host: "127.26.183.195" port: 43791 } } peers { permanent_uuid: "f56008b421dc40599a2ed86b39c7e4df" member_type: VOTER last_known_addr { host: "127.26.183.196" port: 34497 } attrs { promote: false } } }
I20260710 13:25:41.705544 29010 ts_tablet_manager.cc:1916] T e2817356bfed4388b0e04baac639485b P 91efd8cafbcc42e9aad87ff7815e34f8: Deleting tablet data with delete state TABLET_DATA_TOMBSTONED
I20260710 13:25:41.710317 28893 raft_consensus.cc:1275] T 914d60312ed44a368f7ce185bea8cb8d P f56008b421dc40599a2ed86b39c7e4df [term 2 FOLLOWER]: Refusing update from remote peer 16206ed838c0461584e36593516804e6: Log matching property violated. Preceding OpId in replica: term: 2 index: 4. Preceding OpId from leader: term: 2 index: 5. (index mismatch)
I20260710 13:25:41.711609 29001 consensus_queue.cc:1048] T 914d60312ed44a368f7ce185bea8cb8d P 16206ed838c0461584e36593516804e6 [LEADER]: Connected to new peer: Peer: permanent_uuid: "f56008b421dc40599a2ed86b39c7e4df" member_type: VOTER last_known_addr { host: "127.26.183.196" port: 34497 } attrs { promote: false }, Status: LMP_MISMATCH, Last received: 0.0, Next index: 5, Last known committed idx: 4, Time since last communication: 0.000s
I20260710 13:25:41.717864 28539 tablet_service.cc:1558] Processing DeleteTablet for tablet 914d60312ed44a368f7ce185bea8cb8d with delete_type TABLET_DATA_TOMBSTONED (Replica with old config index 4 (current committed config index is 5)) from {username='slave'} at 127.0.0.1:51368
I20260710 13:25:41.716693 28893 raft_consensus.cc:2955] T 914d60312ed44a368f7ce185bea8cb8d P f56008b421dc40599a2ed86b39c7e4df [term 2 FOLLOWER]: Committing config change with OpId 2.5: config changed from index 4 to 5, VOTER cf516ef1201545a2874667ba08c3f7a9 (127.26.183.194) evicted. New config: { opid_index: 5 OBSOLETE_local: false peers { permanent_uuid: "91efd8cafbcc42e9aad87ff7815e34f8" member_type: VOTER last_known_addr { host: "127.26.183.193" port: 45283 } } peers { permanent_uuid: "16206ed838c0461584e36593516804e6" member_type: VOTER last_known_addr { host: "127.26.183.195" port: 43791 } } peers { permanent_uuid: "f56008b421dc40599a2ed86b39c7e4df" member_type: VOTER last_known_addr { host: "127.26.183.196" port: 34497 } attrs { promote: false } } }
I20260710 13:25:41.728277 29010 ts_tablet_manager.cc:1929] T e2817356bfed4388b0e04baac639485b P 91efd8cafbcc42e9aad87ff7815e34f8: tablet deleted with delete type TABLET_DATA_TOMBSTONED: last-logged OpId 1.3
I20260710 13:25:41.728753 29010 log.cc:1199] T e2817356bfed4388b0e04baac639485b P 91efd8cafbcc42e9aad87ff7815e34f8: Deleting WAL directory at /tmp/dist-test-task7Uqyzo/test-tmp/auto_leader_rebalancer-test.0.LeaderRebalancerTest.AddTserver.1783689910133203-27359-0/minicluster-data/ts-0-root/wals/e2817356bfed4388b0e04baac639485b
I20260710 13:25:41.730520 28359 catalog_manager.cc:5028] TS 91efd8cafbcc42e9aad87ff7815e34f8 (127.26.183.193:45283): tablet e2817356bfed4388b0e04baac639485b (table test-workload [id=f7d0c0f80c1941bd8c92e507e2c62a55]) successfully deleted
I20260710 13:25:41.732468 28622 consensus_queue.cc:237] T fba1b1db0e48436086bdf21d3ece39d4 P 16206ed838c0461584e36593516804e6 [LEADER]: Queue going to LEADER mode. State: All replicated index: 0, Majority replicated index: 3, Committed index: 3, Last appended: 1.3, Last appended by leader: 0, Current term: 1, Majority size: 2, State: 0, Mode: LEADER, active raft config: opid_index: 4 OBSOLETE_local: false peers { permanent_uuid: "91efd8cafbcc42e9aad87ff7815e34f8" member_type: VOTER last_known_addr { host: "127.26.183.193" port: 45283 } } peers { permanent_uuid: "16206ed838c0461584e36593516804e6" member_type: VOTER last_known_addr { host: "127.26.183.195" port: 43791 } } peers { permanent_uuid: "f56008b421dc40599a2ed86b39c7e4df" member_type: VOTER last_known_addr { host: "127.26.183.196" port: 34497 } attrs { promote: false } }
I20260710 13:25:41.738229 28894 raft_consensus.cc:1275] T fba1b1db0e48436086bdf21d3ece39d4 P f56008b421dc40599a2ed86b39c7e4df [term 1 FOLLOWER]: Refusing update from remote peer 16206ed838c0461584e36593516804e6: Log matching property violated. Preceding OpId in replica: term: 1 index: 3. Preceding OpId from leader: term: 1 index: 4. (index mismatch)
I20260710 13:25:41.738564 29011 tablet_replica.cc:333] T 914d60312ed44a368f7ce185bea8cb8d P cf516ef1201545a2874667ba08c3f7a9: stopping tablet replica
I20260710 13:25:41.739591 29011 raft_consensus.cc:2243] T 914d60312ed44a368f7ce185bea8cb8d P cf516ef1201545a2874667ba08c3f7a9 [term 2 FOLLOWER]: Raft consensus shutting down.
I20260710 13:25:41.739717 29001 consensus_queue.cc:1048] T fba1b1db0e48436086bdf21d3ece39d4 P 16206ed838c0461584e36593516804e6 [LEADER]: Connected to new peer: Peer: permanent_uuid: "f56008b421dc40599a2ed86b39c7e4df" member_type: VOTER last_known_addr { host: "127.26.183.196" port: 34497 } attrs { promote: false }, Status: LMP_MISMATCH, Last received: 0.0, Next index: 4, Last known committed idx: 3, Time since last communication: 0.000s
I20260710 13:25:41.740267 29011 raft_consensus.cc:2272] T 914d60312ed44a368f7ce185bea8cb8d P cf516ef1201545a2874667ba08c3f7a9 [term 2 FOLLOWER]: Raft consensus is shut down!
I20260710 13:25:41.742424 28475 raft_consensus.cc:1275] T fba1b1db0e48436086bdf21d3ece39d4 P 91efd8cafbcc42e9aad87ff7815e34f8 [term 1 FOLLOWER]: Refusing update from remote peer 16206ed838c0461584e36593516804e6: Log matching property violated. Preceding OpId in replica: term: 1 index: 3. Preceding OpId from leader: term: 1 index: 4. (index mismatch)
I20260710 13:25:41.743911 29011 ts_tablet_manager.cc:1916] T 914d60312ed44a368f7ce185bea8cb8d P cf516ef1201545a2874667ba08c3f7a9: Deleting tablet data with delete state TABLET_DATA_TOMBSTONED
I20260710 13:25:41.743805 28995 consensus_queue.cc:1048] T fba1b1db0e48436086bdf21d3ece39d4 P 16206ed838c0461584e36593516804e6 [LEADER]: Connected to new peer: Peer: permanent_uuid: "91efd8cafbcc42e9aad87ff7815e34f8" member_type: VOTER last_known_addr { host: "127.26.183.193" port: 45283 }, Status: LMP_MISMATCH, Last received: 0.0, Next index: 4, Last known committed idx: 3, Time since last communication: 0.000s
I20260710 13:25:41.747777 28970 raft_consensus.cc:2955] T fba1b1db0e48436086bdf21d3ece39d4 P 16206ed838c0461584e36593516804e6 [term 1 LEADER]: Committing config change with OpId 1.4: config changed from index 3 to 4, VOTER cf516ef1201545a2874667ba08c3f7a9 (127.26.183.194) evicted. New config: { opid_index: 4 OBSOLETE_local: false peers { permanent_uuid: "91efd8cafbcc42e9aad87ff7815e34f8" member_type: VOTER last_known_addr { host: "127.26.183.193" port: 45283 } } peers { permanent_uuid: "16206ed838c0461584e36593516804e6" member_type: VOTER last_known_addr { host: "127.26.183.195" port: 43791 } } peers { permanent_uuid: "f56008b421dc40599a2ed86b39c7e4df" member_type: VOTER last_known_addr { host: "127.26.183.196" port: 34497 } attrs { promote: false } } }
I20260710 13:25:41.754364 28894 raft_consensus.cc:2955] T fba1b1db0e48436086bdf21d3ece39d4 P f56008b421dc40599a2ed86b39c7e4df [term 1 FOLLOWER]: Committing config change with OpId 1.4: config changed from index 3 to 4, VOTER cf516ef1201545a2874667ba08c3f7a9 (127.26.183.194) evicted. New config: { opid_index: 4 OBSOLETE_local: false peers { permanent_uuid: "91efd8cafbcc42e9aad87ff7815e34f8" member_type: VOTER last_known_addr { host: "127.26.183.193" port: 45283 } } peers { permanent_uuid: "16206ed838c0461584e36593516804e6" member_type: VOTER last_known_addr { host: "127.26.183.195" port: 43791 } } peers { permanent_uuid: "f56008b421dc40599a2ed86b39c7e4df" member_type: VOTER last_known_addr { host: "127.26.183.196" port: 34497 } attrs { promote: false } } }
I20260710 13:25:41.762850 28475 raft_consensus.cc:2955] T fba1b1db0e48436086bdf21d3ece39d4 P 91efd8cafbcc42e9aad87ff7815e34f8 [term 1 FOLLOWER]: Committing config change with OpId 1.4: config changed from index 3 to 4, VOTER cf516ef1201545a2874667ba08c3f7a9 (127.26.183.194) evicted. New config: { opid_index: 4 OBSOLETE_local: false peers { permanent_uuid: "91efd8cafbcc42e9aad87ff7815e34f8" member_type: VOTER last_known_addr { host: "127.26.183.193" port: 45283 } } peers { permanent_uuid: "16206ed838c0461584e36593516804e6" member_type: VOTER last_known_addr { host: "127.26.183.195" port: 43791 } } peers { permanent_uuid: "f56008b421dc40599a2ed86b39c7e4df" member_type: VOTER last_known_addr { host: "127.26.183.196" port: 34497 } attrs { promote: false } } }
I20260710 13:25:41.767850 28357 catalog_manager.cc:5210] ChangeConfig:REMOVE_PEER RPC for tablet fba1b1db0e48436086bdf21d3ece39d4 with cas_config_opid_index 3: ChangeConfig:REMOVE_PEER succeeded (attempt 1)
I20260710 13:25:41.767539 28372 catalog_manager.cc:5697] T fba1b1db0e48436086bdf21d3ece39d4 P f56008b421dc40599a2ed86b39c7e4df reported cstate change: config changed from index 3 to 4, VOTER cf516ef1201545a2874667ba08c3f7a9 (127.26.183.194) evicted. New cstate: current_term: 1 leader_uuid: "16206ed838c0461584e36593516804e6" committed_config { opid_index: 4 OBSOLETE_local: false peers { permanent_uuid: "91efd8cafbcc42e9aad87ff7815e34f8" member_type: VOTER last_known_addr { host: "127.26.183.193" port: 45283 } } peers { permanent_uuid: "16206ed838c0461584e36593516804e6" member_type: VOTER last_known_addr { host: "127.26.183.195" port: 43791 } } peers { permanent_uuid: "f56008b421dc40599a2ed86b39c7e4df" member_type: VOTER last_known_addr { host: "127.26.183.196" port: 34497 } attrs { promote: false } } }
I20260710 13:25:41.774072 29011 ts_tablet_manager.cc:1929] T 914d60312ed44a368f7ce185bea8cb8d P cf516ef1201545a2874667ba08c3f7a9: tablet deleted with delete type TABLET_DATA_TOMBSTONED: last-logged OpId 2.4
I20260710 13:25:41.774547 29011 log.cc:1199] T 914d60312ed44a368f7ce185bea8cb8d P cf516ef1201545a2874667ba08c3f7a9: Deleting WAL directory at /tmp/dist-test-task7Uqyzo/test-tmp/auto_leader_rebalancer-test.0.LeaderRebalancerTest.AddTserver.1783689910133203-27359-0/minicluster-data/ts-1-root/wals/914d60312ed44a368f7ce185bea8cb8d
I20260710 13:25:41.776631 28358 catalog_manager.cc:5028] TS cf516ef1201545a2874667ba08c3f7a9 (127.26.183.194:39519): tablet 914d60312ed44a368f7ce185bea8cb8d (table test-workload [id=f7d0c0f80c1941bd8c92e507e2c62a55]) successfully deleted
I20260710 13:25:41.780012 28539 tablet_service.cc:1558] Processing DeleteTablet for tablet fba1b1db0e48436086bdf21d3ece39d4 with delete_type TABLET_DATA_TOMBSTONED (TS cf516ef1201545a2874667ba08c3f7a9 not found in new config with opid_index 4) from {username='slave'} at 127.0.0.1:51368
I20260710 13:25:41.781095 29011 tablet_replica.cc:333] T fba1b1db0e48436086bdf21d3ece39d4 P cf516ef1201545a2874667ba08c3f7a9: stopping tablet replica
I20260710 13:25:41.782075 29011 raft_consensus.cc:2243] T fba1b1db0e48436086bdf21d3ece39d4 P cf516ef1201545a2874667ba08c3f7a9 [term 1 FOLLOWER]: Raft consensus shutting down.
I20260710 13:25:41.782730 29011 raft_consensus.cc:2272] T fba1b1db0e48436086bdf21d3ece39d4 P cf516ef1201545a2874667ba08c3f7a9 [term 1 FOLLOWER]: Raft consensus is shut down!
I20260710 13:25:41.785714 29011 ts_tablet_manager.cc:1916] T fba1b1db0e48436086bdf21d3ece39d4 P cf516ef1201545a2874667ba08c3f7a9: Deleting tablet data with delete state TABLET_DATA_TOMBSTONED
I20260710 13:25:41.798465 29011 ts_tablet_manager.cc:1929] T fba1b1db0e48436086bdf21d3ece39d4 P cf516ef1201545a2874667ba08c3f7a9: tablet deleted with delete type TABLET_DATA_TOMBSTONED: last-logged OpId 1.3
I20260710 13:25:41.798792 29011 log.cc:1199] T fba1b1db0e48436086bdf21d3ece39d4 P cf516ef1201545a2874667ba08c3f7a9: Deleting WAL directory at /tmp/dist-test-task7Uqyzo/test-tmp/auto_leader_rebalancer-test.0.LeaderRebalancerTest.AddTserver.1783689910133203-27359-0/minicluster-data/ts-1-root/wals/fba1b1db0e48436086bdf21d3ece39d4
I20260710 13:25:41.799913 28358 catalog_manager.cc:5028] TS cf516ef1201545a2874667ba08c3f7a9 (127.26.183.194:39519): tablet fba1b1db0e48436086bdf21d3ece39d4 (table test-workload [id=f7d0c0f80c1941bd8c92e507e2c62a55]) successfully deleted
I20260710 13:25:42.824424 28473 consensus_queue.cc:237] T 46311702e60c4d0c851a2decca0178a4 P 91efd8cafbcc42e9aad87ff7815e34f8 [LEADER]: Queue going to LEADER mode. State: All replicated index: 0, Majority replicated index: 1, Committed index: 1, Last appended: 1.1, Last appended by leader: 0, Current term: 1, Majority size: 2, State: 0, Mode: LEADER, active raft config: opid_index: 2 OBSOLETE_local: false peers { permanent_uuid: "91efd8cafbcc42e9aad87ff7815e34f8" member_type: VOTER last_known_addr { host: "127.26.183.193" port: 45283 } } peers { permanent_uuid: "cf516ef1201545a2874667ba08c3f7a9" member_type: VOTER last_known_addr { host: "127.26.183.194" port: 39519 } } peers { permanent_uuid: "16206ed838c0461584e36593516804e6" member_type: VOTER last_known_addr { host: "127.26.183.195" port: 43791 } attrs { replace: true } } peers { permanent_uuid: "f56008b421dc40599a2ed86b39c7e4df" member_type: NON_VOTER last_known_addr { host: "127.26.183.196" port: 34497 } attrs { promote: true } }
I20260710 13:25:42.832597 28622 raft_consensus.cc:1275] T 46311702e60c4d0c851a2decca0178a4 P 16206ed838c0461584e36593516804e6 [term 1 FOLLOWER]: Refusing update from remote peer 91efd8cafbcc42e9aad87ff7815e34f8: Log matching property violated. Preceding OpId in replica: term: 1 index: 1. Preceding OpId from leader: term: 1 index: 2. (index mismatch)
I20260710 13:25:42.834242 29017 consensus_queue.cc:1048] T 46311702e60c4d0c851a2decca0178a4 P 91efd8cafbcc42e9aad87ff7815e34f8 [LEADER]: Connected to new peer: Peer: permanent_uuid: "16206ed838c0461584e36593516804e6" member_type: VOTER last_known_addr { host: "127.26.183.195" port: 43791 } attrs { replace: true }, Status: LMP_MISMATCH, Last received: 0.0, Next index: 2, Last known committed idx: 1, Time since last communication: 0.000s
I20260710 13:25:42.834833 28548 raft_consensus.cc:1275] T 46311702e60c4d0c851a2decca0178a4 P cf516ef1201545a2874667ba08c3f7a9 [term 1 FOLLOWER]: Refusing update from remote peer 91efd8cafbcc42e9aad87ff7815e34f8: Log matching property violated. Preceding OpId in replica: term: 1 index: 1. Preceding OpId from leader: term: 1 index: 2. (index mismatch)
I20260710 13:25:42.836076 29018 consensus_queue.cc:1048] T 46311702e60c4d0c851a2decca0178a4 P 91efd8cafbcc42e9aad87ff7815e34f8 [LEADER]: Connected to new peer: Peer: permanent_uuid: "cf516ef1201545a2874667ba08c3f7a9" member_type: VOTER last_known_addr { host: "127.26.183.194" port: 39519 }, Status: LMP_MISMATCH, Last received: 0.0, Next index: 2, Last known committed idx: 1, Time since last communication: 0.000s
I20260710 13:25:42.842674 29013 raft_consensus.cc:2955] T 46311702e60c4d0c851a2decca0178a4 P 91efd8cafbcc42e9aad87ff7815e34f8 [term 1 LEADER]: Committing config change with OpId 1.2: config changed from index -1 to 2, NON_VOTER f56008b421dc40599a2ed86b39c7e4df (127.26.183.196) added. New config: { opid_index: 2 OBSOLETE_local: false peers { permanent_uuid: "91efd8cafbcc42e9aad87ff7815e34f8" member_type: VOTER last_known_addr { host: "127.26.183.193" port: 45283 } } peers { permanent_uuid: "cf516ef1201545a2874667ba08c3f7a9" member_type: VOTER last_known_addr { host: "127.26.183.194" port: 39519 } } peers { permanent_uuid: "16206ed838c0461584e36593516804e6" member_type: VOTER last_known_addr { host: "127.26.183.195" port: 43791 } attrs { replace: true } } peers { permanent_uuid: "f56008b421dc40599a2ed86b39c7e4df" member_type: NON_VOTER last_known_addr { host: "127.26.183.196" port: 34497 } attrs { promote: true } } }
I20260710 13:25:42.845834 28548 raft_consensus.cc:2955] T 46311702e60c4d0c851a2decca0178a4 P cf516ef1201545a2874667ba08c3f7a9 [term 1 FOLLOWER]: Committing config change with OpId 1.2: config changed from index -1 to 2, NON_VOTER f56008b421dc40599a2ed86b39c7e4df (127.26.183.196) added. New config: { opid_index: 2 OBSOLETE_local: false peers { permanent_uuid: "91efd8cafbcc42e9aad87ff7815e34f8" member_type: VOTER last_known_addr { host: "127.26.183.193" port: 45283 } } peers { permanent_uuid: "cf516ef1201545a2874667ba08c3f7a9" member_type: VOTER last_known_addr { host: "127.26.183.194" port: 39519 } } peers { permanent_uuid: "16206ed838c0461584e36593516804e6" member_type: VOTER last_known_addr { host: "127.26.183.195" port: 43791 } attrs { replace: true } } peers { permanent_uuid: "f56008b421dc40599a2ed86b39c7e4df" member_type: NON_VOTER last_known_addr { host: "127.26.183.196" port: 34497 } attrs { promote: true } } }
I20260710 13:25:42.849992 28622 raft_consensus.cc:2955] T 46311702e60c4d0c851a2decca0178a4 P 16206ed838c0461584e36593516804e6 [term 1 FOLLOWER]: Committing config change with OpId 1.2: config changed from index -1 to 2, NON_VOTER f56008b421dc40599a2ed86b39c7e4df (127.26.183.196) added. New config: { opid_index: 2 OBSOLETE_local: false peers { permanent_uuid: "91efd8cafbcc42e9aad87ff7815e34f8" member_type: VOTER last_known_addr { host: "127.26.183.193" port: 45283 } } peers { permanent_uuid: "cf516ef1201545a2874667ba08c3f7a9" member_type: VOTER last_known_addr { host: "127.26.183.194" port: 39519 } } peers { permanent_uuid: "16206ed838c0461584e36593516804e6" member_type: VOTER last_known_addr { host: "127.26.183.195" port: 43791 } attrs { replace: true } } peers { permanent_uuid: "f56008b421dc40599a2ed86b39c7e4df" member_type: NON_VOTER last_known_addr { host: "127.26.183.196" port: 34497 } attrs { promote: true } } }
W20260710 13:25:42.852619 28439 consensus_peers.cc:597] T 46311702e60c4d0c851a2decca0178a4 P 91efd8cafbcc42e9aad87ff7815e34f8 -> Peer f56008b421dc40599a2ed86b39c7e4df (127.26.183.196:34497): Couldn't send request to peer f56008b421dc40599a2ed86b39c7e4df. Error code: TABLET_NOT_FOUND (6). Status: Not found: Tablet not found: 46311702e60c4d0c851a2decca0178a4. This is attempt 1: this message will repeat every 5th retry.
I20260710 13:25:42.859887 28371 catalog_manager.cc:5697] T 46311702e60c4d0c851a2decca0178a4 P cf516ef1201545a2874667ba08c3f7a9 reported cstate change: config changed from index -1 to 2, NON_VOTER f56008b421dc40599a2ed86b39c7e4df (127.26.183.196) added. New cstate: current_term: 1 leader_uuid: "91efd8cafbcc42e9aad87ff7815e34f8" committed_config { opid_index: 2 OBSOLETE_local: false peers { permanent_uuid: "91efd8cafbcc42e9aad87ff7815e34f8" member_type: VOTER last_known_addr { host: "127.26.183.193" port: 45283 } } peers { permanent_uuid: "cf516ef1201545a2874667ba08c3f7a9" member_type: VOTER last_known_addr { host: "127.26.183.194" port: 39519 } } peers { permanent_uuid: "16206ed838c0461584e36593516804e6" member_type: VOTER last_known_addr { host: "127.26.183.195" port: 43791 } attrs { replace: true } } peers { permanent_uuid: "f56008b421dc40599a2ed86b39c7e4df" member_type: NON_VOTER last_known_addr { host: "127.26.183.196" port: 34497 } attrs { promote: true } } }
I20260710 13:25:42.865721 28548 consensus_queue.cc:237] T c20135afc0d546a8b89b05fcde7564d9 P cf516ef1201545a2874667ba08c3f7a9 [LEADER]: Queue going to LEADER mode. State: All replicated index: 0, Majority replicated index: 1, Committed index: 1, Last appended: 1.1, Last appended by leader: 0, Current term: 1, Majority size: 2, State: 0, Mode: LEADER, active raft config: opid_index: 2 OBSOLETE_local: false peers { permanent_uuid: "91efd8cafbcc42e9aad87ff7815e34f8" member_type: VOTER last_known_addr { host: "127.26.183.193" port: 45283 } attrs { replace: true } } peers { permanent_uuid: "cf516ef1201545a2874667ba08c3f7a9" member_type: VOTER last_known_addr { host: "127.26.183.194" port: 39519 } } peers { permanent_uuid: "16206ed838c0461584e36593516804e6" member_type: VOTER last_known_addr { host: "127.26.183.195" port: 43791 } } peers { permanent_uuid: "f56008b421dc40599a2ed86b39c7e4df" member_type: NON_VOTER last_known_addr { host: "127.26.183.196" port: 34497 } attrs { promote: true } }
I20260710 13:25:42.872704 28622 raft_consensus.cc:1275] T c20135afc0d546a8b89b05fcde7564d9 P 16206ed838c0461584e36593516804e6 [term 1 FOLLOWER]: Refusing update from remote peer cf516ef1201545a2874667ba08c3f7a9: Log matching property violated. Preceding OpId in replica: term: 1 index: 1. Preceding OpId from leader: term: 1 index: 2. (index mismatch)
W20260710 13:25:42.873072 28514 consensus_peers.cc:597] T c20135afc0d546a8b89b05fcde7564d9 P cf516ef1201545a2874667ba08c3f7a9 -> Peer f56008b421dc40599a2ed86b39c7e4df (127.26.183.196:34497): Couldn't send request to peer f56008b421dc40599a2ed86b39c7e4df. Error code: TABLET_NOT_FOUND (6). Status: Not found: Tablet not found: c20135afc0d546a8b89b05fcde7564d9. This is attempt 1: this message will repeat every 5th retry.
I20260710 13:25:42.874691 28982 consensus_queue.cc:1048] T c20135afc0d546a8b89b05fcde7564d9 P cf516ef1201545a2874667ba08c3f7a9 [LEADER]: Connected to new peer: Peer: permanent_uuid: "16206ed838c0461584e36593516804e6" member_type: VOTER last_known_addr { host: "127.26.183.195" port: 43791 }, Status: LMP_MISMATCH, Last received: 0.0, Next index: 2, Last known committed idx: 1, Time since last communication: 0.001s
I20260710 13:25:42.879076 28473 raft_consensus.cc:1275] T c20135afc0d546a8b89b05fcde7564d9 P 91efd8cafbcc42e9aad87ff7815e34f8 [term 1 FOLLOWER]: Refusing update from remote peer cf516ef1201545a2874667ba08c3f7a9: Log matching property violated. Preceding OpId in replica: term: 1 index: 1. Preceding OpId from leader: term: 1 index: 2. (index mismatch)
I20260710 13:25:42.880506 29025 consensus_queue.cc:1048] T c20135afc0d546a8b89b05fcde7564d9 P cf516ef1201545a2874667ba08c3f7a9 [LEADER]: Connected to new peer: Peer: permanent_uuid: "91efd8cafbcc42e9aad87ff7815e34f8" member_type: VOTER last_known_addr { host: "127.26.183.193" port: 45283 } attrs { replace: true }, Status: LMP_MISMATCH, Last received: 0.0, Next index: 2, Last known committed idx: 1, Time since last communication: 0.001s
I20260710 13:25:42.888656 29025 raft_consensus.cc:2955] T c20135afc0d546a8b89b05fcde7564d9 P cf516ef1201545a2874667ba08c3f7a9 [term 1 LEADER]: Committing config change with OpId 1.2: config changed from index -1 to 2, NON_VOTER f56008b421dc40599a2ed86b39c7e4df (127.26.183.196) added. New config: { opid_index: 2 OBSOLETE_local: false peers { permanent_uuid: "91efd8cafbcc42e9aad87ff7815e34f8" member_type: VOTER last_known_addr { host: "127.26.183.193" port: 45283 } attrs { replace: true } } peers { permanent_uuid: "cf516ef1201545a2874667ba08c3f7a9" member_type: VOTER last_known_addr { host: "127.26.183.194" port: 39519 } } peers { permanent_uuid: "16206ed838c0461584e36593516804e6" member_type: VOTER last_known_addr { host: "127.26.183.195" port: 43791 } } peers { permanent_uuid: "f56008b421dc40599a2ed86b39c7e4df" member_type: NON_VOTER last_known_addr { host: "127.26.183.196" port: 34497 } attrs { promote: true } } }
I20260710 13:25:42.889720 28622 raft_consensus.cc:2955] T c20135afc0d546a8b89b05fcde7564d9 P 16206ed838c0461584e36593516804e6 [term 1 FOLLOWER]: Committing config change with OpId 1.2: config changed from index -1 to 2, NON_VOTER f56008b421dc40599a2ed86b39c7e4df (127.26.183.196) added. New config: { opid_index: 2 OBSOLETE_local: false peers { permanent_uuid: "91efd8cafbcc42e9aad87ff7815e34f8" member_type: VOTER last_known_addr { host: "127.26.183.193" port: 45283 } attrs { replace: true } } peers { permanent_uuid: "cf516ef1201545a2874667ba08c3f7a9" member_type: VOTER last_known_addr { host: "127.26.183.194" port: 39519 } } peers { permanent_uuid: "16206ed838c0461584e36593516804e6" member_type: VOTER last_known_addr { host: "127.26.183.195" port: 43791 } } peers { permanent_uuid: "f56008b421dc40599a2ed86b39c7e4df" member_type: NON_VOTER last_known_addr { host: "127.26.183.196" port: 34497 } attrs { promote: true } } }
I20260710 13:25:42.893481 28473 raft_consensus.cc:2955] T c20135afc0d546a8b89b05fcde7564d9 P 91efd8cafbcc42e9aad87ff7815e34f8 [term 1 FOLLOWER]: Committing config change with OpId 1.2: config changed from index -1 to 2, NON_VOTER f56008b421dc40599a2ed86b39c7e4df (127.26.183.196) added. New config: { opid_index: 2 OBSOLETE_local: false peers { permanent_uuid: "91efd8cafbcc42e9aad87ff7815e34f8" member_type: VOTER last_known_addr { host: "127.26.183.193" port: 45283 } attrs { replace: true } } peers { permanent_uuid: "cf516ef1201545a2874667ba08c3f7a9" member_type: VOTER last_known_addr { host: "127.26.183.194" port: 39519 } } peers { permanent_uuid: "16206ed838c0461584e36593516804e6" member_type: VOTER last_known_addr { host: "127.26.183.195" port: 43791 } } peers { permanent_uuid: "f56008b421dc40599a2ed86b39c7e4df" member_type: NON_VOTER last_known_addr { host: "127.26.183.196" port: 34497 } attrs { promote: true } } }
I20260710 13:25:42.903479 28372 catalog_manager.cc:5697] T c20135afc0d546a8b89b05fcde7564d9 P 16206ed838c0461584e36593516804e6 reported cstate change: config changed from index -1 to 2, NON_VOTER f56008b421dc40599a2ed86b39c7e4df (127.26.183.196) added. New cstate: current_term: 1 leader_uuid: "cf516ef1201545a2874667ba08c3f7a9" committed_config { opid_index: 2 OBSOLETE_local: false peers { permanent_uuid: "91efd8cafbcc42e9aad87ff7815e34f8" member_type: VOTER last_known_addr { host: "127.26.183.193" port: 45283 } attrs { replace: true } } peers { permanent_uuid: "cf516ef1201545a2874667ba08c3f7a9" member_type: VOTER last_known_addr { host: "127.26.183.194" port: 39519 } } peers { permanent_uuid: "16206ed838c0461584e36593516804e6" member_type: VOTER last_known_addr { host: "127.26.183.195" port: 43791 } } peers { permanent_uuid: "f56008b421dc40599a2ed86b39c7e4df" member_type: NON_VOTER last_known_addr { host: "127.26.183.196" port: 34497 } attrs { promote: true } } }
I20260710 13:25:42.906524 28475 consensus_queue.cc:237] T f6b5713a4b264eccb8c8b6ccf82e9d32 P 91efd8cafbcc42e9aad87ff7815e34f8 [LEADER]: Queue going to LEADER mode. State: All replicated index: 0, Majority replicated index: 1, Committed index: 1, Last appended: 1.1, Last appended by leader: 0, Current term: 1, Majority size: 2, State: 0, Mode: LEADER, active raft config: opid_index: 2 OBSOLETE_local: false peers { permanent_uuid: "91efd8cafbcc42e9aad87ff7815e34f8" member_type: VOTER last_known_addr { host: "127.26.183.193" port: 45283 } } peers { permanent_uuid: "cf516ef1201545a2874667ba08c3f7a9" member_type: VOTER last_known_addr { host: "127.26.183.194" port: 39519 } } peers { permanent_uuid: "16206ed838c0461584e36593516804e6" member_type: VOTER last_known_addr { host: "127.26.183.195" port: 43791 } attrs { replace: true } } peers { permanent_uuid: "f56008b421dc40599a2ed86b39c7e4df" member_type: NON_VOTER last_known_addr { host: "127.26.183.196" port: 34497 } attrs { promote: true } }
I20260710 13:25:42.920349 28622 raft_consensus.cc:1275] T f6b5713a4b264eccb8c8b6ccf82e9d32 P 16206ed838c0461584e36593516804e6 [term 1 FOLLOWER]: Refusing update from remote peer 91efd8cafbcc42e9aad87ff7815e34f8: Log matching property violated. Preceding OpId in replica: term: 1 index: 1. Preceding OpId from leader: term: 1 index: 2. (index mismatch)
W20260710 13:25:42.920413 28439 consensus_peers.cc:597] T f6b5713a4b264eccb8c8b6ccf82e9d32 P 91efd8cafbcc42e9aad87ff7815e34f8 -> Peer f56008b421dc40599a2ed86b39c7e4df (127.26.183.196:34497): Couldn't send request to peer f56008b421dc40599a2ed86b39c7e4df. Error code: TABLET_NOT_FOUND (6). Status: Not found: Tablet not found: f6b5713a4b264eccb8c8b6ccf82e9d32. This is attempt 1: this message will repeat every 5th retry.
I20260710 13:25:42.921845 29013 consensus_queue.cc:1048] T f6b5713a4b264eccb8c8b6ccf82e9d32 P 91efd8cafbcc42e9aad87ff7815e34f8 [LEADER]: Connected to new peer: Peer: permanent_uuid: "16206ed838c0461584e36593516804e6" member_type: VOTER last_known_addr { host: "127.26.183.195" port: 43791 } attrs { replace: true }, Status: LMP_MISMATCH, Last received: 0.0, Next index: 2, Last known committed idx: 1, Time since last communication: 0.000s
I20260710 13:25:42.923944 28548 raft_consensus.cc:1275] T f6b5713a4b264eccb8c8b6ccf82e9d32 P cf516ef1201545a2874667ba08c3f7a9 [term 1 FOLLOWER]: Refusing update from remote peer 91efd8cafbcc42e9aad87ff7815e34f8: Log matching property violated. Preceding OpId in replica: term: 1 index: 1. Preceding OpId from leader: term: 1 index: 2. (index mismatch)
I20260710 13:25:42.925308 29013 consensus_queue.cc:1048] T f6b5713a4b264eccb8c8b6ccf82e9d32 P 91efd8cafbcc42e9aad87ff7815e34f8 [LEADER]: Connected to new peer: Peer: permanent_uuid: "cf516ef1201545a2874667ba08c3f7a9" member_type: VOTER last_known_addr { host: "127.26.183.194" port: 39519 }, Status: LMP_MISMATCH, Last received: 0.0, Next index: 2, Last known committed idx: 1, Time since last communication: 0.000s
I20260710 13:25:42.931376 29013 raft_consensus.cc:2955] T f6b5713a4b264eccb8c8b6ccf82e9d32 P 91efd8cafbcc42e9aad87ff7815e34f8 [term 1 LEADER]: Committing config change with OpId 1.2: config changed from index -1 to 2, NON_VOTER f56008b421dc40599a2ed86b39c7e4df (127.26.183.196) added. New config: { opid_index: 2 OBSOLETE_local: false peers { permanent_uuid: "91efd8cafbcc42e9aad87ff7815e34f8" member_type: VOTER last_known_addr { host: "127.26.183.193" port: 45283 } } peers { permanent_uuid: "cf516ef1201545a2874667ba08c3f7a9" member_type: VOTER last_known_addr { host: "127.26.183.194" port: 39519 } } peers { permanent_uuid: "16206ed838c0461584e36593516804e6" member_type: VOTER last_known_addr { host: "127.26.183.195" port: 43791 } attrs { replace: true } } peers { permanent_uuid: "f56008b421dc40599a2ed86b39c7e4df" member_type: NON_VOTER last_known_addr { host: "127.26.183.196" port: 34497 } attrs { promote: true } } }
I20260710 13:25:42.932775 28622 raft_consensus.cc:2955] T f6b5713a4b264eccb8c8b6ccf82e9d32 P 16206ed838c0461584e36593516804e6 [term 1 FOLLOWER]: Committing config change with OpId 1.2: config changed from index -1 to 2, NON_VOTER f56008b421dc40599a2ed86b39c7e4df (127.26.183.196) added. New config: { opid_index: 2 OBSOLETE_local: false peers { permanent_uuid: "91efd8cafbcc42e9aad87ff7815e34f8" member_type: VOTER last_known_addr { host: "127.26.183.193" port: 45283 } } peers { permanent_uuid: "cf516ef1201545a2874667ba08c3f7a9" member_type: VOTER last_known_addr { host: "127.26.183.194" port: 39519 } } peers { permanent_uuid: "16206ed838c0461584e36593516804e6" member_type: VOTER last_known_addr { host: "127.26.183.195" port: 43791 } attrs { replace: true } } peers { permanent_uuid: "f56008b421dc40599a2ed86b39c7e4df" member_type: NON_VOTER last_known_addr { host: "127.26.183.196" port: 34497 } attrs { promote: true } } }
I20260710 13:25:42.936309 28548 raft_consensus.cc:2955] T f6b5713a4b264eccb8c8b6ccf82e9d32 P cf516ef1201545a2874667ba08c3f7a9 [term 1 FOLLOWER]: Committing config change with OpId 1.2: config changed from index -1 to 2, NON_VOTER f56008b421dc40599a2ed86b39c7e4df (127.26.183.196) added. New config: { opid_index: 2 OBSOLETE_local: false peers { permanent_uuid: "91efd8cafbcc42e9aad87ff7815e34f8" member_type: VOTER last_known_addr { host: "127.26.183.193" port: 45283 } } peers { permanent_uuid: "cf516ef1201545a2874667ba08c3f7a9" member_type: VOTER last_known_addr { host: "127.26.183.194" port: 39519 } } peers { permanent_uuid: "16206ed838c0461584e36593516804e6" member_type: VOTER last_known_addr { host: "127.26.183.195" port: 43791 } attrs { replace: true } } peers { permanent_uuid: "f56008b421dc40599a2ed86b39c7e4df" member_type: NON_VOTER last_known_addr { host: "127.26.183.196" port: 34497 } attrs { promote: true } } }
I20260710 13:25:42.946054 28622 consensus_queue.cc:237] T 08b41f40bb1f4bfcba11099fbbe3122c P 16206ed838c0461584e36593516804e6 [LEADER]: Queue going to LEADER mode. State: All replicated index: 0, Majority replicated index: 1, Committed index: 1, Last appended: 1.1, Last appended by leader: 0, Current term: 1, Majority size: 2, State: 0, Mode: LEADER, active raft config: opid_index: 2 OBSOLETE_local: false peers { permanent_uuid: "91efd8cafbcc42e9aad87ff7815e34f8" member_type: VOTER last_known_addr { host: "127.26.183.193" port: 45283 } } peers { permanent_uuid: "cf516ef1201545a2874667ba08c3f7a9" member_type: VOTER last_known_addr { host: "127.26.183.194" port: 39519 } attrs { replace: true } } peers { permanent_uuid: "16206ed838c0461584e36593516804e6" member_type: VOTER last_known_addr { host: "127.26.183.195" port: 43791 } } peers { permanent_uuid: "f56008b421dc40599a2ed86b39c7e4df" member_type: NON_VOTER last_known_addr { host: "127.26.183.196" port: 34497 } attrs { promote: true } }
I20260710 13:25:42.948223 28370 catalog_manager.cc:5697] T f6b5713a4b264eccb8c8b6ccf82e9d32 P cf516ef1201545a2874667ba08c3f7a9 reported cstate change: config changed from index -1 to 2, NON_VOTER f56008b421dc40599a2ed86b39c7e4df (127.26.183.196) added. New cstate: current_term: 1 leader_uuid: "91efd8cafbcc42e9aad87ff7815e34f8" committed_config { opid_index: 2 OBSOLETE_local: false peers { permanent_uuid: "91efd8cafbcc42e9aad87ff7815e34f8" member_type: VOTER last_known_addr { host: "127.26.183.193" port: 45283 } } peers { permanent_uuid: "cf516ef1201545a2874667ba08c3f7a9" member_type: VOTER last_known_addr { host: "127.26.183.194" port: 39519 } } peers { permanent_uuid: "16206ed838c0461584e36593516804e6" member_type: VOTER last_known_addr { host: "127.26.183.195" port: 43791 } attrs { replace: true } } peers { permanent_uuid: "f56008b421dc40599a2ed86b39c7e4df" member_type: NON_VOTER last_known_addr { host: "127.26.183.196" port: 34497 } attrs { promote: true } } }
W20260710 13:25:42.953450 28588 consensus_peers.cc:597] T 08b41f40bb1f4bfcba11099fbbe3122c P 16206ed838c0461584e36593516804e6 -> Peer f56008b421dc40599a2ed86b39c7e4df (127.26.183.196:34497): Couldn't send request to peer f56008b421dc40599a2ed86b39c7e4df. Error code: TABLET_NOT_FOUND (6). Status: Not found: Tablet not found: 08b41f40bb1f4bfcba11099fbbe3122c. This is attempt 1: this message will repeat every 5th retry.
I20260710 13:25:42.953541 28475 raft_consensus.cc:1275] T 08b41f40bb1f4bfcba11099fbbe3122c P 91efd8cafbcc42e9aad87ff7815e34f8 [term 1 FOLLOWER]: Refusing update from remote peer 16206ed838c0461584e36593516804e6: Log matching property violated. Preceding OpId in replica: term: 1 index: 1. Preceding OpId from leader: term: 1 index: 2. (index mismatch)
I20260710 13:25:42.954844 28546 raft_consensus.cc:1275] T 08b41f40bb1f4bfcba11099fbbe3122c P cf516ef1201545a2874667ba08c3f7a9 [term 1 FOLLOWER]: Refusing update from remote peer 16206ed838c0461584e36593516804e6: Log matching property violated. Preceding OpId in replica: term: 1 index: 1. Preceding OpId from leader: term: 1 index: 2. (index mismatch)
I20260710 13:25:42.956135 29001 consensus_queue.cc:1048] T 08b41f40bb1f4bfcba11099fbbe3122c P 16206ed838c0461584e36593516804e6 [LEADER]: Connected to new peer: Peer: permanent_uuid: "cf516ef1201545a2874667ba08c3f7a9" member_type: VOTER last_known_addr { host: "127.26.183.194" port: 39519 } attrs { replace: true }, Status: LMP_MISMATCH, Last received: 0.0, Next index: 2, Last known committed idx: 1, Time since last communication: 0.000s
I20260710 13:25:42.956934 28970 consensus_queue.cc:1048] T 08b41f40bb1f4bfcba11099fbbe3122c P 16206ed838c0461584e36593516804e6 [LEADER]: Connected to new peer: Peer: permanent_uuid: "91efd8cafbcc42e9aad87ff7815e34f8" member_type: VOTER last_known_addr { host: "127.26.183.193" port: 45283 }, Status: LMP_MISMATCH, Last received: 0.0, Next index: 2, Last known committed idx: 1, Time since last communication: 0.000s
I20260710 13:25:42.964824 29001 raft_consensus.cc:2955] T 08b41f40bb1f4bfcba11099fbbe3122c P 16206ed838c0461584e36593516804e6 [term 1 LEADER]: Committing config change with OpId 1.2: config changed from index -1 to 2, NON_VOTER f56008b421dc40599a2ed86b39c7e4df (127.26.183.196) added. New config: { opid_index: 2 OBSOLETE_local: false peers { permanent_uuid: "91efd8cafbcc42e9aad87ff7815e34f8" member_type: VOTER last_known_addr { host: "127.26.183.193" port: 45283 } } peers { permanent_uuid: "cf516ef1201545a2874667ba08c3f7a9" member_type: VOTER last_known_addr { host: "127.26.183.194" port: 39519 } attrs { replace: true } } peers { permanent_uuid: "16206ed838c0461584e36593516804e6" member_type: VOTER last_known_addr { host: "127.26.183.195" port: 43791 } } peers { permanent_uuid: "f56008b421dc40599a2ed86b39c7e4df" member_type: NON_VOTER last_known_addr { host: "127.26.183.196" port: 34497 } attrs { promote: true } } }
I20260710 13:25:42.966468 28475 raft_consensus.cc:2955] T 08b41f40bb1f4bfcba11099fbbe3122c P 91efd8cafbcc42e9aad87ff7815e34f8 [term 1 FOLLOWER]: Committing config change with OpId 1.2: config changed from index -1 to 2, NON_VOTER f56008b421dc40599a2ed86b39c7e4df (127.26.183.196) added. New config: { opid_index: 2 OBSOLETE_local: false peers { permanent_uuid: "91efd8cafbcc42e9aad87ff7815e34f8" member_type: VOTER last_known_addr { host: "127.26.183.193" port: 45283 } } peers { permanent_uuid: "cf516ef1201545a2874667ba08c3f7a9" member_type: VOTER last_known_addr { host: "127.26.183.194" port: 39519 } attrs { replace: true } } peers { permanent_uuid: "16206ed838c0461584e36593516804e6" member_type: VOTER last_known_addr { host: "127.26.183.195" port: 43791 } } peers { permanent_uuid: "f56008b421dc40599a2ed86b39c7e4df" member_type: NON_VOTER last_known_addr { host: "127.26.183.196" port: 34497 } attrs { promote: true } } }
I20260710 13:25:42.969210 28546 raft_consensus.cc:2955] T 08b41f40bb1f4bfcba11099fbbe3122c P cf516ef1201545a2874667ba08c3f7a9 [term 1 FOLLOWER]: Committing config change with OpId 1.2: config changed from index -1 to 2, NON_VOTER f56008b421dc40599a2ed86b39c7e4df (127.26.183.196) added. New config: { opid_index: 2 OBSOLETE_local: false peers { permanent_uuid: "91efd8cafbcc42e9aad87ff7815e34f8" member_type: VOTER last_known_addr { host: "127.26.183.193" port: 45283 } } peers { permanent_uuid: "cf516ef1201545a2874667ba08c3f7a9" member_type: VOTER last_known_addr { host: "127.26.183.194" port: 39519 } attrs { replace: true } } peers { permanent_uuid: "16206ed838c0461584e36593516804e6" member_type: VOTER last_known_addr { host: "127.26.183.195" port: 43791 } } peers { permanent_uuid: "f56008b421dc40599a2ed86b39c7e4df" member_type: NON_VOTER last_known_addr { host: "127.26.183.196" port: 34497 } attrs { promote: true } } }
I20260710 13:25:42.981670 28370 catalog_manager.cc:5697] T 08b41f40bb1f4bfcba11099fbbe3122c P cf516ef1201545a2874667ba08c3f7a9 reported cstate change: config changed from index -1 to 2, NON_VOTER f56008b421dc40599a2ed86b39c7e4df (127.26.183.196) added. New cstate: current_term: 1 leader_uuid: "16206ed838c0461584e36593516804e6" committed_config { opid_index: 2 OBSOLETE_local: false peers { permanent_uuid: "91efd8cafbcc42e9aad87ff7815e34f8" member_type: VOTER last_known_addr { host: "127.26.183.193" port: 45283 } } peers { permanent_uuid: "cf516ef1201545a2874667ba08c3f7a9" member_type: VOTER last_known_addr { host: "127.26.183.194" port: 39519 } attrs { replace: true } } peers { permanent_uuid: "16206ed838c0461584e36593516804e6" member_type: VOTER last_known_addr { host: "127.26.183.195" port: 43791 } } peers { permanent_uuid: "f56008b421dc40599a2ed86b39c7e4df" member_type: NON_VOTER last_known_addr { host: "127.26.183.196" port: 34497 } attrs { promote: true } } }
I20260710 13:25:43.363184 29040 ts_tablet_manager.cc:933] T 46311702e60c4d0c851a2decca0178a4 P f56008b421dc40599a2ed86b39c7e4df: Initiating tablet copy from peer 91efd8cafbcc42e9aad87ff7815e34f8 (127.26.183.193:45283)
I20260710 13:25:43.364895 29040 tablet_copy_client.cc:323] T 46311702e60c4d0c851a2decca0178a4 P f56008b421dc40599a2ed86b39c7e4df: tablet copy: Beginning tablet copy session from remote peer at address 127.26.183.193:45283
I20260710 13:25:43.379060 28485 tablet_copy_service.cc:140] P 91efd8cafbcc42e9aad87ff7815e34f8: Received BeginTabletCopySession request for tablet 46311702e60c4d0c851a2decca0178a4 from peer f56008b421dc40599a2ed86b39c7e4df ({username='slave'} at 127.0.0.1:54066)
I20260710 13:25:43.379608 28485 tablet_copy_service.cc:161] P 91efd8cafbcc42e9aad87ff7815e34f8: Beginning new tablet copy session on tablet 46311702e60c4d0c851a2decca0178a4 from peer f56008b421dc40599a2ed86b39c7e4df at {username='slave'} at 127.0.0.1:54066: session id = f56008b421dc40599a2ed86b39c7e4df-46311702e60c4d0c851a2decca0178a4
I20260710 13:25:43.382174 29044 ts_tablet_manager.cc:933] T c20135afc0d546a8b89b05fcde7564d9 P f56008b421dc40599a2ed86b39c7e4df: Initiating tablet copy from peer cf516ef1201545a2874667ba08c3f7a9 (127.26.183.194:39519)
I20260710 13:25:43.384116 29044 tablet_copy_client.cc:323] T c20135afc0d546a8b89b05fcde7564d9 P f56008b421dc40599a2ed86b39c7e4df: tablet copy: Beginning tablet copy session from remote peer at address 127.26.183.194:39519
I20260710 13:25:43.386147 28560 tablet_copy_service.cc:140] P cf516ef1201545a2874667ba08c3f7a9: Received BeginTabletCopySession request for tablet c20135afc0d546a8b89b05fcde7564d9 from peer f56008b421dc40599a2ed86b39c7e4df ({username='slave'} at 127.0.0.1:43198)
I20260710 13:25:43.386685 28560 tablet_copy_service.cc:161] P cf516ef1201545a2874667ba08c3f7a9: Beginning new tablet copy session on tablet c20135afc0d546a8b89b05fcde7564d9 from peer f56008b421dc40599a2ed86b39c7e4df at {username='slave'} at 127.0.0.1:43198: session id = f56008b421dc40599a2ed86b39c7e4df-c20135afc0d546a8b89b05fcde7564d9
I20260710 13:25:43.387693 28485 tablet_copy_source_session.cc:215] T 46311702e60c4d0c851a2decca0178a4 P 91efd8cafbcc42e9aad87ff7815e34f8: Tablet Copy: opened 0 blocks and 1 log segments
I20260710 13:25:43.390239 29040 data_dirs.cc:400] Could only allocate 1 dirs of requested 3 for tablet 46311702e60c4d0c851a2decca0178a4. 1 dirs total, 0 dirs full, 0 dirs failed
I20260710 13:25:43.393939 28560 tablet_copy_source_session.cc:215] T c20135afc0d546a8b89b05fcde7564d9 P cf516ef1201545a2874667ba08c3f7a9: Tablet Copy: opened 0 blocks and 1 log segments
I20260710 13:25:43.399215 29044 data_dirs.cc:400] Could only allocate 1 dirs of requested 3 for tablet c20135afc0d546a8b89b05fcde7564d9. 1 dirs total, 0 dirs full, 0 dirs failed
I20260710 13:25:43.401856 29040 tablet_copy_client.cc:806] T 46311702e60c4d0c851a2decca0178a4 P f56008b421dc40599a2ed86b39c7e4df: tablet copy: Starting download of 0 data blocks...
I20260710 13:25:43.402400 29040 tablet_copy_client.cc:670] T 46311702e60c4d0c851a2decca0178a4 P f56008b421dc40599a2ed86b39c7e4df: tablet copy: Starting download of 1 WAL segments...
I20260710 13:25:43.405480 29040 tablet_copy_client.cc:538] T 46311702e60c4d0c851a2decca0178a4 P f56008b421dc40599a2ed86b39c7e4df: tablet copy: Tablet Copy complete. Replacing tablet superblock.
I20260710 13:25:43.410778 29040 tablet_bootstrap.cc:492] T 46311702e60c4d0c851a2decca0178a4 P f56008b421dc40599a2ed86b39c7e4df: Bootstrap starting.
I20260710 13:25:43.414731 29044 tablet_copy_client.cc:806] T c20135afc0d546a8b89b05fcde7564d9 P f56008b421dc40599a2ed86b39c7e4df: tablet copy: Starting download of 0 data blocks...
I20260710 13:25:43.415300 29044 tablet_copy_client.cc:670] T c20135afc0d546a8b89b05fcde7564d9 P f56008b421dc40599a2ed86b39c7e4df: tablet copy: Starting download of 1 WAL segments...
I20260710 13:25:43.421062 29046 ts_tablet_manager.cc:933] T f6b5713a4b264eccb8c8b6ccf82e9d32 P f56008b421dc40599a2ed86b39c7e4df: Initiating tablet copy from peer 91efd8cafbcc42e9aad87ff7815e34f8 (127.26.183.193:45283)
I20260710 13:25:43.425698 29044 tablet_copy_client.cc:538] T c20135afc0d546a8b89b05fcde7564d9 P f56008b421dc40599a2ed86b39c7e4df: tablet copy: Tablet Copy complete. Replacing tablet superblock.
I20260710 13:25:43.428786 29046 tablet_copy_client.cc:323] T f6b5713a4b264eccb8c8b6ccf82e9d32 P f56008b421dc40599a2ed86b39c7e4df: tablet copy: Beginning tablet copy session from remote peer at address 127.26.183.193:45283
I20260710 13:25:43.430478 28485 tablet_copy_service.cc:140] P 91efd8cafbcc42e9aad87ff7815e34f8: Received BeginTabletCopySession request for tablet f6b5713a4b264eccb8c8b6ccf82e9d32 from peer f56008b421dc40599a2ed86b39c7e4df ({username='slave'} at 127.0.0.1:54066)
I20260710 13:25:43.431056 28485 tablet_copy_service.cc:161] P 91efd8cafbcc42e9aad87ff7815e34f8: Beginning new tablet copy session on tablet f6b5713a4b264eccb8c8b6ccf82e9d32 from peer f56008b421dc40599a2ed86b39c7e4df at {username='slave'} at 127.0.0.1:54066: session id = f56008b421dc40599a2ed86b39c7e4df-f6b5713a4b264eccb8c8b6ccf82e9d32
I20260710 13:25:43.434422 29044 tablet_bootstrap.cc:492] T c20135afc0d546a8b89b05fcde7564d9 P f56008b421dc40599a2ed86b39c7e4df: Bootstrap starting.
I20260710 13:25:43.437592 29040 tablet_bootstrap.cc:492] T 46311702e60c4d0c851a2decca0178a4 P f56008b421dc40599a2ed86b39c7e4df: Bootstrap replayed 1/1 log segments. Stats: ops{read=2 overwritten=0 applied=2 ignored=0} inserts{seen=0 ignored=0} mutations{seen=0 ignored=0} orphaned_commits=0. Pending: 0 replicates
I20260710 13:25:43.438257 28485 tablet_copy_source_session.cc:215] T f6b5713a4b264eccb8c8b6ccf82e9d32 P 91efd8cafbcc42e9aad87ff7815e34f8: Tablet Copy: opened 0 blocks and 1 log segments
I20260710 13:25:43.438437 29040 tablet_bootstrap.cc:492] T 46311702e60c4d0c851a2decca0178a4 P f56008b421dc40599a2ed86b39c7e4df: Bootstrap complete.
I20260710 13:25:43.439172 29040 ts_tablet_manager.cc:1403] T 46311702e60c4d0c851a2decca0178a4 P f56008b421dc40599a2ed86b39c7e4df: Time spent bootstrapping tablet: real 0.029s	user 0.013s	sys 0.007s
I20260710 13:25:43.441663 29046 data_dirs.cc:400] Could only allocate 1 dirs of requested 3 for tablet f6b5713a4b264eccb8c8b6ccf82e9d32. 1 dirs total, 0 dirs full, 0 dirs failed
I20260710 13:25:43.442081 29040 raft_consensus.cc:359] T 46311702e60c4d0c851a2decca0178a4 P f56008b421dc40599a2ed86b39c7e4df [term 1 LEARNER]: Replica starting. Triggering 0 pending ops. Active config: opid_index: 2 OBSOLETE_local: false peers { permanent_uuid: "91efd8cafbcc42e9aad87ff7815e34f8" member_type: VOTER last_known_addr { host: "127.26.183.193" port: 45283 } } peers { permanent_uuid: "cf516ef1201545a2874667ba08c3f7a9" member_type: VOTER last_known_addr { host: "127.26.183.194" port: 39519 } } peers { permanent_uuid: "16206ed838c0461584e36593516804e6" member_type: VOTER last_known_addr { host: "127.26.183.195" port: 43791 } attrs { replace: true } } peers { permanent_uuid: "f56008b421dc40599a2ed86b39c7e4df" member_type: NON_VOTER last_known_addr { host: "127.26.183.196" port: 34497 } attrs { promote: true } }
