[==========] Running 8 tests from 2 test suites.
[----------] Global test environment set-up.
[----------] 6 tests from LeaderRebalancerTest
[ RUN      ] LeaderRebalancerTest.FunctionalTestForDivided
WARNING: Logging before InitGoogleLogging() is written to STDERR
I20260710 13:25:07.340646 26867 internal_mini_cluster.cc:156] Creating distributed mini masters. Addrs: 127.26.60.254:35699
I20260710 13:25:07.342141 26867 env_posix.cc:2285] Not raising this process' open files per process limit of 1048576; it is already as high as it can go
I20260710 13:25:07.343182 26867 file_cache.cc:504] Constructed file cache file cache with capacity 419430
W20260710 13:25:07.359120 26874 instance_detector.cc:116] could not retrieve Azure instance metadata: Network error: curl error: HTTP response code said error: The requested URL returned error: 404
W20260710 13:25:07.359148 26876 instance_detector.cc:116] could not retrieve OpenStack instance metadata: Network error: curl error: HTTP response code said error: The requested URL returned error: 404
I20260710 13:25:07.360306 26867 server_base.cc:1061] running on GCE node
W20260710 13:25:07.359375 26873 instance_detector.cc:116] could not retrieve AWS instance metadata: Network error: curl error: HTTP response code said error: The requested URL returned error: 404
I20260710 13:25:08.462133 26867 hybrid_clock.cc:584] initializing the hybrid clock with 'system_unsync' time source
W20260710 13:25:08.462369 26867 system_unsync_time.cc:38] NTP support is disabled. Clock error bounds will not be accurate. This configuration is not suitable for distributed clusters.
I20260710 13:25:08.462560 26867 hybrid_clock.cc:648] HybridClock initialized: now 1783689908462536 us; error 0 us; skew 500 ppm
I20260710 13:25:08.463392 26867 server_base.cc:861] Flag tcmalloc_max_total_thread_cache_bytes is not working since tcmalloc is not enabled.
I20260710 13:25:08.469184 26867 webserver.cc:533] Webserver started at http://127.26.60.254:44027/ using document root <none> and password file <none>
I20260710 13:25:08.470008 26867 fs_manager.cc:362] Metadata directory not provided
I20260710 13:25:08.470211 26867 fs_manager.cc:368] Using write-ahead log directory (fs_wal_dir) as metadata directory
I20260710 13:25:08.470611 26867 server_base.cc:909] This appears to be a new deployment of Kudu; creating new FS layout
I20260710 13:25:08.476130 26867 fs_manager.cc:1068] Generated new instance metadata in path /tmp/dist-test-task1d7bLc/test-tmp/auto_leader_rebalancer-test.0.LeaderRebalancerTest.FunctionalTestForDivided.1783689907179251-26867-0/minicluster-data/master-0-root/instance:
uuid: "5918e12adf4f4ac085a826d744043679"
format_stamp: "Formatted at 2026-07-10 13:25:08 on dist-test-slave-m4kn"
I20260710 13:25:08.483354 26867 fs_manager.cc:696] Time spent creating directory manager: real 0.006s	user 0.007s	sys 0.000s
I20260710 13:25:08.488169 26882 log_block_manager.cc:4127] Time spent loading block containers with low live blocks: real 0.000s	user 0.000s	sys 0.000s
I20260710 13:25:08.489212 26867 fs_manager.cc:730] Time spent opening block manager: real 0.003s	user 0.005s	sys 0.000s
I20260710 13:25:08.489511 26867 fs_manager.cc:647] Opened local filesystem: /tmp/dist-test-task1d7bLc/test-tmp/auto_leader_rebalancer-test.0.LeaderRebalancerTest.FunctionalTestForDivided.1783689907179251-26867-0/minicluster-data/master-0-root
uuid: "5918e12adf4f4ac085a826d744043679"
format_stamp: "Formatted at 2026-07-10 13:25:08 on dist-test-slave-m4kn"
I20260710 13:25:08.489813 26867 fs_report.cc:389] FS layout report
--------------------
wal directory: /tmp/dist-test-task1d7bLc/test-tmp/auto_leader_rebalancer-test.0.LeaderRebalancerTest.FunctionalTestForDivided.1783689907179251-26867-0/minicluster-data/master-0-root
metadata directory: /tmp/dist-test-task1d7bLc/test-tmp/auto_leader_rebalancer-test.0.LeaderRebalancerTest.FunctionalTestForDivided.1783689907179251-26867-0/minicluster-data/master-0-root
1 data directories: /tmp/dist-test-task1d7bLc/test-tmp/auto_leader_rebalancer-test.0.LeaderRebalancerTest.FunctionalTestForDivided.1783689907179251-26867-0/minicluster-data/master-0-root/data
Total live blocks: 0
Total live bytes: 0
Total live bytes (after alignment): 0
Total number of LBM containers: 0 (0 full)
Did not check for missing blocks
Did not check for orphaned blocks
Total full LBM containers with extra space: 0 (0 repaired)
Total full LBM container extra space in bytes: 0 (0 repaired)
Total incomplete LBM containers: 0 (0 repaired)
Total LBM partial records: 0 (0 repaired)
Total corrupted LBM metadata records in RocksDB: 0 (0 repaired)
I20260710 13:25:08.537276 26867 rpc_server.cc:225] running with OpenSSL 1.1.1  11 Sep 2018
I20260710 13:25:08.538795 26867 env_posix.cc:2285] Not raising this process' running threads per effective uid limit of 18446744073709551615; it is already as high as it can go
I20260710 13:25:08.539224 26867 kserver.cc:163] Server-wide thread pool size limit: 3276
I20260710 13:25:08.607313 26867 rpc_server.cc:307] RPC server started. Bound to: 127.26.60.254:35699
I20260710 13:25:08.607419 26933 acceptor_pool.cc:272] collecting diagnostics on the listening RPC socket 127.26.60.254:35699 every 8 connection(s)
I20260710 13:25:08.615708 26934 data_dirs.cc:400] Could only allocate 1 dirs of requested 3 for tablet 00000000000000000000000000000000. 1 dirs total, 0 dirs full, 0 dirs failed
I20260710 13:25:08.636376 26934 tablet_bootstrap.cc:492] T 00000000000000000000000000000000 P 5918e12adf4f4ac085a826d744043679: Bootstrap starting.
I20260710 13:25:08.641937 26934 tablet_bootstrap.cc:654] T 00000000000000000000000000000000 P 5918e12adf4f4ac085a826d744043679: Neither blocks nor log segments found. Creating new log.
I20260710 13:25:08.643693 26934 log.cc:826] T 00000000000000000000000000000000 P 5918e12adf4f4ac085a826d744043679: Log is configured to *not* fsync() on all Append() calls
I20260710 13:25:08.648015 26934 tablet_bootstrap.cc:492] T 00000000000000000000000000000000 P 5918e12adf4f4ac085a826d744043679: No bootstrap required, opened a new log
I20260710 13:25:08.667716 26934 raft_consensus.cc:359] T 00000000000000000000000000000000 P 5918e12adf4f4ac085a826d744043679 [term 0 FOLLOWER]: Replica starting. Triggering 0 pending ops. Active config: opid_index: -1 OBSOLETE_local: true peers { permanent_uuid: "5918e12adf4f4ac085a826d744043679" member_type: VOTER }
I20260710 13:25:08.668274 26934 raft_consensus.cc:385] T 00000000000000000000000000000000 P 5918e12adf4f4ac085a826d744043679 [term 0 FOLLOWER]: Consensus starting up: Expiring failure detector timer to make a prompt election more likely
I20260710 13:25:08.668571 26934 raft_consensus.cc:740] T 00000000000000000000000000000000 P 5918e12adf4f4ac085a826d744043679 [term 0 FOLLOWER]: Becoming Follower/Learner. State: Replica: 5918e12adf4f4ac085a826d744043679, State: Initialized, Role: FOLLOWER
I20260710 13:25:08.669574 26934 consensus_queue.cc:260] T 00000000000000000000000000000000 P 5918e12adf4f4ac085a826d744043679 [NON_LEADER]: Queue going to NON_LEADER mode. State: All replicated index: 0, Majority replicated index: 0, Committed index: 0, Last appended: 0.0, Last appended by leader: 0, Current term: 0, Majority size: -1, State: 0, Mode: NON_LEADER, active raft config: opid_index: -1 OBSOLETE_local: true peers { permanent_uuid: "5918e12adf4f4ac085a826d744043679" member_type: VOTER }
I20260710 13:25:08.670061 26934 raft_consensus.cc:399] T 00000000000000000000000000000000 P 5918e12adf4f4ac085a826d744043679 [term 0 FOLLOWER]: Only one voter in the Raft config. Triggering election immediately
I20260710 13:25:08.670331 26934 raft_consensus.cc:493] T 00000000000000000000000000000000 P 5918e12adf4f4ac085a826d744043679 [term 0 FOLLOWER]: Starting leader election (initial election of a single-replica configuration)
I20260710 13:25:08.670644 26934 raft_consensus.cc:3060] T 00000000000000000000000000000000 P 5918e12adf4f4ac085a826d744043679 [term 0 FOLLOWER]: Advancing to term 1
I20260710 13:25:08.674917 26934 raft_consensus.cc:515] T 00000000000000000000000000000000 P 5918e12adf4f4ac085a826d744043679 [term 1 FOLLOWER]: Starting leader election with config: opid_index: -1 OBSOLETE_local: true peers { permanent_uuid: "5918e12adf4f4ac085a826d744043679" member_type: VOTER }
I20260710 13:25:08.675604 26934 leader_election.cc:304] T 00000000000000000000000000000000 P 5918e12adf4f4ac085a826d744043679 [CANDIDATE]: Term 1 election: Election decided. Result: candidate won. Election summary: received 1 responses out of 1 voters: 1 yes votes; 0 no votes. yes voters: 5918e12adf4f4ac085a826d744043679; no voters: 
I20260710 13:25:08.677232 26934 leader_election.cc:290] T 00000000000000000000000000000000 P 5918e12adf4f4ac085a826d744043679 [CANDIDATE]: Term 1 election: Requested vote from peers 
I20260710 13:25:08.677543 26937 raft_consensus.cc:2804] T 00000000000000000000000000000000 P 5918e12adf4f4ac085a826d744043679 [term 1 FOLLOWER]: Leader election won for term 1
I20260710 13:25:08.679548 26937 raft_consensus.cc:697] T 00000000000000000000000000000000 P 5918e12adf4f4ac085a826d744043679 [term 1 LEADER]: Becoming Leader. State: Replica: 5918e12adf4f4ac085a826d744043679, State: Running, Role: LEADER
I20260710 13:25:08.680392 26937 consensus_queue.cc:237] T 00000000000000000000000000000000 P 5918e12adf4f4ac085a826d744043679 [LEADER]: Queue going to LEADER mode. State: All replicated index: 0, Majority replicated index: 0, Committed index: 0, Last appended: 0.0, Last appended by leader: 0, Current term: 1, Majority size: 1, State: 0, Mode: LEADER, active raft config: opid_index: -1 OBSOLETE_local: true peers { permanent_uuid: "5918e12adf4f4ac085a826d744043679" member_type: VOTER }
I20260710 13:25:08.681440 26934 sys_catalog.cc:565] T 00000000000000000000000000000000 P 5918e12adf4f4ac085a826d744043679 [sys.catalog]: configured and running, proceeding with master startup.
I20260710 13:25:08.689839 26939 sys_catalog.cc:455] T 00000000000000000000000000000000 P 5918e12adf4f4ac085a826d744043679 [sys.catalog]: SysCatalogTable state changed. Reason: RaftConsensus started. Latest consensus state: current_term: 1 leader_uuid: "5918e12adf4f4ac085a826d744043679" committed_config { opid_index: -1 OBSOLETE_local: true peers { permanent_uuid: "5918e12adf4f4ac085a826d744043679" member_type: VOTER } }
I20260710 13:25:08.690490 26939 sys_catalog.cc:458] T 00000000000000000000000000000000 P 5918e12adf4f4ac085a826d744043679 [sys.catalog]: This master's current role is: LEADER
I20260710 13:25:08.691874 26938 sys_catalog.cc:455] T 00000000000000000000000000000000 P 5918e12adf4f4ac085a826d744043679 [sys.catalog]: SysCatalogTable state changed. Reason: New leader 5918e12adf4f4ac085a826d744043679. Latest consensus state: current_term: 1 leader_uuid: "5918e12adf4f4ac085a826d744043679" committed_config { opid_index: -1 OBSOLETE_local: true peers { permanent_uuid: "5918e12adf4f4ac085a826d744043679" member_type: VOTER } }
I20260710 13:25:08.693743 26938 sys_catalog.cc:458] T 00000000000000000000000000000000 P 5918e12adf4f4ac085a826d744043679 [sys.catalog]: This master's current role is: LEADER
I20260710 13:25:08.696465 26946 catalog_manager.cc:1511] Loading table and tablet metadata into memory...
I20260710 13:25:08.706964 26946 catalog_manager.cc:1520] Initializing Kudu cluster ID...
I20260710 13:25:08.709074 26867 internal_mini_cluster.cc:184] Waiting to initialize catalog manager on master 0
I20260710 13:25:08.723675 26946 catalog_manager.cc:1383] Generated new cluster ID: a0b766219f6c4fe3b115097c3579a6af
I20260710 13:25:08.723981 26946 catalog_manager.cc:1531] Initializing Kudu internal certificate authority...
I20260710 13:25:08.739858 26946 catalog_manager.cc:1406] Generated new certificate authority record
I20260710 13:25:08.741411 26946 catalog_manager.cc:1540] Loading token signing keys...
I20260710 13:25:08.760824 26946 catalog_manager.cc:6070] T 00000000000000000000000000000000 P 5918e12adf4f4ac085a826d744043679: Generated new TSK 0
I20260710 13:25:08.761708 26946 catalog_manager.cc:1550] Initializing in-progress tserver states...
I20260710 13:25:08.775931 26867 file_cache.cc:504] Constructed file cache file cache with capacity 419430
W20260710 13:25:08.785028 26956 instance_detector.cc:116] could not retrieve AWS instance metadata: Network error: curl error: HTTP response code said error: The requested URL returned error: 404
W20260710 13:25:08.786084 26957 instance_detector.cc:116] could not retrieve Azure instance metadata: Network error: curl error: HTTP response code said error: The requested URL returned error: 404
W20260710 13:25:08.789268 26959 instance_detector.cc:116] could not retrieve OpenStack instance metadata: Network error: curl error: HTTP response code said error: The requested URL returned error: 404
I20260710 13:25:08.789315 26867 server_base.cc:1061] running on GCE node
I20260710 13:25:08.790313 26867 hybrid_clock.cc:584] initializing the hybrid clock with 'system_unsync' time source
W20260710 13:25:08.790576 26867 system_unsync_time.cc:38] NTP support is disabled. Clock error bounds will not be accurate. This configuration is not suitable for distributed clusters.
I20260710 13:25:08.790797 26867 hybrid_clock.cc:648] HybridClock initialized: now 1783689908790776 us; error 0 us; skew 500 ppm
I20260710 13:25:08.791564 26867 server_base.cc:861] Flag tcmalloc_max_total_thread_cache_bytes is not working since tcmalloc is not enabled.
I20260710 13:25:08.795513 26867 webserver.cc:533] Webserver started at http://127.26.60.193:41003/ using document root <none> and password file <none>
I20260710 13:25:08.796178 26867 fs_manager.cc:362] Metadata directory not provided
I20260710 13:25:08.796422 26867 fs_manager.cc:368] Using write-ahead log directory (fs_wal_dir) as metadata directory
I20260710 13:25:08.796751 26867 server_base.cc:909] This appears to be a new deployment of Kudu; creating new FS layout
I20260710 13:25:08.798178 26867 fs_manager.cc:1068] Generated new instance metadata in path /tmp/dist-test-task1d7bLc/test-tmp/auto_leader_rebalancer-test.0.LeaderRebalancerTest.FunctionalTestForDivided.1783689907179251-26867-0/minicluster-data/ts-0-root/instance:
uuid: "f299b7710dcf4af79cf74fe293d6ce9a"
format_stamp: "Formatted at 2026-07-10 13:25:08 on dist-test-slave-m4kn"
I20260710 13:25:08.804829 26867 fs_manager.cc:696] Time spent creating directory manager: real 0.006s	user 0.005s	sys 0.001s
I20260710 13:25:08.809911 26964 log_block_manager.cc:4127] Time spent loading block containers with low live blocks: real 0.000s	user 0.000s	sys 0.000s
I20260710 13:25:08.810701 26867 fs_manager.cc:730] Time spent opening block manager: real 0.003s	user 0.002s	sys 0.000s
I20260710 13:25:08.811002 26867 fs_manager.cc:647] Opened local filesystem: /tmp/dist-test-task1d7bLc/test-tmp/auto_leader_rebalancer-test.0.LeaderRebalancerTest.FunctionalTestForDivided.1783689907179251-26867-0/minicluster-data/ts-0-root
uuid: "f299b7710dcf4af79cf74fe293d6ce9a"
format_stamp: "Formatted at 2026-07-10 13:25:08 on dist-test-slave-m4kn"
I20260710 13:25:08.811278 26867 fs_report.cc:389] FS layout report
--------------------
wal directory: /tmp/dist-test-task1d7bLc/test-tmp/auto_leader_rebalancer-test.0.LeaderRebalancerTest.FunctionalTestForDivided.1783689907179251-26867-0/minicluster-data/ts-0-root
metadata directory: /tmp/dist-test-task1d7bLc/test-tmp/auto_leader_rebalancer-test.0.LeaderRebalancerTest.FunctionalTestForDivided.1783689907179251-26867-0/minicluster-data/ts-0-root
1 data directories: /tmp/dist-test-task1d7bLc/test-tmp/auto_leader_rebalancer-test.0.LeaderRebalancerTest.FunctionalTestForDivided.1783689907179251-26867-0/minicluster-data/ts-0-root/data
Total live blocks: 0
Total live bytes: 0
Total live bytes (after alignment): 0
Total number of LBM containers: 0 (0 full)
Did not check for missing blocks
Did not check for orphaned blocks
Total full LBM containers with extra space: 0 (0 repaired)
Total full LBM container extra space in bytes: 0 (0 repaired)
Total incomplete LBM containers: 0 (0 repaired)
Total LBM partial records: 0 (0 repaired)
Total corrupted LBM metadata records in RocksDB: 0 (0 repaired)
I20260710 13:25:08.855159 26867 rpc_server.cc:225] running with OpenSSL 1.1.1  11 Sep 2018
I20260710 13:25:08.856463 26867 kserver.cc:163] Server-wide thread pool size limit: 3276
I20260710 13:25:08.858979 26867 txn_system_client.cc:432] TxnSystemClient initialization is disabled...
I20260710 13:25:08.862990 26867 ts_tablet_manager.cc:585] Loaded tablet metadata (0 total tablets, 0 live tablets)
I20260710 13:25:08.863206 26867 ts_tablet_manager.cc:531] Time spent load tablet metadata: real 0.000s	user 0.000s	sys 0.000s
I20260710 13:25:08.863466 26867 ts_tablet_manager.cc:616] Registered 0 tablets
I20260710 13:25:08.863621 26867 ts_tablet_manager.cc:595] Time spent register tablets: real 0.000s	user 0.000s	sys 0.000s
I20260710 13:25:08.954628 26867 rpc_server.cc:307] RPC server started. Bound to: 127.26.60.193:42005
I20260710 13:25:08.954742 27026 acceptor_pool.cc:272] collecting diagnostics on the listening RPC socket 127.26.60.193:42005 every 8 connection(s)
I20260710 13:25:08.961380 26867 file_cache.cc:504] Constructed file cache file cache with capacity 419430
W20260710 13:25:08.970855 27031 instance_detector.cc:116] could not retrieve AWS instance metadata: Network error: curl error: HTTP response code said error: The requested URL returned error: 404
W20260710 13:25:08.972903 27032 instance_detector.cc:116] could not retrieve Azure instance metadata: Network error: curl error: HTTP response code said error: The requested URL returned error: 404
I20260710 13:25:08.982805 26867 server_base.cc:1061] running on GCE node
W20260710 13:25:08.982980 27034 instance_detector.cc:116] could not retrieve OpenStack instance metadata: Network error: curl error: HTTP response code said error: The requested URL returned error: 404
I20260710 13:25:08.983907 26867 hybrid_clock.cc:584] initializing the hybrid clock with 'system_unsync' time source
W20260710 13:25:08.984107 26867 system_unsync_time.cc:38] NTP support is disabled. Clock error bounds will not be accurate. This configuration is not suitable for distributed clusters.
I20260710 13:25:08.984285 26867 hybrid_clock.cc:648] HybridClock initialized: now 1783689908984264 us; error 0 us; skew 500 ppm
I20260710 13:25:08.984866 26867 server_base.cc:861] Flag tcmalloc_max_total_thread_cache_bytes is not working since tcmalloc is not enabled.
I20260710 13:25:08.987856 26867 webserver.cc:533] Webserver started at http://127.26.60.194:33745/ using document root <none> and password file <none>
I20260710 13:25:08.988472 26867 fs_manager.cc:362] Metadata directory not provided
I20260710 13:25:08.988672 26867 fs_manager.cc:368] Using write-ahead log directory (fs_wal_dir) as metadata directory
I20260710 13:25:08.988792 27027 heartbeater.cc:344] Connected to a master server at 127.26.60.254:35699
I20260710 13:25:08.988943 26867 server_base.cc:909] This appears to be a new deployment of Kudu; creating new FS layout
I20260710 13:25:08.989284 27027 heartbeater.cc:461] Registering TS with master...
I20260710 13:25:08.990058 26867 fs_manager.cc:1068] Generated new instance metadata in path /tmp/dist-test-task1d7bLc/test-tmp/auto_leader_rebalancer-test.0.LeaderRebalancerTest.FunctionalTestForDivided.1783689907179251-26867-0/minicluster-data/ts-1-root/instance:
uuid: "a6a4c17a48ad4f60aadc66352c2373e7"
format_stamp: "Formatted at 2026-07-10 13:25:08 on dist-test-slave-m4kn"
I20260710 13:25:08.990437 27027 heartbeater.cc:507] Master 127.26.60.254:35699 requested a full tablet report, sending...
I20260710 13:25:08.993814 26899 ts_manager.cc:194] Registered new tserver with Master: f299b7710dcf4af79cf74fe293d6ce9a (127.26.60.193:42005)
I20260710 13:25:08.995397 26867 fs_manager.cc:696] Time spent creating directory manager: real 0.005s	user 0.007s	sys 0.000s
I20260710 13:25:08.996937 26899 master_service.cc:502] Signed X509 certificate for tserver {username='slave'} at 127.0.0.1:49174
I20260710 13:25:08.999292 27039 log_block_manager.cc:4127] Time spent loading block containers with low live blocks: real 0.000s	user 0.000s	sys 0.000s
I20260710 13:25:09.000419 26867 fs_manager.cc:730] Time spent opening block manager: real 0.003s	user 0.001s	sys 0.002s
I20260710 13:25:09.000674 26867 fs_manager.cc:647] Opened local filesystem: /tmp/dist-test-task1d7bLc/test-tmp/auto_leader_rebalancer-test.0.LeaderRebalancerTest.FunctionalTestForDivided.1783689907179251-26867-0/minicluster-data/ts-1-root
uuid: "a6a4c17a48ad4f60aadc66352c2373e7"
format_stamp: "Formatted at 2026-07-10 13:25:08 on dist-test-slave-m4kn"
I20260710 13:25:09.000922 26867 fs_report.cc:389] FS layout report
--------------------
wal directory: /tmp/dist-test-task1d7bLc/test-tmp/auto_leader_rebalancer-test.0.LeaderRebalancerTest.FunctionalTestForDivided.1783689907179251-26867-0/minicluster-data/ts-1-root
metadata directory: /tmp/dist-test-task1d7bLc/test-tmp/auto_leader_rebalancer-test.0.LeaderRebalancerTest.FunctionalTestForDivided.1783689907179251-26867-0/minicluster-data/ts-1-root
1 data directories: /tmp/dist-test-task1d7bLc/test-tmp/auto_leader_rebalancer-test.0.LeaderRebalancerTest.FunctionalTestForDivided.1783689907179251-26867-0/minicluster-data/ts-1-root/data
Total live blocks: 0
Total live bytes: 0
Total live bytes (after alignment): 0
Total number of LBM containers: 0 (0 full)
Did not check for missing blocks
Did not check for orphaned blocks
Total full LBM containers with extra space: 0 (0 repaired)
Total full LBM container extra space in bytes: 0 (0 repaired)
Total incomplete LBM containers: 0 (0 repaired)
Total LBM partial records: 0 (0 repaired)
Total corrupted LBM metadata records in RocksDB: 0 (0 repaired)
I20260710 13:25:09.015280 26867 rpc_server.cc:225] running with OpenSSL 1.1.1  11 Sep 2018
I20260710 13:25:09.016453 26867 kserver.cc:163] Server-wide thread pool size limit: 3276
I20260710 13:25:09.018769 26867 txn_system_client.cc:432] TxnSystemClient initialization is disabled...
I20260710 13:25:09.021893 26867 ts_tablet_manager.cc:585] Loaded tablet metadata (0 total tablets, 0 live tablets)
I20260710 13:25:09.022063 26867 ts_tablet_manager.cc:531] Time spent load tablet metadata: real 0.000s	user 0.000s	sys 0.000s
I20260710 13:25:09.022285 26867 ts_tablet_manager.cc:616] Registered 0 tablets
I20260710 13:25:09.022434 26867 ts_tablet_manager.cc:595] Time spent register tablets: real 0.000s	user 0.000s	sys 0.000s
I20260710 13:25:09.113276 26867 rpc_server.cc:307] RPC server started. Bound to: 127.26.60.194:37807
I20260710 13:25:09.113382 27101 acceptor_pool.cc:272] collecting diagnostics on the listening RPC socket 127.26.60.194:37807 every 8 connection(s)
I20260710 13:25:09.123673 26867 file_cache.cc:504] Constructed file cache file cache with capacity 419430
W20260710 13:25:09.131373 27105 instance_detector.cc:116] could not retrieve AWS instance metadata: Network error: curl error: HTTP response code said error: The requested URL returned error: 404
I20260710 13:25:09.136746 27102 heartbeater.cc:344] Connected to a master server at 127.26.60.254:35699
I20260710 13:25:09.137148 27102 heartbeater.cc:461] Registering TS with master...
I20260710 13:25:09.138079 27102 heartbeater.cc:507] Master 127.26.60.254:35699 requested a full tablet report, sending...
I20260710 13:25:09.140355 26899 ts_manager.cc:194] Registered new tserver with Master: a6a4c17a48ad4f60aadc66352c2373e7 (127.26.60.194:37807)
I20260710 13:25:09.141636 26899 master_service.cc:502] Signed X509 certificate for tserver {username='slave'} at 127.0.0.1:49180
W20260710 13:25:09.144480 27106 instance_detector.cc:116] could not retrieve Azure instance metadata: Network error: curl error: HTTP response code said error: The requested URL returned error: 404
I20260710 13:25:09.144682 26867 server_base.cc:1061] running on GCE node
W20260710 13:25:09.144712 27108 instance_detector.cc:116] could not retrieve OpenStack instance metadata: Network error: curl error: HTTP response code said error: The requested URL returned error: 404
I20260710 13:25:09.145946 26867 hybrid_clock.cc:584] initializing the hybrid clock with 'system_unsync' time source
W20260710 13:25:09.146148 26867 system_unsync_time.cc:38] NTP support is disabled. Clock error bounds will not be accurate. This configuration is not suitable for distributed clusters.
I20260710 13:25:09.146327 26867 hybrid_clock.cc:648] HybridClock initialized: now 1783689909146309 us; error 0 us; skew 500 ppm
I20260710 13:25:09.146977 26867 server_base.cc:861] Flag tcmalloc_max_total_thread_cache_bytes is not working since tcmalloc is not enabled.
I20260710 13:25:09.149763 26867 webserver.cc:533] Webserver started at http://127.26.60.195:46169/ using document root <none> and password file <none>
I20260710 13:25:09.150213 26867 fs_manager.cc:362] Metadata directory not provided
I20260710 13:25:09.150403 26867 fs_manager.cc:368] Using write-ahead log directory (fs_wal_dir) as metadata directory
I20260710 13:25:09.150645 26867 server_base.cc:909] This appears to be a new deployment of Kudu; creating new FS layout
I20260710 13:25:09.151824 26867 fs_manager.cc:1068] Generated new instance metadata in path /tmp/dist-test-task1d7bLc/test-tmp/auto_leader_rebalancer-test.0.LeaderRebalancerTest.FunctionalTestForDivided.1783689907179251-26867-0/minicluster-data/ts-2-root/instance:
uuid: "a40ee88ac736474e9fa5a65783069c44"
format_stamp: "Formatted at 2026-07-10 13:25:09 on dist-test-slave-m4kn"
I20260710 13:25:09.156368 26867 fs_manager.cc:696] Time spent creating directory manager: real 0.004s	user 0.005s	sys 0.000s
I20260710 13:25:09.159626 27113 log_block_manager.cc:4127] Time spent loading block containers with low live blocks: real 0.000s	user 0.000s	sys 0.000s
I20260710 13:25:09.160411 26867 fs_manager.cc:730] Time spent opening block manager: real 0.002s	user 0.003s	sys 0.000s
I20260710 13:25:09.160694 26867 fs_manager.cc:647] Opened local filesystem: /tmp/dist-test-task1d7bLc/test-tmp/auto_leader_rebalancer-test.0.LeaderRebalancerTest.FunctionalTestForDivided.1783689907179251-26867-0/minicluster-data/ts-2-root
uuid: "a40ee88ac736474e9fa5a65783069c44"
format_stamp: "Formatted at 2026-07-10 13:25:09 on dist-test-slave-m4kn"
I20260710 13:25:09.160998 26867 fs_report.cc:389] FS layout report
--------------------
wal directory: /tmp/dist-test-task1d7bLc/test-tmp/auto_leader_rebalancer-test.0.LeaderRebalancerTest.FunctionalTestForDivided.1783689907179251-26867-0/minicluster-data/ts-2-root
metadata directory: /tmp/dist-test-task1d7bLc/test-tmp/auto_leader_rebalancer-test.0.LeaderRebalancerTest.FunctionalTestForDivided.1783689907179251-26867-0/minicluster-data/ts-2-root
1 data directories: /tmp/dist-test-task1d7bLc/test-tmp/auto_leader_rebalancer-test.0.LeaderRebalancerTest.FunctionalTestForDivided.1783689907179251-26867-0/minicluster-data/ts-2-root/data
Total live blocks: 0
Total live bytes: 0
Total live bytes (after alignment): 0
Total number of LBM containers: 0 (0 full)
Did not check for missing blocks
Did not check for orphaned blocks
Total full LBM containers with extra space: 0 (0 repaired)
Total full LBM container extra space in bytes: 0 (0 repaired)
Total incomplete LBM containers: 0 (0 repaired)
Total LBM partial records: 0 (0 repaired)
Total corrupted LBM metadata records in RocksDB: 0 (0 repaired)
I20260710 13:25:09.177924 26867 rpc_server.cc:225] running with OpenSSL 1.1.1  11 Sep 2018
I20260710 13:25:09.179152 26867 kserver.cc:163] Server-wide thread pool size limit: 3276
I20260710 13:25:09.181456 26867 txn_system_client.cc:432] TxnSystemClient initialization is disabled...
I20260710 13:25:09.184623 26867 ts_tablet_manager.cc:585] Loaded tablet metadata (0 total tablets, 0 live tablets)
I20260710 13:25:09.184808 26867 ts_tablet_manager.cc:531] Time spent load tablet metadata: real 0.000s	user 0.000s	sys 0.000s
I20260710 13:25:09.185035 26867 ts_tablet_manager.cc:616] Registered 0 tablets
I20260710 13:25:09.185178 26867 ts_tablet_manager.cc:595] Time spent register tablets: real 0.000s	user 0.000s	sys 0.000s
I20260710 13:25:09.271575 26867 rpc_server.cc:307] RPC server started. Bound to: 127.26.60.195:39477
I20260710 13:25:09.271705 27175 acceptor_pool.cc:272] collecting diagnostics on the listening RPC socket 127.26.60.195:39477 every 8 connection(s)
I20260710 13:25:09.287896 27176 heartbeater.cc:344] Connected to a master server at 127.26.60.254:35699
I20260710 13:25:09.288260 27176 heartbeater.cc:461] Registering TS with master...
I20260710 13:25:09.288975 27176 heartbeater.cc:507] Master 127.26.60.254:35699 requested a full tablet report, sending...
I20260710 13:25:09.290848 26899 ts_manager.cc:194] Registered new tserver with Master: a40ee88ac736474e9fa5a65783069c44 (127.26.60.195:39477)
I20260710 13:25:09.291757 26867 internal_mini_cluster.cc:371] 3 TS(s) registered with all masters after 0.015593696s
I20260710 13:25:09.292094 26899 master_service.cc:502] Signed X509 certificate for tserver {username='slave'} at 127.0.0.1:49190
I20260710 13:25:09.342137 26899 catalog_manager.cc:2283] Servicing CreateTable request from {username='slave'} at 127.0.0.1:49204:
name: "test-workload"
schema {
  columns {
    name: "key"
    type: INT32
    is_key: true
    is_nullable: false
    encoding: AUTO_ENCODING
    compression: DEFAULT_COMPRESSION
    cfile_block_size: 0
    immutable: false
  }
  columns {
    name: "int_val"
    type: INT32
    is_key: false
    is_nullable: false
    encoding: AUTO_ENCODING
    compression: DEFAULT_COMPRESSION
    cfile_block_size: 0
    immutable: false
  }
  columns {
    name: "string_val"
    type: STRING
    is_key: false
    is_nullable: true
    encoding: AUTO_ENCODING
    compression: DEFAULT_COMPRESSION
    cfile_block_size: 0
    immutable: false
  }
}
num_replicas: 3
split_rows_range_bounds {
  rows: "\004\001\000\216\3438\016\004\001\000\034\307q\034\004\001\000\252\252\252*\004\001\0008\216\3438\004\001\000\306q\034G\004\001\000TUUU\004\001\000\3428\216c\004\001\000p\034\307q""\004\001\000\216\3438\016\004\001\000\034\307q\034\004\001\000\252\252\252*\004\001\0008\216\3438\004\001\000\306q\034G\004\001\000TUUU\004\001\000\3428\216c\004\001\000p\034\307q"
  indirect_data: """"
}
partition_schema {
  range_schema {
    columns {
      name: "key"
    }
  }
}
W20260710 13:25:09.345506 26899 catalog_manager.cc:7077] The number of live tablet servers is not enough to re-replicate a tablet replica of the newly created table test-workload in case of a server failure: 4 tablet servers would be needed, 3 are available. Consider bringing up more tablet servers.
I20260710 13:25:09.435712 26991 tablet_service.cc:1511] Processing CreateTablet for tablet f56520ef215743a99bd20202a813df84 (DEFAULT_TABLE table=test-workload [id=ff756cbabfb94e84ae2285bea9d02fbf]), partition=RANGE (key) PARTITION 238609294 <= VALUES < 477218588
I20260710 13:25:09.435695 26992 tablet_service.cc:1511] Processing CreateTablet for tablet 7cd804fd85aa42fc84f2ea36bd63f651 (DEFAULT_TABLE table=test-workload [id=ff756cbabfb94e84ae2285bea9d02fbf]), partition=RANGE (key) PARTITION VALUES < 238609294
I20260710 13:25:09.436784 26990 tablet_service.cc:1511] Processing CreateTablet for tablet 0d9d505345804d97b73aaa95c5388dd2 (DEFAULT_TABLE table=test-workload [id=ff756cbabfb94e84ae2285bea9d02fbf]), partition=RANGE (key) PARTITION 477218588 <= VALUES < 715827882
I20260710 13:25:09.437338 26991 data_dirs.cc:400] Could only allocate 1 dirs of requested 3 for tablet f56520ef215743a99bd20202a813df84. 1 dirs total, 0 dirs full, 0 dirs failed
I20260710 13:25:09.438086 26990 data_dirs.cc:400] Could only allocate 1 dirs of requested 3 for tablet 0d9d505345804d97b73aaa95c5388dd2. 1 dirs total, 0 dirs full, 0 dirs failed
I20260710 13:25:09.439466 26988 tablet_service.cc:1511] Processing CreateTablet for tablet 61aa2024657243a9be34021b82927671 (DEFAULT_TABLE table=test-workload [id=ff756cbabfb94e84ae2285bea9d02fbf]), partition=RANGE (key) PARTITION 954437176 <= VALUES < 1193046470
I20260710 13:25:09.450902 26988 data_dirs.cc:400] Could only allocate 1 dirs of requested 3 for tablet 61aa2024657243a9be34021b82927671. 1 dirs total, 0 dirs full, 0 dirs failed
I20260710 13:25:09.453193 26989 tablet_service.cc:1511] Processing CreateTablet for tablet 4b9d89d7617c450b97ddad8be30cce02 (DEFAULT_TABLE table=test-workload [id=ff756cbabfb94e84ae2285bea9d02fbf]), partition=RANGE (key) PARTITION 715827882 <= VALUES < 954437176
I20260710 13:25:09.455399 26992 data_dirs.cc:400] Could only allocate 1 dirs of requested 3 for tablet 7cd804fd85aa42fc84f2ea36bd63f651. 1 dirs total, 0 dirs full, 0 dirs failed
I20260710 13:25:09.459065 26989 data_dirs.cc:400] Could only allocate 1 dirs of requested 3 for tablet 4b9d89d7617c450b97ddad8be30cce02. 1 dirs total, 0 dirs full, 0 dirs failed
I20260710 13:25:09.469800 27139 tablet_service.cc:1511] Processing CreateTablet for tablet 0d9d505345804d97b73aaa95c5388dd2 (DEFAULT_TABLE table=test-workload [id=ff756cbabfb94e84ae2285bea9d02fbf]), partition=RANGE (key) PARTITION 477218588 <= VALUES < 715827882
I20260710 13:25:09.472265 27139 data_dirs.cc:400] Could only allocate 1 dirs of requested 3 for tablet 0d9d505345804d97b73aaa95c5388dd2. 1 dirs total, 0 dirs full, 0 dirs failed
I20260710 13:25:09.471225 27138 tablet_service.cc:1511] Processing CreateTablet for tablet 4b9d89d7617c450b97ddad8be30cce02 (DEFAULT_TABLE table=test-workload [id=ff756cbabfb94e84ae2285bea9d02fbf]), partition=RANGE (key) PARTITION 715827882 <= VALUES < 954437176
I20260710 13:25:09.474284 27138 data_dirs.cc:400] Could only allocate 1 dirs of requested 3 for tablet 4b9d89d7617c450b97ddad8be30cce02. 1 dirs total, 0 dirs full, 0 dirs failed
I20260710 13:25:09.468922 27141 tablet_service.cc:1511] Processing CreateTablet for tablet 7cd804fd85aa42fc84f2ea36bd63f651 (DEFAULT_TABLE table=test-workload [id=ff756cbabfb94e84ae2285bea9d02fbf]), partition=RANGE (key) PARTITION VALUES < 238609294
I20260710 13:25:09.467774 27140 tablet_service.cc:1511] Processing CreateTablet for tablet f56520ef215743a99bd20202a813df84 (DEFAULT_TABLE table=test-workload [id=ff756cbabfb94e84ae2285bea9d02fbf]), partition=RANGE (key) PARTITION 238609294 <= VALUES < 477218588
I20260710 13:25:09.480618 27141 data_dirs.cc:400] Could only allocate 1 dirs of requested 3 for tablet 7cd804fd85aa42fc84f2ea36bd63f651. 1 dirs total, 0 dirs full, 0 dirs failed
I20260710 13:25:09.481846 27137 tablet_service.cc:1511] Processing CreateTablet for tablet 61aa2024657243a9be34021b82927671 (DEFAULT_TABLE table=test-workload [id=ff756cbabfb94e84ae2285bea9d02fbf]), partition=RANGE (key) PARTITION 954437176 <= VALUES < 1193046470
I20260710 13:25:09.482831 26987 tablet_service.cc:1511] Processing CreateTablet for tablet 773bcefcd5d14020a4b3f5528c393029 (DEFAULT_TABLE table=test-workload [id=ff756cbabfb94e84ae2285bea9d02fbf]), partition=RANGE (key) PARTITION 1193046470 <= VALUES < 1431655764
I20260710 13:25:09.484475 26987 data_dirs.cc:400] Could only allocate 1 dirs of requested 3 for tablet 773bcefcd5d14020a4b3f5528c393029. 1 dirs total, 0 dirs full, 0 dirs failed
I20260710 13:25:09.486366 27140 data_dirs.cc:400] Could only allocate 1 dirs of requested 3 for tablet f56520ef215743a99bd20202a813df84. 1 dirs total, 0 dirs full, 0 dirs failed
I20260710 13:25:09.489356 27137 data_dirs.cc:400] Could only allocate 1 dirs of requested 3 for tablet 61aa2024657243a9be34021b82927671. 1 dirs total, 0 dirs full, 0 dirs failed
I20260710 13:25:09.500188 27136 tablet_service.cc:1511] Processing CreateTablet for tablet 773bcefcd5d14020a4b3f5528c393029 (DEFAULT_TABLE table=test-workload [id=ff756cbabfb94e84ae2285bea9d02fbf]), partition=RANGE (key) PARTITION 1193046470 <= VALUES < 1431655764
I20260710 13:25:09.502187 27136 data_dirs.cc:400] Could only allocate 1 dirs of requested 3 for tablet 773bcefcd5d14020a4b3f5528c393029. 1 dirs total, 0 dirs full, 0 dirs failed
I20260710 13:25:09.506783 26986 tablet_service.cc:1511] Processing CreateTablet for tablet bbada3221d8f467cb32f44ce2793cc4f (DEFAULT_TABLE table=test-workload [id=ff756cbabfb94e84ae2285bea9d02fbf]), partition=RANGE (key) PARTITION 1431655764 <= VALUES < 1670265058
I20260710 13:25:09.509295 26986 data_dirs.cc:400] Could only allocate 1 dirs of requested 3 for tablet bbada3221d8f467cb32f44ce2793cc4f. 1 dirs total, 0 dirs full, 0 dirs failed
I20260710 13:25:09.521713 26985 tablet_service.cc:1511] Processing CreateTablet for tablet 3a75eaf5013c4af3b683ebc902f5af07 (DEFAULT_TABLE table=test-workload [id=ff756cbabfb94e84ae2285bea9d02fbf]), partition=RANGE (key) PARTITION 1670265058 <= VALUES < 1908874352
I20260710 13:25:09.523510 26985 data_dirs.cc:400] Could only allocate 1 dirs of requested 3 for tablet 3a75eaf5013c4af3b683ebc902f5af07. 1 dirs total, 0 dirs full, 0 dirs failed
I20260710 13:25:09.534068 27135 tablet_service.cc:1511] Processing CreateTablet for tablet bbada3221d8f467cb32f44ce2793cc4f (DEFAULT_TABLE table=test-workload [id=ff756cbabfb94e84ae2285bea9d02fbf]), partition=RANGE (key) PARTITION 1431655764 <= VALUES < 1670265058
I20260710 13:25:09.537442 27135 data_dirs.cc:400] Could only allocate 1 dirs of requested 3 for tablet bbada3221d8f467cb32f44ce2793cc4f. 1 dirs total, 0 dirs full, 0 dirs failed
I20260710 13:25:09.539984 27194 tablet_bootstrap.cc:492] T f56520ef215743a99bd20202a813df84 P f299b7710dcf4af79cf74fe293d6ce9a: Bootstrap starting.
I20260710 13:25:09.547961 27134 tablet_service.cc:1511] Processing CreateTablet for tablet 3a75eaf5013c4af3b683ebc902f5af07 (DEFAULT_TABLE table=test-workload [id=ff756cbabfb94e84ae2285bea9d02fbf]), partition=RANGE (key) PARTITION 1670265058 <= VALUES < 1908874352
I20260710 13:25:09.549649 27134 data_dirs.cc:400] Could only allocate 1 dirs of requested 3 for tablet 3a75eaf5013c4af3b683ebc902f5af07. 1 dirs total, 0 dirs full, 0 dirs failed
I20260710 13:25:09.552093 26991 tablet_service.cc:1511] Processing CreateTablet for tablet d1a30b2853ee41ca9feec604500183e3 (DEFAULT_TABLE table=test-workload [id=ff756cbabfb94e84ae2285bea9d02fbf]), partition=RANGE (key) PARTITION 1908874352 <= VALUES
I20260710 13:25:09.553220 26991 data_dirs.cc:400] Could only allocate 1 dirs of requested 3 for tablet d1a30b2853ee41ca9feec604500183e3. 1 dirs total, 0 dirs full, 0 dirs failed
I20260710 13:25:09.579506 27067 tablet_service.cc:1511] Processing CreateTablet for tablet 7cd804fd85aa42fc84f2ea36bd63f651 (DEFAULT_TABLE table=test-workload [id=ff756cbabfb94e84ae2285bea9d02fbf]), partition=RANGE (key) PARTITION VALUES < 238609294
I20260710 13:25:09.584738 27065 tablet_service.cc:1511] Processing CreateTablet for tablet 0d9d505345804d97b73aaa95c5388dd2 (DEFAULT_TABLE table=test-workload [id=ff756cbabfb94e84ae2285bea9d02fbf]), partition=RANGE (key) PARTITION 477218588 <= VALUES < 715827882
I20260710 13:25:09.600666 27061 tablet_service.cc:1511] Processing CreateTablet for tablet bbada3221d8f467cb32f44ce2793cc4f (DEFAULT_TABLE table=test-workload [id=ff756cbabfb94e84ae2285bea9d02fbf]), partition=RANGE (key) PARTITION 1431655764 <= VALUES < 1670265058
I20260710 13:25:09.599934 27133 tablet_service.cc:1511] Processing CreateTablet for tablet d1a30b2853ee41ca9feec604500183e3 (DEFAULT_TABLE table=test-workload [id=ff756cbabfb94e84ae2285bea9d02fbf]), partition=RANGE (key) PARTITION 1908874352 <= VALUES
I20260710 13:25:09.619107 27133 data_dirs.cc:400] Could only allocate 1 dirs of requested 3 for tablet d1a30b2853ee41ca9feec604500183e3. 1 dirs total, 0 dirs full, 0 dirs failed
I20260710 13:25:09.611177 27195 tablet_bootstrap.cc:492] T bbada3221d8f467cb32f44ce2793cc4f P a40ee88ac736474e9fa5a65783069c44: Bootstrap starting.
I20260710 13:25:09.610548 27067 data_dirs.cc:400] Could only allocate 1 dirs of requested 3 for tablet 7cd804fd85aa42fc84f2ea36bd63f651. 1 dirs total, 0 dirs full, 0 dirs failed
I20260710 13:25:09.600579 27064 tablet_service.cc:1511] Processing CreateTablet for tablet 4b9d89d7617c450b97ddad8be30cce02 (DEFAULT_TABLE table=test-workload [id=ff756cbabfb94e84ae2285bea9d02fbf]), partition=RANGE (key) PARTITION 715827882 <= VALUES < 954437176
I20260710 13:25:09.620952 27060 tablet_service.cc:1511] Processing CreateTablet for tablet 3a75eaf5013c4af3b683ebc902f5af07 (DEFAULT_TABLE table=test-workload [id=ff756cbabfb94e84ae2285bea9d02fbf]), partition=RANGE (key) PARTITION 1670265058 <= VALUES < 1908874352
I20260710 13:25:09.608392 27062 tablet_service.cc:1511] Processing CreateTablet for tablet 773bcefcd5d14020a4b3f5528c393029 (DEFAULT_TABLE table=test-workload [id=ff756cbabfb94e84ae2285bea9d02fbf]), partition=RANGE (key) PARTITION 1193046470 <= VALUES < 1431655764
I20260710 13:25:09.605468 27066 tablet_service.cc:1511] Processing CreateTablet for tablet f56520ef215743a99bd20202a813df84 (DEFAULT_TABLE table=test-workload [id=ff756cbabfb94e84ae2285bea9d02fbf]), partition=RANGE (key) PARTITION 238609294 <= VALUES < 477218588
I20260710 13:25:09.619056 27063 tablet_service.cc:1511] Processing CreateTablet for tablet 61aa2024657243a9be34021b82927671 (DEFAULT_TABLE table=test-workload [id=ff756cbabfb94e84ae2285bea9d02fbf]), partition=RANGE (key) PARTITION 954437176 <= VALUES < 1193046470
I20260710 13:25:09.624046 27059 tablet_service.cc:1511] Processing CreateTablet for tablet d1a30b2853ee41ca9feec604500183e3 (DEFAULT_TABLE table=test-workload [id=ff756cbabfb94e84ae2285bea9d02fbf]), partition=RANGE (key) PARTITION 1908874352 <= VALUES
I20260710 13:25:09.631568 27060 data_dirs.cc:400] Could only allocate 1 dirs of requested 3 for tablet 3a75eaf5013c4af3b683ebc902f5af07. 1 dirs total, 0 dirs full, 0 dirs failed
I20260710 13:25:09.632628 27059 data_dirs.cc:400] Could only allocate 1 dirs of requested 3 for tablet d1a30b2853ee41ca9feec604500183e3. 1 dirs total, 0 dirs full, 0 dirs failed
I20260710 13:25:09.635373 27066 data_dirs.cc:400] Could only allocate 1 dirs of requested 3 for tablet f56520ef215743a99bd20202a813df84. 1 dirs total, 0 dirs full, 0 dirs failed
I20260710 13:25:09.639321 27064 data_dirs.cc:400] Could only allocate 1 dirs of requested 3 for tablet 4b9d89d7617c450b97ddad8be30cce02. 1 dirs total, 0 dirs full, 0 dirs failed
I20260710 13:25:09.641721 27062 data_dirs.cc:400] Could only allocate 1 dirs of requested 3 for tablet 773bcefcd5d14020a4b3f5528c393029. 1 dirs total, 0 dirs full, 0 dirs failed
I20260710 13:25:09.643826 27061 data_dirs.cc:400] Could only allocate 1 dirs of requested 3 for tablet bbada3221d8f467cb32f44ce2793cc4f. 1 dirs total, 0 dirs full, 0 dirs failed
I20260710 13:25:09.650897 27063 data_dirs.cc:400] Could only allocate 1 dirs of requested 3 for tablet 61aa2024657243a9be34021b82927671. 1 dirs total, 0 dirs full, 0 dirs failed
I20260710 13:25:09.667035 27065 data_dirs.cc:400] Could only allocate 1 dirs of requested 3 for tablet 0d9d505345804d97b73aaa95c5388dd2. 1 dirs total, 0 dirs full, 0 dirs failed
I20260710 13:25:09.685931 27195 tablet_bootstrap.cc:654] T bbada3221d8f467cb32f44ce2793cc4f P a40ee88ac736474e9fa5a65783069c44: Neither blocks nor log segments found. Creating new log.
W20260710 13:25:09.698552 26947 auto_rebalancer.cc:288] Could not retrieve cluster info: Service unavailable: Tablet not running
I20260710 13:25:09.706002 27194 tablet_bootstrap.cc:654] T f56520ef215743a99bd20202a813df84 P f299b7710dcf4af79cf74fe293d6ce9a: Neither blocks nor log segments found. Creating new log.
I20260710 13:25:09.716228 27195 tablet_bootstrap.cc:492] T bbada3221d8f467cb32f44ce2793cc4f P a40ee88ac736474e9fa5a65783069c44: No bootstrap required, opened a new log
I20260710 13:25:09.713172 27196 tablet_bootstrap.cc:492] T d1a30b2853ee41ca9feec604500183e3 P a6a4c17a48ad4f60aadc66352c2373e7: Bootstrap starting.
I20260710 13:25:09.716703 27195 ts_tablet_manager.cc:1403] T bbada3221d8f467cb32f44ce2793cc4f P a40ee88ac736474e9fa5a65783069c44: Time spent bootstrapping tablet: real 0.109s	user 0.016s	sys 0.000s
I20260710 13:25:09.739024 27195 raft_consensus.cc:359] T bbada3221d8f467cb32f44ce2793cc4f P a40ee88ac736474e9fa5a65783069c44 [term 0 FOLLOWER]: Replica starting. Triggering 0 pending ops. Active config: opid_index: -1 OBSOLETE_local: false peers { permanent_uuid: "f299b7710dcf4af79cf74fe293d6ce9a" member_type: VOTER last_known_addr { host: "127.26.60.193" port: 42005 } } peers { permanent_uuid: "a6a4c17a48ad4f60aadc66352c2373e7" member_type: VOTER last_known_addr { host: "127.26.60.194" port: 37807 } } peers { permanent_uuid: "a40ee88ac736474e9fa5a65783069c44" member_type: VOTER last_known_addr { host: "127.26.60.195" port: 39477 } }
I20260710 13:25:09.740955 27195 raft_consensus.cc:385] T bbada3221d8f467cb32f44ce2793cc4f P a40ee88ac736474e9fa5a65783069c44 [term 0 FOLLOWER]: Consensus starting up: Expiring failure detector timer to make a prompt election more likely
I20260710 13:25:09.741189 27195 raft_consensus.cc:740] T bbada3221d8f467cb32f44ce2793cc4f P a40ee88ac736474e9fa5a65783069c44 [term 0 FOLLOWER]: Becoming Follower/Learner. State: Replica: a40ee88ac736474e9fa5a65783069c44, State: Initialized, Role: FOLLOWER
I20260710 13:25:09.741878 27195 consensus_queue.cc:260] T bbada3221d8f467cb32f44ce2793cc4f P a40ee88ac736474e9fa5a65783069c44 [NON_LEADER]: Queue going to NON_LEADER mode. State: All replicated index: 0, Majority replicated index: 0, Committed index: 0, Last appended: 0.0, Last appended by leader: 0, Current term: 0, Majority size: -1, State: 0, Mode: NON_LEADER, active raft config: opid_index: -1 OBSOLETE_local: false peers { permanent_uuid: "f299b7710dcf4af79cf74fe293d6ce9a" member_type: VOTER last_known_addr { host: "127.26.60.193" port: 42005 } } peers { permanent_uuid: "a6a4c17a48ad4f60aadc66352c2373e7" member_type: VOTER last_known_addr { host: "127.26.60.194" port: 37807 } } peers { permanent_uuid: "a40ee88ac736474e9fa5a65783069c44" member_type: VOTER last_known_addr { host: "127.26.60.195" port: 39477 } }
I20260710 13:25:09.745294 27196 tablet_bootstrap.cc:654] T d1a30b2853ee41ca9feec604500183e3 P a6a4c17a48ad4f60aadc66352c2373e7: Neither blocks nor log segments found. Creating new log.
I20260710 13:25:09.746042 27194 tablet_bootstrap.cc:492] T f56520ef215743a99bd20202a813df84 P f299b7710dcf4af79cf74fe293d6ce9a: No bootstrap required, opened a new log
I20260710 13:25:09.746402 27194 ts_tablet_manager.cc:1403] T f56520ef215743a99bd20202a813df84 P f299b7710dcf4af79cf74fe293d6ce9a: Time spent bootstrapping tablet: real 0.212s	user 0.010s	sys 0.011s
I20260710 13:25:09.749356 27194 raft_consensus.cc:359] T f56520ef215743a99bd20202a813df84 P f299b7710dcf4af79cf74fe293d6ce9a [term 0 FOLLOWER]: Replica starting. Triggering 0 pending ops. Active config: opid_index: -1 OBSOLETE_local: false peers { permanent_uuid: "f299b7710dcf4af79cf74fe293d6ce9a" member_type: VOTER last_known_addr { host: "127.26.60.193" port: 42005 } } peers { permanent_uuid: "a6a4c17a48ad4f60aadc66352c2373e7" member_type: VOTER last_known_addr { host: "127.26.60.194" port: 37807 } } peers { permanent_uuid: "a40ee88ac736474e9fa5a65783069c44" member_type: VOTER last_known_addr { host: "127.26.60.195" port: 39477 } }
I20260710 13:25:09.750106 27194 raft_consensus.cc:385] T f56520ef215743a99bd20202a813df84 P f299b7710dcf4af79cf74fe293d6ce9a [term 0 FOLLOWER]: Consensus starting up: Expiring failure detector timer to make a prompt election more likely
I20260710 13:25:09.750391 27194 raft_consensus.cc:740] T f56520ef215743a99bd20202a813df84 P f299b7710dcf4af79cf74fe293d6ce9a [term 0 FOLLOWER]: Becoming Follower/Learner. State: Replica: f299b7710dcf4af79cf74fe293d6ce9a, State: Initialized, Role: FOLLOWER
I20260710 13:25:09.752041 27176 heartbeater.cc:499] Master 127.26.60.254:35699 was elected leader, sending a full tablet report...
I20260710 13:25:09.752419 27195 ts_tablet_manager.cc:1434] T bbada3221d8f467cb32f44ce2793cc4f P a40ee88ac736474e9fa5a65783069c44: Time spent starting tablet: real 0.035s	user 0.004s	sys 0.009s
I20260710 13:25:09.753365 27195 tablet_bootstrap.cc:492] T 773bcefcd5d14020a4b3f5528c393029 P a40ee88ac736474e9fa5a65783069c44: Bootstrap starting.
I20260710 13:25:09.751307 27194 consensus_queue.cc:260] T f56520ef215743a99bd20202a813df84 P f299b7710dcf4af79cf74fe293d6ce9a [NON_LEADER]: Queue going to NON_LEADER mode. State: All replicated index: 0, Majority replicated index: 0, Committed index: 0, Last appended: 0.0, Last appended by leader: 0, Current term: 0, Majority size: -1, State: 0, Mode: NON_LEADER, active raft config: opid_index: -1 OBSOLETE_local: false peers { permanent_uuid: "f299b7710dcf4af79cf74fe293d6ce9a" member_type: VOTER last_known_addr { host: "127.26.60.193" port: 42005 } } peers { permanent_uuid: "a6a4c17a48ad4f60aadc66352c2373e7" member_type: VOTER last_known_addr { host: "127.26.60.194" port: 37807 } } peers { permanent_uuid: "a40ee88ac736474e9fa5a65783069c44" member_type: VOTER last_known_addr { host: "127.26.60.195" port: 39477 } }
I20260710 13:25:09.760054 27195 tablet_bootstrap.cc:654] T 773bcefcd5d14020a4b3f5528c393029 P a40ee88ac736474e9fa5a65783069c44: Neither blocks nor log segments found. Creating new log.
I20260710 13:25:09.763216 27194 ts_tablet_manager.cc:1434] T f56520ef215743a99bd20202a813df84 P f299b7710dcf4af79cf74fe293d6ce9a: Time spent starting tablet: real 0.017s	user 0.004s	sys 0.007s
I20260710 13:25:09.764163 27027 heartbeater.cc:499] Master 127.26.60.254:35699 was elected leader, sending a full tablet report...
I20260710 13:25:09.770939 27194 tablet_bootstrap.cc:492] T 7cd804fd85aa42fc84f2ea36bd63f651 P f299b7710dcf4af79cf74fe293d6ce9a: Bootstrap starting.
W20260710 13:25:09.778246 27177 tablet.cc:2406] T bbada3221d8f467cb32f44ce2793cc4f P a40ee88ac736474e9fa5a65783069c44: Can't schedule compaction. Clean time has not been advanced past its initial value.
I20260710 13:25:09.780035 27194 tablet_bootstrap.cc:654] T 7cd804fd85aa42fc84f2ea36bd63f651 P f299b7710dcf4af79cf74fe293d6ce9a: Neither blocks nor log segments found. Creating new log.
I20260710 13:25:09.787196 27196 tablet_bootstrap.cc:492] T d1a30b2853ee41ca9feec604500183e3 P a6a4c17a48ad4f60aadc66352c2373e7: No bootstrap required, opened a new log
