I20260710 13:25:20.758342 28493 raft_consensus.cc:515] T dc6164028e724cff8d3149fd25b60680 P f12e424f48654a408d8caa7653ffacc4 [term 1 FOLLOWER]: Starting leader election with config: opid_index: -1 OBSOLETE_local: false peers { permanent_uuid: "f12e424f48654a408d8caa7653ffacc4" member_type: VOTER last_known_addr { host: "127.26.245.194" port: 39955 } } peers { permanent_uuid: "eb107b4e821144599db4b8b9dfb9076c" member_type: VOTER last_known_addr { host: "127.26.245.195" port: 43649 } } peers { permanent_uuid: "a142ea5ce4144c639e337da29adb9eed" member_type: VOTER last_known_addr { host: "127.26.245.193" port: 41251 } }
I20260710 13:25:20.765872 28457 tablet_bootstrap.cc:654] T cec54620d5404730aedb4134e51a9072 P a142ea5ce4144c639e337da29adb9eed: Neither blocks nor log segments found. Creating new log.
I20260710 13:25:20.773386 28415 tablet_service.cc:1917] Received RequestConsensusVote() RPC: tablet_id: "dc6164028e724cff8d3149fd25b60680" candidate_uuid: "f12e424f48654a408d8caa7653ffacc4" candidate_term: 1 candidate_status { last_received { term: 0 index: 0 } } ignore_live_leader: false dest_uuid: "eb107b4e821144599db4b8b9dfb9076c"
I20260710 13:25:20.774472 28265 raft_consensus.cc:2468] T eecfdda7d5304967aada9577ff95a033 P a142ea5ce4144c639e337da29adb9eed [term 1 FOLLOWER]: Leader election vote request: Granting yes vote for candidate f12e424f48654a408d8caa7653ffacc4 in term 1.
I20260710 13:25:20.772543 28488 leader_election.cc:290] T eecfdda7d5304967aada9577ff95a033 P f12e424f48654a408d8caa7653ffacc4 [CANDIDATE]: Term 1 election: Requested vote from peers a142ea5ce4144c639e337da29adb9eed (127.26.245.193:41251), eb107b4e821144599db4b8b9dfb9076c (127.26.245.195:43649)
W20260710 13:25:20.775935 28306 leader_election.cc:343] T dc6164028e724cff8d3149fd25b60680 P f12e424f48654a408d8caa7653ffacc4 [CANDIDATE]: Term 1 election: Tablet error from VoteRequest() call to peer eb107b4e821144599db4b8b9dfb9076c (127.26.245.195:43649): Illegal state: must be running to vote when last-logged opid is not known
I20260710 13:25:20.776829 28415 tablet_service.cc:1917] Received RequestConsensusVote() RPC: tablet_id: "eecfdda7d5304967aada9577ff95a033" candidate_uuid: "f12e424f48654a408d8caa7653ffacc4" candidate_term: 1 candidate_status { last_received { term: 0 index: 0 } } ignore_live_leader: false dest_uuid: "eb107b4e821144599db4b8b9dfb9076c"
I20260710 13:25:20.777285 28493 leader_election.cc:290] T dc6164028e724cff8d3149fd25b60680 P f12e424f48654a408d8caa7653ffacc4 [CANDIDATE]: Term 1 election: Requested vote from peers eb107b4e821144599db4b8b9dfb9076c (127.26.245.195:43649), a142ea5ce4144c639e337da29adb9eed (127.26.245.193:41251)
I20260710 13:25:20.777791 28464 leader_election.cc:290] T d5624bed56294390ae97961c55210414 P eb107b4e821144599db4b8b9dfb9076c [CANDIDATE]: Term 1 election: Requested vote from peers a142ea5ce4144c639e337da29adb9eed (127.26.245.193:41251), f12e424f48654a408d8caa7653ffacc4 (127.26.245.194:39955)
I20260710 13:25:20.778956 28266 tablet_service.cc:1917] Received RequestConsensusVote() RPC: tablet_id: "d5624bed56294390ae97961c55210414" candidate_uuid: "eb107b4e821144599db4b8b9dfb9076c" candidate_term: 1 candidate_status { last_received { term: 0 index: 0 } } ignore_live_leader: false dest_uuid: "a142ea5ce4144c639e337da29adb9eed"
I20260710 13:25:20.779678 28266 raft_consensus.cc:3060] T d5624bed56294390ae97961c55210414 P a142ea5ce4144c639e337da29adb9eed [term 0 FOLLOWER]: Advancing to term 1
I20260710 13:25:20.780082 28265 tablet_service.cc:1917] Received RequestConsensusVote() RPC: tablet_id: "dc6164028e724cff8d3149fd25b60680" candidate_uuid: "f12e424f48654a408d8caa7653ffacc4" candidate_term: 1 candidate_status { last_received { term: 0 index: 0 } } ignore_live_leader: false dest_uuid: "a142ea5ce4144c639e337da29adb9eed"
I20260710 13:25:20.780968 28265 raft_consensus.cc:3060] T dc6164028e724cff8d3149fd25b60680 P a142ea5ce4144c639e337da29adb9eed [term 0 FOLLOWER]: Advancing to term 1
I20260710 13:25:20.783460 28341 tablet_service.cc:1917] Received RequestConsensusVote() RPC: tablet_id: "d5624bed56294390ae97961c55210414" candidate_uuid: "eb107b4e821144599db4b8b9dfb9076c" candidate_term: 1 candidate_status { last_received { term: 0 index: 0 } } ignore_live_leader: false dest_uuid: "f12e424f48654a408d8caa7653ffacc4"
I20260710 13:25:20.785295 28305 leader_election.cc:304] T eecfdda7d5304967aada9577ff95a033 P f12e424f48654a408d8caa7653ffacc4 [CANDIDATE]: Term 1 election: Election decided. Result: candidate won. Election summary: received 2 responses out of 3 voters: 2 yes votes; 0 no votes. yes voters: a142ea5ce4144c639e337da29adb9eed, f12e424f48654a408d8caa7653ffacc4; no voters: 
I20260710 13:25:20.786486 28459 tablet_bootstrap.cc:492] T 6b5a3a6c4e58436a84841237a43e0f82 P eb107b4e821144599db4b8b9dfb9076c: No bootstrap required, opened a new log
I20260710 13:25:20.787341 28459 ts_tablet_manager.cc:1403] T 6b5a3a6c4e58436a84841237a43e0f82 P eb107b4e821144599db4b8b9dfb9076c: Time spent bootstrapping tablet: real 0.064s	user 0.017s	sys 0.012s
W20260710 13:25:20.787403 28381 leader_election.cc:343] T d5624bed56294390ae97961c55210414 P eb107b4e821144599db4b8b9dfb9076c [CANDIDATE]: Term 1 election: Tablet error from VoteRequest() call to peer f12e424f48654a408d8caa7653ffacc4 (127.26.245.194:39955): Illegal state: must be running to vote when last-logged opid is not known
W20260710 13:25:20.788857 28306 leader_election.cc:343] T eecfdda7d5304967aada9577ff95a033 P f12e424f48654a408d8caa7653ffacc4 [CANDIDATE]: Term 1 election: Tablet error from VoteRequest() call to peer eb107b4e821144599db4b8b9dfb9076c (127.26.245.195:43649): Illegal state: must be running to vote when last-logged opid is not known
I20260710 13:25:20.794184 28459 raft_consensus.cc:359] T 6b5a3a6c4e58436a84841237a43e0f82 P eb107b4e821144599db4b8b9dfb9076c [term 0 FOLLOWER]: Replica starting. Triggering 0 pending ops. Active config: opid_index: -1 OBSOLETE_local: false peers { permanent_uuid: "a142ea5ce4144c639e337da29adb9eed" member_type: VOTER last_known_addr { host: "127.26.245.193" port: 41251 } } peers { permanent_uuid: "f12e424f48654a408d8caa7653ffacc4" member_type: VOTER last_known_addr { host: "127.26.245.194" port: 39955 } } peers { permanent_uuid: "eb107b4e821144599db4b8b9dfb9076c" member_type: VOTER last_known_addr { host: "127.26.245.195" port: 43649 } }
I20260710 13:25:20.795640 28493 raft_consensus.cc:2804] T eecfdda7d5304967aada9577ff95a033 P f12e424f48654a408d8caa7653ffacc4 [term 1 FOLLOWER]: Leader election won for term 1
I20260710 13:25:20.803004 28459 raft_consensus.cc:385] T 6b5a3a6c4e58436a84841237a43e0f82 P eb107b4e821144599db4b8b9dfb9076c [term 0 FOLLOWER]: Consensus starting up: Expiring failure detector timer to make a prompt election more likely
I20260710 13:25:20.803565 28459 raft_consensus.cc:740] T 6b5a3a6c4e58436a84841237a43e0f82 P eb107b4e821144599db4b8b9dfb9076c [term 0 FOLLOWER]: Becoming Follower/Learner. State: Replica: eb107b4e821144599db4b8b9dfb9076c, State: Initialized, Role: FOLLOWER
I20260710 13:25:20.803716 28493 raft_consensus.cc:697] T eecfdda7d5304967aada9577ff95a033 P f12e424f48654a408d8caa7653ffacc4 [term 1 LEADER]: Becoming Leader. State: Replica: f12e424f48654a408d8caa7653ffacc4, State: Running, Role: LEADER
I20260710 13:25:20.804843 28459 consensus_queue.cc:260] T 6b5a3a6c4e58436a84841237a43e0f82 P eb107b4e821144599db4b8b9dfb9076c [NON_LEADER]: Queue going to NON_LEADER mode. State: All replicated index: 0, Majority replicated index: 0, Committed index: 0, Last appended: 0.0, Last appended by leader: 0, Current term: 0, Majority size: -1, State: 0, Mode: NON_LEADER, active raft config: opid_index: -1 OBSOLETE_local: false peers { permanent_uuid: "a142ea5ce4144c639e337da29adb9eed" member_type: VOTER last_known_addr { host: "127.26.245.193" port: 41251 } } peers { permanent_uuid: "f12e424f48654a408d8caa7653ffacc4" member_type: VOTER last_known_addr { host: "127.26.245.194" port: 39955 } } peers { permanent_uuid: "eb107b4e821144599db4b8b9dfb9076c" member_type: VOTER last_known_addr { host: "127.26.245.195" port: 43649 } }
I20260710 13:25:20.805131 28493 consensus_queue.cc:237] T eecfdda7d5304967aada9577ff95a033 P f12e424f48654a408d8caa7653ffacc4 [LEADER]: Queue going to LEADER mode. State: All replicated index: 0, Majority replicated index: 0, Committed index: 0, Last appended: 0.0, Last appended by leader: 0, Current term: 1, Majority size: 2, State: 0, Mode: LEADER, active raft config: opid_index: -1 OBSOLETE_local: false peers { permanent_uuid: "a142ea5ce4144c639e337da29adb9eed" member_type: VOTER last_known_addr { host: "127.26.245.193" port: 41251 } } peers { permanent_uuid: "f12e424f48654a408d8caa7653ffacc4" member_type: VOTER last_known_addr { host: "127.26.245.194" port: 39955 } } peers { permanent_uuid: "eb107b4e821144599db4b8b9dfb9076c" member_type: VOTER last_known_addr { host: "127.26.245.195" port: 43649 } }
I20260710 13:25:20.808269 28459 ts_tablet_manager.cc:1434] T 6b5a3a6c4e58436a84841237a43e0f82 P eb107b4e821144599db4b8b9dfb9076c: Time spent starting tablet: real 0.018s	user 0.007s	sys 0.002s
I20260710 13:25:20.809957 28459 tablet_bootstrap.cc:492] T 102ee9d9d5d4473eb6e6a6e4e928050e P eb107b4e821144599db4b8b9dfb9076c: Bootstrap starting.
I20260710 13:25:20.800593 28266 raft_consensus.cc:2468] T d5624bed56294390ae97961c55210414 P a142ea5ce4144c639e337da29adb9eed [term 1 FOLLOWER]: Leader election vote request: Granting yes vote for candidate eb107b4e821144599db4b8b9dfb9076c in term 1.
I20260710 13:25:20.802274 28265 raft_consensus.cc:2468] T dc6164028e724cff8d3149fd25b60680 P a142ea5ce4144c639e337da29adb9eed [term 1 FOLLOWER]: Leader election vote request: Granting yes vote for candidate f12e424f48654a408d8caa7653ffacc4 in term 1.
I20260710 13:25:20.813504 28455 tablet_bootstrap.cc:492] T 6b5a3a6c4e58436a84841237a43e0f82 P f12e424f48654a408d8caa7653ffacc4: No bootstrap required, opened a new log
I20260710 13:25:20.814460 28455 ts_tablet_manager.cc:1403] T 6b5a3a6c4e58436a84841237a43e0f82 P f12e424f48654a408d8caa7653ffacc4: Time spent bootstrapping tablet: real 0.071s	user 0.023s	sys 0.028s
I20260710 13:25:20.815696 28457 tablet_bootstrap.cc:492] T cec54620d5404730aedb4134e51a9072 P a142ea5ce4144c639e337da29adb9eed: No bootstrap required, opened a new log
I20260710 13:25:20.815481 28379 leader_election.cc:304] T d5624bed56294390ae97961c55210414 P eb107b4e821144599db4b8b9dfb9076c [CANDIDATE]: Term 1 election: Election decided. Result: candidate won. Election summary: received 3 responses out of 3 voters: 2 yes votes; 1 no votes. yes voters: a142ea5ce4144c639e337da29adb9eed, eb107b4e821144599db4b8b9dfb9076c; no voters: f12e424f48654a408d8caa7653ffacc4
I20260710 13:25:20.816274 28305 leader_election.cc:304] T dc6164028e724cff8d3149fd25b60680 P f12e424f48654a408d8caa7653ffacc4 [CANDIDATE]: Term 1 election: Election decided. Result: candidate won. Election summary: received 3 responses out of 3 voters: 2 yes votes; 1 no votes. yes voters: a142ea5ce4144c639e337da29adb9eed, f12e424f48654a408d8caa7653ffacc4; no voters: eb107b4e821144599db4b8b9dfb9076c
I20260710 13:25:20.817582 28464 raft_consensus.cc:2804] T d5624bed56294390ae97961c55210414 P eb107b4e821144599db4b8b9dfb9076c [term 1 FOLLOWER]: Leader election won for term 1
I20260710 13:25:20.817763 28459 tablet_bootstrap.cc:654] T 102ee9d9d5d4473eb6e6a6e4e928050e P eb107b4e821144599db4b8b9dfb9076c: Neither blocks nor log segments found. Creating new log.
I20260710 13:25:20.817881 28488 raft_consensus.cc:2804] T dc6164028e724cff8d3149fd25b60680 P f12e424f48654a408d8caa7653ffacc4 [term 1 FOLLOWER]: Leader election won for term 1
I20260710 13:25:20.818197 28464 raft_consensus.cc:697] T d5624bed56294390ae97961c55210414 P eb107b4e821144599db4b8b9dfb9076c [term 1 LEADER]: Becoming Leader. State: Replica: eb107b4e821144599db4b8b9dfb9076c, State: Running, Role: LEADER
I20260710 13:25:20.818488 28488 raft_consensus.cc:697] T dc6164028e724cff8d3149fd25b60680 P f12e424f48654a408d8caa7653ffacc4 [term 1 LEADER]: Becoming Leader. State: Replica: f12e424f48654a408d8caa7653ffacc4, State: Running, Role: LEADER
I20260710 13:25:20.818667 28455 raft_consensus.cc:359] T 6b5a3a6c4e58436a84841237a43e0f82 P f12e424f48654a408d8caa7653ffacc4 [term 0 FOLLOWER]: Replica starting. Triggering 0 pending ops. Active config: opid_index: -1 OBSOLETE_local: false peers { permanent_uuid: "a142ea5ce4144c639e337da29adb9eed" member_type: VOTER last_known_addr { host: "127.26.245.193" port: 41251 } } peers { permanent_uuid: "f12e424f48654a408d8caa7653ffacc4" member_type: VOTER last_known_addr { host: "127.26.245.194" port: 39955 } } peers { permanent_uuid: "eb107b4e821144599db4b8b9dfb9076c" member_type: VOTER last_known_addr { host: "127.26.245.195" port: 43649 } }
I20260710 13:25:20.819582 28455 raft_consensus.cc:385] T 6b5a3a6c4e58436a84841237a43e0f82 P f12e424f48654a408d8caa7653ffacc4 [term 0 FOLLOWER]: Consensus starting up: Expiring failure detector timer to make a prompt election more likely
I20260710 13:25:20.819130 28464 consensus_queue.cc:237] T d5624bed56294390ae97961c55210414 P eb107b4e821144599db4b8b9dfb9076c [LEADER]: Queue going to LEADER mode. State: All replicated index: 0, Majority replicated index: 0, Committed index: 0, Last appended: 0.0, Last appended by leader: 0, Current term: 1, Majority size: 2, State: 0, Mode: LEADER, active raft config: opid_index: -1 OBSOLETE_local: false peers { permanent_uuid: "a142ea5ce4144c639e337da29adb9eed" member_type: VOTER last_known_addr { host: "127.26.245.193" port: 41251 } } peers { permanent_uuid: "f12e424f48654a408d8caa7653ffacc4" member_type: VOTER last_known_addr { host: "127.26.245.194" port: 39955 } } peers { permanent_uuid: "eb107b4e821144599db4b8b9dfb9076c" member_type: VOTER last_known_addr { host: "127.26.245.195" port: 43649 } }
I20260710 13:25:20.819337 28488 consensus_queue.cc:237] T dc6164028e724cff8d3149fd25b60680 P f12e424f48654a408d8caa7653ffacc4 [LEADER]: Queue going to LEADER mode. State: All replicated index: 0, Majority replicated index: 0, Committed index: 0, Last appended: 0.0, Last appended by leader: 0, Current term: 1, Majority size: 2, State: 0, Mode: LEADER, active raft config: opid_index: -1 OBSOLETE_local: false peers { permanent_uuid: "f12e424f48654a408d8caa7653ffacc4" member_type: VOTER last_known_addr { host: "127.26.245.194" port: 39955 } } peers { permanent_uuid: "eb107b4e821144599db4b8b9dfb9076c" member_type: VOTER last_known_addr { host: "127.26.245.195" port: 43649 } } peers { permanent_uuid: "a142ea5ce4144c639e337da29adb9eed" member_type: VOTER last_known_addr { host: "127.26.245.193" port: 41251 } }
I20260710 13:25:20.819921 28455 raft_consensus.cc:740] T 6b5a3a6c4e58436a84841237a43e0f82 P f12e424f48654a408d8caa7653ffacc4 [term 0 FOLLOWER]: Becoming Follower/Learner. State: Replica: f12e424f48654a408d8caa7653ffacc4, State: Initialized, Role: FOLLOWER
I20260710 13:25:20.816282 28457 ts_tablet_manager.cc:1403] T cec54620d5404730aedb4134e51a9072 P a142ea5ce4144c639e337da29adb9eed: Time spent bootstrapping tablet: real 0.069s	user 0.022s	sys 0.006s
I20260710 13:25:20.821081 28455 consensus_queue.cc:260] T 6b5a3a6c4e58436a84841237a43e0f82 P f12e424f48654a408d8caa7653ffacc4 [NON_LEADER]: Queue going to NON_LEADER mode. State: All replicated index: 0, Majority replicated index: 0, Committed index: 0, Last appended: 0.0, Last appended by leader: 0, Current term: 0, Majority size: -1, State: 0, Mode: NON_LEADER, active raft config: opid_index: -1 OBSOLETE_local: false peers { permanent_uuid: "a142ea5ce4144c639e337da29adb9eed" member_type: VOTER last_known_addr { host: "127.26.245.193" port: 41251 } } peers { permanent_uuid: "f12e424f48654a408d8caa7653ffacc4" member_type: VOTER last_known_addr { host: "127.26.245.194" port: 39955 } } peers { permanent_uuid: "eb107b4e821144599db4b8b9dfb9076c" member_type: VOTER last_known_addr { host: "127.26.245.195" port: 43649 } }
I20260710 13:25:20.824693 28457 raft_consensus.cc:359] T cec54620d5404730aedb4134e51a9072 P a142ea5ce4144c639e337da29adb9eed [term 0 FOLLOWER]: Replica starting. Triggering 0 pending ops. Active config: opid_index: -1 OBSOLETE_local: false peers { permanent_uuid: "a142ea5ce4144c639e337da29adb9eed" member_type: VOTER last_known_addr { host: "127.26.245.193" port: 41251 } } peers { permanent_uuid: "f12e424f48654a408d8caa7653ffacc4" member_type: VOTER last_known_addr { host: "127.26.245.194" port: 39955 } } peers { permanent_uuid: "eb107b4e821144599db4b8b9dfb9076c" member_type: VOTER last_known_addr { host: "127.26.245.195" port: 43649 } }
I20260710 13:25:20.825251 28455 ts_tablet_manager.cc:1434] T 6b5a3a6c4e58436a84841237a43e0f82 P f12e424f48654a408d8caa7653ffacc4: Time spent starting tablet: real 0.010s	user 0.005s	sys 0.002s
I20260710 13:25:20.825543 28457 raft_consensus.cc:385] T cec54620d5404730aedb4134e51a9072 P a142ea5ce4144c639e337da29adb9eed [term 0 FOLLOWER]: Consensus starting up: Expiring failure detector timer to make a prompt election more likely
I20260710 13:25:20.825908 28457 raft_consensus.cc:740] T cec54620d5404730aedb4134e51a9072 P a142ea5ce4144c639e337da29adb9eed [term 0 FOLLOWER]: Becoming Follower/Learner. State: Replica: a142ea5ce4144c639e337da29adb9eed, State: Initialized, Role: FOLLOWER
I20260710 13:25:20.826915 28455 tablet_bootstrap.cc:492] T d5624bed56294390ae97961c55210414 P f12e424f48654a408d8caa7653ffacc4: Bootstrap starting.
I20260710 13:25:20.829892 28457 consensus_queue.cc:260] T cec54620d5404730aedb4134e51a9072 P a142ea5ce4144c639e337da29adb9eed [NON_LEADER]: Queue going to NON_LEADER mode. State: All replicated index: 0, Majority replicated index: 0, Committed index: 0, Last appended: 0.0, Last appended by leader: 0, Current term: 0, Majority size: -1, State: 0, Mode: NON_LEADER, active raft config: opid_index: -1 OBSOLETE_local: false peers { permanent_uuid: "a142ea5ce4144c639e337da29adb9eed" member_type: VOTER last_known_addr { host: "127.26.245.193" port: 41251 } } peers { permanent_uuid: "f12e424f48654a408d8caa7653ffacc4" member_type: VOTER last_known_addr { host: "127.26.245.194" port: 39955 } } peers { permanent_uuid: "eb107b4e821144599db4b8b9dfb9076c" member_type: VOTER last_known_addr { host: "127.26.245.195" port: 43649 } }
I20260710 13:25:20.836146 28455 tablet_bootstrap.cc:654] T d5624bed56294390ae97961c55210414 P f12e424f48654a408d8caa7653ffacc4: Neither blocks nor log segments found. Creating new log.
I20260710 13:25:20.841430 28457 ts_tablet_manager.cc:1434] T cec54620d5404730aedb4134e51a9072 P a142ea5ce4144c639e337da29adb9eed: Time spent starting tablet: real 0.019s	user 0.008s	sys 0.000s
I20260710 13:25:20.843431 28455 tablet_bootstrap.cc:492] T d5624bed56294390ae97961c55210414 P f12e424f48654a408d8caa7653ffacc4: No bootstrap required, opened a new log
I20260710 13:25:20.844050 28455 ts_tablet_manager.cc:1403] T d5624bed56294390ae97961c55210414 P f12e424f48654a408d8caa7653ffacc4: Time spent bootstrapping tablet: real 0.017s	user 0.012s	sys 0.003s
I20260710 13:25:20.844405 28457 tablet_bootstrap.cc:492] T 102ee9d9d5d4473eb6e6a6e4e928050e P a142ea5ce4144c639e337da29adb9eed: Bootstrap starting.
I20260710 13:25:20.844424 28459 tablet_bootstrap.cc:492] T 102ee9d9d5d4473eb6e6a6e4e928050e P eb107b4e821144599db4b8b9dfb9076c: No bootstrap required, opened a new log
I20260710 13:25:20.846325 28455 raft_consensus.cc:359] T d5624bed56294390ae97961c55210414 P f12e424f48654a408d8caa7653ffacc4 [term 0 FOLLOWER]: Replica starting. Triggering 0 pending ops. Active config: opid_index: -1 OBSOLETE_local: false peers { permanent_uuid: "a142ea5ce4144c639e337da29adb9eed" member_type: VOTER last_known_addr { host: "127.26.245.193" port: 41251 } } peers { permanent_uuid: "f12e424f48654a408d8caa7653ffacc4" member_type: VOTER last_known_addr { host: "127.26.245.194" port: 39955 } } peers { permanent_uuid: "eb107b4e821144599db4b8b9dfb9076c" member_type: VOTER last_known_addr { host: "127.26.245.195" port: 43649 } }
I20260710 13:25:20.850718 28455 raft_consensus.cc:385] T d5624bed56294390ae97961c55210414 P f12e424f48654a408d8caa7653ffacc4 [term 0 FOLLOWER]: Consensus starting up: Expiring failure detector timer to make a prompt election more likely
I20260710 13:25:20.851166 28455 raft_consensus.cc:740] T d5624bed56294390ae97961c55210414 P f12e424f48654a408d8caa7653ffacc4 [term 0 FOLLOWER]: Becoming Follower/Learner. State: Replica: f12e424f48654a408d8caa7653ffacc4, State: Initialized, Role: FOLLOWER
I20260710 13:25:20.852133 28455 consensus_queue.cc:260] T d5624bed56294390ae97961c55210414 P f12e424f48654a408d8caa7653ffacc4 [NON_LEADER]: Queue going to NON_LEADER mode. State: All replicated index: 0, Majority replicated index: 0, Committed index: 0, Last appended: 0.0, Last appended by leader: 0, Current term: 0, Majority size: -1, State: 0, Mode: NON_LEADER, active raft config: opid_index: -1 OBSOLETE_local: false peers { permanent_uuid: "a142ea5ce4144c639e337da29adb9eed" member_type: VOTER last_known_addr { host: "127.26.245.193" port: 41251 } } peers { permanent_uuid: "f12e424f48654a408d8caa7653ffacc4" member_type: VOTER last_known_addr { host: "127.26.245.194" port: 39955 } } peers { permanent_uuid: "eb107b4e821144599db4b8b9dfb9076c" member_type: VOTER last_known_addr { host: "127.26.245.195" port: 43649 } }
I20260710 13:25:20.854292 28455 ts_tablet_manager.cc:1434] T d5624bed56294390ae97961c55210414 P f12e424f48654a408d8caa7653ffacc4: Time spent starting tablet: real 0.010s	user 0.004s	sys 0.000s
I20260710 13:25:20.855756 28455 tablet_bootstrap.cc:492] T 7ae928b147364a129c8f0b4fe82a1de7 P f12e424f48654a408d8caa7653ffacc4: Bootstrap starting.
I20260710 13:25:20.857195 28457 tablet_bootstrap.cc:654] T 102ee9d9d5d4473eb6e6a6e4e928050e P a142ea5ce4144c639e337da29adb9eed: Neither blocks nor log segments found. Creating new log.
I20260710 13:25:20.856734 28459 ts_tablet_manager.cc:1403] T 102ee9d9d5d4473eb6e6a6e4e928050e P eb107b4e821144599db4b8b9dfb9076c: Time spent bootstrapping tablet: real 0.047s	user 0.017s	sys 0.006s
I20260710 13:25:20.866277 28457 tablet_bootstrap.cc:492] T 102ee9d9d5d4473eb6e6a6e4e928050e P a142ea5ce4144c639e337da29adb9eed: No bootstrap required, opened a new log
I20260710 13:25:20.866809 28457 ts_tablet_manager.cc:1403] T 102ee9d9d5d4473eb6e6a6e4e928050e P a142ea5ce4144c639e337da29adb9eed: Time spent bootstrapping tablet: real 0.023s	user 0.014s	sys 0.000s
I20260710 13:25:20.868975 28459 raft_consensus.cc:359] T 102ee9d9d5d4473eb6e6a6e4e928050e P eb107b4e821144599db4b8b9dfb9076c [term 0 FOLLOWER]: Replica starting. Triggering 0 pending ops. Active config: opid_index: -1 OBSOLETE_local: false peers { permanent_uuid: "a142ea5ce4144c639e337da29adb9eed" member_type: VOTER last_known_addr { host: "127.26.245.193" port: 41251 } } peers { permanent_uuid: "f12e424f48654a408d8caa7653ffacc4" member_type: VOTER last_known_addr { host: "127.26.245.194" port: 39955 } } peers { permanent_uuid: "eb107b4e821144599db4b8b9dfb9076c" member_type: VOTER last_known_addr { host: "127.26.245.195" port: 43649 } }
I20260710 13:25:20.869856 28459 raft_consensus.cc:385] T 102ee9d9d5d4473eb6e6a6e4e928050e P eb107b4e821144599db4b8b9dfb9076c [term 0 FOLLOWER]: Consensus starting up: Expiring failure detector timer to make a prompt election more likely
I20260710 13:25:20.869621 28457 raft_consensus.cc:359] T 102ee9d9d5d4473eb6e6a6e4e928050e P a142ea5ce4144c639e337da29adb9eed [term 0 FOLLOWER]: Replica starting. Triggering 0 pending ops. Active config: opid_index: -1 OBSOLETE_local: false peers { permanent_uuid: "a142ea5ce4144c639e337da29adb9eed" member_type: VOTER last_known_addr { host: "127.26.245.193" port: 41251 } } peers { permanent_uuid: "f12e424f48654a408d8caa7653ffacc4" member_type: VOTER last_known_addr { host: "127.26.245.194" port: 39955 } } peers { permanent_uuid: "eb107b4e821144599db4b8b9dfb9076c" member_type: VOTER last_known_addr { host: "127.26.245.195" port: 43649 } }
I20260710 13:25:20.869354 28164 catalog_manager.cc:5697] T d5624bed56294390ae97961c55210414 P eb107b4e821144599db4b8b9dfb9076c reported cstate change: term changed from 0 to 1, leader changed from <none> to eb107b4e821144599db4b8b9dfb9076c (127.26.245.195). New cstate: current_term: 1 leader_uuid: "eb107b4e821144599db4b8b9dfb9076c" committed_config { opid_index: -1 OBSOLETE_local: false peers { permanent_uuid: "a142ea5ce4144c639e337da29adb9eed" member_type: VOTER last_known_addr { host: "127.26.245.193" port: 41251 } health_report { overall_health: UNKNOWN } } peers { permanent_uuid: "f12e424f48654a408d8caa7653ffacc4" member_type: VOTER last_known_addr { host: "127.26.245.194" port: 39955 } health_report { overall_health: UNKNOWN } } peers { permanent_uuid: "eb107b4e821144599db4b8b9dfb9076c" member_type: VOTER last_known_addr { host: "127.26.245.195" port: 43649 } health_report { overall_health: HEALTHY } } }
I20260710 13:25:20.870244 28459 raft_consensus.cc:740] T 102ee9d9d5d4473eb6e6a6e4e928050e P eb107b4e821144599db4b8b9dfb9076c [term 0 FOLLOWER]: Becoming Follower/Learner. State: Replica: eb107b4e821144599db4b8b9dfb9076c, State: Initialized, Role: FOLLOWER
I20260710 13:25:20.870507 28457 raft_consensus.cc:385] T 102ee9d9d5d4473eb6e6a6e4e928050e P a142ea5ce4144c639e337da29adb9eed [term 0 FOLLOWER]: Consensus starting up: Expiring failure detector timer to make a prompt election more likely
I20260710 13:25:20.871127 28457 raft_consensus.cc:740] T 102ee9d9d5d4473eb6e6a6e4e928050e P a142ea5ce4144c639e337da29adb9eed [term 0 FOLLOWER]: Becoming Follower/Learner. State: Replica: a142ea5ce4144c639e337da29adb9eed, State: Initialized, Role: FOLLOWER
I20260710 13:25:20.871721 28463 raft_consensus.cc:493] T 6b5a3a6c4e58436a84841237a43e0f82 P a142ea5ce4144c639e337da29adb9eed [term 0 FOLLOWER]: Starting pre-election (no leader contacted us within the election timeout)
I20260710 13:25:20.872325 28463 raft_consensus.cc:515] T 6b5a3a6c4e58436a84841237a43e0f82 P a142ea5ce4144c639e337da29adb9eed [term 0 FOLLOWER]: Starting pre-election with config: opid_index: -1 OBSOLETE_local: false peers { permanent_uuid: "a142ea5ce4144c639e337da29adb9eed" member_type: VOTER last_known_addr { host: "127.26.245.193" port: 41251 } } peers { permanent_uuid: "f12e424f48654a408d8caa7653ffacc4" member_type: VOTER last_known_addr { host: "127.26.245.194" port: 39955 } } peers { permanent_uuid: "eb107b4e821144599db4b8b9dfb9076c" member_type: VOTER last_known_addr { host: "127.26.245.195" port: 43649 } }
I20260710 13:25:20.872408 28457 consensus_queue.cc:260] T 102ee9d9d5d4473eb6e6a6e4e928050e P a142ea5ce4144c639e337da29adb9eed [NON_LEADER]: Queue going to NON_LEADER mode. State: All replicated index: 0, Majority replicated index: 0, Committed index: 0, Last appended: 0.0, Last appended by leader: 0, Current term: 0, Majority size: -1, State: 0, Mode: NON_LEADER, active raft config: opid_index: -1 OBSOLETE_local: false peers { permanent_uuid: "a142ea5ce4144c639e337da29adb9eed" member_type: VOTER last_known_addr { host: "127.26.245.193" port: 41251 } } peers { permanent_uuid: "f12e424f48654a408d8caa7653ffacc4" member_type: VOTER last_known_addr { host: "127.26.245.194" port: 39955 } } peers { permanent_uuid: "eb107b4e821144599db4b8b9dfb9076c" member_type: VOTER last_known_addr { host: "127.26.245.195" port: 43649 } }
I20260710 13:25:20.872908 28464 raft_consensus.cc:493] T cec54620d5404730aedb4134e51a9072 P eb107b4e821144599db4b8b9dfb9076c [term 0 FOLLOWER]: Starting pre-election (no leader contacted us within the election timeout)
I20260710 13:25:20.873535 28464 raft_consensus.cc:515] T cec54620d5404730aedb4134e51a9072 P eb107b4e821144599db4b8b9dfb9076c [term 0 FOLLOWER]: Starting pre-election with config: opid_index: -1 OBSOLETE_local: false peers { permanent_uuid: "a142ea5ce4144c639e337da29adb9eed" member_type: VOTER last_known_addr { host: "127.26.245.193" port: 41251 } } peers { permanent_uuid: "f12e424f48654a408d8caa7653ffacc4" member_type: VOTER last_known_addr { host: "127.26.245.194" port: 39955 } } peers { permanent_uuid: "eb107b4e821144599db4b8b9dfb9076c" member_type: VOTER last_known_addr { host: "127.26.245.195" port: 43649 } }
I20260710 13:25:20.871908 28459 consensus_queue.cc:260] T 102ee9d9d5d4473eb6e6a6e4e928050e P eb107b4e821144599db4b8b9dfb9076c [NON_LEADER]: Queue going to NON_LEADER mode. State: All replicated index: 0, Majority replicated index: 0, Committed index: 0, Last appended: 0.0, Last appended by leader: 0, Current term: 0, Majority size: -1, State: 0, Mode: NON_LEADER, active raft config: opid_index: -1 OBSOLETE_local: false peers { permanent_uuid: "a142ea5ce4144c639e337da29adb9eed" member_type: VOTER last_known_addr { host: "127.26.245.193" port: 41251 } } peers { permanent_uuid: "f12e424f48654a408d8caa7653ffacc4" member_type: VOTER last_known_addr { host: "127.26.245.194" port: 39955 } } peers { permanent_uuid: "eb107b4e821144599db4b8b9dfb9076c" member_type: VOTER last_known_addr { host: "127.26.245.195" port: 43649 } }
I20260710 13:25:20.876166 28464 leader_election.cc:290] T cec54620d5404730aedb4134e51a9072 P eb107b4e821144599db4b8b9dfb9076c [CANDIDATE]: Term 1 pre-election: Requested pre-vote from peers a142ea5ce4144c639e337da29adb9eed (127.26.245.193:41251), f12e424f48654a408d8caa7653ffacc4 (127.26.245.194:39955)
I20260710 13:25:20.874774 28463 leader_election.cc:290] T 6b5a3a6c4e58436a84841237a43e0f82 P a142ea5ce4144c639e337da29adb9eed [CANDIDATE]: Term 1 pre-election: Requested pre-vote from peers f12e424f48654a408d8caa7653ffacc4 (127.26.245.194:39955), eb107b4e821144599db4b8b9dfb9076c (127.26.245.195:43649)
I20260710 13:25:20.877328 28266 tablet_service.cc:1917] Received RequestConsensusVote() RPC: tablet_id: "cec54620d5404730aedb4134e51a9072" candidate_uuid: "eb107b4e821144599db4b8b9dfb9076c" candidate_term: 1 candidate_status { last_received { term: 0 index: 0 } } ignore_live_leader: false dest_uuid: "a142ea5ce4144c639e337da29adb9eed" is_pre_election: true
I20260710 13:25:20.877952 28266 raft_consensus.cc:2468] T cec54620d5404730aedb4134e51a9072 P a142ea5ce4144c639e337da29adb9eed [term 0 FOLLOWER]: Leader pre-election vote request: Granting yes vote for candidate eb107b4e821144599db4b8b9dfb9076c in term 0.
I20260710 13:25:20.876425 28415 tablet_service.cc:1917] Received RequestConsensusVote() RPC: tablet_id: "6b5a3a6c4e58436a84841237a43e0f82" candidate_uuid: "a142ea5ce4144c639e337da29adb9eed" candidate_term: 1 candidate_status { last_received { term: 0 index: 0 } } ignore_live_leader: false dest_uuid: "eb107b4e821144599db4b8b9dfb9076c" is_pre_election: true
I20260710 13:25:20.878250 28341 tablet_service.cc:1917] Received RequestConsensusVote() RPC: tablet_id: "6b5a3a6c4e58436a84841237a43e0f82" candidate_uuid: "a142ea5ce4144c639e337da29adb9eed" candidate_term: 1 candidate_status { last_received { term: 0 index: 0 } } ignore_live_leader: false dest_uuid: "f12e424f48654a408d8caa7653ffacc4" is_pre_election: true
I20260710 13:25:20.878957 28415 raft_consensus.cc:2468] T 6b5a3a6c4e58436a84841237a43e0f82 P eb107b4e821144599db4b8b9dfb9076c [term 0 FOLLOWER]: Leader pre-election vote request: Granting yes vote for candidate a142ea5ce4144c639e337da29adb9eed in term 0.
I20260710 13:25:20.879104 28341 raft_consensus.cc:2468] T 6b5a3a6c4e58436a84841237a43e0f82 P f12e424f48654a408d8caa7653ffacc4 [term 0 FOLLOWER]: Leader pre-election vote request: Granting yes vote for candidate a142ea5ce4144c639e337da29adb9eed in term 0.
I20260710 13:25:20.882215 28459 ts_tablet_manager.cc:1434] T 102ee9d9d5d4473eb6e6a6e4e928050e P eb107b4e821144599db4b8b9dfb9076c: Time spent starting tablet: real 0.020s	user 0.006s	sys 0.001s
I20260710 13:25:20.883533 28459 tablet_bootstrap.cc:492] T a737b01df5b543e792b6ad827e1d03e3 P eb107b4e821144599db4b8b9dfb9076c: Bootstrap starting.
I20260710 13:25:20.883472 28232 leader_election.cc:304] T 6b5a3a6c4e58436a84841237a43e0f82 P a142ea5ce4144c639e337da29adb9eed [CANDIDATE]: Term 1 pre-election: Election decided. Result: candidate won. Election summary: received 2 responses out of 3 voters: 2 yes votes; 0 no votes. yes voters: a142ea5ce4144c639e337da29adb9eed, f12e424f48654a408d8caa7653ffacc4; no voters: 
I20260710 13:25:20.884217 28379 leader_election.cc:304] T cec54620d5404730aedb4134e51a9072 P eb107b4e821144599db4b8b9dfb9076c [CANDIDATE]: Term 1 pre-election: Election decided. Result: candidate won. Election summary: received 2 responses out of 3 voters: 2 yes votes; 0 no votes. yes voters: a142ea5ce4144c639e337da29adb9eed, eb107b4e821144599db4b8b9dfb9076c; no voters: 
I20260710 13:25:20.885021 28464 raft_consensus.cc:2804] T cec54620d5404730aedb4134e51a9072 P eb107b4e821144599db4b8b9dfb9076c [term 0 FOLLOWER]: Leader pre-election won for term 1
I20260710 13:25:20.885385 28464 raft_consensus.cc:493] T cec54620d5404730aedb4134e51a9072 P eb107b4e821144599db4b8b9dfb9076c [term 0 FOLLOWER]: Starting leader election (no leader contacted us within the election timeout)
I20260710 13:25:20.885728 28464 raft_consensus.cc:3060] T cec54620d5404730aedb4134e51a9072 P eb107b4e821144599db4b8b9dfb9076c [term 0 FOLLOWER]: Advancing to term 1
I20260710 13:25:20.885646 28341 tablet_service.cc:1917] Received RequestConsensusVote() RPC: tablet_id: "cec54620d5404730aedb4134e51a9072" candidate_uuid: "eb107b4e821144599db4b8b9dfb9076c" candidate_term: 1 candidate_status { last_received { term: 0 index: 0 } } ignore_live_leader: false dest_uuid: "f12e424f48654a408d8caa7653ffacc4" is_pre_election: true
I20260710 13:25:20.886336 28341 raft_consensus.cc:2468] T cec54620d5404730aedb4134e51a9072 P f12e424f48654a408d8caa7653ffacc4 [term 0 FOLLOWER]: Leader pre-election vote request: Granting yes vote for candidate eb107b4e821144599db4b8b9dfb9076c in term 0.
I20260710 13:25:20.871083 28493 raft_consensus.cc:493] T a737b01df5b543e792b6ad827e1d03e3 P f12e424f48654a408d8caa7653ffacc4 [term 0 FOLLOWER]: Starting pre-election (no leader contacted us within the election timeout)
I20260710 13:25:20.889719 28493 raft_consensus.cc:515] T a737b01df5b543e792b6ad827e1d03e3 P f12e424f48654a408d8caa7653ffacc4 [term 0 FOLLOWER]: Starting pre-election with config: opid_index: -1 OBSOLETE_local: false peers { permanent_uuid: "a142ea5ce4144c639e337da29adb9eed" member_type: VOTER last_known_addr { host: "127.26.245.193" port: 41251 } } peers { permanent_uuid: "f12e424f48654a408d8caa7653ffacc4" member_type: VOTER last_known_addr { host: "127.26.245.194" port: 39955 } } peers { permanent_uuid: "eb107b4e821144599db4b8b9dfb9076c" member_type: VOTER last_known_addr { host: "127.26.245.195" port: 43649 } }
I20260710 13:25:20.893385 28455 tablet_bootstrap.cc:654] T 7ae928b147364a129c8f0b4fe82a1de7 P f12e424f48654a408d8caa7653ffacc4: Neither blocks nor log segments found. Creating new log.
I20260710 13:25:20.896471 28415 tablet_service.cc:1917] Received RequestConsensusVote() RPC: tablet_id: "a737b01df5b543e792b6ad827e1d03e3" candidate_uuid: "f12e424f48654a408d8caa7653ffacc4" candidate_term: 1 candidate_status { last_received { term: 0 index: 0 } } ignore_live_leader: false dest_uuid: "eb107b4e821144599db4b8b9dfb9076c" is_pre_election: true
I20260710 13:25:20.896824 28463 raft_consensus.cc:2804] T 6b5a3a6c4e58436a84841237a43e0f82 P a142ea5ce4144c639e337da29adb9eed [term 0 FOLLOWER]: Leader pre-election won for term 1
I20260710 13:25:20.897210 28266 tablet_service.cc:1917] Received RequestConsensusVote() RPC: tablet_id: "a737b01df5b543e792b6ad827e1d03e3" candidate_uuid: "f12e424f48654a408d8caa7653ffacc4" candidate_term: 1 candidate_status { last_received { term: 0 index: 0 } } ignore_live_leader: false dest_uuid: "a142ea5ce4144c639e337da29adb9eed" is_pre_election: true
I20260710 13:25:20.897706 28463 raft_consensus.cc:493] T 6b5a3a6c4e58436a84841237a43e0f82 P a142ea5ce4144c639e337da29adb9eed [term 0 FOLLOWER]: Starting leader election (no leader contacted us within the election timeout)
I20260710 13:25:20.897987 28266 raft_consensus.cc:2468] T a737b01df5b543e792b6ad827e1d03e3 P a142ea5ce4144c639e337da29adb9eed [term 0 FOLLOWER]: Leader pre-election vote request: Granting yes vote for candidate f12e424f48654a408d8caa7653ffacc4 in term 0.
I20260710 13:25:20.898303 28463 raft_consensus.cc:3060] T 6b5a3a6c4e58436a84841237a43e0f82 P a142ea5ce4144c639e337da29adb9eed [term 0 FOLLOWER]: Advancing to term 1
W20260710 13:25:20.898836 28306 leader_election.cc:343] T a737b01df5b543e792b6ad827e1d03e3 P f12e424f48654a408d8caa7653ffacc4 [CANDIDATE]: Term 1 pre-election: Tablet error from VoteRequest() call to peer eb107b4e821144599db4b8b9dfb9076c (127.26.245.195:43649): Illegal state: must be running to vote when last-logged opid is not known
I20260710 13:25:20.897027 28493 leader_election.cc:290] T a737b01df5b543e792b6ad827e1d03e3 P f12e424f48654a408d8caa7653ffacc4 [CANDIDATE]: Term 1 pre-election: Requested pre-vote from peers a142ea5ce4144c639e337da29adb9eed (127.26.245.193:41251), eb107b4e821144599db4b8b9dfb9076c (127.26.245.195:43649)
I20260710 13:25:20.899749 28305 leader_election.cc:304] T a737b01df5b543e792b6ad827e1d03e3 P f12e424f48654a408d8caa7653ffacc4 [CANDIDATE]: Term 1 pre-election: Election decided. Result: candidate won. Election summary: received 3 responses out of 3 voters: 2 yes votes; 1 no votes. yes voters: a142ea5ce4144c639e337da29adb9eed, f12e424f48654a408d8caa7653ffacc4; no voters: eb107b4e821144599db4b8b9dfb9076c
I20260710 13:25:20.901057 28457 ts_tablet_manager.cc:1434] T 102ee9d9d5d4473eb6e6a6e4e928050e P a142ea5ce4144c639e337da29adb9eed: Time spent starting tablet: real 0.034s	user 0.017s	sys 0.007s
I20260710 13:25:20.902084 28457 tablet_bootstrap.cc:492] T bc9c7791dfda422ba7d3a82519fdb9cb P a142ea5ce4144c639e337da29adb9eed: Bootstrap starting.
I20260710 13:25:20.905041 28493 raft_consensus.cc:2804] T a737b01df5b543e792b6ad827e1d03e3 P f12e424f48654a408d8caa7653ffacc4 [term 0 FOLLOWER]: Leader pre-election won for term 1
I20260710 13:25:20.906216 28493 raft_consensus.cc:493] T a737b01df5b543e792b6ad827e1d03e3 P f12e424f48654a408d8caa7653ffacc4 [term 0 FOLLOWER]: Starting leader election (no leader contacted us within the election timeout)
I20260710 13:25:20.906737 28493 raft_consensus.cc:3060] T a737b01df5b543e792b6ad827e1d03e3 P f12e424f48654a408d8caa7653ffacc4 [term 0 FOLLOWER]: Advancing to term 1
I20260710 13:25:20.911046 28459 tablet_bootstrap.cc:654] T a737b01df5b543e792b6ad827e1d03e3 P eb107b4e821144599db4b8b9dfb9076c: Neither blocks nor log segments found. Creating new log.
I20260710 13:25:20.896798 28464 raft_consensus.cc:515] T cec54620d5404730aedb4134e51a9072 P eb107b4e821144599db4b8b9dfb9076c [term 1 FOLLOWER]: Starting leader election with config: opid_index: -1 OBSOLETE_local: false peers { permanent_uuid: "a142ea5ce4144c639e337da29adb9eed" member_type: VOTER last_known_addr { host: "127.26.245.193" port: 41251 } } peers { permanent_uuid: "f12e424f48654a408d8caa7653ffacc4" member_type: VOTER last_known_addr { host: "127.26.245.194" port: 39955 } } peers { permanent_uuid: "eb107b4e821144599db4b8b9dfb9076c" member_type: VOTER last_known_addr { host: "127.26.245.195" port: 43649 } }
I20260710 13:25:20.915720 28341 tablet_service.cc:1917] Received RequestConsensusVote() RPC: tablet_id: "cec54620d5404730aedb4134e51a9072" candidate_uuid: "eb107b4e821144599db4b8b9dfb9076c" candidate_term: 1 candidate_status { last_received { term: 0 index: 0 } } ignore_live_leader: false dest_uuid: "f12e424f48654a408d8caa7653ffacc4"
I20260710 13:25:20.916388 28341 raft_consensus.cc:3060] T cec54620d5404730aedb4134e51a9072 P f12e424f48654a408d8caa7653ffacc4 [term 0 FOLLOWER]: Advancing to term 1
I20260710 13:25:20.915740 28266 tablet_service.cc:1917] Received RequestConsensusVote() RPC: tablet_id: "cec54620d5404730aedb4134e51a9072" candidate_uuid: "eb107b4e821144599db4b8b9dfb9076c" candidate_term: 1 candidate_status { last_received { term: 0 index: 0 } } ignore_live_leader: false dest_uuid: "a142ea5ce4144c639e337da29adb9eed"
I20260710 13:25:20.917450 28266 raft_consensus.cc:3060] T cec54620d5404730aedb4134e51a9072 P a142ea5ce4144c639e337da29adb9eed [term 0 FOLLOWER]: Advancing to term 1
I20260710 13:25:20.919463 28457 tablet_bootstrap.cc:654] T bc9c7791dfda422ba7d3a82519fdb9cb P a142ea5ce4144c639e337da29adb9eed: Neither blocks nor log segments found. Creating new log.
I20260710 13:25:20.916538 28161 catalog_manager.cc:5697] T eecfdda7d5304967aada9577ff95a033 P f12e424f48654a408d8caa7653ffacc4 reported cstate change: term changed from 0 to 1, leader changed from <none> to f12e424f48654a408d8caa7653ffacc4 (127.26.245.194). New cstate: current_term: 1 leader_uuid: "f12e424f48654a408d8caa7653ffacc4" committed_config { opid_index: -1 OBSOLETE_local: false peers { permanent_uuid: "a142ea5ce4144c639e337da29adb9eed" member_type: VOTER last_known_addr { host: "127.26.245.193" port: 41251 } health_report { overall_health: UNKNOWN } } peers { permanent_uuid: "f12e424f48654a408d8caa7653ffacc4" member_type: VOTER last_known_addr { host: "127.26.245.194" port: 39955 } health_report { overall_health: HEALTHY } } peers { permanent_uuid: "eb107b4e821144599db4b8b9dfb9076c" member_type: VOTER last_known_addr { host: "127.26.245.195" port: 43649 } health_report { overall_health: UNKNOWN } } }
I20260710 13:25:20.925825 28493 raft_consensus.cc:515] T a737b01df5b543e792b6ad827e1d03e3 P f12e424f48654a408d8caa7653ffacc4 [term 1 FOLLOWER]: Starting leader election with config: opid_index: -1 OBSOLETE_local: false peers { permanent_uuid: "a142ea5ce4144c639e337da29adb9eed" member_type: VOTER last_known_addr { host: "127.26.245.193" port: 41251 } } peers { permanent_uuid: "f12e424f48654a408d8caa7653ffacc4" member_type: VOTER last_known_addr { host: "127.26.245.194" port: 39955 } } peers { permanent_uuid: "eb107b4e821144599db4b8b9dfb9076c" member_type: VOTER last_known_addr { host: "127.26.245.195" port: 43649 } }
I20260710 13:25:20.920671 28464 leader_election.cc:290] T cec54620d5404730aedb4134e51a9072 P eb107b4e821144599db4b8b9dfb9076c [CANDIDATE]: Term 1 election: Requested vote from peers a142ea5ce4144c639e337da29adb9eed (127.26.245.193:41251), f12e424f48654a408d8caa7653ffacc4 (127.26.245.194:39955)
I20260710 13:25:20.928383 28161 catalog_manager.cc:5697] T dc6164028e724cff8d3149fd25b60680 P f12e424f48654a408d8caa7653ffacc4 reported cstate change: term changed from 0 to 1, leader changed from <none> to f12e424f48654a408d8caa7653ffacc4 (127.26.245.194). New cstate: current_term: 1 leader_uuid: "f12e424f48654a408d8caa7653ffacc4" committed_config { opid_index: -1 OBSOLETE_local: false peers { permanent_uuid: "f12e424f48654a408d8caa7653ffacc4" member_type: VOTER last_known_addr { host: "127.26.245.194" port: 39955 } health_report { overall_health: HEALTHY } } peers { permanent_uuid: "eb107b4e821144599db4b8b9dfb9076c" member_type: VOTER last_known_addr { host: "127.26.245.195" port: 43649 } health_report { overall_health: UNKNOWN } } peers { permanent_uuid: "a142ea5ce4144c639e337da29adb9eed" member_type: VOTER last_known_addr { host: "127.26.245.193" port: 41251 } health_report { overall_health: UNKNOWN } } }
I20260710 13:25:20.930215 28265 tablet_service.cc:1917] Received RequestConsensusVote() RPC: tablet_id: "a737b01df5b543e792b6ad827e1d03e3" candidate_uuid: "f12e424f48654a408d8caa7653ffacc4" candidate_term: 1 candidate_status { last_received { term: 0 index: 0 } } ignore_live_leader: false dest_uuid: "a142ea5ce4144c639e337da29adb9eed"
I20260710 13:25:20.930881 28265 raft_consensus.cc:3060] T a737b01df5b543e792b6ad827e1d03e3 P a142ea5ce4144c639e337da29adb9eed [term 0 FOLLOWER]: Advancing to term 1
I20260710 13:25:20.931581 28415 tablet_service.cc:1917] Received RequestConsensusVote() RPC: tablet_id: "a737b01df5b543e792b6ad827e1d03e3" candidate_uuid: "f12e424f48654a408d8caa7653ffacc4" candidate_term: 1 candidate_status { last_received { term: 0 index: 0 } } ignore_live_leader: false dest_uuid: "eb107b4e821144599db4b8b9dfb9076c"
I20260710 13:25:20.932598 28341 raft_consensus.cc:2468] T cec54620d5404730aedb4134e51a9072 P f12e424f48654a408d8caa7653ffacc4 [term 1 FOLLOWER]: Leader election vote request: Granting yes vote for candidate eb107b4e821144599db4b8b9dfb9076c in term 1.
W20260710 13:25:20.933072 28306 leader_election.cc:343] T a737b01df5b543e792b6ad827e1d03e3 P f12e424f48654a408d8caa7653ffacc4 [CANDIDATE]: Term 1 election: Tablet error from VoteRequest() call to peer eb107b4e821144599db4b8b9dfb9076c (127.26.245.195:43649): Illegal state: must be running to vote when last-logged opid is not known
I20260710 13:25:20.933627 28493 leader_election.cc:290] T a737b01df5b543e792b6ad827e1d03e3 P f12e424f48654a408d8caa7653ffacc4 [CANDIDATE]: Term 1 election: Requested vote from peers a142ea5ce4144c639e337da29adb9eed (127.26.245.193:41251), eb107b4e821144599db4b8b9dfb9076c (127.26.245.195:43649)
I20260710 13:25:20.935448 28381 leader_election.cc:304] T cec54620d5404730aedb4134e51a9072 P eb107b4e821144599db4b8b9dfb9076c [CANDIDATE]: Term 1 election: Election decided. Result: candidate won. Election summary: received 2 responses out of 3 voters: 2 yes votes; 0 no votes. yes voters: eb107b4e821144599db4b8b9dfb9076c, f12e424f48654a408d8caa7653ffacc4; no voters: 
I20260710 13:25:20.936193 28483 raft_consensus.cc:2804] T cec54620d5404730aedb4134e51a9072 P eb107b4e821144599db4b8b9dfb9076c [term 1 FOLLOWER]: Leader election won for term 1
I20260710 13:25:20.941987 28463 raft_consensus.cc:515] T 6b5a3a6c4e58436a84841237a43e0f82 P a142ea5ce4144c639e337da29adb9eed [term 1 FOLLOWER]: Starting leader election with config: opid_index: -1 OBSOLETE_local: false peers { permanent_uuid: "a142ea5ce4144c639e337da29adb9eed" member_type: VOTER last_known_addr { host: "127.26.245.193" port: 41251 } } peers { permanent_uuid: "f12e424f48654a408d8caa7653ffacc4" member_type: VOTER last_known_addr { host: "127.26.245.194" port: 39955 } } peers { permanent_uuid: "eb107b4e821144599db4b8b9dfb9076c" member_type: VOTER last_known_addr { host: "127.26.245.195" port: 43649 } }
I20260710 13:25:20.945842 28266 raft_consensus.cc:2468] T cec54620d5404730aedb4134e51a9072 P a142ea5ce4144c639e337da29adb9eed [term 1 FOLLOWER]: Leader election vote request: Granting yes vote for candidate eb107b4e821144599db4b8b9dfb9076c in term 1.
I20260710 13:25:20.946237 28341 tablet_service.cc:1917] Received RequestConsensusVote() RPC: tablet_id: "6b5a3a6c4e58436a84841237a43e0f82" candidate_uuid: "a142ea5ce4144c639e337da29adb9eed" candidate_term: 1 candidate_status { last_received { term: 0 index: 0 } } ignore_live_leader: false dest_uuid: "f12e424f48654a408d8caa7653ffacc4"
I20260710 13:25:20.947826 28265 raft_consensus.cc:2468] T a737b01df5b543e792b6ad827e1d03e3 P a142ea5ce4144c639e337da29adb9eed [term 1 FOLLOWER]: Leader election vote request: Granting yes vote for candidate f12e424f48654a408d8caa7653ffacc4 in term 1.
I20260710 13:25:20.948139 28463 leader_election.cc:290] T 6b5a3a6c4e58436a84841237a43e0f82 P a142ea5ce4144c639e337da29adb9eed [CANDIDATE]: Term 1 election: Requested vote from peers f12e424f48654a408d8caa7653ffacc4 (127.26.245.194:39955), eb107b4e821144599db4b8b9dfb9076c (127.26.245.195:43649)
I20260710 13:25:20.950402 28415 tablet_service.cc:1917] Received RequestConsensusVote() RPC: tablet_id: "6b5a3a6c4e58436a84841237a43e0f82" candidate_uuid: "a142ea5ce4144c639e337da29adb9eed" candidate_term: 1 candidate_status { last_received { term: 0 index: 0 } } ignore_live_leader: false dest_uuid: "eb107b4e821144599db4b8b9dfb9076c"
I20260710 13:25:20.948748 28483 raft_consensus.cc:697] T cec54620d5404730aedb4134e51a9072 P eb107b4e821144599db4b8b9dfb9076c [term 1 LEADER]: Becoming Leader. State: Replica: eb107b4e821144599db4b8b9dfb9076c, State: Running, Role: LEADER
I20260710 13:25:20.951351 28415 raft_consensus.cc:3060] T 6b5a3a6c4e58436a84841237a43e0f82 P eb107b4e821144599db4b8b9dfb9076c [term 0 FOLLOWER]: Advancing to term 1
I20260710 13:25:20.952060 28483 consensus_queue.cc:237] T cec54620d5404730aedb4134e51a9072 P eb107b4e821144599db4b8b9dfb9076c [LEADER]: Queue going to LEADER mode. State: All replicated index: 0, Majority replicated index: 0, Committed index: 0, Last appended: 0.0, Last appended by leader: 0, Current term: 1, Majority size: 2, State: 0, Mode: LEADER, active raft config: opid_index: -1 OBSOLETE_local: false peers { permanent_uuid: "a142ea5ce4144c639e337da29adb9eed" member_type: VOTER last_known_addr { host: "127.26.245.193" port: 41251 } } peers { permanent_uuid: "f12e424f48654a408d8caa7653ffacc4" member_type: VOTER last_known_addr { host: "127.26.245.194" port: 39955 } } peers { permanent_uuid: "eb107b4e821144599db4b8b9dfb9076c" member_type: VOTER last_known_addr { host: "127.26.245.195" port: 43649 } }
I20260710 13:25:20.953537 28459 tablet_bootstrap.cc:492] T a737b01df5b543e792b6ad827e1d03e3 P eb107b4e821144599db4b8b9dfb9076c: No bootstrap required, opened a new log
I20260710 13:25:20.954206 28459 ts_tablet_manager.cc:1403] T a737b01df5b543e792b6ad827e1d03e3 P eb107b4e821144599db4b8b9dfb9076c: Time spent bootstrapping tablet: real 0.071s	user 0.004s	sys 0.010s
I20260710 13:25:20.949766 28341 raft_consensus.cc:3060] T 6b5a3a6c4e58436a84841237a43e0f82 P f12e424f48654a408d8caa7653ffacc4 [term 0 FOLLOWER]: Advancing to term 1
I20260710 13:25:20.956004 28305 leader_election.cc:304] T a737b01df5b543e792b6ad827e1d03e3 P f12e424f48654a408d8caa7653ffacc4 [CANDIDATE]: Term 1 election: Election decided. Result: candidate won. Election summary: received 3 responses out of 3 voters: 2 yes votes; 1 no votes. yes voters: a142ea5ce4144c639e337da29adb9eed, f12e424f48654a408d8caa7653ffacc4; no voters: eb107b4e821144599db4b8b9dfb9076c
I20260710 13:25:20.957252 28493 raft_consensus.cc:2804] T a737b01df5b543e792b6ad827e1d03e3 P f12e424f48654a408d8caa7653ffacc4 [term 1 FOLLOWER]: Leader election won for term 1
I20260710 13:25:20.957865 28455 tablet_bootstrap.cc:492] T 7ae928b147364a129c8f0b4fe82a1de7 P f12e424f48654a408d8caa7653ffacc4: No bootstrap required, opened a new log
I20260710 13:25:20.957773 28493 raft_consensus.cc:697] T a737b01df5b543e792b6ad827e1d03e3 P f12e424f48654a408d8caa7653ffacc4 [term 1 LEADER]: Becoming Leader. State: Replica: f12e424f48654a408d8caa7653ffacc4, State: Running, Role: LEADER
