I20260710 13:25:45.107250 29437 tablet_copy_client.cc:538] T 097a9175f4ec407eadeb2df6ea74b7b1 P bc67c711d58b41bca2786a04188d5422: tablet copy: Tablet Copy complete. Replacing tablet superblock.
I20260710 13:25:45.116638 29437 tablet_bootstrap.cc:492] T 097a9175f4ec407eadeb2df6ea74b7b1 P bc67c711d58b41bca2786a04188d5422: Bootstrap starting.
I20260710 13:25:45.134955 29440 ts_tablet_manager.cc:933] T 98016726237f43018ab8ee0447db2172 P bc67c711d58b41bca2786a04188d5422: Initiating tablet copy from peer de3dc03ca2344d5d9c2ee2f4eddd0bdb (127.26.245.194:33751)
I20260710 13:25:45.137110 29440 tablet_copy_client.cc:323] T 98016726237f43018ab8ee0447db2172 P bc67c711d58b41bca2786a04188d5422: tablet copy: Beginning tablet copy session from remote peer at address 127.26.245.194:33751
I20260710 13:25:45.137267 29437 tablet_bootstrap.cc:492] T 097a9175f4ec407eadeb2df6ea74b7b1 P bc67c711d58b41bca2786a04188d5422: Bootstrap replayed 1/1 log segments. Stats: ops{read=2 overwritten=0 applied=2 ignored=0} inserts{seen=0 ignored=0} mutations{seen=0 ignored=0} orphaned_commits=0. Pending: 0 replicates
I20260710 13:25:45.138415 29437 tablet_bootstrap.cc:492] T 097a9175f4ec407eadeb2df6ea74b7b1 P bc67c711d58b41bca2786a04188d5422: Bootstrap complete.
I20260710 13:25:45.139307 29437 ts_tablet_manager.cc:1403] T 097a9175f4ec407eadeb2df6ea74b7b1 P bc67c711d58b41bca2786a04188d5422: Time spent bootstrapping tablet: real 0.023s	user 0.023s	sys 0.000s
I20260710 13:25:45.140271 28834 tablet_copy_service.cc:140] P de3dc03ca2344d5d9c2ee2f4eddd0bdb: Received BeginTabletCopySession request for tablet 98016726237f43018ab8ee0447db2172 from peer bc67c711d58b41bca2786a04188d5422 ({username='slave'} at 127.0.0.1:51726)
I20260710 13:25:45.140919 28834 tablet_copy_service.cc:161] P de3dc03ca2344d5d9c2ee2f4eddd0bdb: Beginning new tablet copy session on tablet 98016726237f43018ab8ee0447db2172 from peer bc67c711d58b41bca2786a04188d5422 at {username='slave'} at 127.0.0.1:51726: session id = bc67c711d58b41bca2786a04188d5422-98016726237f43018ab8ee0447db2172
I20260710 13:25:45.143390 29437 raft_consensus.cc:359] T 097a9175f4ec407eadeb2df6ea74b7b1 P bc67c711d58b41bca2786a04188d5422 [term 1 LEARNER]: Replica starting. Triggering 0 pending ops. Active config: opid_index: 2 OBSOLETE_local: false peers { permanent_uuid: "be84787d10574697ab510cc56d8c45d2" member_type: VOTER last_known_addr { host: "127.26.245.193" port: 40573 } } peers { permanent_uuid: "de3dc03ca2344d5d9c2ee2f4eddd0bdb" member_type: VOTER last_known_addr { host: "127.26.245.194" port: 33751 } } peers { permanent_uuid: "12b086e11d434510aeedd7480f894ded" member_type: VOTER last_known_addr { host: "127.26.245.195" port: 46793 } attrs { replace: true } } peers { permanent_uuid: "bc67c711d58b41bca2786a04188d5422" member_type: NON_VOTER last_known_addr { host: "127.26.245.196" port: 45191 } attrs { promote: true } }
I20260710 13:25:45.144766 29437 raft_consensus.cc:740] T 097a9175f4ec407eadeb2df6ea74b7b1 P bc67c711d58b41bca2786a04188d5422 [term 1 LEARNER]: Becoming Follower/Learner. State: Replica: bc67c711d58b41bca2786a04188d5422, State: Initialized, Role: LEARNER
I20260710 13:25:45.145493 29437 consensus_queue.cc:260] T 097a9175f4ec407eadeb2df6ea74b7b1 P bc67c711d58b41bca2786a04188d5422 [NON_LEADER]: Queue going to NON_LEADER mode. State: All replicated index: 0, Majority replicated index: 0, Committed index: 2, Last appended: 1.2, Last appended by leader: 2, Current term: 0, Majority size: -1, State: 0, Mode: NON_LEADER, active raft config: opid_index: 2 OBSOLETE_local: false peers { permanent_uuid: "be84787d10574697ab510cc56d8c45d2" member_type: VOTER last_known_addr { host: "127.26.245.193" port: 40573 } } peers { permanent_uuid: "de3dc03ca2344d5d9c2ee2f4eddd0bdb" member_type: VOTER last_known_addr { host: "127.26.245.194" port: 33751 } } peers { permanent_uuid: "12b086e11d434510aeedd7480f894ded" member_type: VOTER last_known_addr { host: "127.26.245.195" port: 46793 } attrs { replace: true } } peers { permanent_uuid: "bc67c711d58b41bca2786a04188d5422" member_type: NON_VOTER last_known_addr { host: "127.26.245.196" port: 45191 } attrs { promote: true } }
I20260710 13:25:45.163666 29437 ts_tablet_manager.cc:1434] T 097a9175f4ec407eadeb2df6ea74b7b1 P bc67c711d58b41bca2786a04188d5422: Time spent starting tablet: real 0.024s	user 0.006s	sys 0.015s
I20260710 13:25:45.165786 28759 tablet_copy_service.cc:342] P be84787d10574697ab510cc56d8c45d2: Request end of tablet copy session bc67c711d58b41bca2786a04188d5422-097a9175f4ec407eadeb2df6ea74b7b1 received from {username='slave'} at 127.0.0.1:36148
I20260710 13:25:45.166335 28759 tablet_copy_service.cc:434] P be84787d10574697ab510cc56d8c45d2: ending tablet copy session bc67c711d58b41bca2786a04188d5422-097a9175f4ec407eadeb2df6ea74b7b1 on tablet 097a9175f4ec407eadeb2df6ea74b7b1 with peer bc67c711d58b41bca2786a04188d5422
I20260710 13:25:45.170457 28834 tablet_copy_source_session.cc:215] T 98016726237f43018ab8ee0447db2172 P de3dc03ca2344d5d9c2ee2f4eddd0bdb: Tablet Copy: opened 0 blocks and 1 log segments
I20260710 13:25:45.171224 29437 ts_tablet_manager.cc:933] T 29aa64aba78842268e6e77f5b56d4a21 P bc67c711d58b41bca2786a04188d5422: Initiating tablet copy from peer 12b086e11d434510aeedd7480f894ded (127.26.245.195:46793)
I20260710 13:25:45.174953 29440 data_dirs.cc:400] Could only allocate 1 dirs of requested 3 for tablet 98016726237f43018ab8ee0447db2172. 1 dirs total, 0 dirs full, 0 dirs failed
I20260710 13:25:45.176662 29437 tablet_copy_client.cc:323] T 29aa64aba78842268e6e77f5b56d4a21 P bc67c711d58b41bca2786a04188d5422: tablet copy: Beginning tablet copy session from remote peer at address 127.26.245.195:46793
I20260710 13:25:45.178948 28907 tablet_copy_service.cc:140] P 12b086e11d434510aeedd7480f894ded: Received BeginTabletCopySession request for tablet 29aa64aba78842268e6e77f5b56d4a21 from peer bc67c711d58b41bca2786a04188d5422 ({username='slave'} at 127.0.0.1:50120)
I20260710 13:25:45.179630 28907 tablet_copy_service.cc:161] P 12b086e11d434510aeedd7480f894ded: Beginning new tablet copy session on tablet 29aa64aba78842268e6e77f5b56d4a21 from peer bc67c711d58b41bca2786a04188d5422 at {username='slave'} at 127.0.0.1:50120: session id = bc67c711d58b41bca2786a04188d5422-29aa64aba78842268e6e77f5b56d4a21
I20260710 13:25:45.190004 28907 tablet_copy_source_session.cc:215] T 29aa64aba78842268e6e77f5b56d4a21 P 12b086e11d434510aeedd7480f894ded: Tablet Copy: opened 0 blocks and 1 log segments
I20260710 13:25:45.193737 29437 data_dirs.cc:400] Could only allocate 1 dirs of requested 3 for tablet 29aa64aba78842268e6e77f5b56d4a21. 1 dirs total, 0 dirs full, 0 dirs failed
I20260710 13:25:45.194684 29440 tablet_copy_client.cc:806] T 98016726237f43018ab8ee0447db2172 P bc67c711d58b41bca2786a04188d5422: tablet copy: Starting download of 0 data blocks...
I20260710 13:25:45.195812 29440 tablet_copy_client.cc:670] T 98016726237f43018ab8ee0447db2172 P bc67c711d58b41bca2786a04188d5422: tablet copy: Starting download of 1 WAL segments...
I20260710 13:25:45.199821 29440 tablet_copy_client.cc:538] T 98016726237f43018ab8ee0447db2172 P bc67c711d58b41bca2786a04188d5422: tablet copy: Tablet Copy complete. Replacing tablet superblock.
I20260710 13:25:45.208488 29440 tablet_bootstrap.cc:492] T 98016726237f43018ab8ee0447db2172 P bc67c711d58b41bca2786a04188d5422: Bootstrap starting.
I20260710 13:25:45.215562 29437 tablet_copy_client.cc:806] T 29aa64aba78842268e6e77f5b56d4a21 P bc67c711d58b41bca2786a04188d5422: tablet copy: Starting download of 0 data blocks...
I20260710 13:25:45.216197 29437 tablet_copy_client.cc:670] T 29aa64aba78842268e6e77f5b56d4a21 P bc67c711d58b41bca2786a04188d5422: tablet copy: Starting download of 1 WAL segments...
I20260710 13:25:45.220034 29437 tablet_copy_client.cc:538] T 29aa64aba78842268e6e77f5b56d4a21 P bc67c711d58b41bca2786a04188d5422: tablet copy: Tablet Copy complete. Replacing tablet superblock.
I20260710 13:25:45.230813 29437 tablet_bootstrap.cc:492] T 29aa64aba78842268e6e77f5b56d4a21 P bc67c711d58b41bca2786a04188d5422: Bootstrap starting.
I20260710 13:25:45.246276 29440 tablet_bootstrap.cc:492] T 98016726237f43018ab8ee0447db2172 P bc67c711d58b41bca2786a04188d5422: Bootstrap replayed 1/1 log segments. Stats: ops{read=2 overwritten=0 applied=2 ignored=0} inserts{seen=0 ignored=0} mutations{seen=0 ignored=0} orphaned_commits=0. Pending: 0 replicates
I20260710 13:25:45.247422 29440 tablet_bootstrap.cc:492] T 98016726237f43018ab8ee0447db2172 P bc67c711d58b41bca2786a04188d5422: Bootstrap complete.
I20260710 13:25:45.248215 29440 ts_tablet_manager.cc:1403] T 98016726237f43018ab8ee0447db2172 P bc67c711d58b41bca2786a04188d5422: Time spent bootstrapping tablet: real 0.040s	user 0.018s	sys 0.006s
I20260710 13:25:45.252035 29440 raft_consensus.cc:359] T 98016726237f43018ab8ee0447db2172 P bc67c711d58b41bca2786a04188d5422 [term 2 LEARNER]: Replica starting. Triggering 0 pending ops. Active config: opid_index: 2 OBSOLETE_local: false peers { permanent_uuid: "be84787d10574697ab510cc56d8c45d2" member_type: VOTER last_known_addr { host: "127.26.245.193" port: 40573 } } peers { permanent_uuid: "de3dc03ca2344d5d9c2ee2f4eddd0bdb" member_type: VOTER last_known_addr { host: "127.26.245.194" port: 33751 } } peers { permanent_uuid: "12b086e11d434510aeedd7480f894ded" member_type: VOTER last_known_addr { host: "127.26.245.195" port: 46793 } attrs { replace: true } } peers { permanent_uuid: "bc67c711d58b41bca2786a04188d5422" member_type: NON_VOTER last_known_addr { host: "127.26.245.196" port: 45191 } attrs { promote: true } }
I20260710 13:25:45.254076 29440 raft_consensus.cc:740] T 98016726237f43018ab8ee0447db2172 P bc67c711d58b41bca2786a04188d5422 [term 2 LEARNER]: Becoming Follower/Learner. State: Replica: bc67c711d58b41bca2786a04188d5422, State: Initialized, Role: LEARNER
I20260710 13:25:45.254900 29440 consensus_queue.cc:260] T 98016726237f43018ab8ee0447db2172 P bc67c711d58b41bca2786a04188d5422 [NON_LEADER]: Queue going to NON_LEADER mode. State: All replicated index: 0, Majority replicated index: 0, Committed index: 2, Last appended: 2.2, Last appended by leader: 2, Current term: 0, Majority size: -1, State: 0, Mode: NON_LEADER, active raft config: opid_index: 2 OBSOLETE_local: false peers { permanent_uuid: "be84787d10574697ab510cc56d8c45d2" member_type: VOTER last_known_addr { host: "127.26.245.193" port: 40573 } } peers { permanent_uuid: "de3dc03ca2344d5d9c2ee2f4eddd0bdb" member_type: VOTER last_known_addr { host: "127.26.245.194" port: 33751 } } peers { permanent_uuid: "12b086e11d434510aeedd7480f894ded" member_type: VOTER last_known_addr { host: "127.26.245.195" port: 46793 } attrs { replace: true } } peers { permanent_uuid: "bc67c711d58b41bca2786a04188d5422" member_type: NON_VOTER last_known_addr { host: "127.26.245.196" port: 45191 } attrs { promote: true } }
I20260710 13:25:45.260116 29437 tablet_bootstrap.cc:492] T 29aa64aba78842268e6e77f5b56d4a21 P bc67c711d58b41bca2786a04188d5422: Bootstrap replayed 1/1 log segments. Stats: ops{read=2 overwritten=0 applied=2 ignored=0} inserts{seen=0 ignored=0} mutations{seen=0 ignored=0} orphaned_commits=0. Pending: 0 replicates
I20260710 13:25:45.261989 29440 ts_tablet_manager.cc:1434] T 98016726237f43018ab8ee0447db2172 P bc67c711d58b41bca2786a04188d5422: Time spent starting tablet: real 0.013s	user 0.006s	sys 0.000s
I20260710 13:25:45.265368 29437 tablet_bootstrap.cc:492] T 29aa64aba78842268e6e77f5b56d4a21 P bc67c711d58b41bca2786a04188d5422: Bootstrap complete.
I20260710 13:25:45.266299 29445 ts_tablet_manager.cc:933] T 6f112b73235b4956b2ba2d86114eb9ac P bc67c711d58b41bca2786a04188d5422: Initiating tablet copy from peer 12b086e11d434510aeedd7480f894ded (127.26.245.195:46793)
I20260710 13:25:45.266311 29437 ts_tablet_manager.cc:1403] T 29aa64aba78842268e6e77f5b56d4a21 P bc67c711d58b41bca2786a04188d5422: Time spent bootstrapping tablet: real 0.036s	user 0.014s	sys 0.016s
I20260710 13:25:45.266502 28834 tablet_copy_service.cc:342] P de3dc03ca2344d5d9c2ee2f4eddd0bdb: Request end of tablet copy session bc67c711d58b41bca2786a04188d5422-98016726237f43018ab8ee0447db2172 received from {username='slave'} at 127.0.0.1:51726
I20260710 13:25:45.267282 28834 tablet_copy_service.cc:434] P de3dc03ca2344d5d9c2ee2f4eddd0bdb: ending tablet copy session bc67c711d58b41bca2786a04188d5422-98016726237f43018ab8ee0447db2172 on tablet 98016726237f43018ab8ee0447db2172 with peer bc67c711d58b41bca2786a04188d5422
I20260710 13:25:45.272029 29437 raft_consensus.cc:359] T 29aa64aba78842268e6e77f5b56d4a21 P bc67c711d58b41bca2786a04188d5422 [term 1 LEARNER]: Replica starting. Triggering 0 pending ops. Active config: opid_index: 2 OBSOLETE_local: false peers { permanent_uuid: "12b086e11d434510aeedd7480f894ded" member_type: VOTER last_known_addr { host: "127.26.245.195" port: 46793 } } peers { permanent_uuid: "de3dc03ca2344d5d9c2ee2f4eddd0bdb" member_type: VOTER last_known_addr { host: "127.26.245.194" port: 33751 } } peers { permanent_uuid: "be84787d10574697ab510cc56d8c45d2" member_type: VOTER last_known_addr { host: "127.26.245.193" port: 40573 } attrs { replace: true } } peers { permanent_uuid: "bc67c711d58b41bca2786a04188d5422" member_type: NON_VOTER last_known_addr { host: "127.26.245.196" port: 45191 } attrs { promote: true } }
I20260710 13:25:45.273217 29437 raft_consensus.cc:740] T 29aa64aba78842268e6e77f5b56d4a21 P bc67c711d58b41bca2786a04188d5422 [term 1 LEARNER]: Becoming Follower/Learner. State: Replica: bc67c711d58b41bca2786a04188d5422, State: Initialized, Role: LEARNER
I20260710 13:25:45.273933 29437 consensus_queue.cc:260] T 29aa64aba78842268e6e77f5b56d4a21 P bc67c711d58b41bca2786a04188d5422 [NON_LEADER]: Queue going to NON_LEADER mode. State: All replicated index: 0, Majority replicated index: 0, Committed index: 2, Last appended: 1.2, Last appended by leader: 2, Current term: 0, Majority size: -1, State: 0, Mode: NON_LEADER, active raft config: opid_index: 2 OBSOLETE_local: false peers { permanent_uuid: "12b086e11d434510aeedd7480f894ded" member_type: VOTER last_known_addr { host: "127.26.245.195" port: 46793 } } peers { permanent_uuid: "de3dc03ca2344d5d9c2ee2f4eddd0bdb" member_type: VOTER last_known_addr { host: "127.26.245.194" port: 33751 } } peers { permanent_uuid: "be84787d10574697ab510cc56d8c45d2" member_type: VOTER last_known_addr { host: "127.26.245.193" port: 40573 } attrs { replace: true } } peers { permanent_uuid: "bc67c711d58b41bca2786a04188d5422" member_type: NON_VOTER last_known_addr { host: "127.26.245.196" port: 45191 } attrs { promote: true } }
I20260710 13:25:45.274770 29445 tablet_copy_client.cc:323] T 6f112b73235b4956b2ba2d86114eb9ac P bc67c711d58b41bca2786a04188d5422: tablet copy: Beginning tablet copy session from remote peer at address 127.26.245.195:46793
I20260710 13:25:45.276705 28907 tablet_copy_service.cc:140] P 12b086e11d434510aeedd7480f894ded: Received BeginTabletCopySession request for tablet 6f112b73235b4956b2ba2d86114eb9ac from peer bc67c711d58b41bca2786a04188d5422 ({username='slave'} at 127.0.0.1:50120)
I20260710 13:25:45.276893 29437 ts_tablet_manager.cc:1434] T 29aa64aba78842268e6e77f5b56d4a21 P bc67c711d58b41bca2786a04188d5422: Time spent starting tablet: real 0.008s	user 0.005s	sys 0.002s
I20260710 13:25:45.277256 28907 tablet_copy_service.cc:161] P 12b086e11d434510aeedd7480f894ded: Beginning new tablet copy session on tablet 6f112b73235b4956b2ba2d86114eb9ac from peer bc67c711d58b41bca2786a04188d5422 at {username='slave'} at 127.0.0.1:50120: session id = bc67c711d58b41bca2786a04188d5422-6f112b73235b4956b2ba2d86114eb9ac
I20260710 13:25:45.280220 28908 tablet_copy_service.cc:342] P 12b086e11d434510aeedd7480f894ded: Request end of tablet copy session bc67c711d58b41bca2786a04188d5422-29aa64aba78842268e6e77f5b56d4a21 received from {username='slave'} at 127.0.0.1:50120
I20260710 13:25:45.280709 28908 tablet_copy_service.cc:434] P 12b086e11d434510aeedd7480f894ded: ending tablet copy session bc67c711d58b41bca2786a04188d5422-29aa64aba78842268e6e77f5b56d4a21 on tablet 29aa64aba78842268e6e77f5b56d4a21 with peer bc67c711d58b41bca2786a04188d5422
I20260710 13:25:45.293146 28907 tablet_copy_source_session.cc:215] T 6f112b73235b4956b2ba2d86114eb9ac P 12b086e11d434510aeedd7480f894ded: Tablet Copy: opened 0 blocks and 1 log segments
I20260710 13:25:45.296857 29445 data_dirs.cc:400] Could only allocate 1 dirs of requested 3 for tablet 6f112b73235b4956b2ba2d86114eb9ac. 1 dirs total, 0 dirs full, 0 dirs failed
I20260710 13:25:45.314407 29445 tablet_copy_client.cc:806] T 6f112b73235b4956b2ba2d86114eb9ac P bc67c711d58b41bca2786a04188d5422: tablet copy: Starting download of 0 data blocks...
I20260710 13:25:45.315307 29445 tablet_copy_client.cc:670] T 6f112b73235b4956b2ba2d86114eb9ac P bc67c711d58b41bca2786a04188d5422: tablet copy: Starting download of 1 WAL segments...
I20260710 13:25:45.320189 29445 tablet_copy_client.cc:538] T 6f112b73235b4956b2ba2d86114eb9ac P bc67c711d58b41bca2786a04188d5422: tablet copy: Tablet Copy complete. Replacing tablet superblock.
I20260710 13:25:45.331444 29445 tablet_bootstrap.cc:492] T 6f112b73235b4956b2ba2d86114eb9ac P bc67c711d58b41bca2786a04188d5422: Bootstrap starting.
I20260710 13:25:45.348984 29445 tablet_bootstrap.cc:492] T 6f112b73235b4956b2ba2d86114eb9ac P bc67c711d58b41bca2786a04188d5422: Bootstrap replayed 1/1 log segments. Stats: ops{read=2 overwritten=0 applied=2 ignored=0} inserts{seen=0 ignored=0} mutations{seen=0 ignored=0} orphaned_commits=0. Pending: 0 replicates
I20260710 13:25:45.349857 29445 tablet_bootstrap.cc:492] T 6f112b73235b4956b2ba2d86114eb9ac P bc67c711d58b41bca2786a04188d5422: Bootstrap complete.
I20260710 13:25:45.350646 29445 ts_tablet_manager.cc:1403] T 6f112b73235b4956b2ba2d86114eb9ac P bc67c711d58b41bca2786a04188d5422: Time spent bootstrapping tablet: real 0.019s	user 0.007s	sys 0.008s
I20260710 13:25:45.353799 29445 raft_consensus.cc:359] T 6f112b73235b4956b2ba2d86114eb9ac P bc67c711d58b41bca2786a04188d5422 [term 1 LEARNER]: Replica starting. Triggering 0 pending ops. Active config: opid_index: 2 OBSOLETE_local: false peers { permanent_uuid: "be84787d10574697ab510cc56d8c45d2" member_type: VOTER last_known_addr { host: "127.26.245.193" port: 40573 } } peers { permanent_uuid: "de3dc03ca2344d5d9c2ee2f4eddd0bdb" member_type: VOTER last_known_addr { host: "127.26.245.194" port: 33751 } attrs { replace: true } } peers { permanent_uuid: "12b086e11d434510aeedd7480f894ded" member_type: VOTER last_known_addr { host: "127.26.245.195" port: 46793 } } peers { permanent_uuid: "bc67c711d58b41bca2786a04188d5422" member_type: NON_VOTER last_known_addr { host: "127.26.245.196" port: 45191 } attrs { promote: true } }
I20260710 13:25:45.354585 29445 raft_consensus.cc:740] T 6f112b73235b4956b2ba2d86114eb9ac P bc67c711d58b41bca2786a04188d5422 [term 1 LEARNER]: Becoming Follower/Learner. State: Replica: bc67c711d58b41bca2786a04188d5422, State: Initialized, Role: LEARNER
I20260710 13:25:45.355350 29445 consensus_queue.cc:260] T 6f112b73235b4956b2ba2d86114eb9ac P bc67c711d58b41bca2786a04188d5422 [NON_LEADER]: Queue going to NON_LEADER mode. State: All replicated index: 0, Majority replicated index: 0, Committed index: 2, Last appended: 1.2, Last appended by leader: 2, Current term: 0, Majority size: -1, State: 0, Mode: NON_LEADER, active raft config: opid_index: 2 OBSOLETE_local: false peers { permanent_uuid: "be84787d10574697ab510cc56d8c45d2" member_type: VOTER last_known_addr { host: "127.26.245.193" port: 40573 } } peers { permanent_uuid: "de3dc03ca2344d5d9c2ee2f4eddd0bdb" member_type: VOTER last_known_addr { host: "127.26.245.194" port: 33751 } attrs { replace: true } } peers { permanent_uuid: "12b086e11d434510aeedd7480f894ded" member_type: VOTER last_known_addr { host: "127.26.245.195" port: 46793 } } peers { permanent_uuid: "bc67c711d58b41bca2786a04188d5422" member_type: NON_VOTER last_known_addr { host: "127.26.245.196" port: 45191 } attrs { promote: true } }
I20260710 13:25:45.357455 29445 ts_tablet_manager.cc:1434] T 6f112b73235b4956b2ba2d86114eb9ac P bc67c711d58b41bca2786a04188d5422: Time spent starting tablet: real 0.006s	user 0.008s	sys 0.000s
I20260710 13:25:45.363433 28907 tablet_copy_service.cc:342] P 12b086e11d434510aeedd7480f894ded: Request end of tablet copy session bc67c711d58b41bca2786a04188d5422-6f112b73235b4956b2ba2d86114eb9ac received from {username='slave'} at 127.0.0.1:50120
I20260710 13:25:45.363921 28907 tablet_copy_service.cc:434] P 12b086e11d434510aeedd7480f894ded: ending tablet copy session bc67c711d58b41bca2786a04188d5422-6f112b73235b4956b2ba2d86114eb9ac on tablet 6f112b73235b4956b2ba2d86114eb9ac with peer bc67c711d58b41bca2786a04188d5422
I20260710 13:25:45.579077 29174 raft_consensus.cc:1217] T 097a9175f4ec407eadeb2df6ea74b7b1 P bc67c711d58b41bca2786a04188d5422 [term 1 LEARNER]: Deduplicated request from leader. Original: 1.1->[1.2-1.2]   Dedup: 1.2->[]
I20260710 13:25:45.654490 29174 raft_consensus.cc:1217] T 98016726237f43018ab8ee0447db2172 P bc67c711d58b41bca2786a04188d5422 [term 2 LEARNER]: Deduplicated request from leader. Original: 2.1->[2.2-2.2]   Dedup: 2.2->[]
I20260710 13:25:45.719799 29174 raft_consensus.cc:1217] T 29aa64aba78842268e6e77f5b56d4a21 P bc67c711d58b41bca2786a04188d5422 [term 1 LEARNER]: Deduplicated request from leader. Original: 1.1->[1.2-1.2]   Dedup: 1.2->[]
I20260710 13:25:45.744755 29174 raft_consensus.cc:1217] T 6f112b73235b4956b2ba2d86114eb9ac P bc67c711d58b41bca2786a04188d5422 [term 1 LEARNER]: Deduplicated request from leader. Original: 1.1->[1.2-1.2]   Dedup: 1.2->[]
I20260710 13:25:46.041879 29420 raft_consensus.cc:1064] T 98016726237f43018ab8ee0447db2172 P de3dc03ca2344d5d9c2ee2f4eddd0bdb: attempting to promote NON_VOTER bc67c711d58b41bca2786a04188d5422 to VOTER
I20260710 13:25:46.044824 29420 consensus_queue.cc:237] T 98016726237f43018ab8ee0447db2172 P de3dc03ca2344d5d9c2ee2f4eddd0bdb [LEADER]: Queue going to LEADER mode. State: All replicated index: 0, Majority replicated index: 2, Committed index: 2, Last appended: 2.2, Last appended by leader: 0, Current term: 2, Majority size: 3, State: 0, Mode: LEADER, active raft config: opid_index: 3 OBSOLETE_local: false peers { permanent_uuid: "be84787d10574697ab510cc56d8c45d2" member_type: VOTER last_known_addr { host: "127.26.245.193" port: 40573 } } peers { permanent_uuid: "de3dc03ca2344d5d9c2ee2f4eddd0bdb" member_type: VOTER last_known_addr { host: "127.26.245.194" port: 33751 } } peers { permanent_uuid: "12b086e11d434510aeedd7480f894ded" member_type: VOTER last_known_addr { host: "127.26.245.195" port: 46793 } attrs { replace: true } } peers { permanent_uuid: "bc67c711d58b41bca2786a04188d5422" member_type: VOTER last_known_addr { host: "127.26.245.196" port: 45191 } attrs { promote: false } }
I20260710 13:25:46.054122 28896 raft_consensus.cc:1275] T 98016726237f43018ab8ee0447db2172 P 12b086e11d434510aeedd7480f894ded [term 2 FOLLOWER]: Refusing update from remote peer de3dc03ca2344d5d9c2ee2f4eddd0bdb: Log matching property violated. Preceding OpId in replica: term: 2 index: 2. Preceding OpId from leader: term: 2 index: 3. (index mismatch)
I20260710 13:25:46.054277 29174 raft_consensus.cc:1275] T 98016726237f43018ab8ee0447db2172 P bc67c711d58b41bca2786a04188d5422 [term 2 LEARNER]: Refusing update from remote peer de3dc03ca2344d5d9c2ee2f4eddd0bdb: Log matching property violated. Preceding OpId in replica: term: 2 index: 2. Preceding OpId from leader: term: 2 index: 3. (index mismatch)
I20260710 13:25:46.054399 28746 raft_consensus.cc:1275] T 98016726237f43018ab8ee0447db2172 P be84787d10574697ab510cc56d8c45d2 [term 2 FOLLOWER]: Refusing update from remote peer de3dc03ca2344d5d9c2ee2f4eddd0bdb: Log matching property violated. Preceding OpId in replica: term: 2 index: 2. Preceding OpId from leader: term: 2 index: 3. (index mismatch)
I20260710 13:25:46.055930 29457 consensus_queue.cc:1048] T 98016726237f43018ab8ee0447db2172 P de3dc03ca2344d5d9c2ee2f4eddd0bdb [LEADER]: Connected to new peer: Peer: permanent_uuid: "bc67c711d58b41bca2786a04188d5422" member_type: VOTER last_known_addr { host: "127.26.245.196" port: 45191 } attrs { promote: false }, Status: LMP_MISMATCH, Last received: 0.0, Next index: 3, Last known committed idx: 2, Time since last communication: 0.001s
I20260710 13:25:46.056906 29420 consensus_queue.cc:1048] T 98016726237f43018ab8ee0447db2172 P de3dc03ca2344d5d9c2ee2f4eddd0bdb [LEADER]: Connected to new peer: Peer: permanent_uuid: "be84787d10574697ab510cc56d8c45d2" member_type: VOTER last_known_addr { host: "127.26.245.193" port: 40573 }, Status: LMP_MISMATCH, Last received: 0.0, Next index: 3, Last known committed idx: 2, Time since last communication: 0.000s
I20260710 13:25:46.058255 29357 consensus_queue.cc:1048] T 98016726237f43018ab8ee0447db2172 P de3dc03ca2344d5d9c2ee2f4eddd0bdb [LEADER]: Connected to new peer: Peer: permanent_uuid: "12b086e11d434510aeedd7480f894ded" member_type: VOTER last_known_addr { host: "127.26.245.195" port: 46793 } attrs { replace: true }, Status: LMP_MISMATCH, Last received: 0.0, Next index: 3, Last known committed idx: 2, Time since last communication: 0.001s
I20260710 13:25:46.078766 29457 raft_consensus.cc:2955] T 98016726237f43018ab8ee0447db2172 P de3dc03ca2344d5d9c2ee2f4eddd0bdb [term 2 LEADER]: Committing config change with OpId 2.3: config changed from index 2 to 3, bc67c711d58b41bca2786a04188d5422 (127.26.245.196) changed from NON_VOTER to VOTER. New config: { opid_index: 3 OBSOLETE_local: false peers { permanent_uuid: "be84787d10574697ab510cc56d8c45d2" member_type: VOTER last_known_addr { host: "127.26.245.193" port: 40573 } } peers { permanent_uuid: "de3dc03ca2344d5d9c2ee2f4eddd0bdb" member_type: VOTER last_known_addr { host: "127.26.245.194" port: 33751 } } peers { permanent_uuid: "12b086e11d434510aeedd7480f894ded" member_type: VOTER last_known_addr { host: "127.26.245.195" port: 46793 } attrs { replace: true } } peers { permanent_uuid: "bc67c711d58b41bca2786a04188d5422" member_type: VOTER last_known_addr { host: "127.26.245.196" port: 45191 } attrs { promote: false } } }
I20260710 13:25:46.085170 29173 raft_consensus.cc:2955] T 98016726237f43018ab8ee0447db2172 P bc67c711d58b41bca2786a04188d5422 [term 2 FOLLOWER]: Committing config change with OpId 2.3: config changed from index 2 to 3, bc67c711d58b41bca2786a04188d5422 (127.26.245.196) changed from NON_VOTER to VOTER. New config: { opid_index: 3 OBSOLETE_local: false peers { permanent_uuid: "be84787d10574697ab510cc56d8c45d2" member_type: VOTER last_known_addr { host: "127.26.245.193" port: 40573 } } peers { permanent_uuid: "de3dc03ca2344d5d9c2ee2f4eddd0bdb" member_type: VOTER last_known_addr { host: "127.26.245.194" port: 33751 } } peers { permanent_uuid: "12b086e11d434510aeedd7480f894ded" member_type: VOTER last_known_addr { host: "127.26.245.195" port: 46793 } attrs { replace: true } } peers { permanent_uuid: "bc67c711d58b41bca2786a04188d5422" member_type: VOTER last_known_addr { host: "127.26.245.196" port: 45191 } attrs { promote: false } } }
I20260710 13:25:46.091811 28746 raft_consensus.cc:2955] T 98016726237f43018ab8ee0447db2172 P be84787d10574697ab510cc56d8c45d2 [term 2 FOLLOWER]: Committing config change with OpId 2.3: config changed from index 2 to 3, bc67c711d58b41bca2786a04188d5422 (127.26.245.196) changed from NON_VOTER to VOTER. New config: { opid_index: 3 OBSOLETE_local: false peers { permanent_uuid: "be84787d10574697ab510cc56d8c45d2" member_type: VOTER last_known_addr { host: "127.26.245.193" port: 40573 } } peers { permanent_uuid: "de3dc03ca2344d5d9c2ee2f4eddd0bdb" member_type: VOTER last_known_addr { host: "127.26.245.194" port: 33751 } } peers { permanent_uuid: "12b086e11d434510aeedd7480f894ded" member_type: VOTER last_known_addr { host: "127.26.245.195" port: 46793 } attrs { replace: true } } peers { permanent_uuid: "bc67c711d58b41bca2786a04188d5422" member_type: VOTER last_known_addr { host: "127.26.245.196" port: 45191 } attrs { promote: false } } }
I20260710 13:25:46.098078 28644 catalog_manager.cc:5697] T 98016726237f43018ab8ee0447db2172 P de3dc03ca2344d5d9c2ee2f4eddd0bdb reported cstate change: config changed from index 2 to 3, bc67c711d58b41bca2786a04188d5422 (127.26.245.196) changed from NON_VOTER to VOTER. New cstate: current_term: 2 leader_uuid: "de3dc03ca2344d5d9c2ee2f4eddd0bdb" committed_config { opid_index: 3 OBSOLETE_local: false peers { permanent_uuid: "be84787d10574697ab510cc56d8c45d2" member_type: VOTER last_known_addr { host: "127.26.245.193" port: 40573 } health_report { overall_health: HEALTHY } } peers { permanent_uuid: "de3dc03ca2344d5d9c2ee2f4eddd0bdb" member_type: VOTER last_known_addr { host: "127.26.245.194" port: 33751 } health_report { overall_health: HEALTHY } } peers { permanent_uuid: "12b086e11d434510aeedd7480f894ded" member_type: VOTER last_known_addr { host: "127.26.245.195" port: 46793 } attrs { replace: true } health_report { overall_health: HEALTHY } } peers { permanent_uuid: "bc67c711d58b41bca2786a04188d5422" member_type: VOTER last_known_addr { host: "127.26.245.196" port: 45191 } attrs { promote: false } health_report { overall_health: HEALTHY } } }
I20260710 13:25:46.098264 28896 raft_consensus.cc:2955] T 98016726237f43018ab8ee0447db2172 P 12b086e11d434510aeedd7480f894ded [term 2 FOLLOWER]: Committing config change with OpId 2.3: config changed from index 2 to 3, bc67c711d58b41bca2786a04188d5422 (127.26.245.196) changed from NON_VOTER to VOTER. New config: { opid_index: 3 OBSOLETE_local: false peers { permanent_uuid: "be84787d10574697ab510cc56d8c45d2" member_type: VOTER last_known_addr { host: "127.26.245.193" port: 40573 } } peers { permanent_uuid: "de3dc03ca2344d5d9c2ee2f4eddd0bdb" member_type: VOTER last_known_addr { host: "127.26.245.194" port: 33751 } } peers { permanent_uuid: "12b086e11d434510aeedd7480f894ded" member_type: VOTER last_known_addr { host: "127.26.245.195" port: 46793 } attrs { replace: true } } peers { permanent_uuid: "bc67c711d58b41bca2786a04188d5422" member_type: VOTER last_known_addr { host: "127.26.245.196" port: 45191 } attrs { promote: false } } }
I20260710 13:25:46.139155 28821 consensus_queue.cc:237] T 98016726237f43018ab8ee0447db2172 P de3dc03ca2344d5d9c2ee2f4eddd0bdb [LEADER]: Queue going to LEADER mode. State: All replicated index: 0, Majority replicated index: 3, Committed index: 3, Last appended: 2.3, Last appended by leader: 0, Current term: 2, Majority size: 2, State: 0, Mode: LEADER, active raft config: opid_index: 4 OBSOLETE_local: false peers { permanent_uuid: "be84787d10574697ab510cc56d8c45d2" member_type: VOTER last_known_addr { host: "127.26.245.193" port: 40573 } } peers { permanent_uuid: "de3dc03ca2344d5d9c2ee2f4eddd0bdb" member_type: VOTER last_known_addr { host: "127.26.245.194" port: 33751 } } peers { permanent_uuid: "bc67c711d58b41bca2786a04188d5422" member_type: VOTER last_known_addr { host: "127.26.245.196" port: 45191 } attrs { promote: false } }
I20260710 13:25:46.142076 29450 raft_consensus.cc:1064] T 097a9175f4ec407eadeb2df6ea74b7b1 P be84787d10574697ab510cc56d8c45d2: attempting to promote NON_VOTER bc67c711d58b41bca2786a04188d5422 to VOTER
I20260710 13:25:46.144920 29450 consensus_queue.cc:237] T 097a9175f4ec407eadeb2df6ea74b7b1 P be84787d10574697ab510cc56d8c45d2 [LEADER]: Queue going to LEADER mode. State: All replicated index: 0, Majority replicated index: 2, Committed index: 2, Last appended: 1.2, Last appended by leader: 0, Current term: 1, Majority size: 3, State: 0, Mode: LEADER, active raft config: opid_index: 3 OBSOLETE_local: false peers { permanent_uuid: "be84787d10574697ab510cc56d8c45d2" member_type: VOTER last_known_addr { host: "127.26.245.193" port: 40573 } } peers { permanent_uuid: "de3dc03ca2344d5d9c2ee2f4eddd0bdb" member_type: VOTER last_known_addr { host: "127.26.245.194" port: 33751 } } peers { permanent_uuid: "12b086e11d434510aeedd7480f894ded" member_type: VOTER last_known_addr { host: "127.26.245.195" port: 46793 } attrs { replace: true } } peers { permanent_uuid: "bc67c711d58b41bca2786a04188d5422" member_type: VOTER last_known_addr { host: "127.26.245.196" port: 45191 } attrs { promote: false } }
I20260710 13:25:46.147426 28746 raft_consensus.cc:1275] T 98016726237f43018ab8ee0447db2172 P be84787d10574697ab510cc56d8c45d2 [term 2 FOLLOWER]: Refusing update from remote peer de3dc03ca2344d5d9c2ee2f4eddd0bdb: Log matching property violated. Preceding OpId in replica: term: 2 index: 3. Preceding OpId from leader: term: 2 index: 4. (index mismatch)
I20260710 13:25:46.148207 29173 raft_consensus.cc:1275] T 98016726237f43018ab8ee0447db2172 P bc67c711d58b41bca2786a04188d5422 [term 2 FOLLOWER]: Refusing update from remote peer de3dc03ca2344d5d9c2ee2f4eddd0bdb: Log matching property violated. Preceding OpId in replica: term: 2 index: 3. Preceding OpId from leader: term: 2 index: 4. (index mismatch)
I20260710 13:25:46.149128 29357 consensus_queue.cc:1048] T 98016726237f43018ab8ee0447db2172 P de3dc03ca2344d5d9c2ee2f4eddd0bdb [LEADER]: Connected to new peer: Peer: permanent_uuid: "be84787d10574697ab510cc56d8c45d2" member_type: VOTER last_known_addr { host: "127.26.245.193" port: 40573 }, Status: LMP_MISMATCH, Last received: 0.0, Next index: 4, Last known committed idx: 3, Time since last communication: 0.000s
I20260710 13:25:46.150005 29453 consensus_queue.cc:1048] T 98016726237f43018ab8ee0447db2172 P de3dc03ca2344d5d9c2ee2f4eddd0bdb [LEADER]: Connected to new peer: Peer: permanent_uuid: "bc67c711d58b41bca2786a04188d5422" member_type: VOTER last_known_addr { host: "127.26.245.196" port: 45191 } attrs { promote: false }, Status: LMP_MISMATCH, Last received: 0.0, Next index: 4, Last known committed idx: 3, Time since last communication: 0.000s
I20260710 13:25:46.157976 29174 raft_consensus.cc:1275] T 097a9175f4ec407eadeb2df6ea74b7b1 P bc67c711d58b41bca2786a04188d5422 [term 1 LEARNER]: Refusing update from remote peer be84787d10574697ab510cc56d8c45d2: Log matching property violated. Preceding OpId in replica: term: 1 index: 2. Preceding OpId from leader: term: 1 index: 3. (index mismatch)
I20260710 13:25:46.159824 29449 consensus_queue.cc:1048] T 097a9175f4ec407eadeb2df6ea74b7b1 P be84787d10574697ab510cc56d8c45d2 [LEADER]: Connected to new peer: Peer: permanent_uuid: "bc67c711d58b41bca2786a04188d5422" member_type: VOTER last_known_addr { host: "127.26.245.196" port: 45191 } attrs { promote: false }, Status: LMP_MISMATCH, Last received: 0.0, Next index: 3, Last known committed idx: 2, Time since last communication: 0.000s
I20260710 13:25:46.158064 28898 raft_consensus.cc:1275] T 097a9175f4ec407eadeb2df6ea74b7b1 P 12b086e11d434510aeedd7480f894ded [term 1 FOLLOWER]: Refusing update from remote peer be84787d10574697ab510cc56d8c45d2: Log matching property violated. Preceding OpId in replica: term: 1 index: 2. Preceding OpId from leader: term: 1 index: 3. (index mismatch)
I20260710 13:25:46.163823 29450 consensus_queue.cc:1048] T 097a9175f4ec407eadeb2df6ea74b7b1 P be84787d10574697ab510cc56d8c45d2 [LEADER]: Connected to new peer: Peer: permanent_uuid: "12b086e11d434510aeedd7480f894ded" member_type: VOTER last_known_addr { host: "127.26.245.195" port: 46793 } attrs { replace: true }, Status: LMP_MISMATCH, Last received: 0.0, Next index: 3, Last known committed idx: 2, Time since last communication: 0.000s
I20260710 13:25:46.165657 29457 raft_consensus.cc:2955] T 98016726237f43018ab8ee0447db2172 P de3dc03ca2344d5d9c2ee2f4eddd0bdb [term 2 LEADER]: Committing config change with OpId 2.4: config changed from index 3 to 4, VOTER 12b086e11d434510aeedd7480f894ded (127.26.245.195) evicted. New config: { opid_index: 4 OBSOLETE_local: false peers { permanent_uuid: "be84787d10574697ab510cc56d8c45d2" member_type: VOTER last_known_addr { host: "127.26.245.193" port: 40573 } } peers { permanent_uuid: "de3dc03ca2344d5d9c2ee2f4eddd0bdb" member_type: VOTER last_known_addr { host: "127.26.245.194" port: 33751 } } peers { permanent_uuid: "bc67c711d58b41bca2786a04188d5422" member_type: VOTER last_known_addr { host: "127.26.245.196" port: 45191 } attrs { promote: false } } }
I20260710 13:25:46.173818 29173 raft_consensus.cc:2955] T 98016726237f43018ab8ee0447db2172 P bc67c711d58b41bca2786a04188d5422 [term 2 FOLLOWER]: Committing config change with OpId 2.4: config changed from index 3 to 4, VOTER 12b086e11d434510aeedd7480f894ded (127.26.245.195) evicted. New config: { opid_index: 4 OBSOLETE_local: false peers { permanent_uuid: "be84787d10574697ab510cc56d8c45d2" member_type: VOTER last_known_addr { host: "127.26.245.193" port: 40573 } } peers { permanent_uuid: "de3dc03ca2344d5d9c2ee2f4eddd0bdb" member_type: VOTER last_known_addr { host: "127.26.245.194" port: 33751 } } peers { permanent_uuid: "bc67c711d58b41bca2786a04188d5422" member_type: VOTER last_known_addr { host: "127.26.245.196" port: 45191 } attrs { promote: false } } }
I20260710 13:25:46.179733 28746 raft_consensus.cc:2955] T 98016726237f43018ab8ee0447db2172 P be84787d10574697ab510cc56d8c45d2 [term 2 FOLLOWER]: Committing config change with OpId 2.4: config changed from index 3 to 4, VOTER 12b086e11d434510aeedd7480f894ded (127.26.245.195) evicted. New config: { opid_index: 4 OBSOLETE_local: false peers { permanent_uuid: "be84787d10574697ab510cc56d8c45d2" member_type: VOTER last_known_addr { host: "127.26.245.193" port: 40573 } } peers { permanent_uuid: "de3dc03ca2344d5d9c2ee2f4eddd0bdb" member_type: VOTER last_known_addr { host: "127.26.245.194" port: 33751 } } peers { permanent_uuid: "bc67c711d58b41bca2786a04188d5422" member_type: VOTER last_known_addr { host: "127.26.245.196" port: 45191 } attrs { promote: false } } }
I20260710 13:25:46.195288 29422 raft_consensus.cc:1064] T 29aa64aba78842268e6e77f5b56d4a21 P 12b086e11d434510aeedd7480f894ded: attempting to promote NON_VOTER bc67c711d58b41bca2786a04188d5422 to VOTER
I20260710 13:25:46.198161 29422 consensus_queue.cc:237] T 29aa64aba78842268e6e77f5b56d4a21 P 12b086e11d434510aeedd7480f894ded [LEADER]: Queue going to LEADER mode. State: All replicated index: 0, Majority replicated index: 2, Committed index: 2, Last appended: 1.2, Last appended by leader: 0, Current term: 1, Majority size: 3, State: 0, Mode: LEADER, active raft config: opid_index: 3 OBSOLETE_local: false peers { permanent_uuid: "12b086e11d434510aeedd7480f894ded" member_type: VOTER last_known_addr { host: "127.26.245.195" port: 46793 } } peers { permanent_uuid: "de3dc03ca2344d5d9c2ee2f4eddd0bdb" member_type: VOTER last_known_addr { host: "127.26.245.194" port: 33751 } } peers { permanent_uuid: "be84787d10574697ab510cc56d8c45d2" member_type: VOTER last_known_addr { host: "127.26.245.193" port: 40573 } attrs { replace: true } } peers { permanent_uuid: "bc67c711d58b41bca2786a04188d5422" member_type: VOTER last_known_addr { host: "127.26.245.196" port: 45191 } attrs { promote: false } }
I20260710 13:25:46.210469 28632 catalog_manager.cc:5210] ChangeConfig:REMOVE_PEER RPC for tablet 98016726237f43018ab8ee0447db2172 with cas_config_opid_index 3: ChangeConfig:REMOVE_PEER succeeded (attempt 1)
I20260710 13:25:46.214692 28823 raft_consensus.cc:1275] T 097a9175f4ec407eadeb2df6ea74b7b1 P de3dc03ca2344d5d9c2ee2f4eddd0bdb [term 1 FOLLOWER]: Refusing update from remote peer be84787d10574697ab510cc56d8c45d2: Log matching property violated. Preceding OpId in replica: term: 1 index: 2. Preceding OpId from leader: term: 1 index: 3. (index mismatch)
I20260710 13:25:46.217623 28643 catalog_manager.cc:5697] T 98016726237f43018ab8ee0447db2172 P bc67c711d58b41bca2786a04188d5422 reported cstate change: config changed from index 3 to 4, VOTER 12b086e11d434510aeedd7480f894ded (127.26.245.195) evicted. New cstate: current_term: 2 leader_uuid: "de3dc03ca2344d5d9c2ee2f4eddd0bdb" committed_config { opid_index: 4 OBSOLETE_local: false peers { permanent_uuid: "be84787d10574697ab510cc56d8c45d2" member_type: VOTER last_known_addr { host: "127.26.245.193" port: 40573 } } peers { permanent_uuid: "de3dc03ca2344d5d9c2ee2f4eddd0bdb" member_type: VOTER last_known_addr { host: "127.26.245.194" port: 33751 } } peers { permanent_uuid: "bc67c711d58b41bca2786a04188d5422" member_type: VOTER last_known_addr { host: "127.26.245.196" port: 45191 } attrs { promote: false } } }
I20260710 13:25:46.217206 29449 raft_consensus.cc:2955] T 097a9175f4ec407eadeb2df6ea74b7b1 P be84787d10574697ab510cc56d8c45d2 [term 1 LEADER]: Committing config change with OpId 1.3: config changed from index 2 to 3, bc67c711d58b41bca2786a04188d5422 (127.26.245.196) changed from NON_VOTER to VOTER. New config: { opid_index: 3 OBSOLETE_local: false peers { permanent_uuid: "be84787d10574697ab510cc56d8c45d2" member_type: VOTER last_known_addr { host: "127.26.245.193" port: 40573 } } peers { permanent_uuid: "de3dc03ca2344d5d9c2ee2f4eddd0bdb" member_type: VOTER last_known_addr { host: "127.26.245.194" port: 33751 } } peers { permanent_uuid: "12b086e11d434510aeedd7480f894ded" member_type: VOTER last_known_addr { host: "127.26.245.195" port: 46793 } attrs { replace: true } } peers { permanent_uuid: "bc67c711d58b41bca2786a04188d5422" member_type: VOTER last_known_addr { host: "127.26.245.196" port: 45191 } attrs { promote: false } } }
I20260710 13:25:46.235982 28898 raft_consensus.cc:2955] T 097a9175f4ec407eadeb2df6ea74b7b1 P 12b086e11d434510aeedd7480f894ded [term 1 FOLLOWER]: Committing config change with OpId 1.3: config changed from index 2 to 3, bc67c711d58b41bca2786a04188d5422 (127.26.245.196) changed from NON_VOTER to VOTER. New config: { opid_index: 3 OBSOLETE_local: false peers { permanent_uuid: "be84787d10574697ab510cc56d8c45d2" member_type: VOTER last_known_addr { host: "127.26.245.193" port: 40573 } } peers { permanent_uuid: "de3dc03ca2344d5d9c2ee2f4eddd0bdb" member_type: VOTER last_known_addr { host: "127.26.245.194" port: 33751 } } peers { permanent_uuid: "12b086e11d434510aeedd7480f894ded" member_type: VOTER last_known_addr { host: "127.26.245.195" port: 46793 } attrs { replace: true } } peers { permanent_uuid: "bc67c711d58b41bca2786a04188d5422" member_type: VOTER last_known_addr { host: "127.26.245.196" port: 45191 } attrs { promote: false } } }
I20260710 13:25:46.237200 28885 tablet_service.cc:1558] Processing DeleteTablet for tablet 98016726237f43018ab8ee0447db2172 with delete_type TABLET_DATA_TOMBSTONED (TS 12b086e11d434510aeedd7480f894ded not found in new config with opid_index 4) from {username='slave'} at 127.0.0.1:36410
I20260710 13:25:46.240593 28821 raft_consensus.cc:1275] T 29aa64aba78842268e6e77f5b56d4a21 P de3dc03ca2344d5d9c2ee2f4eddd0bdb [term 1 FOLLOWER]: Refusing update from remote peer 12b086e11d434510aeedd7480f894ded: Log matching property violated. Preceding OpId in replica: term: 1 index: 2. Preceding OpId from leader: term: 1 index: 3. (index mismatch)
I20260710 13:25:46.242597 29422 consensus_queue.cc:1048] T 29aa64aba78842268e6e77f5b56d4a21 P 12b086e11d434510aeedd7480f894ded [LEADER]: Connected to new peer: Peer: permanent_uuid: "de3dc03ca2344d5d9c2ee2f4eddd0bdb" member_type: VOTER last_known_addr { host: "127.26.245.194" port: 33751 }, Status: LMP_MISMATCH, Last received: 0.0, Next index: 3, Last known committed idx: 2, Time since last communication: 0.001s
I20260710 13:25:46.244501 29174 raft_consensus.cc:2955] T 097a9175f4ec407eadeb2df6ea74b7b1 P bc67c711d58b41bca2786a04188d5422 [term 1 FOLLOWER]: Committing config change with OpId 1.3: config changed from index 2 to 3, bc67c711d58b41bca2786a04188d5422 (127.26.245.196) changed from NON_VOTER to VOTER. New config: { opid_index: 3 OBSOLETE_local: false peers { permanent_uuid: "be84787d10574697ab510cc56d8c45d2" member_type: VOTER last_known_addr { host: "127.26.245.193" port: 40573 } } peers { permanent_uuid: "de3dc03ca2344d5d9c2ee2f4eddd0bdb" member_type: VOTER last_known_addr { host: "127.26.245.194" port: 33751 } } peers { permanent_uuid: "12b086e11d434510aeedd7480f894ded" member_type: VOTER last_known_addr { host: "127.26.245.195" port: 46793 } attrs { replace: true } } peers { permanent_uuid: "bc67c711d58b41bca2786a04188d5422" member_type: VOTER last_known_addr { host: "127.26.245.196" port: 45191 } attrs { promote: false } } }
I20260710 13:25:46.247613 29466 consensus_queue.cc:1048] T 097a9175f4ec407eadeb2df6ea74b7b1 P be84787d10574697ab510cc56d8c45d2 [LEADER]: Connected to new peer: Peer: permanent_uuid: "de3dc03ca2344d5d9c2ee2f4eddd0bdb" member_type: VOTER last_known_addr { host: "127.26.245.194" port: 33751 }, Status: LMP_MISMATCH, Last received: 0.0, Next index: 3, Last known committed idx: 2, Time since last communication: 0.001s
I20260710 13:25:46.249343 28746 raft_consensus.cc:1275] T 29aa64aba78842268e6e77f5b56d4a21 P be84787d10574697ab510cc56d8c45d2 [term 1 FOLLOWER]: Refusing update from remote peer 12b086e11d434510aeedd7480f894ded: Log matching property violated. Preceding OpId in replica: term: 1 index: 2. Preceding OpId from leader: term: 1 index: 3. (index mismatch)
I20260710 13:25:46.255290 29422 consensus_queue.cc:1048] T 29aa64aba78842268e6e77f5b56d4a21 P 12b086e11d434510aeedd7480f894ded [LEADER]: Connected to new peer: Peer: permanent_uuid: "be84787d10574697ab510cc56d8c45d2" member_type: VOTER last_known_addr { host: "127.26.245.193" port: 40573 } attrs { replace: true }, Status: LMP_MISMATCH, Last received: 0.0, Next index: 3, Last known committed idx: 2, Time since last communication: 0.001s
I20260710 13:25:46.262413 29173 raft_consensus.cc:1275] T 29aa64aba78842268e6e77f5b56d4a21 P bc67c711d58b41bca2786a04188d5422 [term 1 LEARNER]: Refusing update from remote peer 12b086e11d434510aeedd7480f894ded: Log matching property violated. Preceding OpId in replica: term: 1 index: 2. Preceding OpId from leader: term: 1 index: 3. (index mismatch)
I20260710 13:25:46.264264 29422 consensus_queue.cc:1048] T 29aa64aba78842268e6e77f5b56d4a21 P 12b086e11d434510aeedd7480f894ded [LEADER]: Connected to new peer: Peer: permanent_uuid: "bc67c711d58b41bca2786a04188d5422" member_type: VOTER last_known_addr { host: "127.26.245.196" port: 45191 } attrs { promote: false }, Status: LMP_MISMATCH, Last received: 0.0, Next index: 3, Last known committed idx: 2, Time since last communication: 0.001s
I20260710 13:25:46.269666 29471 tablet_replica.cc:333] T 98016726237f43018ab8ee0447db2172 P 12b086e11d434510aeedd7480f894ded: stopping tablet replica
I20260710 13:25:46.272555 29471 raft_consensus.cc:2243] T 98016726237f43018ab8ee0447db2172 P 12b086e11d434510aeedd7480f894ded [term 2 FOLLOWER]: Raft consensus shutting down.
I20260710 13:25:46.273557 29471 raft_consensus.cc:2272] T 98016726237f43018ab8ee0447db2172 P 12b086e11d434510aeedd7480f894ded [term 2 FOLLOWER]: Raft consensus is shut down!
I20260710 13:25:46.275735 28643 catalog_manager.cc:5697] T 097a9175f4ec407eadeb2df6ea74b7b1 P be84787d10574697ab510cc56d8c45d2 reported cstate change: config changed from index 2 to 3, bc67c711d58b41bca2786a04188d5422 (127.26.245.196) changed from NON_VOTER to VOTER. New cstate: current_term: 1 leader_uuid: "be84787d10574697ab510cc56d8c45d2" committed_config { opid_index: 3 OBSOLETE_local: false peers { permanent_uuid: "be84787d10574697ab510cc56d8c45d2" member_type: VOTER last_known_addr { host: "127.26.245.193" port: 40573 } health_report { overall_health: HEALTHY } } peers { permanent_uuid: "de3dc03ca2344d5d9c2ee2f4eddd0bdb" member_type: VOTER last_known_addr { host: "127.26.245.194" port: 33751 } health_report { overall_health: UNKNOWN } } peers { permanent_uuid: "12b086e11d434510aeedd7480f894ded" member_type: VOTER last_known_addr { host: "127.26.245.195" port: 46793 } attrs { replace: true } health_report { overall_health: HEALTHY } } peers { permanent_uuid: "bc67c711d58b41bca2786a04188d5422" member_type: VOTER last_known_addr { host: "127.26.245.196" port: 45191 } attrs { promote: false } health_report { overall_health: HEALTHY } } }
I20260710 13:25:46.293167 29471 ts_tablet_manager.cc:1916] T 98016726237f43018ab8ee0447db2172 P 12b086e11d434510aeedd7480f894ded: Deleting tablet data with delete state TABLET_DATA_TOMBSTONED
I20260710 13:25:46.296031 28823 raft_consensus.cc:2955] T 097a9175f4ec407eadeb2df6ea74b7b1 P de3dc03ca2344d5d9c2ee2f4eddd0bdb [term 1 FOLLOWER]: Committing config change with OpId 1.3: config changed from index 2 to 3, bc67c711d58b41bca2786a04188d5422 (127.26.245.196) changed from NON_VOTER to VOTER. New config: { opid_index: 3 OBSOLETE_local: false peers { permanent_uuid: "be84787d10574697ab510cc56d8c45d2" member_type: VOTER last_known_addr { host: "127.26.245.193" port: 40573 } } peers { permanent_uuid: "de3dc03ca2344d5d9c2ee2f4eddd0bdb" member_type: VOTER last_known_addr { host: "127.26.245.194" port: 33751 } } peers { permanent_uuid: "12b086e11d434510aeedd7480f894ded" member_type: VOTER last_known_addr { host: "127.26.245.195" port: 46793 } attrs { replace: true } } peers { permanent_uuid: "bc67c711d58b41bca2786a04188d5422" member_type: VOTER last_known_addr { host: "127.26.245.196" port: 45191 } attrs { promote: false } } }
I20260710 13:25:46.305173 29454 raft_consensus.cc:2955] T 29aa64aba78842268e6e77f5b56d4a21 P 12b086e11d434510aeedd7480f894ded [term 1 LEADER]: Committing config change with OpId 1.3: config changed from index 2 to 3, bc67c711d58b41bca2786a04188d5422 (127.26.245.196) changed from NON_VOTER to VOTER. New config: { opid_index: 3 OBSOLETE_local: false peers { permanent_uuid: "12b086e11d434510aeedd7480f894ded" member_type: VOTER last_known_addr { host: "127.26.245.195" port: 46793 } } peers { permanent_uuid: "de3dc03ca2344d5d9c2ee2f4eddd0bdb" member_type: VOTER last_known_addr { host: "127.26.245.194" port: 33751 } } peers { permanent_uuid: "be84787d10574697ab510cc56d8c45d2" member_type: VOTER last_known_addr { host: "127.26.245.193" port: 40573 } attrs { replace: true } } peers { permanent_uuid: "bc67c711d58b41bca2786a04188d5422" member_type: VOTER last_known_addr { host: "127.26.245.196" port: 45191 } attrs { promote: false } } }
