I20260710 13:25:36.013777 23908 raft_consensus.cc:359] T 69c0473883894638a54e40e1a6c19947 P c9c113608eb04bfbb8ee97b7b3549407 [term 1 LEARNER]: Replica starting. Triggering 0 pending ops. Active config: opid_index: 2 OBSOLETE_local: false peers { permanent_uuid: "2b85f7b9a9124f8392da003eafbf937f" member_type: VOTER last_known_addr { host: "127.21.162.1" port: 39087 } attrs { replace: true } } peers { permanent_uuid: "486cb037fb8149e5a755c473309ffc31" member_type: VOTER last_known_addr { host: "127.21.162.2" port: 44421 } } peers { permanent_uuid: "b7d87cabf35d412890bf05c7687458e6" member_type: VOTER last_known_addr { host: "127.21.162.3" port: 39829 } } peers { permanent_uuid: "c9c113608eb04bfbb8ee97b7b3549407" member_type: NON_VOTER last_known_addr { host: "127.21.162.4" port: 34177 } attrs { promote: true } }
I20260710 13:25:36.014451 23908 raft_consensus.cc:740] T 69c0473883894638a54e40e1a6c19947 P c9c113608eb04bfbb8ee97b7b3549407 [term 1 LEARNER]: Becoming Follower/Learner. State: Replica: c9c113608eb04bfbb8ee97b7b3549407, State: Initialized, Role: LEARNER
I20260710 13:25:36.015081 23908 consensus_queue.cc:260] T 69c0473883894638a54e40e1a6c19947 P c9c113608eb04bfbb8ee97b7b3549407 [NON_LEADER]: Queue going to NON_LEADER mode. State: All replicated index: 0, Majority replicated index: 0, Committed index: 2, Last appended: 1.2, Last appended by leader: 2, Current term: 0, Majority size: -1, State: 0, Mode: NON_LEADER, active raft config: opid_index: 2 OBSOLETE_local: false peers { permanent_uuid: "2b85f7b9a9124f8392da003eafbf937f" member_type: VOTER last_known_addr { host: "127.21.162.1" port: 39087 } attrs { replace: true } } peers { permanent_uuid: "486cb037fb8149e5a755c473309ffc31" member_type: VOTER last_known_addr { host: "127.21.162.2" port: 44421 } } peers { permanent_uuid: "b7d87cabf35d412890bf05c7687458e6" member_type: VOTER last_known_addr { host: "127.21.162.3" port: 39829 } } peers { permanent_uuid: "c9c113608eb04bfbb8ee97b7b3549407" member_type: NON_VOTER last_known_addr { host: "127.21.162.4" port: 34177 } attrs { promote: true } }
I20260710 13:25:36.018788 23908 ts_tablet_manager.cc:1434] T 69c0473883894638a54e40e1a6c19947 P c9c113608eb04bfbb8ee97b7b3549407: Time spent starting tablet: real 0.007s	user 0.005s	sys 0.001s
I20260710 13:25:36.020488 23431 tablet_copy_service.cc:342] P b7d87cabf35d412890bf05c7687458e6: Request end of tablet copy session c9c113608eb04bfbb8ee97b7b3549407-69c0473883894638a54e40e1a6c19947 received from {username='slave'} at 127.0.0.1:48398
I20260710 13:25:36.020912 23431 tablet_copy_service.cc:434] P b7d87cabf35d412890bf05c7687458e6: ending tablet copy session c9c113608eb04bfbb8ee97b7b3549407-69c0473883894638a54e40e1a6c19947 on tablet 69c0473883894638a54e40e1a6c19947 with peer c9c113608eb04bfbb8ee97b7b3549407
I20260710 13:25:36.078265 23908 ts_tablet_manager.cc:933] T 43e188b49916448b91dc9bc46711b284 P c9c113608eb04bfbb8ee97b7b3549407: Initiating tablet copy from peer 486cb037fb8149e5a755c473309ffc31 (127.21.162.2:44421)
I20260710 13:25:36.080176 23908 tablet_copy_client.cc:323] T 43e188b49916448b91dc9bc46711b284 P c9c113608eb04bfbb8ee97b7b3549407: tablet copy: Beginning tablet copy session from remote peer at address 127.21.162.2:44421
I20260710 13:25:36.081866 23357 tablet_copy_service.cc:140] P 486cb037fb8149e5a755c473309ffc31: Received BeginTabletCopySession request for tablet 43e188b49916448b91dc9bc46711b284 from peer c9c113608eb04bfbb8ee97b7b3549407 ({username='slave'} at 127.0.0.1:60304)
I20260710 13:25:36.082415 23357 tablet_copy_service.cc:161] P 486cb037fb8149e5a755c473309ffc31: Beginning new tablet copy session on tablet 43e188b49916448b91dc9bc46711b284 from peer c9c113608eb04bfbb8ee97b7b3549407 at {username='slave'} at 127.0.0.1:60304: session id = c9c113608eb04bfbb8ee97b7b3549407-43e188b49916448b91dc9bc46711b284
I20260710 13:25:36.087657 23357 tablet_copy_source_session.cc:215] T 43e188b49916448b91dc9bc46711b284 P 486cb037fb8149e5a755c473309ffc31: Tablet Copy: opened 0 blocks and 1 log segments
I20260710 13:25:36.090390 23908 data_dirs.cc:400] Could only allocate 1 dirs of requested 3 for tablet 43e188b49916448b91dc9bc46711b284. 1 dirs total, 0 dirs full, 0 dirs failed
I20260710 13:25:36.100790 23908 tablet_copy_client.cc:806] T 43e188b49916448b91dc9bc46711b284 P c9c113608eb04bfbb8ee97b7b3549407: tablet copy: Starting download of 0 data blocks...
I20260710 13:25:36.101313 23908 tablet_copy_client.cc:670] T 43e188b49916448b91dc9bc46711b284 P c9c113608eb04bfbb8ee97b7b3549407: tablet copy: Starting download of 1 WAL segments...
I20260710 13:25:36.108026 23908 tablet_copy_client.cc:538] T 43e188b49916448b91dc9bc46711b284 P c9c113608eb04bfbb8ee97b7b3549407: tablet copy: Tablet Copy complete. Replacing tablet superblock.
I20260710 13:25:36.113891 23908 tablet_bootstrap.cc:492] T 43e188b49916448b91dc9bc46711b284 P c9c113608eb04bfbb8ee97b7b3549407: Bootstrap starting.
I20260710 13:25:36.130577 23908 tablet_bootstrap.cc:492] T 43e188b49916448b91dc9bc46711b284 P c9c113608eb04bfbb8ee97b7b3549407: Bootstrap replayed 1/1 log segments. Stats: ops{read=2 overwritten=0 applied=2 ignored=0} inserts{seen=0 ignored=0} mutations{seen=0 ignored=0} orphaned_commits=0. Pending: 0 replicates
I20260710 13:25:36.131418 23908 tablet_bootstrap.cc:492] T 43e188b49916448b91dc9bc46711b284 P c9c113608eb04bfbb8ee97b7b3549407: Bootstrap complete.
I20260710 13:25:36.131923 23908 ts_tablet_manager.cc:1403] T 43e188b49916448b91dc9bc46711b284 P c9c113608eb04bfbb8ee97b7b3549407: Time spent bootstrapping tablet: real 0.018s	user 0.015s	sys 0.005s
I20260710 13:25:36.134059 23908 raft_consensus.cc:359] T 43e188b49916448b91dc9bc46711b284 P c9c113608eb04bfbb8ee97b7b3549407 [term 1 LEARNER]: Replica starting. Triggering 0 pending ops. Active config: opid_index: 2 OBSOLETE_local: false peers { permanent_uuid: "2b85f7b9a9124f8392da003eafbf937f" member_type: VOTER last_known_addr { host: "127.21.162.1" port: 39087 } } peers { permanent_uuid: "486cb037fb8149e5a755c473309ffc31" member_type: VOTER last_known_addr { host: "127.21.162.2" port: 44421 } } peers { permanent_uuid: "b7d87cabf35d412890bf05c7687458e6" member_type: VOTER last_known_addr { host: "127.21.162.3" port: 39829 } attrs { replace: true } } peers { permanent_uuid: "c9c113608eb04bfbb8ee97b7b3549407" member_type: NON_VOTER last_known_addr { host: "127.21.162.4" port: 34177 } attrs { promote: true } }
I20260710 13:25:36.134624 23908 raft_consensus.cc:740] T 43e188b49916448b91dc9bc46711b284 P c9c113608eb04bfbb8ee97b7b3549407 [term 1 LEARNER]: Becoming Follower/Learner. State: Replica: c9c113608eb04bfbb8ee97b7b3549407, State: Initialized, Role: LEARNER
I20260710 13:25:36.135143 23908 consensus_queue.cc:260] T 43e188b49916448b91dc9bc46711b284 P c9c113608eb04bfbb8ee97b7b3549407 [NON_LEADER]: Queue going to NON_LEADER mode. State: All replicated index: 0, Majority replicated index: 0, Committed index: 2, Last appended: 1.2, Last appended by leader: 2, Current term: 0, Majority size: -1, State: 0, Mode: NON_LEADER, active raft config: opid_index: 2 OBSOLETE_local: false peers { permanent_uuid: "2b85f7b9a9124f8392da003eafbf937f" member_type: VOTER last_known_addr { host: "127.21.162.1" port: 39087 } } peers { permanent_uuid: "486cb037fb8149e5a755c473309ffc31" member_type: VOTER last_known_addr { host: "127.21.162.2" port: 44421 } } peers { permanent_uuid: "b7d87cabf35d412890bf05c7687458e6" member_type: VOTER last_known_addr { host: "127.21.162.3" port: 39829 } attrs { replace: true } } peers { permanent_uuid: "c9c113608eb04bfbb8ee97b7b3549407" member_type: NON_VOTER last_known_addr { host: "127.21.162.4" port: 34177 } attrs { promote: true } }
I20260710 13:25:36.136849 23908 ts_tablet_manager.cc:1434] T 43e188b49916448b91dc9bc46711b284 P c9c113608eb04bfbb8ee97b7b3549407: Time spent starting tablet: real 0.005s	user 0.004s	sys 0.000s
I20260710 13:25:36.138592 23357 tablet_copy_service.cc:342] P 486cb037fb8149e5a755c473309ffc31: Request end of tablet copy session c9c113608eb04bfbb8ee97b7b3549407-43e188b49916448b91dc9bc46711b284 received from {username='slave'} at 127.0.0.1:60304
I20260710 13:25:36.139040 23357 tablet_copy_service.cc:434] P 486cb037fb8149e5a755c473309ffc31: ending tablet copy session c9c113608eb04bfbb8ee97b7b3549407-43e188b49916448b91dc9bc46711b284 on tablet 43e188b49916448b91dc9bc46711b284 with peer c9c113608eb04bfbb8ee97b7b3549407
I20260710 13:25:36.212265 23908 ts_tablet_manager.cc:933] T 867b41e6f40248ec89603866eb16dfb3 P c9c113608eb04bfbb8ee97b7b3549407: Initiating tablet copy from peer b7d87cabf35d412890bf05c7687458e6 (127.21.162.3:39829)
I20260710 13:25:36.213979 23908 tablet_copy_client.cc:323] T 867b41e6f40248ec89603866eb16dfb3 P c9c113608eb04bfbb8ee97b7b3549407: tablet copy: Beginning tablet copy session from remote peer at address 127.21.162.3:39829
I20260710 13:25:36.215430 23431 tablet_copy_service.cc:140] P b7d87cabf35d412890bf05c7687458e6: Received BeginTabletCopySession request for tablet 867b41e6f40248ec89603866eb16dfb3 from peer c9c113608eb04bfbb8ee97b7b3549407 ({username='slave'} at 127.0.0.1:48398)
I20260710 13:25:36.215850 23431 tablet_copy_service.cc:161] P b7d87cabf35d412890bf05c7687458e6: Beginning new tablet copy session on tablet 867b41e6f40248ec89603866eb16dfb3 from peer c9c113608eb04bfbb8ee97b7b3549407 at {username='slave'} at 127.0.0.1:48398: session id = c9c113608eb04bfbb8ee97b7b3549407-867b41e6f40248ec89603866eb16dfb3
I20260710 13:25:36.220878 23431 tablet_copy_source_session.cc:215] T 867b41e6f40248ec89603866eb16dfb3 P b7d87cabf35d412890bf05c7687458e6: Tablet Copy: opened 0 blocks and 1 log segments
I20260710 13:25:36.223598 23908 data_dirs.cc:400] Could only allocate 1 dirs of requested 3 for tablet 867b41e6f40248ec89603866eb16dfb3. 1 dirs total, 0 dirs full, 0 dirs failed
I20260710 13:25:36.239064 23908 tablet_copy_client.cc:806] T 867b41e6f40248ec89603866eb16dfb3 P c9c113608eb04bfbb8ee97b7b3549407: tablet copy: Starting download of 0 data blocks...
I20260710 13:25:36.239578 23908 tablet_copy_client.cc:670] T 867b41e6f40248ec89603866eb16dfb3 P c9c113608eb04bfbb8ee97b7b3549407: tablet copy: Starting download of 1 WAL segments...
I20260710 13:25:36.242599 23908 tablet_copy_client.cc:538] T 867b41e6f40248ec89603866eb16dfb3 P c9c113608eb04bfbb8ee97b7b3549407: tablet copy: Tablet Copy complete. Replacing tablet superblock.
I20260710 13:25:36.250562 23908 tablet_bootstrap.cc:492] T 867b41e6f40248ec89603866eb16dfb3 P c9c113608eb04bfbb8ee97b7b3549407: Bootstrap starting.
I20260710 13:25:36.268291 23908 tablet_bootstrap.cc:492] T 867b41e6f40248ec89603866eb16dfb3 P c9c113608eb04bfbb8ee97b7b3549407: Bootstrap replayed 1/1 log segments. Stats: ops{read=2 overwritten=0 applied=2 ignored=0} inserts{seen=0 ignored=0} mutations{seen=0 ignored=0} orphaned_commits=0. Pending: 0 replicates
I20260710 13:25:36.269121 23908 tablet_bootstrap.cc:492] T 867b41e6f40248ec89603866eb16dfb3 P c9c113608eb04bfbb8ee97b7b3549407: Bootstrap complete.
I20260710 13:25:36.269704 23908 ts_tablet_manager.cc:1403] T 867b41e6f40248ec89603866eb16dfb3 P c9c113608eb04bfbb8ee97b7b3549407: Time spent bootstrapping tablet: real 0.019s	user 0.019s	sys 0.000s
I20260710 13:25:36.272367 23908 raft_consensus.cc:359] T 867b41e6f40248ec89603866eb16dfb3 P c9c113608eb04bfbb8ee97b7b3549407 [term 1 LEARNER]: Replica starting. Triggering 0 pending ops. Active config: opid_index: 2 OBSOLETE_local: false peers { permanent_uuid: "2b85f7b9a9124f8392da003eafbf937f" member_type: VOTER last_known_addr { host: "127.21.162.1" port: 39087 } } peers { permanent_uuid: "486cb037fb8149e5a755c473309ffc31" member_type: VOTER last_known_addr { host: "127.21.162.2" port: 44421 } attrs { replace: true } } peers { permanent_uuid: "b7d87cabf35d412890bf05c7687458e6" member_type: VOTER last_known_addr { host: "127.21.162.3" port: 39829 } } peers { permanent_uuid: "c9c113608eb04bfbb8ee97b7b3549407" member_type: NON_VOTER last_known_addr { host: "127.21.162.4" port: 34177 } attrs { promote: true } }
I20260710 13:25:36.273124 23908 raft_consensus.cc:740] T 867b41e6f40248ec89603866eb16dfb3 P c9c113608eb04bfbb8ee97b7b3549407 [term 1 LEARNER]: Becoming Follower/Learner. State: Replica: c9c113608eb04bfbb8ee97b7b3549407, State: Initialized, Role: LEARNER
I20260710 13:25:36.273710 23908 consensus_queue.cc:260] T 867b41e6f40248ec89603866eb16dfb3 P c9c113608eb04bfbb8ee97b7b3549407 [NON_LEADER]: Queue going to NON_LEADER mode. State: All replicated index: 0, Majority replicated index: 0, Committed index: 2, Last appended: 1.2, Last appended by leader: 2, Current term: 0, Majority size: -1, State: 0, Mode: NON_LEADER, active raft config: opid_index: 2 OBSOLETE_local: false peers { permanent_uuid: "2b85f7b9a9124f8392da003eafbf937f" member_type: VOTER last_known_addr { host: "127.21.162.1" port: 39087 } } peers { permanent_uuid: "486cb037fb8149e5a755c473309ffc31" member_type: VOTER last_known_addr { host: "127.21.162.2" port: 44421 } attrs { replace: true } } peers { permanent_uuid: "b7d87cabf35d412890bf05c7687458e6" member_type: VOTER last_known_addr { host: "127.21.162.3" port: 39829 } } peers { permanent_uuid: "c9c113608eb04bfbb8ee97b7b3549407" member_type: NON_VOTER last_known_addr { host: "127.21.162.4" port: 34177 } attrs { promote: true } }
I20260710 13:25:36.275815 23908 ts_tablet_manager.cc:1434] T 867b41e6f40248ec89603866eb16dfb3 P c9c113608eb04bfbb8ee97b7b3549407: Time spent starting tablet: real 0.006s	user 0.008s	sys 0.000s
I20260710 13:25:36.277550 23431 tablet_copy_service.cc:342] P b7d87cabf35d412890bf05c7687458e6: Request end of tablet copy session c9c113608eb04bfbb8ee97b7b3549407-867b41e6f40248ec89603866eb16dfb3 received from {username='slave'} at 127.0.0.1:48398
I20260710 13:25:36.277974 23431 tablet_copy_service.cc:434] P b7d87cabf35d412890bf05c7687458e6: ending tablet copy session c9c113608eb04bfbb8ee97b7b3549407-867b41e6f40248ec89603866eb16dfb3 on tablet 867b41e6f40248ec89603866eb16dfb3 with peer c9c113608eb04bfbb8ee97b7b3549407
I20260710 13:25:36.284215 23908 ts_tablet_manager.cc:933] T 7639aecd3c9c4872942b036d49fb5cba P c9c113608eb04bfbb8ee97b7b3549407: Initiating tablet copy from peer b7d87cabf35d412890bf05c7687458e6 (127.21.162.3:39829)
I20260710 13:25:36.285662 23908 tablet_copy_client.cc:323] T 7639aecd3c9c4872942b036d49fb5cba P c9c113608eb04bfbb8ee97b7b3549407: tablet copy: Beginning tablet copy session from remote peer at address 127.21.162.3:39829
I20260710 13:25:36.287184 23431 tablet_copy_service.cc:140] P b7d87cabf35d412890bf05c7687458e6: Received BeginTabletCopySession request for tablet 7639aecd3c9c4872942b036d49fb5cba from peer c9c113608eb04bfbb8ee97b7b3549407 ({username='slave'} at 127.0.0.1:48398)
I20260710 13:25:36.287680 23431 tablet_copy_service.cc:161] P b7d87cabf35d412890bf05c7687458e6: Beginning new tablet copy session on tablet 7639aecd3c9c4872942b036d49fb5cba from peer c9c113608eb04bfbb8ee97b7b3549407 at {username='slave'} at 127.0.0.1:48398: session id = c9c113608eb04bfbb8ee97b7b3549407-7639aecd3c9c4872942b036d49fb5cba
I20260710 13:25:36.295357 23431 tablet_copy_source_session.cc:215] T 7639aecd3c9c4872942b036d49fb5cba P b7d87cabf35d412890bf05c7687458e6: Tablet Copy: opened 0 blocks and 1 log segments
I20260710 13:25:36.298074 23908 data_dirs.cc:400] Could only allocate 1 dirs of requested 3 for tablet 7639aecd3c9c4872942b036d49fb5cba. 1 dirs total, 0 dirs full, 0 dirs failed
I20260710 13:25:36.307497 23908 tablet_copy_client.cc:806] T 7639aecd3c9c4872942b036d49fb5cba P c9c113608eb04bfbb8ee97b7b3549407: tablet copy: Starting download of 0 data blocks...
I20260710 13:25:36.307925 23908 tablet_copy_client.cc:670] T 7639aecd3c9c4872942b036d49fb5cba P c9c113608eb04bfbb8ee97b7b3549407: tablet copy: Starting download of 1 WAL segments...
I20260710 13:25:36.311120 23908 tablet_copy_client.cc:538] T 7639aecd3c9c4872942b036d49fb5cba P c9c113608eb04bfbb8ee97b7b3549407: tablet copy: Tablet Copy complete. Replacing tablet superblock.
I20260710 13:25:36.315996 23908 tablet_bootstrap.cc:492] T 7639aecd3c9c4872942b036d49fb5cba P c9c113608eb04bfbb8ee97b7b3549407: Bootstrap starting.
I20260710 13:25:36.330675 23908 tablet_bootstrap.cc:492] T 7639aecd3c9c4872942b036d49fb5cba P c9c113608eb04bfbb8ee97b7b3549407: Bootstrap replayed 1/1 log segments. Stats: ops{read=2 overwritten=0 applied=2 ignored=0} inserts{seen=0 ignored=0} mutations{seen=0 ignored=0} orphaned_commits=0. Pending: 0 replicates
I20260710 13:25:36.331413 23908 tablet_bootstrap.cc:492] T 7639aecd3c9c4872942b036d49fb5cba P c9c113608eb04bfbb8ee97b7b3549407: Bootstrap complete.
I20260710 13:25:36.331888 23908 ts_tablet_manager.cc:1403] T 7639aecd3c9c4872942b036d49fb5cba P c9c113608eb04bfbb8ee97b7b3549407: Time spent bootstrapping tablet: real 0.016s	user 0.015s	sys 0.000s
I20260710 13:25:36.333930 23908 raft_consensus.cc:359] T 7639aecd3c9c4872942b036d49fb5cba P c9c113608eb04bfbb8ee97b7b3549407 [term 1 LEARNER]: Replica starting. Triggering 0 pending ops. Active config: opid_index: 2 OBSOLETE_local: false peers { permanent_uuid: "2b85f7b9a9124f8392da003eafbf937f" member_type: VOTER last_known_addr { host: "127.21.162.1" port: 39087 } attrs { replace: true } } peers { permanent_uuid: "486cb037fb8149e5a755c473309ffc31" member_type: VOTER last_known_addr { host: "127.21.162.2" port: 44421 } } peers { permanent_uuid: "b7d87cabf35d412890bf05c7687458e6" member_type: VOTER last_known_addr { host: "127.21.162.3" port: 39829 } } peers { permanent_uuid: "c9c113608eb04bfbb8ee97b7b3549407" member_type: NON_VOTER last_known_addr { host: "127.21.162.4" port: 34177 } attrs { promote: true } }
I20260710 13:25:36.334434 23908 raft_consensus.cc:740] T 7639aecd3c9c4872942b036d49fb5cba P c9c113608eb04bfbb8ee97b7b3549407 [term 1 LEARNER]: Becoming Follower/Learner. State: Replica: c9c113608eb04bfbb8ee97b7b3549407, State: Initialized, Role: LEARNER
I20260710 13:25:36.334857 23908 consensus_queue.cc:260] T 7639aecd3c9c4872942b036d49fb5cba P c9c113608eb04bfbb8ee97b7b3549407 [NON_LEADER]: Queue going to NON_LEADER mode. State: All replicated index: 0, Majority replicated index: 0, Committed index: 2, Last appended: 1.2, Last appended by leader: 2, Current term: 0, Majority size: -1, State: 0, Mode: NON_LEADER, active raft config: opid_index: 2 OBSOLETE_local: false peers { permanent_uuid: "2b85f7b9a9124f8392da003eafbf937f" member_type: VOTER last_known_addr { host: "127.21.162.1" port: 39087 } attrs { replace: true } } peers { permanent_uuid: "486cb037fb8149e5a755c473309ffc31" member_type: VOTER last_known_addr { host: "127.21.162.2" port: 44421 } } peers { permanent_uuid: "b7d87cabf35d412890bf05c7687458e6" member_type: VOTER last_known_addr { host: "127.21.162.3" port: 39829 } } peers { permanent_uuid: "c9c113608eb04bfbb8ee97b7b3549407" member_type: NON_VOTER last_known_addr { host: "127.21.162.4" port: 34177 } attrs { promote: true } }
I20260710 13:25:36.336373 23908 ts_tablet_manager.cc:1434] T 7639aecd3c9c4872942b036d49fb5cba P c9c113608eb04bfbb8ee97b7b3549407: Time spent starting tablet: real 0.004s	user 0.004s	sys 0.000s
I20260710 13:25:36.337877 23431 tablet_copy_service.cc:342] P b7d87cabf35d412890bf05c7687458e6: Request end of tablet copy session c9c113608eb04bfbb8ee97b7b3549407-7639aecd3c9c4872942b036d49fb5cba received from {username='slave'} at 127.0.0.1:48398
I20260710 13:25:36.338240 23431 tablet_copy_service.cc:434] P b7d87cabf35d412890bf05c7687458e6: ending tablet copy session c9c113608eb04bfbb8ee97b7b3549407-7639aecd3c9c4872942b036d49fb5cba on tablet 7639aecd3c9c4872942b036d49fb5cba with peer c9c113608eb04bfbb8ee97b7b3549407
I20260710 13:25:36.393162 23713 raft_consensus.cc:1217] T 69c0473883894638a54e40e1a6c19947 P c9c113608eb04bfbb8ee97b7b3549407 [term 1 LEARNER]: Deduplicated request from leader. Original: 1.1->[1.2-1.2]   Dedup: 1.2->[]
I20260710 13:25:36.652469 23713 raft_consensus.cc:1217] T 43e188b49916448b91dc9bc46711b284 P c9c113608eb04bfbb8ee97b7b3549407 [term 1 LEARNER]: Deduplicated request from leader. Original: 1.1->[1.2-1.2]   Dedup: 1.2->[]
I20260710 13:25:36.693346 23713 raft_consensus.cc:1217] T 867b41e6f40248ec89603866eb16dfb3 P c9c113608eb04bfbb8ee97b7b3549407 [term 1 LEARNER]: Deduplicated request from leader. Original: 1.1->[1.2-1.2]   Dedup: 1.2->[]
I20260710 13:25:36.826229 23713 raft_consensus.cc:1217] T 7639aecd3c9c4872942b036d49fb5cba P c9c113608eb04bfbb8ee97b7b3549407 [term 1 LEARNER]: Deduplicated request from leader. Original: 1.1->[1.2-1.2]   Dedup: 1.2->[]
I20260710 13:25:36.960057 23889 raft_consensus.cc:1064] T 69c0473883894638a54e40e1a6c19947 P b7d87cabf35d412890bf05c7687458e6: attempting to promote NON_VOTER c9c113608eb04bfbb8ee97b7b3549407 to VOTER
I20260710 13:25:36.962400 23889 consensus_queue.cc:237] T 69c0473883894638a54e40e1a6c19947 P b7d87cabf35d412890bf05c7687458e6 [LEADER]: Queue going to LEADER mode. State: All replicated index: 0, Majority replicated index: 2, Committed index: 2, Last appended: 1.2, Last appended by leader: 0, Current term: 1, Majority size: 3, State: 0, Mode: LEADER, active raft config: opid_index: 3 OBSOLETE_local: false peers { permanent_uuid: "2b85f7b9a9124f8392da003eafbf937f" member_type: VOTER last_known_addr { host: "127.21.162.1" port: 39087 } attrs { replace: true } } peers { permanent_uuid: "486cb037fb8149e5a755c473309ffc31" member_type: VOTER last_known_addr { host: "127.21.162.2" port: 44421 } } peers { permanent_uuid: "b7d87cabf35d412890bf05c7687458e6" member_type: VOTER last_known_addr { host: "127.21.162.3" port: 39829 } } peers { permanent_uuid: "c9c113608eb04bfbb8ee97b7b3549407" member_type: VOTER last_known_addr { host: "127.21.162.4" port: 34177 } attrs { promote: false } }
I20260710 13:25:36.968811 23341 raft_consensus.cc:1275] T 69c0473883894638a54e40e1a6c19947 P 486cb037fb8149e5a755c473309ffc31 [term 1 FOLLOWER]: Refusing update from remote peer b7d87cabf35d412890bf05c7687458e6: Log matching property violated. Preceding OpId in replica: term: 1 index: 2. Preceding OpId from leader: term: 1 index: 3. (index mismatch)
I20260710 13:25:36.968822 23713 raft_consensus.cc:1275] T 69c0473883894638a54e40e1a6c19947 P c9c113608eb04bfbb8ee97b7b3549407 [term 1 LEARNER]: Refusing update from remote peer b7d87cabf35d412890bf05c7687458e6: Log matching property violated. Preceding OpId in replica: term: 1 index: 2. Preceding OpId from leader: term: 1 index: 3. (index mismatch)
I20260710 13:25:36.970371 23267 raft_consensus.cc:1275] T 69c0473883894638a54e40e1a6c19947 P 2b85f7b9a9124f8392da003eafbf937f [term 1 FOLLOWER]: Refusing update from remote peer b7d87cabf35d412890bf05c7687458e6: Log matching property violated. Preceding OpId in replica: term: 1 index: 2. Preceding OpId from leader: term: 1 index: 3. (index mismatch)
I20260710 13:25:36.970479 23889 consensus_queue.cc:1048] T 69c0473883894638a54e40e1a6c19947 P b7d87cabf35d412890bf05c7687458e6 [LEADER]: Connected to new peer: Peer: permanent_uuid: "486cb037fb8149e5a755c473309ffc31" member_type: VOTER last_known_addr { host: "127.21.162.2" port: 44421 }, Status: LMP_MISMATCH, Last received: 0.0, Next index: 3, Last known committed idx: 2, Time since last communication: 0.000s
I20260710 13:25:36.971511 23918 consensus_queue.cc:1048] T 69c0473883894638a54e40e1a6c19947 P b7d87cabf35d412890bf05c7687458e6 [LEADER]: Connected to new peer: Peer: permanent_uuid: "c9c113608eb04bfbb8ee97b7b3549407" member_type: VOTER last_known_addr { host: "127.21.162.4" port: 34177 } attrs { promote: false }, Status: LMP_MISMATCH, Last received: 0.0, Next index: 3, Last known committed idx: 2, Time since last communication: 0.000s
I20260710 13:25:36.972397 23893 consensus_queue.cc:1048] T 69c0473883894638a54e40e1a6c19947 P b7d87cabf35d412890bf05c7687458e6 [LEADER]: Connected to new peer: Peer: permanent_uuid: "2b85f7b9a9124f8392da003eafbf937f" member_type: VOTER last_known_addr { host: "127.21.162.1" port: 39087 } attrs { replace: true }, Status: LMP_MISMATCH, Last received: 0.0, Next index: 3, Last known committed idx: 2, Time since last communication: 0.000s
I20260710 13:25:36.983894 23893 raft_consensus.cc:2955] T 69c0473883894638a54e40e1a6c19947 P b7d87cabf35d412890bf05c7687458e6 [term 1 LEADER]: Committing config change with OpId 1.3: config changed from index 2 to 3, c9c113608eb04bfbb8ee97b7b3549407 (127.21.162.4) changed from NON_VOTER to VOTER. New config: { opid_index: 3 OBSOLETE_local: false peers { permanent_uuid: "2b85f7b9a9124f8392da003eafbf937f" member_type: VOTER last_known_addr { host: "127.21.162.1" port: 39087 } attrs { replace: true } } peers { permanent_uuid: "486cb037fb8149e5a755c473309ffc31" member_type: VOTER last_known_addr { host: "127.21.162.2" port: 44421 } } peers { permanent_uuid: "b7d87cabf35d412890bf05c7687458e6" member_type: VOTER last_known_addr { host: "127.21.162.3" port: 39829 } } peers { permanent_uuid: "c9c113608eb04bfbb8ee97b7b3549407" member_type: VOTER last_known_addr { host: "127.21.162.4" port: 34177 } attrs { promote: false } } }
I20260710 13:25:36.985677 23341 raft_consensus.cc:2955] T 69c0473883894638a54e40e1a6c19947 P 486cb037fb8149e5a755c473309ffc31 [term 1 FOLLOWER]: Committing config change with OpId 1.3: config changed from index 2 to 3, c9c113608eb04bfbb8ee97b7b3549407 (127.21.162.4) changed from NON_VOTER to VOTER. New config: { opid_index: 3 OBSOLETE_local: false peers { permanent_uuid: "2b85f7b9a9124f8392da003eafbf937f" member_type: VOTER last_known_addr { host: "127.21.162.1" port: 39087 } attrs { replace: true } } peers { permanent_uuid: "486cb037fb8149e5a755c473309ffc31" member_type: VOTER last_known_addr { host: "127.21.162.2" port: 44421 } } peers { permanent_uuid: "b7d87cabf35d412890bf05c7687458e6" member_type: VOTER last_known_addr { host: "127.21.162.3" port: 39829 } } peers { permanent_uuid: "c9c113608eb04bfbb8ee97b7b3549407" member_type: VOTER last_known_addr { host: "127.21.162.4" port: 34177 } attrs { promote: false } } }
I20260710 13:25:36.999142 23267 raft_consensus.cc:2955] T 69c0473883894638a54e40e1a6c19947 P 2b85f7b9a9124f8392da003eafbf937f [term 1 FOLLOWER]: Committing config change with OpId 1.3: config changed from index 2 to 3, c9c113608eb04bfbb8ee97b7b3549407 (127.21.162.4) changed from NON_VOTER to VOTER. New config: { opid_index: 3 OBSOLETE_local: false peers { permanent_uuid: "2b85f7b9a9124f8392da003eafbf937f" member_type: VOTER last_known_addr { host: "127.21.162.1" port: 39087 } attrs { replace: true } } peers { permanent_uuid: "486cb037fb8149e5a755c473309ffc31" member_type: VOTER last_known_addr { host: "127.21.162.2" port: 44421 } } peers { permanent_uuid: "b7d87cabf35d412890bf05c7687458e6" member_type: VOTER last_known_addr { host: "127.21.162.3" port: 39829 } } peers { permanent_uuid: "c9c113608eb04bfbb8ee97b7b3549407" member_type: VOTER last_known_addr { host: "127.21.162.4" port: 34177 } attrs { promote: false } } }
I20260710 13:25:37.001066 23166 catalog_manager.cc:5697] T 69c0473883894638a54e40e1a6c19947 P b7d87cabf35d412890bf05c7687458e6 reported cstate change: config changed from index 2 to 3, c9c113608eb04bfbb8ee97b7b3549407 (127.21.162.4) changed from NON_VOTER to VOTER. New cstate: current_term: 1 leader_uuid: "b7d87cabf35d412890bf05c7687458e6" committed_config { opid_index: 3 OBSOLETE_local: false peers { permanent_uuid: "2b85f7b9a9124f8392da003eafbf937f" member_type: VOTER last_known_addr { host: "127.21.162.1" port: 39087 } attrs { replace: true } health_report { overall_health: HEALTHY } } peers { permanent_uuid: "486cb037fb8149e5a755c473309ffc31" member_type: VOTER last_known_addr { host: "127.21.162.2" port: 44421 } health_report { overall_health: HEALTHY } } peers { permanent_uuid: "b7d87cabf35d412890bf05c7687458e6" member_type: VOTER last_known_addr { host: "127.21.162.3" port: 39829 } health_report { overall_health: HEALTHY } } peers { permanent_uuid: "c9c113608eb04bfbb8ee97b7b3549407" member_type: VOTER last_known_addr { host: "127.21.162.4" port: 34177 } attrs { promote: false } health_report { overall_health: UNKNOWN } } }
I20260710 13:25:37.005664 23713 raft_consensus.cc:2955] T 69c0473883894638a54e40e1a6c19947 P c9c113608eb04bfbb8ee97b7b3549407 [term 1 FOLLOWER]: Committing config change with OpId 1.3: config changed from index 2 to 3, c9c113608eb04bfbb8ee97b7b3549407 (127.21.162.4) changed from NON_VOTER to VOTER. New config: { opid_index: 3 OBSOLETE_local: false peers { permanent_uuid: "2b85f7b9a9124f8392da003eafbf937f" member_type: VOTER last_known_addr { host: "127.21.162.1" port: 39087 } attrs { replace: true } } peers { permanent_uuid: "486cb037fb8149e5a755c473309ffc31" member_type: VOTER last_known_addr { host: "127.21.162.2" port: 44421 } } peers { permanent_uuid: "b7d87cabf35d412890bf05c7687458e6" member_type: VOTER last_known_addr { host: "127.21.162.3" port: 39829 } } peers { permanent_uuid: "c9c113608eb04bfbb8ee97b7b3549407" member_type: VOTER last_known_addr { host: "127.21.162.4" port: 34177 } attrs { promote: false } } }
I20260710 13:25:37.045011 23420 consensus_queue.cc:237] T 69c0473883894638a54e40e1a6c19947 P b7d87cabf35d412890bf05c7687458e6 [LEADER]: Queue going to LEADER mode. State: All replicated index: 0, Majority replicated index: 3, Committed index: 3, Last appended: 1.3, Last appended by leader: 0, Current term: 1, Majority size: 2, State: 0, Mode: LEADER, active raft config: opid_index: 4 OBSOLETE_local: false peers { permanent_uuid: "486cb037fb8149e5a755c473309ffc31" member_type: VOTER last_known_addr { host: "127.21.162.2" port: 44421 } } peers { permanent_uuid: "b7d87cabf35d412890bf05c7687458e6" member_type: VOTER last_known_addr { host: "127.21.162.3" port: 39829 } } peers { permanent_uuid: "c9c113608eb04bfbb8ee97b7b3549407" member_type: VOTER last_known_addr { host: "127.21.162.4" port: 34177 } attrs { promote: false } }
I20260710 13:25:37.050664 23713 raft_consensus.cc:1275] T 69c0473883894638a54e40e1a6c19947 P c9c113608eb04bfbb8ee97b7b3549407 [term 1 FOLLOWER]: Refusing update from remote peer b7d87cabf35d412890bf05c7687458e6: Log matching property violated. Preceding OpId in replica: term: 1 index: 3. Preceding OpId from leader: term: 1 index: 4. (index mismatch)
I20260710 13:25:37.051479 23341 raft_consensus.cc:1275] T 69c0473883894638a54e40e1a6c19947 P 486cb037fb8149e5a755c473309ffc31 [term 1 FOLLOWER]: Refusing update from remote peer b7d87cabf35d412890bf05c7687458e6: Log matching property violated. Preceding OpId in replica: term: 1 index: 3. Preceding OpId from leader: term: 1 index: 4. (index mismatch)
I20260710 13:25:37.052829 23889 consensus_queue.cc:1048] T 69c0473883894638a54e40e1a6c19947 P b7d87cabf35d412890bf05c7687458e6 [LEADER]: Connected to new peer: Peer: permanent_uuid: "486cb037fb8149e5a755c473309ffc31" member_type: VOTER last_known_addr { host: "127.21.162.2" port: 44421 }, Status: LMP_MISMATCH, Last received: 0.0, Next index: 4, Last known committed idx: 3, Time since last communication: 0.000s
I20260710 13:25:37.054708 23893 consensus_queue.cc:1048] T 69c0473883894638a54e40e1a6c19947 P b7d87cabf35d412890bf05c7687458e6 [LEADER]: Connected to new peer: Peer: permanent_uuid: "c9c113608eb04bfbb8ee97b7b3549407" member_type: VOTER last_known_addr { host: "127.21.162.4" port: 34177 } attrs { promote: false }, Status: LMP_MISMATCH, Last received: 0.0, Next index: 4, Last known committed idx: 3, Time since last communication: 0.000s
I20260710 13:25:37.060755 23889 raft_consensus.cc:2955] T 69c0473883894638a54e40e1a6c19947 P b7d87cabf35d412890bf05c7687458e6 [term 1 LEADER]: Committing config change with OpId 1.4: config changed from index 3 to 4, VOTER 2b85f7b9a9124f8392da003eafbf937f (127.21.162.1) evicted. New config: { opid_index: 4 OBSOLETE_local: false peers { permanent_uuid: "486cb037fb8149e5a755c473309ffc31" member_type: VOTER last_known_addr { host: "127.21.162.2" port: 44421 } } peers { permanent_uuid: "b7d87cabf35d412890bf05c7687458e6" member_type: VOTER last_known_addr { host: "127.21.162.3" port: 39829 } } peers { permanent_uuid: "c9c113608eb04bfbb8ee97b7b3549407" member_type: VOTER last_known_addr { host: "127.21.162.4" port: 34177 } attrs { promote: false } } }
I20260710 13:25:37.064141 23341 raft_consensus.cc:2955] T 69c0473883894638a54e40e1a6c19947 P 486cb037fb8149e5a755c473309ffc31 [term 1 FOLLOWER]: Committing config change with OpId 1.4: config changed from index 3 to 4, VOTER 2b85f7b9a9124f8392da003eafbf937f (127.21.162.1) evicted. New config: { opid_index: 4 OBSOLETE_local: false peers { permanent_uuid: "486cb037fb8149e5a755c473309ffc31" member_type: VOTER last_known_addr { host: "127.21.162.2" port: 44421 } } peers { permanent_uuid: "b7d87cabf35d412890bf05c7687458e6" member_type: VOTER last_known_addr { host: "127.21.162.3" port: 39829 } } peers { permanent_uuid: "c9c113608eb04bfbb8ee97b7b3549407" member_type: VOTER last_known_addr { host: "127.21.162.4" port: 34177 } attrs { promote: false } } }
I20260710 13:25:37.064222 23713 raft_consensus.cc:2955] T 69c0473883894638a54e40e1a6c19947 P c9c113608eb04bfbb8ee97b7b3549407 [term 1 FOLLOWER]: Committing config change with OpId 1.4: config changed from index 3 to 4, VOTER 2b85f7b9a9124f8392da003eafbf937f (127.21.162.1) evicted. New config: { opid_index: 4 OBSOLETE_local: false peers { permanent_uuid: "486cb037fb8149e5a755c473309ffc31" member_type: VOTER last_known_addr { host: "127.21.162.2" port: 44421 } } peers { permanent_uuid: "b7d87cabf35d412890bf05c7687458e6" member_type: VOTER last_known_addr { host: "127.21.162.3" port: 39829 } } peers { permanent_uuid: "c9c113608eb04bfbb8ee97b7b3549407" member_type: VOTER last_known_addr { host: "127.21.162.4" port: 34177 } attrs { promote: false } } }
I20260710 13:25:37.070884 23157 catalog_manager.cc:5210] ChangeConfig:REMOVE_PEER RPC for tablet 69c0473883894638a54e40e1a6c19947 with cas_config_opid_index 3: ChangeConfig:REMOVE_PEER succeeded (attempt 1)
I20260710 13:25:37.077025 23170 catalog_manager.cc:5697] T 69c0473883894638a54e40e1a6c19947 P c9c113608eb04bfbb8ee97b7b3549407 reported cstate change: config changed from index 3 to 4, VOTER 2b85f7b9a9124f8392da003eafbf937f (127.21.162.1) evicted. New cstate: current_term: 1 leader_uuid: "b7d87cabf35d412890bf05c7687458e6" committed_config { opid_index: 4 OBSOLETE_local: false peers { permanent_uuid: "486cb037fb8149e5a755c473309ffc31" member_type: VOTER last_known_addr { host: "127.21.162.2" port: 44421 } } peers { permanent_uuid: "b7d87cabf35d412890bf05c7687458e6" member_type: VOTER last_known_addr { host: "127.21.162.3" port: 39829 } } peers { permanent_uuid: "c9c113608eb04bfbb8ee97b7b3549407" member_type: VOTER last_known_addr { host: "127.21.162.4" port: 34177 } attrs { promote: false } } }
I20260710 13:25:37.087045 23257 tablet_service.cc:1558] Processing DeleteTablet for tablet 69c0473883894638a54e40e1a6c19947 with delete_type TABLET_DATA_TOMBSTONED (TS 2b85f7b9a9124f8392da003eafbf937f not found in new config with opid_index 4) from {username='slave'} at 127.0.0.1:52446
I20260710 13:25:37.089123 23930 tablet_replica.cc:333] T 69c0473883894638a54e40e1a6c19947 P 2b85f7b9a9124f8392da003eafbf937f: stopping tablet replica
I20260710 13:25:37.090551 23930 raft_consensus.cc:2243] T 69c0473883894638a54e40e1a6c19947 P 2b85f7b9a9124f8392da003eafbf937f [term 1 FOLLOWER]: Raft consensus shutting down.
I20260710 13:25:37.091418 23930 raft_consensus.cc:2272] T 69c0473883894638a54e40e1a6c19947 P 2b85f7b9a9124f8392da003eafbf937f [term 1 FOLLOWER]: Raft consensus is shut down!
I20260710 13:25:37.098616 23930 ts_tablet_manager.cc:1916] T 69c0473883894638a54e40e1a6c19947 P 2b85f7b9a9124f8392da003eafbf937f: Deleting tablet data with delete state TABLET_DATA_TOMBSTONED
I20260710 13:25:37.114058 23930 ts_tablet_manager.cc:1929] T 69c0473883894638a54e40e1a6c19947 P 2b85f7b9a9124f8392da003eafbf937f: tablet deleted with delete type TABLET_DATA_TOMBSTONED: last-logged OpId 1.3
I20260710 13:25:37.114442 23930 log.cc:1199] T 69c0473883894638a54e40e1a6c19947 P 2b85f7b9a9124f8392da003eafbf937f: Deleting WAL directory at /tmp/dist-test-taskk2QJbp/test-tmp/auto_leader_rebalancer-test.0.LeaderRebalancerTest.AddTserver.1783689901375282-22152-0/minicluster-data/ts-0-root/wals/69c0473883894638a54e40e1a6c19947
I20260710 13:25:37.116045 23157 catalog_manager.cc:5028] TS 2b85f7b9a9124f8392da003eafbf937f (127.21.162.1:39087): tablet 69c0473883894638a54e40e1a6c19947 (table test-workload [id=e172bf8fe02946a79e80ba44ffb65d70]) successfully deleted
I20260710 13:25:37.142319 23877 raft_consensus.cc:1064] T 43e188b49916448b91dc9bc46711b284 P 486cb037fb8149e5a755c473309ffc31: attempting to promote NON_VOTER c9c113608eb04bfbb8ee97b7b3549407 to VOTER
I20260710 13:25:37.145072 23877 consensus_queue.cc:237] T 43e188b49916448b91dc9bc46711b284 P 486cb037fb8149e5a755c473309ffc31 [LEADER]: Queue going to LEADER mode. State: All replicated index: 0, Majority replicated index: 2, Committed index: 2, Last appended: 1.2, Last appended by leader: 0, Current term: 1, Majority size: 3, State: 0, Mode: LEADER, active raft config: opid_index: 3 OBSOLETE_local: false peers { permanent_uuid: "2b85f7b9a9124f8392da003eafbf937f" member_type: VOTER last_known_addr { host: "127.21.162.1" port: 39087 } } peers { permanent_uuid: "486cb037fb8149e5a755c473309ffc31" member_type: VOTER last_known_addr { host: "127.21.162.2" port: 44421 } } peers { permanent_uuid: "b7d87cabf35d412890bf05c7687458e6" member_type: VOTER last_known_addr { host: "127.21.162.3" port: 39829 } attrs { replace: true } } peers { permanent_uuid: "c9c113608eb04bfbb8ee97b7b3549407" member_type: VOTER last_known_addr { host: "127.21.162.4" port: 34177 } attrs { promote: false } }
I20260710 13:25:37.151628 23713 raft_consensus.cc:1275] T 43e188b49916448b91dc9bc46711b284 P c9c113608eb04bfbb8ee97b7b3549407 [term 1 LEARNER]: Refusing update from remote peer 486cb037fb8149e5a755c473309ffc31: Log matching property violated. Preceding OpId in replica: term: 1 index: 2. Preceding OpId from leader: term: 1 index: 3. (index mismatch)
I20260710 13:25:37.152992 23901 consensus_queue.cc:1048] T 43e188b49916448b91dc9bc46711b284 P 486cb037fb8149e5a755c473309ffc31 [LEADER]: Connected to new peer: Peer: permanent_uuid: "c9c113608eb04bfbb8ee97b7b3549407" member_type: VOTER last_known_addr { host: "127.21.162.4" port: 34177 } attrs { promote: false }, Status: LMP_MISMATCH, Last received: 0.0, Next index: 3, Last known committed idx: 2, Time since last communication: 0.000s
I20260710 13:25:37.154402 23267 raft_consensus.cc:1275] T 43e188b49916448b91dc9bc46711b284 P 2b85f7b9a9124f8392da003eafbf937f [term 1 FOLLOWER]: Refusing update from remote peer 486cb037fb8149e5a755c473309ffc31: Log matching property violated. Preceding OpId in replica: term: 1 index: 2. Preceding OpId from leader: term: 1 index: 3. (index mismatch)
I20260710 13:25:37.154642 23420 raft_consensus.cc:1275] T 43e188b49916448b91dc9bc46711b284 P b7d87cabf35d412890bf05c7687458e6 [term 1 FOLLOWER]: Refusing update from remote peer 486cb037fb8149e5a755c473309ffc31: Log matching property violated. Preceding OpId in replica: term: 1 index: 2. Preceding OpId from leader: term: 1 index: 3. (index mismatch)
I20260710 13:25:37.155938 23901 consensus_queue.cc:1048] T 43e188b49916448b91dc9bc46711b284 P 486cb037fb8149e5a755c473309ffc31 [LEADER]: Connected to new peer: Peer: permanent_uuid: "2b85f7b9a9124f8392da003eafbf937f" member_type: VOTER last_known_addr { host: "127.21.162.1" port: 39087 }, Status: LMP_MISMATCH, Last received: 0.0, Next index: 3, Last known committed idx: 2, Time since last communication: 0.002s
I20260710 13:25:37.162544 23901 consensus_queue.cc:1048] T 43e188b49916448b91dc9bc46711b284 P 486cb037fb8149e5a755c473309ffc31 [LEADER]: Connected to new peer: Peer: permanent_uuid: "b7d87cabf35d412890bf05c7687458e6" member_type: VOTER last_known_addr { host: "127.21.162.3" port: 39829 } attrs { replace: true }, Status: LMP_MISMATCH, Last received: 0.0, Next index: 3, Last known committed idx: 2, Time since last communication: 0.000s
I20260710 13:25:37.165480 23919 raft_consensus.cc:2955] T 43e188b49916448b91dc9bc46711b284 P 486cb037fb8149e5a755c473309ffc31 [term 1 LEADER]: Committing config change with OpId 1.3: config changed from index 2 to 3, c9c113608eb04bfbb8ee97b7b3549407 (127.21.162.4) changed from NON_VOTER to VOTER. New config: { opid_index: 3 OBSOLETE_local: false peers { permanent_uuid: "2b85f7b9a9124f8392da003eafbf937f" member_type: VOTER last_known_addr { host: "127.21.162.1" port: 39087 } } peers { permanent_uuid: "486cb037fb8149e5a755c473309ffc31" member_type: VOTER last_known_addr { host: "127.21.162.2" port: 44421 } } peers { permanent_uuid: "b7d87cabf35d412890bf05c7687458e6" member_type: VOTER last_known_addr { host: "127.21.162.3" port: 39829 } attrs { replace: true } } peers { permanent_uuid: "c9c113608eb04bfbb8ee97b7b3549407" member_type: VOTER last_known_addr { host: "127.21.162.4" port: 34177 } attrs { promote: false } } }
I20260710 13:25:37.169239 23267 raft_consensus.cc:2955] T 43e188b49916448b91dc9bc46711b284 P 2b85f7b9a9124f8392da003eafbf937f [term 1 FOLLOWER]: Committing config change with OpId 1.3: config changed from index 2 to 3, c9c113608eb04bfbb8ee97b7b3549407 (127.21.162.4) changed from NON_VOTER to VOTER. New config: { opid_index: 3 OBSOLETE_local: false peers { permanent_uuid: "2b85f7b9a9124f8392da003eafbf937f" member_type: VOTER last_known_addr { host: "127.21.162.1" port: 39087 } } peers { permanent_uuid: "486cb037fb8149e5a755c473309ffc31" member_type: VOTER last_known_addr { host: "127.21.162.2" port: 44421 } } peers { permanent_uuid: "b7d87cabf35d412890bf05c7687458e6" member_type: VOTER last_known_addr { host: "127.21.162.3" port: 39829 } attrs { replace: true } } peers { permanent_uuid: "c9c113608eb04bfbb8ee97b7b3549407" member_type: VOTER last_known_addr { host: "127.21.162.4" port: 34177 } attrs { promote: false } } }
I20260710 13:25:37.173470 23420 raft_consensus.cc:2955] T 43e188b49916448b91dc9bc46711b284 P b7d87cabf35d412890bf05c7687458e6 [term 1 FOLLOWER]: Committing config change with OpId 1.3: config changed from index 2 to 3, c9c113608eb04bfbb8ee97b7b3549407 (127.21.162.4) changed from NON_VOTER to VOTER. New config: { opid_index: 3 OBSOLETE_local: false peers { permanent_uuid: "2b85f7b9a9124f8392da003eafbf937f" member_type: VOTER last_known_addr { host: "127.21.162.1" port: 39087 } } peers { permanent_uuid: "486cb037fb8149e5a755c473309ffc31" member_type: VOTER last_known_addr { host: "127.21.162.2" port: 44421 } } peers { permanent_uuid: "b7d87cabf35d412890bf05c7687458e6" member_type: VOTER last_known_addr { host: "127.21.162.3" port: 39829 } attrs { replace: true } } peers { permanent_uuid: "c9c113608eb04bfbb8ee97b7b3549407" member_type: VOTER last_known_addr { host: "127.21.162.4" port: 34177 } attrs { promote: false } } }
I20260710 13:25:37.177973 23713 raft_consensus.cc:2955] T 43e188b49916448b91dc9bc46711b284 P c9c113608eb04bfbb8ee97b7b3549407 [term 1 FOLLOWER]: Committing config change with OpId 1.3: config changed from index 2 to 3, c9c113608eb04bfbb8ee97b7b3549407 (127.21.162.4) changed from NON_VOTER to VOTER. New config: { opid_index: 3 OBSOLETE_local: false peers { permanent_uuid: "2b85f7b9a9124f8392da003eafbf937f" member_type: VOTER last_known_addr { host: "127.21.162.1" port: 39087 } } peers { permanent_uuid: "486cb037fb8149e5a755c473309ffc31" member_type: VOTER last_known_addr { host: "127.21.162.2" port: 44421 } } peers { permanent_uuid: "b7d87cabf35d412890bf05c7687458e6" member_type: VOTER last_known_addr { host: "127.21.162.3" port: 39829 } attrs { replace: true } } peers { permanent_uuid: "c9c113608eb04bfbb8ee97b7b3549407" member_type: VOTER last_known_addr { host: "127.21.162.4" port: 34177 } attrs { promote: false } } }
I20260710 13:25:37.184880 23170 catalog_manager.cc:5697] T 43e188b49916448b91dc9bc46711b284 P 486cb037fb8149e5a755c473309ffc31 reported cstate change: config changed from index 2 to 3, c9c113608eb04bfbb8ee97b7b3549407 (127.21.162.4) changed from NON_VOTER to VOTER. New cstate: current_term: 1 leader_uuid: "486cb037fb8149e5a755c473309ffc31" committed_config { opid_index: 3 OBSOLETE_local: false peers { permanent_uuid: "2b85f7b9a9124f8392da003eafbf937f" member_type: VOTER last_known_addr { host: "127.21.162.1" port: 39087 } health_report { overall_health: HEALTHY } } peers { permanent_uuid: "486cb037fb8149e5a755c473309ffc31" member_type: VOTER last_known_addr { host: "127.21.162.2" port: 44421 } health_report { overall_health: HEALTHY } } peers { permanent_uuid: "b7d87cabf35d412890bf05c7687458e6" member_type: VOTER last_known_addr { host: "127.21.162.3" port: 39829 } attrs { replace: true } health_report { overall_health: HEALTHY } } peers { permanent_uuid: "c9c113608eb04bfbb8ee97b7b3549407" member_type: VOTER last_known_addr { host: "127.21.162.4" port: 34177 } attrs { promote: false } health_report { overall_health: HEALTHY } } }
I20260710 13:25:37.205143 23341 consensus_queue.cc:237] T 43e188b49916448b91dc9bc46711b284 P 486cb037fb8149e5a755c473309ffc31 [LEADER]: Queue going to LEADER mode. State: All replicated index: 0, Majority replicated index: 3, Committed index: 3, Last appended: 1.3, Last appended by leader: 0, Current term: 1, Majority size: 2, State: 0, Mode: LEADER, active raft config: opid_index: 4 OBSOLETE_local: false peers { permanent_uuid: "2b85f7b9a9124f8392da003eafbf937f" member_type: VOTER last_known_addr { host: "127.21.162.1" port: 39087 } } peers { permanent_uuid: "486cb037fb8149e5a755c473309ffc31" member_type: VOTER last_known_addr { host: "127.21.162.2" port: 44421 } } peers { permanent_uuid: "c9c113608eb04bfbb8ee97b7b3549407" member_type: VOTER last_known_addr { host: "127.21.162.4" port: 34177 } attrs { promote: false } }
I20260710 13:25:37.209950 23711 raft_consensus.cc:1275] T 43e188b49916448b91dc9bc46711b284 P c9c113608eb04bfbb8ee97b7b3549407 [term 1 FOLLOWER]: Refusing update from remote peer 486cb037fb8149e5a755c473309ffc31: Log matching property violated. Preceding OpId in replica: term: 1 index: 3. Preceding OpId from leader: term: 1 index: 4. (index mismatch)
I20260710 13:25:37.211555 23919 consensus_queue.cc:1048] T 43e188b49916448b91dc9bc46711b284 P 486cb037fb8149e5a755c473309ffc31 [LEADER]: Connected to new peer: Peer: permanent_uuid: "c9c113608eb04bfbb8ee97b7b3549407" member_type: VOTER last_known_addr { host: "127.21.162.4" port: 34177 } attrs { promote: false }, Status: LMP_MISMATCH, Last received: 0.0, Next index: 4, Last known committed idx: 3, Time since last communication: 0.000s
I20260710 13:25:37.212318 23267 raft_consensus.cc:1275] T 43e188b49916448b91dc9bc46711b284 P 2b85f7b9a9124f8392da003eafbf937f [term 1 FOLLOWER]: Refusing update from remote peer 486cb037fb8149e5a755c473309ffc31: Log matching property violated. Preceding OpId in replica: term: 1 index: 3. Preceding OpId from leader: term: 1 index: 4. (index mismatch)
I20260710 13:25:37.213644 23919 consensus_queue.cc:1048] T 43e188b49916448b91dc9bc46711b284 P 486cb037fb8149e5a755c473309ffc31 [LEADER]: Connected to new peer: Peer: permanent_uuid: "2b85f7b9a9124f8392da003eafbf937f" member_type: VOTER last_known_addr { host: "127.21.162.1" port: 39087 }, Status: LMP_MISMATCH, Last received: 0.0, Next index: 4, Last known committed idx: 3, Time since last communication: 0.000s
I20260710 13:25:37.217150 23901 raft_consensus.cc:2955] T 43e188b49916448b91dc9bc46711b284 P 486cb037fb8149e5a755c473309ffc31 [term 1 LEADER]: Committing config change with OpId 1.4: config changed from index 3 to 4, VOTER b7d87cabf35d412890bf05c7687458e6 (127.21.162.3) evicted. New config: { opid_index: 4 OBSOLETE_local: false peers { permanent_uuid: "2b85f7b9a9124f8392da003eafbf937f" member_type: VOTER last_known_addr { host: "127.21.162.1" port: 39087 } } peers { permanent_uuid: "486cb037fb8149e5a755c473309ffc31" member_type: VOTER last_known_addr { host: "127.21.162.2" port: 44421 } } peers { permanent_uuid: "c9c113608eb04bfbb8ee97b7b3549407" member_type: VOTER last_known_addr { host: "127.21.162.4" port: 34177 } attrs { promote: false } } }
I20260710 13:25:37.222033 23711 raft_consensus.cc:2955] T 43e188b49916448b91dc9bc46711b284 P c9c113608eb04bfbb8ee97b7b3549407 [term 1 FOLLOWER]: Committing config change with OpId 1.4: config changed from index 3 to 4, VOTER b7d87cabf35d412890bf05c7687458e6 (127.21.162.3) evicted. New config: { opid_index: 4 OBSOLETE_local: false peers { permanent_uuid: "2b85f7b9a9124f8392da003eafbf937f" member_type: VOTER last_known_addr { host: "127.21.162.1" port: 39087 } } peers { permanent_uuid: "486cb037fb8149e5a755c473309ffc31" member_type: VOTER last_known_addr { host: "127.21.162.2" port: 44421 } } peers { permanent_uuid: "c9c113608eb04bfbb8ee97b7b3549407" member_type: VOTER last_known_addr { host: "127.21.162.4" port: 34177 } attrs { promote: false } } }
I20260710 13:25:37.223353 23267 raft_consensus.cc:2955] T 43e188b49916448b91dc9bc46711b284 P 2b85f7b9a9124f8392da003eafbf937f [term 1 FOLLOWER]: Committing config change with OpId 1.4: config changed from index 3 to 4, VOTER b7d87cabf35d412890bf05c7687458e6 (127.21.162.3) evicted. New config: { opid_index: 4 OBSOLETE_local: false peers { permanent_uuid: "2b85f7b9a9124f8392da003eafbf937f" member_type: VOTER last_known_addr { host: "127.21.162.1" port: 39087 } } peers { permanent_uuid: "486cb037fb8149e5a755c473309ffc31" member_type: VOTER last_known_addr { host: "127.21.162.2" port: 44421 } } peers { permanent_uuid: "c9c113608eb04bfbb8ee97b7b3549407" member_type: VOTER last_known_addr { host: "127.21.162.4" port: 34177 } attrs { promote: false } } }
I20260710 13:25:37.230876 23156 catalog_manager.cc:5210] ChangeConfig:REMOVE_PEER RPC for tablet 43e188b49916448b91dc9bc46711b284 with cas_config_opid_index 3: ChangeConfig:REMOVE_PEER succeeded (attempt 1)
