I20260710 13:25:27.878103 23316 consensus_queue.cc:237] T 812d8c91ec3f4ebc85b24a1d2a5bf8bc P 6aae56b1235640728dfb40ac2f7fbaee [LEADER]: Queue going to LEADER mode. State: All replicated index: 0, Majority replicated index: 0, Committed index: 0, Last appended: 0.0, Last appended by leader: 0, Current term: 1, Majority size: 2, State: 0, Mode: LEADER, active raft config: opid_index: -1 OBSOLETE_local: false peers { permanent_uuid: "5876dee34f6d427e8a426afb01d4d287" member_type: VOTER last_known_addr { host: "127.21.120.65" port: 39525 } } peers { permanent_uuid: "6d971aa06dc34c8eaba195e0015af18f" member_type: VOTER last_known_addr { host: "127.21.120.66" port: 42049 } } peers { permanent_uuid: "6aae56b1235640728dfb40ac2f7fbaee" member_type: VOTER last_known_addr { host: "127.21.120.67" port: 38553 } }
W20260710 13:25:27.880183 23163 leader_election.cc:343] T d2a38595d08a4e2c97ccb74faa523dcc P 6d971aa06dc34c8eaba195e0015af18f [CANDIDATE]: Term 1 pre-election: Tablet error from VoteRequest() call to peer 5876dee34f6d427e8a426afb01d4d287 (127.21.120.65:39525): Illegal state: must be running to vote when last-logged opid is not known
I20260710 13:25:27.881366 23315 tablet_bootstrap.cc:492] T 65097bf790a945059b3efae2439ab1f2 P 6d971aa06dc34c8eaba195e0015af18f: Bootstrap starting.
I20260710 13:25:27.874504 23312 raft_consensus.cc:359] T 812d8c91ec3f4ebc85b24a1d2a5bf8bc P 5876dee34f6d427e8a426afb01d4d287 [term 0 FOLLOWER]: Replica starting. Triggering 0 pending ops. Active config: opid_index: -1 OBSOLETE_local: false peers { permanent_uuid: "5876dee34f6d427e8a426afb01d4d287" member_type: VOTER last_known_addr { host: "127.21.120.65" port: 39525 } } peers { permanent_uuid: "6d971aa06dc34c8eaba195e0015af18f" member_type: VOTER last_known_addr { host: "127.21.120.66" port: 42049 } } peers { permanent_uuid: "6aae56b1235640728dfb40ac2f7fbaee" member_type: VOTER last_known_addr { host: "127.21.120.67" port: 38553 } }
I20260710 13:25:27.882102 23312 raft_consensus.cc:385] T 812d8c91ec3f4ebc85b24a1d2a5bf8bc P 5876dee34f6d427e8a426afb01d4d287 [term 0 FOLLOWER]: Consensus starting up: Expiring failure detector timer to make a prompt election more likely
I20260710 13:25:27.882573 23312 raft_consensus.cc:740] T 812d8c91ec3f4ebc85b24a1d2a5bf8bc P 5876dee34f6d427e8a426afb01d4d287 [term 0 FOLLOWER]: Becoming Follower/Learner. State: Replica: 5876dee34f6d427e8a426afb01d4d287, State: Initialized, Role: FOLLOWER
I20260710 13:25:27.883716 23312 consensus_queue.cc:260] T 812d8c91ec3f4ebc85b24a1d2a5bf8bc P 5876dee34f6d427e8a426afb01d4d287 [NON_LEADER]: Queue going to NON_LEADER mode. State: All replicated index: 0, Majority replicated index: 0, Committed index: 0, Last appended: 0.0, Last appended by leader: 0, Current term: 0, Majority size: -1, State: 0, Mode: NON_LEADER, active raft config: opid_index: -1 OBSOLETE_local: false peers { permanent_uuid: "5876dee34f6d427e8a426afb01d4d287" member_type: VOTER last_known_addr { host: "127.21.120.65" port: 39525 } } peers { permanent_uuid: "6d971aa06dc34c8eaba195e0015af18f" member_type: VOTER last_known_addr { host: "127.21.120.66" port: 42049 } } peers { permanent_uuid: "6aae56b1235640728dfb40ac2f7fbaee" member_type: VOTER last_known_addr { host: "127.21.120.67" port: 38553 } }
I20260710 13:25:27.889804 23315 tablet_bootstrap.cc:654] T 65097bf790a945059b3efae2439ab1f2 P 6d971aa06dc34c8eaba195e0015af18f: Neither blocks nor log segments found. Creating new log.
I20260710 13:25:27.890506 23271 tablet_service.cc:1917] Received RequestConsensusVote() RPC: tablet_id: "d2a38595d08a4e2c97ccb74faa523dcc" candidate_uuid: "6d971aa06dc34c8eaba195e0015af18f" candidate_term: 1 candidate_status { last_received { term: 0 index: 0 } } ignore_live_leader: false dest_uuid: "6aae56b1235640728dfb40ac2f7fbaee" is_pre_election: true
I20260710 13:25:27.891256 23271 raft_consensus.cc:2468] T d2a38595d08a4e2c97ccb74faa523dcc P 6aae56b1235640728dfb40ac2f7fbaee [term 0 FOLLOWER]: Leader pre-election vote request: Granting yes vote for candidate 6d971aa06dc34c8eaba195e0015af18f in term 0.
I20260710 13:25:27.897230 23160 leader_election.cc:304] T d2a38595d08a4e2c97ccb74faa523dcc P 6d971aa06dc34c8eaba195e0015af18f [CANDIDATE]: Term 1 pre-election: Election decided. Result: candidate won. Election summary: received 3 responses out of 3 voters: 2 yes votes; 1 no votes. yes voters: 6aae56b1235640728dfb40ac2f7fbaee, 6d971aa06dc34c8eaba195e0015af18f; no voters: 5876dee34f6d427e8a426afb01d4d287
I20260710 13:25:27.898475 23312 ts_tablet_manager.cc:1434] T 812d8c91ec3f4ebc85b24a1d2a5bf8bc P 5876dee34f6d427e8a426afb01d4d287: Time spent starting tablet: real 0.031s	user 0.010s	sys 0.000s
I20260710 13:25:27.898682 23321 raft_consensus.cc:2804] T d2a38595d08a4e2c97ccb74faa523dcc P 6d971aa06dc34c8eaba195e0015af18f [term 0 FOLLOWER]: Leader pre-election won for term 1
I20260710 13:25:27.899359 23321 raft_consensus.cc:493] T d2a38595d08a4e2c97ccb74faa523dcc P 6d971aa06dc34c8eaba195e0015af18f [term 0 FOLLOWER]: Starting leader election (no leader contacted us within the election timeout)
I20260710 13:25:27.899864 23321 raft_consensus.cc:3060] T d2a38595d08a4e2c97ccb74faa523dcc P 6d971aa06dc34c8eaba195e0015af18f [term 0 FOLLOWER]: Advancing to term 1
I20260710 13:25:27.906662 23312 tablet_bootstrap.cc:492] T d2a38595d08a4e2c97ccb74faa523dcc P 5876dee34f6d427e8a426afb01d4d287: Bootstrap starting.
I20260710 13:25:27.916887 23321 raft_consensus.cc:515] T d2a38595d08a4e2c97ccb74faa523dcc P 6d971aa06dc34c8eaba195e0015af18f [term 1 FOLLOWER]: Starting leader election with config: opid_index: -1 OBSOLETE_local: false peers { permanent_uuid: "5876dee34f6d427e8a426afb01d4d287" member_type: VOTER last_known_addr { host: "127.21.120.65" port: 39525 } } peers { permanent_uuid: "6d971aa06dc34c8eaba195e0015af18f" member_type: VOTER last_known_addr { host: "127.21.120.66" port: 42049 } } peers { permanent_uuid: "6aae56b1235640728dfb40ac2f7fbaee" member_type: VOTER last_known_addr { host: "127.21.120.67" port: 38553 } }
I20260710 13:25:27.920949 23122 tablet_service.cc:1917] Received RequestConsensusVote() RPC: tablet_id: "d2a38595d08a4e2c97ccb74faa523dcc" candidate_uuid: "6d971aa06dc34c8eaba195e0015af18f" candidate_term: 1 candidate_status { last_received { term: 0 index: 0 } } ignore_live_leader: false dest_uuid: "5876dee34f6d427e8a426afb01d4d287"
I20260710 13:25:27.922562 23335 raft_consensus.cc:493] T b208fa75be5a409aa82d45f01a3318de P 5876dee34f6d427e8a426afb01d4d287 [term 0 FOLLOWER]: Starting pre-election (no leader contacted us within the election timeout)
W20260710 13:25:27.922896 23163 leader_election.cc:343] T d2a38595d08a4e2c97ccb74faa523dcc P 6d971aa06dc34c8eaba195e0015af18f [CANDIDATE]: Term 1 election: Tablet error from VoteRequest() call to peer 5876dee34f6d427e8a426afb01d4d287 (127.21.120.65:39525): Illegal state: must be running to vote when last-logged opid is not known
I20260710 13:25:27.923241 23335 raft_consensus.cc:515] T b208fa75be5a409aa82d45f01a3318de P 5876dee34f6d427e8a426afb01d4d287 [term 0 FOLLOWER]: Starting pre-election with config: opid_index: -1 OBSOLETE_local: false peers { permanent_uuid: "5876dee34f6d427e8a426afb01d4d287" member_type: VOTER last_known_addr { host: "127.21.120.65" port: 39525 } } peers { permanent_uuid: "6d971aa06dc34c8eaba195e0015af18f" member_type: VOTER last_known_addr { host: "127.21.120.66" port: 42049 } } peers { permanent_uuid: "6aae56b1235640728dfb40ac2f7fbaee" member_type: VOTER last_known_addr { host: "127.21.120.67" port: 38553 } }
I20260710 13:25:27.931003 23335 leader_election.cc:290] T b208fa75be5a409aa82d45f01a3318de P 5876dee34f6d427e8a426afb01d4d287 [CANDIDATE]: Term 1 pre-election: Requested pre-vote from peers 6d971aa06dc34c8eaba195e0015af18f (127.21.120.66:42049), 6aae56b1235640728dfb40ac2f7fbaee (127.21.120.67:38553)
I20260710 13:25:27.931180 23197 tablet_service.cc:1917] Received RequestConsensusVote() RPC: tablet_id: "b208fa75be5a409aa82d45f01a3318de" candidate_uuid: "5876dee34f6d427e8a426afb01d4d287" candidate_term: 1 candidate_status { last_received { term: 0 index: 0 } } ignore_live_leader: false dest_uuid: "6d971aa06dc34c8eaba195e0015af18f" is_pre_election: true
I20260710 13:25:27.932109 23197 raft_consensus.cc:2468] T b208fa75be5a409aa82d45f01a3318de P 6d971aa06dc34c8eaba195e0015af18f [term 0 FOLLOWER]: Leader pre-election vote request: Granting yes vote for candidate 5876dee34f6d427e8a426afb01d4d287 in term 0.
I20260710 13:25:27.934130 23312 tablet_bootstrap.cc:654] T d2a38595d08a4e2c97ccb74faa523dcc P 5876dee34f6d427e8a426afb01d4d287: Neither blocks nor log segments found. Creating new log.
I20260710 13:25:27.934684 23271 tablet_service.cc:1917] Received RequestConsensusVote() RPC: tablet_id: "b208fa75be5a409aa82d45f01a3318de" candidate_uuid: "5876dee34f6d427e8a426afb01d4d287" candidate_term: 1 candidate_status { last_received { term: 0 index: 0 } } ignore_live_leader: false dest_uuid: "6aae56b1235640728dfb40ac2f7fbaee" is_pre_election: true
I20260710 13:25:27.936092 23271 raft_consensus.cc:2468] T b208fa75be5a409aa82d45f01a3318de P 6aae56b1235640728dfb40ac2f7fbaee [term 0 FOLLOWER]: Leader pre-election vote request: Granting yes vote for candidate 5876dee34f6d427e8a426afb01d4d287 in term 0.
I20260710 13:25:27.942466 23085 leader_election.cc:304] T b208fa75be5a409aa82d45f01a3318de P 5876dee34f6d427e8a426afb01d4d287 [CANDIDATE]: Term 1 pre-election: Election decided. Result: candidate won. Election summary: received 2 responses out of 3 voters: 2 yes votes; 0 no votes. yes voters: 5876dee34f6d427e8a426afb01d4d287, 6aae56b1235640728dfb40ac2f7fbaee; no voters: 
I20260710 13:25:27.945070 23312 tablet_bootstrap.cc:492] T d2a38595d08a4e2c97ccb74faa523dcc P 5876dee34f6d427e8a426afb01d4d287: No bootstrap required, opened a new log
I20260710 13:25:27.945228 23335 raft_consensus.cc:2804] T b208fa75be5a409aa82d45f01a3318de P 5876dee34f6d427e8a426afb01d4d287 [term 0 FOLLOWER]: Leader pre-election won for term 1
I20260710 13:25:27.945829 23312 ts_tablet_manager.cc:1403] T d2a38595d08a4e2c97ccb74faa523dcc P 5876dee34f6d427e8a426afb01d4d287: Time spent bootstrapping tablet: real 0.039s	user 0.015s	sys 0.001s
I20260710 13:25:27.946285 23335 raft_consensus.cc:493] T b208fa75be5a409aa82d45f01a3318de P 5876dee34f6d427e8a426afb01d4d287 [term 0 FOLLOWER]: Starting leader election (no leader contacted us within the election timeout)
I20260710 13:25:27.947002 23335 raft_consensus.cc:3060] T b208fa75be5a409aa82d45f01a3318de P 5876dee34f6d427e8a426afb01d4d287 [term 0 FOLLOWER]: Advancing to term 1
I20260710 13:25:27.954282 23312 raft_consensus.cc:359] T d2a38595d08a4e2c97ccb74faa523dcc P 5876dee34f6d427e8a426afb01d4d287 [term 0 FOLLOWER]: Replica starting. Triggering 0 pending ops. Active config: opid_index: -1 OBSOLETE_local: false peers { permanent_uuid: "5876dee34f6d427e8a426afb01d4d287" member_type: VOTER last_known_addr { host: "127.21.120.65" port: 39525 } } peers { permanent_uuid: "6d971aa06dc34c8eaba195e0015af18f" member_type: VOTER last_known_addr { host: "127.21.120.66" port: 42049 } } peers { permanent_uuid: "6aae56b1235640728dfb40ac2f7fbaee" member_type: VOTER last_known_addr { host: "127.21.120.67" port: 38553 } }
I20260710 13:25:27.955375 23312 raft_consensus.cc:385] T d2a38595d08a4e2c97ccb74faa523dcc P 5876dee34f6d427e8a426afb01d4d287 [term 0 FOLLOWER]: Consensus starting up: Expiring failure detector timer to make a prompt election more likely
I20260710 13:25:27.955750 23312 raft_consensus.cc:740] T d2a38595d08a4e2c97ccb74faa523dcc P 5876dee34f6d427e8a426afb01d4d287 [term 0 FOLLOWER]: Becoming Follower/Learner. State: Replica: 5876dee34f6d427e8a426afb01d4d287, State: Initialized, Role: FOLLOWER
I20260710 13:25:27.959766 23017 catalog_manager.cc:5697] T 812d8c91ec3f4ebc85b24a1d2a5bf8bc P 6aae56b1235640728dfb40ac2f7fbaee reported cstate change: term changed from 0 to 1, leader changed from <none> to 6aae56b1235640728dfb40ac2f7fbaee (127.21.120.67). New cstate: current_term: 1 leader_uuid: "6aae56b1235640728dfb40ac2f7fbaee" committed_config { opid_index: -1 OBSOLETE_local: false peers { permanent_uuid: "5876dee34f6d427e8a426afb01d4d287" member_type: VOTER last_known_addr { host: "127.21.120.65" port: 39525 } health_report { overall_health: UNKNOWN } } peers { permanent_uuid: "6d971aa06dc34c8eaba195e0015af18f" member_type: VOTER last_known_addr { host: "127.21.120.66" port: 42049 } health_report { overall_health: UNKNOWN } } peers { permanent_uuid: "6aae56b1235640728dfb40ac2f7fbaee" member_type: VOTER last_known_addr { host: "127.21.120.67" port: 38553 } health_report { overall_health: HEALTHY } } }
I20260710 13:25:27.961247 23312 consensus_queue.cc:260] T d2a38595d08a4e2c97ccb74faa523dcc P 5876dee34f6d427e8a426afb01d4d287 [NON_LEADER]: Queue going to NON_LEADER mode. State: All replicated index: 0, Majority replicated index: 0, Committed index: 0, Last appended: 0.0, Last appended by leader: 0, Current term: 0, Majority size: -1, State: 0, Mode: NON_LEADER, active raft config: opid_index: -1 OBSOLETE_local: false peers { permanent_uuid: "5876dee34f6d427e8a426afb01d4d287" member_type: VOTER last_known_addr { host: "127.21.120.65" port: 39525 } } peers { permanent_uuid: "6d971aa06dc34c8eaba195e0015af18f" member_type: VOTER last_known_addr { host: "127.21.120.66" port: 42049 } } peers { permanent_uuid: "6aae56b1235640728dfb40ac2f7fbaee" member_type: VOTER last_known_addr { host: "127.21.120.67" port: 38553 } }
I20260710 13:25:27.963841 23312 ts_tablet_manager.cc:1434] T d2a38595d08a4e2c97ccb74faa523dcc P 5876dee34f6d427e8a426afb01d4d287: Time spent starting tablet: real 0.018s	user 0.008s	sys 0.000s
I20260710 13:25:27.970009 23312 tablet_bootstrap.cc:492] T 565a744482cf47989963f4b36e30c767 P 5876dee34f6d427e8a426afb01d4d287: Bootstrap starting.
I20260710 13:25:27.971038 23321 leader_election.cc:290] T d2a38595d08a4e2c97ccb74faa523dcc P 6d971aa06dc34c8eaba195e0015af18f [CANDIDATE]: Term 1 election: Requested vote from peers 5876dee34f6d427e8a426afb01d4d287 (127.21.120.65:39525), 6aae56b1235640728dfb40ac2f7fbaee (127.21.120.67:38553)
I20260710 13:25:27.973973 23321 raft_consensus.cc:493] T 6336ccbe87594bb9bc12f2afe0d597cc P 6d971aa06dc34c8eaba195e0015af18f [term 0 FOLLOWER]: Starting pre-election (no leader contacted us within the election timeout)
I20260710 13:25:27.976495 23321 raft_consensus.cc:515] T 6336ccbe87594bb9bc12f2afe0d597cc P 6d971aa06dc34c8eaba195e0015af18f [term 0 FOLLOWER]: Starting pre-election with config: opid_index: -1 OBSOLETE_local: false peers { permanent_uuid: "5876dee34f6d427e8a426afb01d4d287" member_type: VOTER last_known_addr { host: "127.21.120.65" port: 39525 } } peers { permanent_uuid: "6d971aa06dc34c8eaba195e0015af18f" member_type: VOTER last_known_addr { host: "127.21.120.66" port: 42049 } } peers { permanent_uuid: "6aae56b1235640728dfb40ac2f7fbaee" member_type: VOTER last_known_addr { host: "127.21.120.67" port: 38553 } }
I20260710 13:25:27.978936 23312 tablet_bootstrap.cc:654] T 565a744482cf47989963f4b36e30c767 P 5876dee34f6d427e8a426afb01d4d287: Neither blocks nor log segments found. Creating new log.
I20260710 13:25:27.979499 23335 raft_consensus.cc:515] T b208fa75be5a409aa82d45f01a3318de P 5876dee34f6d427e8a426afb01d4d287 [term 1 FOLLOWER]: Starting leader election with config: opid_index: -1 OBSOLETE_local: false peers { permanent_uuid: "5876dee34f6d427e8a426afb01d4d287" member_type: VOTER last_known_addr { host: "127.21.120.65" port: 39525 } } peers { permanent_uuid: "6d971aa06dc34c8eaba195e0015af18f" member_type: VOTER last_known_addr { host: "127.21.120.66" port: 42049 } } peers { permanent_uuid: "6aae56b1235640728dfb40ac2f7fbaee" member_type: VOTER last_known_addr { host: "127.21.120.67" port: 38553 } }
I20260710 13:25:27.982206 23271 tablet_service.cc:1917] Received RequestConsensusVote() RPC: tablet_id: "d2a38595d08a4e2c97ccb74faa523dcc" candidate_uuid: "6d971aa06dc34c8eaba195e0015af18f" candidate_term: 1 candidate_status { last_received { term: 0 index: 0 } } ignore_live_leader: false dest_uuid: "6aae56b1235640728dfb40ac2f7fbaee"
I20260710 13:25:27.984083 23271 raft_consensus.cc:3060] T d2a38595d08a4e2c97ccb74faa523dcc P 6aae56b1235640728dfb40ac2f7fbaee [term 0 FOLLOWER]: Advancing to term 1
I20260710 13:25:27.985302 23122 tablet_service.cc:1917] Received RequestConsensusVote() RPC: tablet_id: "6336ccbe87594bb9bc12f2afe0d597cc" candidate_uuid: "6d971aa06dc34c8eaba195e0015af18f" candidate_term: 1 candidate_status { last_received { term: 0 index: 0 } } ignore_live_leader: false dest_uuid: "5876dee34f6d427e8a426afb01d4d287" is_pre_election: true
I20260710 13:25:27.985908 23122 raft_consensus.cc:2468] T 6336ccbe87594bb9bc12f2afe0d597cc P 5876dee34f6d427e8a426afb01d4d287 [term 0 FOLLOWER]: Leader pre-election vote request: Granting yes vote for candidate 6d971aa06dc34c8eaba195e0015af18f in term 0.
I20260710 13:25:27.986106 23197 tablet_service.cc:1917] Received RequestConsensusVote() RPC: tablet_id: "b208fa75be5a409aa82d45f01a3318de" candidate_uuid: "5876dee34f6d427e8a426afb01d4d287" candidate_term: 1 candidate_status { last_received { term: 0 index: 0 } } ignore_live_leader: false dest_uuid: "6d971aa06dc34c8eaba195e0015af18f"
I20260710 13:25:27.986622 23197 raft_consensus.cc:3060] T b208fa75be5a409aa82d45f01a3318de P 6d971aa06dc34c8eaba195e0015af18f [term 0 FOLLOWER]: Advancing to term 1
I20260710 13:25:27.986729 23311 tablet_bootstrap.cc:492] T 6870cdc4abc345cda488a0c2657730d3 P 6aae56b1235640728dfb40ac2f7fbaee: No bootstrap required, opened a new log
I20260710 13:25:27.987638 23311 ts_tablet_manager.cc:1403] T 6870cdc4abc345cda488a0c2657730d3 P 6aae56b1235640728dfb40ac2f7fbaee: Time spent bootstrapping tablet: real 0.170s	user 0.043s	sys 0.060s
I20260710 13:25:27.988318 23163 leader_election.cc:304] T 6336ccbe87594bb9bc12f2afe0d597cc P 6d971aa06dc34c8eaba195e0015af18f [CANDIDATE]: Term 1 pre-election: Election decided. Result: candidate won. Election summary: received 2 responses out of 3 voters: 2 yes votes; 0 no votes. yes voters: 5876dee34f6d427e8a426afb01d4d287, 6d971aa06dc34c8eaba195e0015af18f; no voters: 
I20260710 13:25:27.989490 23348 raft_consensus.cc:2804] T 6336ccbe87594bb9bc12f2afe0d597cc P 6d971aa06dc34c8eaba195e0015af18f [term 0 FOLLOWER]: Leader pre-election won for term 1
I20260710 13:25:27.989866 23348 raft_consensus.cc:493] T 6336ccbe87594bb9bc12f2afe0d597cc P 6d971aa06dc34c8eaba195e0015af18f [term 0 FOLLOWER]: Starting leader election (no leader contacted us within the election timeout)
I20260710 13:25:27.990172 23348 raft_consensus.cc:3060] T 6336ccbe87594bb9bc12f2afe0d597cc P 6d971aa06dc34c8eaba195e0015af18f [term 0 FOLLOWER]: Advancing to term 1
I20260710 13:25:27.990912 23311 raft_consensus.cc:359] T 6870cdc4abc345cda488a0c2657730d3 P 6aae56b1235640728dfb40ac2f7fbaee [term 0 FOLLOWER]: Replica starting. Triggering 0 pending ops. Active config: opid_index: -1 OBSOLETE_local: false peers { permanent_uuid: "5876dee34f6d427e8a426afb01d4d287" member_type: VOTER last_known_addr { host: "127.21.120.65" port: 39525 } } peers { permanent_uuid: "6d971aa06dc34c8eaba195e0015af18f" member_type: VOTER last_known_addr { host: "127.21.120.66" port: 42049 } } peers { permanent_uuid: "6aae56b1235640728dfb40ac2f7fbaee" member_type: VOTER last_known_addr { host: "127.21.120.67" port: 38553 } }
I20260710 13:25:27.991670 23311 raft_consensus.cc:385] T 6870cdc4abc345cda488a0c2657730d3 P 6aae56b1235640728dfb40ac2f7fbaee [term 0 FOLLOWER]: Consensus starting up: Expiring failure detector timer to make a prompt election more likely
I20260710 13:25:27.992800 23271 raft_consensus.cc:2468] T d2a38595d08a4e2c97ccb74faa523dcc P 6aae56b1235640728dfb40ac2f7fbaee [term 1 FOLLOWER]: Leader election vote request: Granting yes vote for candidate 6d971aa06dc34c8eaba195e0015af18f in term 1.
I20260710 13:25:27.994848 23197 raft_consensus.cc:2468] T b208fa75be5a409aa82d45f01a3318de P 6d971aa06dc34c8eaba195e0015af18f [term 1 FOLLOWER]: Leader election vote request: Granting yes vote for candidate 5876dee34f6d427e8a426afb01d4d287 in term 1.
I20260710 13:25:27.995527 23270 tablet_service.cc:1917] Received RequestConsensusVote() RPC: tablet_id: "6336ccbe87594bb9bc12f2afe0d597cc" candidate_uuid: "6d971aa06dc34c8eaba195e0015af18f" candidate_term: 1 candidate_status { last_received { term: 0 index: 0 } } ignore_live_leader: false dest_uuid: "6aae56b1235640728dfb40ac2f7fbaee" is_pre_election: true
I20260710 13:25:27.996711 23270 raft_consensus.cc:2468] T 6336ccbe87594bb9bc12f2afe0d597cc P 6aae56b1235640728dfb40ac2f7fbaee [term 0 FOLLOWER]: Leader pre-election vote request: Granting yes vote for candidate 6d971aa06dc34c8eaba195e0015af18f in term 0.
I20260710 13:25:27.997570 23088 leader_election.cc:304] T b208fa75be5a409aa82d45f01a3318de P 5876dee34f6d427e8a426afb01d4d287 [CANDIDATE]: Term 1 election: Election decided. Result: candidate won. Election summary: received 2 responses out of 3 voters: 2 yes votes; 0 no votes. yes voters: 5876dee34f6d427e8a426afb01d4d287, 6d971aa06dc34c8eaba195e0015af18f; no voters: 
I20260710 13:25:27.998721 23320 raft_consensus.cc:2804] T b208fa75be5a409aa82d45f01a3318de P 5876dee34f6d427e8a426afb01d4d287 [term 1 FOLLOWER]: Leader election won for term 1
I20260710 13:25:27.998546 23160 leader_election.cc:304] T d2a38595d08a4e2c97ccb74faa523dcc P 6d971aa06dc34c8eaba195e0015af18f [CANDIDATE]: Term 1 election: Election decided. Result: candidate won. Election summary: received 3 responses out of 3 voters: 2 yes votes; 1 no votes. yes voters: 6aae56b1235640728dfb40ac2f7fbaee, 6d971aa06dc34c8eaba195e0015af18f; no voters: 5876dee34f6d427e8a426afb01d4d287
I20260710 13:25:27.997516 23269 tablet_service.cc:1917] Received RequestConsensusVote() RPC: tablet_id: "b208fa75be5a409aa82d45f01a3318de" candidate_uuid: "5876dee34f6d427e8a426afb01d4d287" candidate_term: 1 candidate_status { last_received { term: 0 index: 0 } } ignore_live_leader: false dest_uuid: "6aae56b1235640728dfb40ac2f7fbaee"
I20260710 13:25:27.991958 23311 raft_consensus.cc:740] T 6870cdc4abc345cda488a0c2657730d3 P 6aae56b1235640728dfb40ac2f7fbaee [term 0 FOLLOWER]: Becoming Follower/Learner. State: Replica: 6aae56b1235640728dfb40ac2f7fbaee, State: Initialized, Role: FOLLOWER
I20260710 13:25:27.995885 23335 leader_election.cc:290] T b208fa75be5a409aa82d45f01a3318de P 5876dee34f6d427e8a426afb01d4d287 [CANDIDATE]: Term 1 election: Requested vote from peers 6d971aa06dc34c8eaba195e0015af18f (127.21.120.66:42049), 6aae56b1235640728dfb40ac2f7fbaee (127.21.120.67:38553)
I20260710 13:25:27.992926 23321 leader_election.cc:290] T 6336ccbe87594bb9bc12f2afe0d597cc P 6d971aa06dc34c8eaba195e0015af18f [CANDIDATE]: Term 1 pre-election: Requested pre-vote from peers 5876dee34f6d427e8a426afb01d4d287 (127.21.120.65:39525), 6aae56b1235640728dfb40ac2f7fbaee (127.21.120.67:38553)
I20260710 13:25:28.000309 23269 raft_consensus.cc:3060] T b208fa75be5a409aa82d45f01a3318de P 6aae56b1235640728dfb40ac2f7fbaee [term 0 FOLLOWER]: Advancing to term 1
I20260710 13:25:28.000689 23321 raft_consensus.cc:2804] T d2a38595d08a4e2c97ccb74faa523dcc P 6d971aa06dc34c8eaba195e0015af18f [term 1 FOLLOWER]: Leader election won for term 1
I20260710 13:25:28.001118 23321 raft_consensus.cc:697] T d2a38595d08a4e2c97ccb74faa523dcc P 6d971aa06dc34c8eaba195e0015af18f [term 1 LEADER]: Becoming Leader. State: Replica: 6d971aa06dc34c8eaba195e0015af18f, State: Running, Role: LEADER
I20260710 13:25:28.000537 23311 consensus_queue.cc:260] T 6870cdc4abc345cda488a0c2657730d3 P 6aae56b1235640728dfb40ac2f7fbaee [NON_LEADER]: Queue going to NON_LEADER mode. State: All replicated index: 0, Majority replicated index: 0, Committed index: 0, Last appended: 0.0, Last appended by leader: 0, Current term: 0, Majority size: -1, State: 0, Mode: NON_LEADER, active raft config: opid_index: -1 OBSOLETE_local: false peers { permanent_uuid: "5876dee34f6d427e8a426afb01d4d287" member_type: VOTER last_known_addr { host: "127.21.120.65" port: 39525 } } peers { permanent_uuid: "6d971aa06dc34c8eaba195e0015af18f" member_type: VOTER last_known_addr { host: "127.21.120.66" port: 42049 } } peers { permanent_uuid: "6aae56b1235640728dfb40ac2f7fbaee" member_type: VOTER last_known_addr { host: "127.21.120.67" port: 38553 } }
I20260710 13:25:28.001845 23348 raft_consensus.cc:515] T 6336ccbe87594bb9bc12f2afe0d597cc P 6d971aa06dc34c8eaba195e0015af18f [term 1 FOLLOWER]: Starting leader election with config: opid_index: -1 OBSOLETE_local: false peers { permanent_uuid: "5876dee34f6d427e8a426afb01d4d287" member_type: VOTER last_known_addr { host: "127.21.120.65" port: 39525 } } peers { permanent_uuid: "6d971aa06dc34c8eaba195e0015af18f" member_type: VOTER last_known_addr { host: "127.21.120.66" port: 42049 } } peers { permanent_uuid: "6aae56b1235640728dfb40ac2f7fbaee" member_type: VOTER last_known_addr { host: "127.21.120.67" port: 38553 } }
I20260710 13:25:28.002152 23321 consensus_queue.cc:237] T d2a38595d08a4e2c97ccb74faa523dcc P 6d971aa06dc34c8eaba195e0015af18f [LEADER]: Queue going to LEADER mode. State: All replicated index: 0, Majority replicated index: 0, Committed index: 0, Last appended: 0.0, Last appended by leader: 0, Current term: 1, Majority size: 2, State: 0, Mode: LEADER, active raft config: opid_index: -1 OBSOLETE_local: false peers { permanent_uuid: "5876dee34f6d427e8a426afb01d4d287" member_type: VOTER last_known_addr { host: "127.21.120.65" port: 39525 } } peers { permanent_uuid: "6d971aa06dc34c8eaba195e0015af18f" member_type: VOTER last_known_addr { host: "127.21.120.66" port: 42049 } } peers { permanent_uuid: "6aae56b1235640728dfb40ac2f7fbaee" member_type: VOTER last_known_addr { host: "127.21.120.67" port: 38553 } }
I20260710 13:25:28.003450 23311 ts_tablet_manager.cc:1434] T 6870cdc4abc345cda488a0c2657730d3 P 6aae56b1235640728dfb40ac2f7fbaee: Time spent starting tablet: real 0.015s	user 0.004s	sys 0.002s
I20260710 13:25:28.003978 23348 leader_election.cc:290] T 6336ccbe87594bb9bc12f2afe0d597cc P 6d971aa06dc34c8eaba195e0015af18f [CANDIDATE]: Term 1 election: Requested vote from peers 5876dee34f6d427e8a426afb01d4d287 (127.21.120.65:39525), 6aae56b1235640728dfb40ac2f7fbaee (127.21.120.67:38553)
I20260710 13:25:28.004626 23311 tablet_bootstrap.cc:492] T 5728d8d7af9b428c97ebcf8ef10ce91d P 6aae56b1235640728dfb40ac2f7fbaee: Bootstrap starting.
I20260710 13:25:28.004875 23122 tablet_service.cc:1917] Received RequestConsensusVote() RPC: tablet_id: "6336ccbe87594bb9bc12f2afe0d597cc" candidate_uuid: "6d971aa06dc34c8eaba195e0015af18f" candidate_term: 1 candidate_status { last_received { term: 0 index: 0 } } ignore_live_leader: false dest_uuid: "5876dee34f6d427e8a426afb01d4d287"
I20260710 13:25:28.005446 23122 raft_consensus.cc:3060] T 6336ccbe87594bb9bc12f2afe0d597cc P 5876dee34f6d427e8a426afb01d4d287 [term 0 FOLLOWER]: Advancing to term 1
I20260710 13:25:28.013320 23312 tablet_bootstrap.cc:492] T 565a744482cf47989963f4b36e30c767 P 5876dee34f6d427e8a426afb01d4d287: No bootstrap required, opened a new log
I20260710 13:25:28.013860 23312 ts_tablet_manager.cc:1403] T 565a744482cf47989963f4b36e30c767 P 5876dee34f6d427e8a426afb01d4d287: Time spent bootstrapping tablet: real 0.044s	user 0.013s	sys 0.011s
I20260710 13:25:28.014736 23122 raft_consensus.cc:2468] T 6336ccbe87594bb9bc12f2afe0d597cc P 5876dee34f6d427e8a426afb01d4d287 [term 1 FOLLOWER]: Leader election vote request: Granting yes vote for candidate 6d971aa06dc34c8eaba195e0015af18f in term 1.
I20260710 13:25:28.017270 23315 tablet_bootstrap.cc:492] T 65097bf790a945059b3efae2439ab1f2 P 6d971aa06dc34c8eaba195e0015af18f: No bootstrap required, opened a new log
I20260710 13:25:28.018033 23315 ts_tablet_manager.cc:1403] T 65097bf790a945059b3efae2439ab1f2 P 6d971aa06dc34c8eaba195e0015af18f: Time spent bootstrapping tablet: real 0.137s	user 0.039s	sys 0.050s
I20260710 13:25:28.017429 23312 raft_consensus.cc:359] T 565a744482cf47989963f4b36e30c767 P 5876dee34f6d427e8a426afb01d4d287 [term 0 FOLLOWER]: Replica starting. Triggering 0 pending ops. Active config: opid_index: -1 OBSOLETE_local: false peers { permanent_uuid: "5876dee34f6d427e8a426afb01d4d287" member_type: VOTER last_known_addr { host: "127.21.120.65" port: 39525 } } peers { permanent_uuid: "6d971aa06dc34c8eaba195e0015af18f" member_type: VOTER last_known_addr { host: "127.21.120.66" port: 42049 } } peers { permanent_uuid: "6aae56b1235640728dfb40ac2f7fbaee" member_type: VOTER last_known_addr { host: "127.21.120.67" port: 38553 } }
I20260710 13:25:28.018484 23312 raft_consensus.cc:385] T 565a744482cf47989963f4b36e30c767 P 5876dee34f6d427e8a426afb01d4d287 [term 0 FOLLOWER]: Consensus starting up: Expiring failure detector timer to make a prompt election more likely
I20260710 13:25:28.018870 23312 raft_consensus.cc:740] T 565a744482cf47989963f4b36e30c767 P 5876dee34f6d427e8a426afb01d4d287 [term 0 FOLLOWER]: Becoming Follower/Learner. State: Replica: 5876dee34f6d427e8a426afb01d4d287, State: Initialized, Role: FOLLOWER
I20260710 13:25:28.017319 23269 raft_consensus.cc:2468] T b208fa75be5a409aa82d45f01a3318de P 6aae56b1235640728dfb40ac2f7fbaee [term 1 FOLLOWER]: Leader election vote request: Granting yes vote for candidate 5876dee34f6d427e8a426afb01d4d287 in term 1.
I20260710 13:25:28.021659 23315 raft_consensus.cc:359] T 65097bf790a945059b3efae2439ab1f2 P 6d971aa06dc34c8eaba195e0015af18f [term 0 FOLLOWER]: Replica starting. Triggering 0 pending ops. Active config: opid_index: -1 OBSOLETE_local: false peers { permanent_uuid: "5876dee34f6d427e8a426afb01d4d287" member_type: VOTER last_known_addr { host: "127.21.120.65" port: 39525 } } peers { permanent_uuid: "6d971aa06dc34c8eaba195e0015af18f" member_type: VOTER last_known_addr { host: "127.21.120.66" port: 42049 } } peers { permanent_uuid: "6aae56b1235640728dfb40ac2f7fbaee" member_type: VOTER last_known_addr { host: "127.21.120.67" port: 38553 } }
I20260710 13:25:28.023036 23315 raft_consensus.cc:385] T 65097bf790a945059b3efae2439ab1f2 P 6d971aa06dc34c8eaba195e0015af18f [term 0 FOLLOWER]: Consensus starting up: Expiring failure detector timer to make a prompt election more likely
I20260710 13:25:28.023403 23315 raft_consensus.cc:740] T 65097bf790a945059b3efae2439ab1f2 P 6d971aa06dc34c8eaba195e0015af18f [term 0 FOLLOWER]: Becoming Follower/Learner. State: Replica: 6d971aa06dc34c8eaba195e0015af18f, State: Initialized, Role: FOLLOWER
I20260710 13:25:28.024449 23312 consensus_queue.cc:260] T 565a744482cf47989963f4b36e30c767 P 5876dee34f6d427e8a426afb01d4d287 [NON_LEADER]: Queue going to NON_LEADER mode. State: All replicated index: 0, Majority replicated index: 0, Committed index: 0, Last appended: 0.0, Last appended by leader: 0, Current term: 0, Majority size: -1, State: 0, Mode: NON_LEADER, active raft config: opid_index: -1 OBSOLETE_local: false peers { permanent_uuid: "5876dee34f6d427e8a426afb01d4d287" member_type: VOTER last_known_addr { host: "127.21.120.65" port: 39525 } } peers { permanent_uuid: "6d971aa06dc34c8eaba195e0015af18f" member_type: VOTER last_known_addr { host: "127.21.120.66" port: 42049 } } peers { permanent_uuid: "6aae56b1235640728dfb40ac2f7fbaee" member_type: VOTER last_known_addr { host: "127.21.120.67" port: 38553 } }
I20260710 13:25:28.026206 23311 tablet_bootstrap.cc:654] T 5728d8d7af9b428c97ebcf8ef10ce91d P 6aae56b1235640728dfb40ac2f7fbaee: Neither blocks nor log segments found. Creating new log.
I20260710 13:25:28.028774 23315 consensus_queue.cc:260] T 65097bf790a945059b3efae2439ab1f2 P 6d971aa06dc34c8eaba195e0015af18f [NON_LEADER]: Queue going to NON_LEADER mode. State: All replicated index: 0, Majority replicated index: 0, Committed index: 0, Last appended: 0.0, Last appended by leader: 0, Current term: 0, Majority size: -1, State: 0, Mode: NON_LEADER, active raft config: opid_index: -1 OBSOLETE_local: false peers { permanent_uuid: "5876dee34f6d427e8a426afb01d4d287" member_type: VOTER last_known_addr { host: "127.21.120.65" port: 39525 } } peers { permanent_uuid: "6d971aa06dc34c8eaba195e0015af18f" member_type: VOTER last_known_addr { host: "127.21.120.66" port: 42049 } } peers { permanent_uuid: "6aae56b1235640728dfb40ac2f7fbaee" member_type: VOTER last_known_addr { host: "127.21.120.67" port: 38553 } }
I20260710 13:25:28.032970 23356 raft_consensus.cc:493] T e51ddf62fcef4b13b73d269655ab7f49 P 6d971aa06dc34c8eaba195e0015af18f [term 0 FOLLOWER]: Starting pre-election (no leader contacted us within the election timeout)
I20260710 13:25:28.035413 23335 raft_consensus.cc:493] T 3acf9274831443fc9d90ac80d521dc9f P 5876dee34f6d427e8a426afb01d4d287 [term 0 FOLLOWER]: Starting pre-election (no leader contacted us within the election timeout)
I20260710 13:25:28.033583 23356 raft_consensus.cc:515] T e51ddf62fcef4b13b73d269655ab7f49 P 6d971aa06dc34c8eaba195e0015af18f [term 0 FOLLOWER]: Starting pre-election with config: opid_index: -1 OBSOLETE_local: false peers { permanent_uuid: "5876dee34f6d427e8a426afb01d4d287" member_type: VOTER last_known_addr { host: "127.21.120.65" port: 39525 } } peers { permanent_uuid: "6d971aa06dc34c8eaba195e0015af18f" member_type: VOTER last_known_addr { host: "127.21.120.66" port: 42049 } } peers { permanent_uuid: "6aae56b1235640728dfb40ac2f7fbaee" member_type: VOTER last_known_addr { host: "127.21.120.67" port: 38553 } }
I20260710 13:25:28.035735 23163 leader_election.cc:304] T 6336ccbe87594bb9bc12f2afe0d597cc P 6d971aa06dc34c8eaba195e0015af18f [CANDIDATE]: Term 1 election: Election decided. Result: candidate won. Election summary: received 2 responses out of 3 voters: 2 yes votes; 0 no votes. yes voters: 5876dee34f6d427e8a426afb01d4d287, 6d971aa06dc34c8eaba195e0015af18f; no voters: 
I20260710 13:25:28.036051 23335 raft_consensus.cc:515] T 3acf9274831443fc9d90ac80d521dc9f P 5876dee34f6d427e8a426afb01d4d287 [term 0 FOLLOWER]: Starting pre-election with config: opid_index: -1 OBSOLETE_local: false peers { permanent_uuid: "5876dee34f6d427e8a426afb01d4d287" member_type: VOTER last_known_addr { host: "127.21.120.65" port: 39525 } } peers { permanent_uuid: "6aae56b1235640728dfb40ac2f7fbaee" member_type: VOTER last_known_addr { host: "127.21.120.67" port: 38553 } } peers { permanent_uuid: "6d971aa06dc34c8eaba195e0015af18f" member_type: VOTER last_known_addr { host: "127.21.120.66" port: 42049 } }
I20260710 13:25:28.036955 23348 raft_consensus.cc:2804] T 6336ccbe87594bb9bc12f2afe0d597cc P 6d971aa06dc34c8eaba195e0015af18f [term 1 FOLLOWER]: Leader election won for term 1
I20260710 13:25:28.037474 23269 tablet_service.cc:1917] Received RequestConsensusVote() RPC: tablet_id: "6336ccbe87594bb9bc12f2afe0d597cc" candidate_uuid: "6d971aa06dc34c8eaba195e0015af18f" candidate_term: 1 candidate_status { last_received { term: 0 index: 0 } } ignore_live_leader: false dest_uuid: "6aae56b1235640728dfb40ac2f7fbaee"
I20260710 13:25:28.042989 23316 raft_consensus.cc:493] T 6870cdc4abc345cda488a0c2657730d3 P 6aae56b1235640728dfb40ac2f7fbaee [term 0 FOLLOWER]: Starting pre-election (no leader contacted us within the election timeout)
I20260710 13:25:28.043118 23335 leader_election.cc:290] T 3acf9274831443fc9d90ac80d521dc9f P 5876dee34f6d427e8a426afb01d4d287 [CANDIDATE]: Term 1 pre-election: Requested pre-vote from peers 6aae56b1235640728dfb40ac2f7fbaee (127.21.120.67:38553), 6d971aa06dc34c8eaba195e0015af18f (127.21.120.66:42049)
I20260710 13:25:28.043496 23316 raft_consensus.cc:515] T 6870cdc4abc345cda488a0c2657730d3 P 6aae56b1235640728dfb40ac2f7fbaee [term 0 FOLLOWER]: Starting pre-election with config: opid_index: -1 OBSOLETE_local: false peers { permanent_uuid: "5876dee34f6d427e8a426afb01d4d287" member_type: VOTER last_known_addr { host: "127.21.120.65" port: 39525 } } peers { permanent_uuid: "6d971aa06dc34c8eaba195e0015af18f" member_type: VOTER last_known_addr { host: "127.21.120.66" port: 42049 } } peers { permanent_uuid: "6aae56b1235640728dfb40ac2f7fbaee" member_type: VOTER last_known_addr { host: "127.21.120.67" port: 38553 } }
I20260710 13:25:28.045548 23316 leader_election.cc:290] T 6870cdc4abc345cda488a0c2657730d3 P 6aae56b1235640728dfb40ac2f7fbaee [CANDIDATE]: Term 1 pre-election: Requested pre-vote from peers 5876dee34f6d427e8a426afb01d4d287 (127.21.120.65:39525), 6d971aa06dc34c8eaba195e0015af18f (127.21.120.66:42049)
I20260710 13:25:28.045871 23356 leader_election.cc:290] T e51ddf62fcef4b13b73d269655ab7f49 P 6d971aa06dc34c8eaba195e0015af18f [CANDIDATE]: Term 1 pre-election: Requested pre-vote from peers 5876dee34f6d427e8a426afb01d4d287 (127.21.120.65:39525), 6aae56b1235640728dfb40ac2f7fbaee (127.21.120.67:38553)
I20260710 13:25:28.047122 23270 tablet_service.cc:1917] Received RequestConsensusVote() RPC: tablet_id: "e51ddf62fcef4b13b73d269655ab7f49" candidate_uuid: "6d971aa06dc34c8eaba195e0015af18f" candidate_term: 1 candidate_status { last_received { term: 0 index: 0 } } ignore_live_leader: false dest_uuid: "6aae56b1235640728dfb40ac2f7fbaee" is_pre_election: true
I20260710 13:25:28.047843 23197 tablet_service.cc:1917] Received RequestConsensusVote() RPC: tablet_id: "6870cdc4abc345cda488a0c2657730d3" candidate_uuid: "6aae56b1235640728dfb40ac2f7fbaee" candidate_term: 1 candidate_status { last_received { term: 0 index: 0 } } ignore_live_leader: false dest_uuid: "6d971aa06dc34c8eaba195e0015af18f" is_pre_election: true
I20260710 13:25:28.048465 23197 raft_consensus.cc:2468] T 6870cdc4abc345cda488a0c2657730d3 P 6d971aa06dc34c8eaba195e0015af18f [term 0 FOLLOWER]: Leader pre-election vote request: Granting yes vote for candidate 6aae56b1235640728dfb40ac2f7fbaee in term 0.
W20260710 13:25:28.048645 23160 leader_election.cc:343] T e51ddf62fcef4b13b73d269655ab7f49 P 6d971aa06dc34c8eaba195e0015af18f [CANDIDATE]: Term 1 pre-election: Tablet error from VoteRequest() call to peer 6aae56b1235640728dfb40ac2f7fbaee (127.21.120.67:38553): Illegal state: must be running to vote when last-logged opid is not known
I20260710 13:25:28.049047 23271 tablet_service.cc:1917] Received RequestConsensusVote() RPC: tablet_id: "3acf9274831443fc9d90ac80d521dc9f" candidate_uuid: "5876dee34f6d427e8a426afb01d4d287" candidate_term: 1 candidate_status { last_received { term: 0 index: 0 } } ignore_live_leader: false dest_uuid: "6aae56b1235640728dfb40ac2f7fbaee" is_pre_election: true
I20260710 13:25:28.049806 23237 leader_election.cc:304] T 6870cdc4abc345cda488a0c2657730d3 P 6aae56b1235640728dfb40ac2f7fbaee [CANDIDATE]: Term 1 pre-election: Election decided. Result: candidate won. Election summary: received 2 responses out of 3 voters: 2 yes votes; 0 no votes. yes voters: 6aae56b1235640728dfb40ac2f7fbaee, 6d971aa06dc34c8eaba195e0015af18f; no voters: 
I20260710 13:25:28.049842 23271 raft_consensus.cc:2468] T 3acf9274831443fc9d90ac80d521dc9f P 6aae56b1235640728dfb40ac2f7fbaee [term 0 FOLLOWER]: Leader pre-election vote request: Granting yes vote for candidate 5876dee34f6d427e8a426afb01d4d287 in term 0.
I20260710 13:25:28.043591 23335 raft_consensus.cc:493] T d6fcab5485b240ce8c94d33d3216af53 P 5876dee34f6d427e8a426afb01d4d287 [term 0 FOLLOWER]: Starting pre-election (no leader contacted us within the election timeout)
I20260710 13:25:28.050932 23122 tablet_service.cc:1917] Received RequestConsensusVote() RPC: tablet_id: "e51ddf62fcef4b13b73d269655ab7f49" candidate_uuid: "6d971aa06dc34c8eaba195e0015af18f" candidate_term: 1 candidate_status { last_received { term: 0 index: 0 } } ignore_live_leader: false dest_uuid: "5876dee34f6d427e8a426afb01d4d287" is_pre_election: true
I20260710 13:25:28.050998 23335 raft_consensus.cc:515] T d6fcab5485b240ce8c94d33d3216af53 P 5876dee34f6d427e8a426afb01d4d287 [term 0 FOLLOWER]: Starting pre-election with config: opid_index: -1 OBSOLETE_local: false peers { permanent_uuid: "5876dee34f6d427e8a426afb01d4d287" member_type: VOTER last_known_addr { host: "127.21.120.65" port: 39525 } } peers { permanent_uuid: "6d971aa06dc34c8eaba195e0015af18f" member_type: VOTER last_known_addr { host: "127.21.120.66" port: 42049 } } peers { permanent_uuid: "6aae56b1235640728dfb40ac2f7fbaee" member_type: VOTER last_known_addr { host: "127.21.120.67" port: 38553 } }
I20260710 13:25:28.051898 23316 raft_consensus.cc:2804] T 6870cdc4abc345cda488a0c2657730d3 P 6aae56b1235640728dfb40ac2f7fbaee [term 0 FOLLOWER]: Leader pre-election won for term 1
I20260710 13:25:28.052280 23316 raft_consensus.cc:493] T 6870cdc4abc345cda488a0c2657730d3 P 6aae56b1235640728dfb40ac2f7fbaee [term 0 FOLLOWER]: Starting leader election (no leader contacted us within the election timeout)
I20260710 13:25:28.052588 23316 raft_consensus.cc:3060] T 6870cdc4abc345cda488a0c2657730d3 P 6aae56b1235640728dfb40ac2f7fbaee [term 0 FOLLOWER]: Advancing to term 1
I20260710 13:25:28.053012 23335 leader_election.cc:290] T d6fcab5485b240ce8c94d33d3216af53 P 5876dee34f6d427e8a426afb01d4d287 [CANDIDATE]: Term 1 pre-election: Requested pre-vote from peers 6d971aa06dc34c8eaba195e0015af18f (127.21.120.66:42049), 6aae56b1235640728dfb40ac2f7fbaee (127.21.120.67:38553)
I20260710 13:25:28.052742 23085 leader_election.cc:304] T 3acf9274831443fc9d90ac80d521dc9f P 5876dee34f6d427e8a426afb01d4d287 [CANDIDATE]: Term 1 pre-election: Election decided. Result: candidate won. Election summary: received 2 responses out of 3 voters: 2 yes votes; 0 no votes. yes voters: 5876dee34f6d427e8a426afb01d4d287, 6aae56b1235640728dfb40ac2f7fbaee; no voters: 
I20260710 13:25:28.038057 23269 raft_consensus.cc:3060] T 6336ccbe87594bb9bc12f2afe0d597cc P 6aae56b1235640728dfb40ac2f7fbaee [term 0 FOLLOWER]: Advancing to term 1
W20260710 13:25:28.054708 23163 leader_election.cc:343] T e51ddf62fcef4b13b73d269655ab7f49 P 6d971aa06dc34c8eaba195e0015af18f [CANDIDATE]: Term 1 pre-election: Tablet error from VoteRequest() call to peer 5876dee34f6d427e8a426afb01d4d287 (127.21.120.65:39525): Illegal state: must be running to vote when last-logged opid is not known
I20260710 13:25:28.055347 23163 leader_election.cc:304] T e51ddf62fcef4b13b73d269655ab7f49 P 6d971aa06dc34c8eaba195e0015af18f [CANDIDATE]: Term 1 pre-election: Election decided. Result: candidate lost. Election summary: received 3 responses out of 3 voters: 1 yes votes; 2 no votes. yes voters: 6d971aa06dc34c8eaba195e0015af18f; no voters: 5876dee34f6d427e8a426afb01d4d287, 6aae56b1235640728dfb40ac2f7fbaee
I20260710 13:25:28.056062 23315 ts_tablet_manager.cc:1434] T 65097bf790a945059b3efae2439ab1f2 P 6d971aa06dc34c8eaba195e0015af18f: Time spent starting tablet: real 0.038s	user 0.003s	sys 0.008s
I20260710 13:25:28.057843 23312 ts_tablet_manager.cc:1434] T 565a744482cf47989963f4b36e30c767 P 5876dee34f6d427e8a426afb01d4d287: Time spent starting tablet: real 0.044s	user 0.009s	sys 0.002s
I20260710 13:25:28.059288 23312 tablet_bootstrap.cc:492] T e51ddf62fcef4b13b73d269655ab7f49 P 5876dee34f6d427e8a426afb01d4d287: Bootstrap starting.
I20260710 13:25:28.057283 23271 tablet_service.cc:1917] Received RequestConsensusVote() RPC: tablet_id: "d6fcab5485b240ce8c94d33d3216af53" candidate_uuid: "5876dee34f6d427e8a426afb01d4d287" candidate_term: 1 candidate_status { last_received { term: 0 index: 0 } } ignore_live_leader: false dest_uuid: "6aae56b1235640728dfb40ac2f7fbaee" is_pre_election: true
I20260710 13:25:28.062474 23335 raft_consensus.cc:2804] T 3acf9274831443fc9d90ac80d521dc9f P 5876dee34f6d427e8a426afb01d4d287 [term 0 FOLLOWER]: Leader pre-election won for term 1
I20260710 13:25:28.063037 23335 raft_consensus.cc:493] T 3acf9274831443fc9d90ac80d521dc9f P 5876dee34f6d427e8a426afb01d4d287 [term 0 FOLLOWER]: Starting leader election (no leader contacted us within the election timeout)
I20260710 13:25:28.063498 23335 raft_consensus.cc:3060] T 3acf9274831443fc9d90ac80d521dc9f P 5876dee34f6d427e8a426afb01d4d287 [term 0 FOLLOWER]: Advancing to term 1
I20260710 13:25:28.057196 23315 tablet_bootstrap.cc:492] T 3acf9274831443fc9d90ac80d521dc9f P 6d971aa06dc34c8eaba195e0015af18f: Bootstrap starting.
I20260710 13:25:28.066659 23348 raft_consensus.cc:697] T 6336ccbe87594bb9bc12f2afe0d597cc P 6d971aa06dc34c8eaba195e0015af18f [term 1 LEADER]: Becoming Leader. State: Replica: 6d971aa06dc34c8eaba195e0015af18f, State: Running, Role: LEADER
I20260710 13:25:28.067978 23348 consensus_queue.cc:237] T 6336ccbe87594bb9bc12f2afe0d597cc P 6d971aa06dc34c8eaba195e0015af18f [LEADER]: Queue going to LEADER mode. State: All replicated index: 0, Majority replicated index: 0, Committed index: 0, Last appended: 0.0, Last appended by leader: 0, Current term: 1, Majority size: 2, State: 0, Mode: LEADER, active raft config: opid_index: -1 OBSOLETE_local: false peers { permanent_uuid: "5876dee34f6d427e8a426afb01d4d287" member_type: VOTER last_known_addr { host: "127.21.120.65" port: 39525 } } peers { permanent_uuid: "6d971aa06dc34c8eaba195e0015af18f" member_type: VOTER last_known_addr { host: "127.21.120.66" port: 42049 } } peers { permanent_uuid: "6aae56b1235640728dfb40ac2f7fbaee" member_type: VOTER last_known_addr { host: "127.21.120.67" port: 38553 } }
I20260710 13:25:28.076684 23311 tablet_bootstrap.cc:492] T 5728d8d7af9b428c97ebcf8ef10ce91d P 6aae56b1235640728dfb40ac2f7fbaee: No bootstrap required, opened a new log
W20260710 13:25:28.076550 23085 leader_election.cc:343] T d6fcab5485b240ce8c94d33d3216af53 P 5876dee34f6d427e8a426afb01d4d287 [CANDIDATE]: Term 1 pre-election: Tablet error from VoteRequest() call to peer 6aae56b1235640728dfb40ac2f7fbaee (127.21.120.67:38553): Illegal state: must be running to vote when last-logged opid is not known
I20260710 13:25:28.077277 23311 ts_tablet_manager.cc:1403] T 5728d8d7af9b428c97ebcf8ef10ce91d P 6aae56b1235640728dfb40ac2f7fbaee: Time spent bootstrapping tablet: real 0.073s	user 0.014s	sys 0.030s
I20260710 13:25:28.064816 23356 raft_consensus.cc:2749] T e51ddf62fcef4b13b73d269655ab7f49 P 6d971aa06dc34c8eaba195e0015af18f [term 0 FOLLOWER]: Leader pre-election lost for term 1. Reason: could not achieve majority
I20260710 13:25:28.035457 23320 raft_consensus.cc:697] T b208fa75be5a409aa82d45f01a3318de P 5876dee34f6d427e8a426afb01d4d287 [term 1 LEADER]: Becoming Leader. State: Replica: 5876dee34f6d427e8a426afb01d4d287, State: Running, Role: LEADER
I20260710 13:25:28.081476 23320 consensus_queue.cc:237] T b208fa75be5a409aa82d45f01a3318de P 5876dee34f6d427e8a426afb01d4d287 [LEADER]: Queue going to LEADER mode. State: All replicated index: 0, Majority replicated index: 0, Committed index: 0, Last appended: 0.0, Last appended by leader: 0, Current term: 1, Majority size: 2, State: 0, Mode: LEADER, active raft config: opid_index: -1 OBSOLETE_local: false peers { permanent_uuid: "5876dee34f6d427e8a426afb01d4d287" member_type: VOTER last_known_addr { host: "127.21.120.65" port: 39525 } } peers { permanent_uuid: "6d971aa06dc34c8eaba195e0015af18f" member_type: VOTER last_known_addr { host: "127.21.120.66" port: 42049 } } peers { permanent_uuid: "6aae56b1235640728dfb40ac2f7fbaee" member_type: VOTER last_known_addr { host: "127.21.120.67" port: 38553 } }
I20260710 13:25:28.091132 23316 raft_consensus.cc:515] T 6870cdc4abc345cda488a0c2657730d3 P 6aae56b1235640728dfb40ac2f7fbaee [term 1 FOLLOWER]: Starting leader election with config: opid_index: -1 OBSOLETE_local: false peers { permanent_uuid: "5876dee34f6d427e8a426afb01d4d287" member_type: VOTER last_known_addr { host: "127.21.120.65" port: 39525 } } peers { permanent_uuid: "6d971aa06dc34c8eaba195e0015af18f" member_type: VOTER last_known_addr { host: "127.21.120.66" port: 42049 } } peers { permanent_uuid: "6aae56b1235640728dfb40ac2f7fbaee" member_type: VOTER last_known_addr { host: "127.21.120.67" port: 38553 } }
I20260710 13:25:28.091687 23196 tablet_service.cc:1917] Received RequestConsensusVote() RPC: tablet_id: "d6fcab5485b240ce8c94d33d3216af53" candidate_uuid: "5876dee34f6d427e8a426afb01d4d287" candidate_term: 1 candidate_status { last_received { term: 0 index: 0 } } ignore_live_leader: false dest_uuid: "6d971aa06dc34c8eaba195e0015af18f" is_pre_election: true
I20260710 13:25:28.092665 23197 tablet_service.cc:1917] Received RequestConsensusVote() RPC: tablet_id: "3acf9274831443fc9d90ac80d521dc9f" candidate_uuid: "5876dee34f6d427e8a426afb01d4d287" candidate_term: 1 candidate_status { last_received { term: 0 index: 0 } } ignore_live_leader: false dest_uuid: "6d971aa06dc34c8eaba195e0015af18f" is_pre_election: true
W20260710 13:25:28.093649 23088 leader_election.cc:343] T d6fcab5485b240ce8c94d33d3216af53 P 5876dee34f6d427e8a426afb01d4d287 [CANDIDATE]: Term 1 pre-election: Tablet error from VoteRequest() call to peer 6d971aa06dc34c8eaba195e0015af18f (127.21.120.66:42049): Illegal state: must be running to vote when last-logged opid is not known
I20260710 13:25:28.093896 23122 tablet_service.cc:1917] Received RequestConsensusVote() RPC: tablet_id: "6870cdc4abc345cda488a0c2657730d3" candidate_uuid: "6aae56b1235640728dfb40ac2f7fbaee" candidate_term: 1 candidate_status { last_received { term: 0 index: 0 } } ignore_live_leader: false dest_uuid: "5876dee34f6d427e8a426afb01d4d287" is_pre_election: true
I20260710 13:25:28.100184 23122 raft_consensus.cc:2468] T 6870cdc4abc345cda488a0c2657730d3 P 5876dee34f6d427e8a426afb01d4d287 [term 0 FOLLOWER]: Leader pre-election vote request: Granting yes vote for candidate 6aae56b1235640728dfb40ac2f7fbaee in term 0.
I20260710 13:25:28.094849 23088 leader_election.cc:304] T d6fcab5485b240ce8c94d33d3216af53 P 5876dee34f6d427e8a426afb01d4d287 [CANDIDATE]: Term 1 pre-election: Election decided. Result: candidate lost. Election summary: received 3 responses out of 3 voters: 1 yes votes; 2 no votes. yes voters: 5876dee34f6d427e8a426afb01d4d287; no voters: 6aae56b1235640728dfb40ac2f7fbaee, 6d971aa06dc34c8eaba195e0015af18f
I20260710 13:25:28.112012 23355 raft_consensus.cc:2749] T d6fcab5485b240ce8c94d33d3216af53 P 5876dee34f6d427e8a426afb01d4d287 [term 0 FOLLOWER]: Leader pre-election lost for term 1. Reason: could not achieve majority
I20260710 13:25:28.112327 23316 leader_election.cc:290] T 6870cdc4abc345cda488a0c2657730d3 P 6aae56b1235640728dfb40ac2f7fbaee [CANDIDATE]: Term 1 election: Requested vote from peers 5876dee34f6d427e8a426afb01d4d287 (127.21.120.65:39525), 6d971aa06dc34c8eaba195e0015af18f (127.21.120.66:42049)
