I20260710 13:25:14.000468 27953 tablet_bootstrap.cc:492] T 54996a8fa28b4fb995fd816737325307 P ed3b43aafb6f4ebcb94640bfbd3cb77d: No bootstrap required, opened a new log
I20260710 13:25:14.001286 27953 ts_tablet_manager.cc:1403] T 54996a8fa28b4fb995fd816737325307 P ed3b43aafb6f4ebcb94640bfbd3cb77d: Time spent bootstrapping tablet: real 0.173s	user 0.031s	sys 0.059s
I20260710 13:25:14.004782 27953 raft_consensus.cc:359] T 54996a8fa28b4fb995fd816737325307 P ed3b43aafb6f4ebcb94640bfbd3cb77d [term 0 FOLLOWER]: Replica starting. Triggering 0 pending ops. Active config: opid_index: -1 OBSOLETE_local: false peers { permanent_uuid: "ed3b43aafb6f4ebcb94640bfbd3cb77d" member_type: VOTER last_known_addr { host: "127.26.128.1" port: 45025 } } peers { permanent_uuid: "53665a86603b43ab8152139508482e8b" member_type: VOTER last_known_addr { host: "127.26.128.2" port: 39049 } } peers { permanent_uuid: "6da04558f7d84c88bf092d3c96b80dd2" member_type: VOTER last_known_addr { host: "127.26.128.3" port: 37991 } }
I20260710 13:25:14.005530 27953 raft_consensus.cc:385] T 54996a8fa28b4fb995fd816737325307 P ed3b43aafb6f4ebcb94640bfbd3cb77d [term 0 FOLLOWER]: Consensus starting up: Expiring failure detector timer to make a prompt election more likely
I20260710 13:25:14.005882 27953 raft_consensus.cc:740] T 54996a8fa28b4fb995fd816737325307 P ed3b43aafb6f4ebcb94640bfbd3cb77d [term 0 FOLLOWER]: Becoming Follower/Learner. State: Replica: ed3b43aafb6f4ebcb94640bfbd3cb77d, State: Initialized, Role: FOLLOWER
I20260710 13:25:14.006641 27951 tablet_bootstrap.cc:492] T 54996a8fa28b4fb995fd816737325307 P 53665a86603b43ab8152139508482e8b: No bootstrap required, opened a new log
I20260710 13:25:14.007241 27951 ts_tablet_manager.cc:1403] T 54996a8fa28b4fb995fd816737325307 P 53665a86603b43ab8152139508482e8b: Time spent bootstrapping tablet: real 0.028s	user 0.016s	sys 0.008s
I20260710 13:25:14.006618 27953 consensus_queue.cc:260] T 54996a8fa28b4fb995fd816737325307 P ed3b43aafb6f4ebcb94640bfbd3cb77d [NON_LEADER]: Queue going to NON_LEADER mode. State: All replicated index: 0, Majority replicated index: 0, Committed index: 0, Last appended: 0.0, Last appended by leader: 0, Current term: 0, Majority size: -1, State: 0, Mode: NON_LEADER, active raft config: opid_index: -1 OBSOLETE_local: false peers { permanent_uuid: "ed3b43aafb6f4ebcb94640bfbd3cb77d" member_type: VOTER last_known_addr { host: "127.26.128.1" port: 45025 } } peers { permanent_uuid: "53665a86603b43ab8152139508482e8b" member_type: VOTER last_known_addr { host: "127.26.128.2" port: 39049 } } peers { permanent_uuid: "6da04558f7d84c88bf092d3c96b80dd2" member_type: VOTER last_known_addr { host: "127.26.128.3" port: 37991 } }
I20260710 13:25:14.009256 27953 ts_tablet_manager.cc:1434] T 54996a8fa28b4fb995fd816737325307 P ed3b43aafb6f4ebcb94640bfbd3cb77d: Time spent starting tablet: real 0.008s	user 0.006s	sys 0.000s
I20260710 13:25:14.010283 27951 raft_consensus.cc:359] T 54996a8fa28b4fb995fd816737325307 P 53665a86603b43ab8152139508482e8b [term 0 FOLLOWER]: Replica starting. Triggering 0 pending ops. Active config: opid_index: -1 OBSOLETE_local: false peers { permanent_uuid: "ed3b43aafb6f4ebcb94640bfbd3cb77d" member_type: VOTER last_known_addr { host: "127.26.128.1" port: 45025 } } peers { permanent_uuid: "53665a86603b43ab8152139508482e8b" member_type: VOTER last_known_addr { host: "127.26.128.2" port: 39049 } } peers { permanent_uuid: "6da04558f7d84c88bf092d3c96b80dd2" member_type: VOTER last_known_addr { host: "127.26.128.3" port: 37991 } }
I20260710 13:25:14.010728 27953 tablet_bootstrap.cc:492] T 3f23c6f1327e4385a1af27f217b7f386 P ed3b43aafb6f4ebcb94640bfbd3cb77d: Bootstrap starting.
I20260710 13:25:14.010928 27951 raft_consensus.cc:385] T 54996a8fa28b4fb995fd816737325307 P 53665a86603b43ab8152139508482e8b [term 0 FOLLOWER]: Consensus starting up: Expiring failure detector timer to make a prompt election more likely
I20260710 13:25:14.011207 27951 raft_consensus.cc:740] T 54996a8fa28b4fb995fd816737325307 P 53665a86603b43ab8152139508482e8b [term 0 FOLLOWER]: Becoming Follower/Learner. State: Replica: 53665a86603b43ab8152139508482e8b, State: Initialized, Role: FOLLOWER
I20260710 13:25:14.011988 27951 consensus_queue.cc:260] T 54996a8fa28b4fb995fd816737325307 P 53665a86603b43ab8152139508482e8b [NON_LEADER]: Queue going to NON_LEADER mode. State: All replicated index: 0, Majority replicated index: 0, Committed index: 0, Last appended: 0.0, Last appended by leader: 0, Current term: 0, Majority size: -1, State: 0, Mode: NON_LEADER, active raft config: opid_index: -1 OBSOLETE_local: false peers { permanent_uuid: "ed3b43aafb6f4ebcb94640bfbd3cb77d" member_type: VOTER last_known_addr { host: "127.26.128.1" port: 45025 } } peers { permanent_uuid: "53665a86603b43ab8152139508482e8b" member_type: VOTER last_known_addr { host: "127.26.128.2" port: 39049 } } peers { permanent_uuid: "6da04558f7d84c88bf092d3c96b80dd2" member_type: VOTER last_known_addr { host: "127.26.128.3" port: 37991 } }
I20260710 13:25:14.009531 27993 raft_consensus.cc:2764] T 0d6d64e8914045d797a9945d533a6cc0 P ed3b43aafb6f4ebcb94640bfbd3cb77d [term 1 FOLLOWER]: Leader pre-election decision vote started in defunct term 0: won
I20260710 13:25:14.009755 27997 raft_consensus.cc:493] T b77c5cd152c64e87b280161dc000f72f P 53665a86603b43ab8152139508482e8b [term 0 FOLLOWER]: Starting pre-election (no leader contacted us within the election timeout)
I20260710 13:25:14.017117 27997 raft_consensus.cc:515] T b77c5cd152c64e87b280161dc000f72f P 53665a86603b43ab8152139508482e8b [term 0 FOLLOWER]: Starting pre-election with config: opid_index: -1 OBSOLETE_local: false peers { permanent_uuid: "ed3b43aafb6f4ebcb94640bfbd3cb77d" member_type: VOTER last_known_addr { host: "127.26.128.1" port: 45025 } } peers { permanent_uuid: "53665a86603b43ab8152139508482e8b" member_type: VOTER last_known_addr { host: "127.26.128.2" port: 39049 } } peers { permanent_uuid: "6da04558f7d84c88bf092d3c96b80dd2" member_type: VOTER last_known_addr { host: "127.26.128.3" port: 37991 } }
I20260710 13:25:14.021296 27958 leader_election.cc:290] T 0d6d64e8914045d797a9945d533a6cc0 P ed3b43aafb6f4ebcb94640bfbd3cb77d [CANDIDATE]: Term 1 pre-election: Requested pre-vote from peers 53665a86603b43ab8152139508482e8b (127.26.128.2:39049), 6da04558f7d84c88bf092d3c96b80dd2 (127.26.128.3:37991)
I20260710 13:25:13.942555 27994 raft_consensus.cc:515] T 7090a54b112f4898a155a016ccd4d65d P 53665a86603b43ab8152139508482e8b [term 0 FOLLOWER]: Starting pre-election with config: opid_index: -1 OBSOLETE_local: false peers { permanent_uuid: "ed3b43aafb6f4ebcb94640bfbd3cb77d" member_type: VOTER last_known_addr { host: "127.26.128.1" port: 45025 } } peers { permanent_uuid: "53665a86603b43ab8152139508482e8b" member_type: VOTER last_known_addr { host: "127.26.128.2" port: 39049 } } peers { permanent_uuid: "6da04558f7d84c88bf092d3c96b80dd2" member_type: VOTER last_known_addr { host: "127.26.128.3" port: 37991 } }
I20260710 13:25:14.024880 27956 raft_consensus.cc:515] T bec34d59f6ae46aab4b19f6ddccb40d8 P 53665a86603b43ab8152139508482e8b [term 1 FOLLOWER]: Starting leader election with config: opid_index: -1 OBSOLETE_local: false peers { permanent_uuid: "ed3b43aafb6f4ebcb94640bfbd3cb77d" member_type: VOTER last_known_addr { host: "127.26.128.1" port: 45025 } } peers { permanent_uuid: "53665a86603b43ab8152139508482e8b" member_type: VOTER last_known_addr { host: "127.26.128.2" port: 39049 } } peers { permanent_uuid: "6da04558f7d84c88bf092d3c96b80dd2" member_type: VOTER last_known_addr { host: "127.26.128.3" port: 37991 } }
I20260710 13:25:14.027187 27951 ts_tablet_manager.cc:1434] T 54996a8fa28b4fb995fd816737325307 P 53665a86603b43ab8152139508482e8b: Time spent starting tablet: real 0.020s	user 0.015s	sys 0.004s
I20260710 13:25:14.029377 27953 tablet_bootstrap.cc:654] T 3f23c6f1327e4385a1af27f217b7f386 P ed3b43aafb6f4ebcb94640bfbd3cb77d: Neither blocks nor log segments found. Creating new log.
I20260710 13:25:14.030073 27911 tablet_service.cc:1917] Received RequestConsensusVote() RPC: tablet_id: "b77c5cd152c64e87b280161dc000f72f" candidate_uuid: "53665a86603b43ab8152139508482e8b" candidate_term: 1 candidate_status { last_received { term: 0 index: 0 } } ignore_live_leader: false dest_uuid: "6da04558f7d84c88bf092d3c96b80dd2" is_pre_election: true
I20260710 13:25:14.033907 27911 raft_consensus.cc:2393] T b77c5cd152c64e87b280161dc000f72f P 6da04558f7d84c88bf092d3c96b80dd2 [term 1 FOLLOWER]: Leader pre-election vote request: Denying vote to candidate 53665a86603b43ab8152139508482e8b in current term 1: Already voted for candidate ed3b43aafb6f4ebcb94640bfbd3cb77d in this term.
I20260710 13:25:14.032588 27910 tablet_service.cc:1917] Received RequestConsensusVote() RPC: tablet_id: "7090a54b112f4898a155a016ccd4d65d" candidate_uuid: "53665a86603b43ab8152139508482e8b" candidate_term: 1 candidate_status { last_received { term: 0 index: 0 } } ignore_live_leader: false dest_uuid: "6da04558f7d84c88bf092d3c96b80dd2" is_pre_election: true
I20260710 13:25:14.032804 27997 leader_election.cc:290] T b77c5cd152c64e87b280161dc000f72f P 53665a86603b43ab8152139508482e8b [CANDIDATE]: Term 1 pre-election: Requested pre-vote from peers ed3b43aafb6f4ebcb94640bfbd3cb77d (127.26.128.1:45025), 6da04558f7d84c88bf092d3c96b80dd2 (127.26.128.3:37991)
I20260710 13:25:14.036208 27951 tablet_bootstrap.cc:492] T 7177b41a83c14856934d378e5fbaed3a P 53665a86603b43ab8152139508482e8b: Bootstrap starting.
I20260710 13:25:14.038375 27910 raft_consensus.cc:2468] T 7090a54b112f4898a155a016ccd4d65d P 6da04558f7d84c88bf092d3c96b80dd2 [term 0 FOLLOWER]: Leader pre-election vote request: Granting yes vote for candidate 53665a86603b43ab8152139508482e8b in term 0.
I20260710 13:25:14.045150 27802 leader_election.cc:304] T 7090a54b112f4898a155a016ccd4d65d P 53665a86603b43ab8152139508482e8b [CANDIDATE]: Term 1 pre-election: Election decided. Result: candidate won. Election summary: received 2 responses out of 3 voters: 2 yes votes; 0 no votes. yes voters: 53665a86603b43ab8152139508482e8b, 6da04558f7d84c88bf092d3c96b80dd2; no voters: 
I20260710 13:25:14.048135 27997 raft_consensus.cc:2804] T 7090a54b112f4898a155a016ccd4d65d P 53665a86603b43ab8152139508482e8b [term 0 FOLLOWER]: Leader pre-election won for term 1
I20260710 13:25:14.048660 27997 raft_consensus.cc:493] T 7090a54b112f4898a155a016ccd4d65d P 53665a86603b43ab8152139508482e8b [term 0 FOLLOWER]: Starting leader election (no leader contacted us within the election timeout)
I20260710 13:25:14.049058 27997 raft_consensus.cc:3060] T 7090a54b112f4898a155a016ccd4d65d P 53665a86603b43ab8152139508482e8b [term 0 FOLLOWER]: Advancing to term 1
I20260710 13:25:14.035267 27994 leader_election.cc:290] T 7090a54b112f4898a155a016ccd4d65d P 53665a86603b43ab8152139508482e8b [CANDIDATE]: Term 1 pre-election: Requested pre-vote from peers ed3b43aafb6f4ebcb94640bfbd3cb77d (127.26.128.1:45025), 6da04558f7d84c88bf092d3c96b80dd2 (127.26.128.3:37991)
I20260710 13:25:14.050899 28002 raft_consensus.cc:493] T 538b501257f3484a859ef60cbf1149b8 P 53665a86603b43ab8152139508482e8b [term 0 FOLLOWER]: Starting pre-election (no leader contacted us within the election timeout)
I20260710 13:25:14.054167 28002 raft_consensus.cc:515] T 538b501257f3484a859ef60cbf1149b8 P 53665a86603b43ab8152139508482e8b [term 0 FOLLOWER]: Starting pre-election with config: opid_index: -1 OBSOLETE_local: false peers { permanent_uuid: "53665a86603b43ab8152139508482e8b" member_type: VOTER last_known_addr { host: "127.26.128.2" port: 39049 } } peers { permanent_uuid: "6da04558f7d84c88bf092d3c96b80dd2" member_type: VOTER last_known_addr { host: "127.26.128.3" port: 37991 } } peers { permanent_uuid: "ed3b43aafb6f4ebcb94640bfbd3cb77d" member_type: VOTER last_known_addr { host: "127.26.128.1" port: 45025 } }
W20260710 13:25:14.050843 27727 outbound_call.cc:321] RPC callback for RPC call kudu.consensus.ConsensusService.RequestConsensusVote -> {remote=127.26.128.2:39049, user_credentials={real_user=slave}} blocked reactor thread for 103773us
I20260710 13:25:14.057025 28000 raft_consensus.cc:493] T 8af8c210775d4c7995d77780d969d92c P 6da04558f7d84c88bf092d3c96b80dd2 [term 0 FOLLOWER]: Starting pre-election (no leader contacted us within the election timeout)
I20260710 13:25:14.051520 27958 raft_consensus.cc:493] T 538b501257f3484a859ef60cbf1149b8 P ed3b43aafb6f4ebcb94640bfbd3cb77d [term 0 FOLLOWER]: Starting pre-election (no leader contacted us within the election timeout)
I20260710 13:25:14.059135 27958 raft_consensus.cc:515] T 538b501257f3484a859ef60cbf1149b8 P ed3b43aafb6f4ebcb94640bfbd3cb77d [term 0 FOLLOWER]: Starting pre-election with config: opid_index: -1 OBSOLETE_local: false peers { permanent_uuid: "53665a86603b43ab8152139508482e8b" member_type: VOTER last_known_addr { host: "127.26.128.2" port: 39049 } } peers { permanent_uuid: "6da04558f7d84c88bf092d3c96b80dd2" member_type: VOTER last_known_addr { host: "127.26.128.3" port: 37991 } } peers { permanent_uuid: "ed3b43aafb6f4ebcb94640bfbd3cb77d" member_type: VOTER last_known_addr { host: "127.26.128.1" port: 45025 } }
I20260710 13:25:14.063391 27951 tablet_bootstrap.cc:654] T 7177b41a83c14856934d378e5fbaed3a P 53665a86603b43ab8152139508482e8b: Neither blocks nor log segments found. Creating new log.
I20260710 13:25:14.065013 27910 tablet_service.cc:1917] Received RequestConsensusVote() RPC: tablet_id: "0d6d64e8914045d797a9945d533a6cc0" candidate_uuid: "ed3b43aafb6f4ebcb94640bfbd3cb77d" candidate_term: 1 candidate_status { last_received { term: 0 index: 0 } } ignore_live_leader: false dest_uuid: "6da04558f7d84c88bf092d3c96b80dd2" is_pre_election: true
I20260710 13:25:14.073299 27910 tablet_service.cc:1917] Received RequestConsensusVote() RPC: tablet_id: "bec34d59f6ae46aab4b19f6ddccb40d8" candidate_uuid: "53665a86603b43ab8152139508482e8b" candidate_term: 1 candidate_status { last_received { term: 0 index: 0 } } ignore_live_leader: false dest_uuid: "6da04558f7d84c88bf092d3c96b80dd2"
I20260710 13:25:14.061532 27956 leader_election.cc:290] T bec34d59f6ae46aab4b19f6ddccb40d8 P 53665a86603b43ab8152139508482e8b [CANDIDATE]: Term 1 election: Requested vote from peers ed3b43aafb6f4ebcb94640bfbd3cb77d (127.26.128.1:45025), 6da04558f7d84c88bf092d3c96b80dd2 (127.26.128.3:37991)
I20260710 13:25:14.075199 27910 raft_consensus.cc:3060] T bec34d59f6ae46aab4b19f6ddccb40d8 P 6da04558f7d84c88bf092d3c96b80dd2 [term 0 FOLLOWER]: Advancing to term 1
I20260710 13:25:14.071765 27659 catalog_manager.cc:5697] T 0d6d64e8914045d797a9945d533a6cc0 P 6da04558f7d84c88bf092d3c96b80dd2 reported cstate change: term changed from 0 to 1, leader changed from <none> to 6da04558f7d84c88bf092d3c96b80dd2 (127.26.128.3). New cstate: current_term: 1 leader_uuid: "6da04558f7d84c88bf092d3c96b80dd2" committed_config { opid_index: -1 OBSOLETE_local: false peers { permanent_uuid: "ed3b43aafb6f4ebcb94640bfbd3cb77d" member_type: VOTER last_known_addr { host: "127.26.128.1" port: 45025 } health_report { overall_health: UNKNOWN } } peers { permanent_uuid: "53665a86603b43ab8152139508482e8b" member_type: VOTER last_known_addr { host: "127.26.128.2" port: 39049 } health_report { overall_health: UNKNOWN } } peers { permanent_uuid: "6da04558f7d84c88bf092d3c96b80dd2" member_type: VOTER last_known_addr { host: "127.26.128.3" port: 37991 } health_report { overall_health: HEALTHY } } }
I20260710 13:25:14.083720 27762 tablet_service.cc:1917] Received RequestConsensusVote() RPC: tablet_id: "bec34d59f6ae46aab4b19f6ddccb40d8" candidate_uuid: "53665a86603b43ab8152139508482e8b" candidate_term: 1 candidate_status { last_received { term: 0 index: 0 } } ignore_live_leader: false dest_uuid: "ed3b43aafb6f4ebcb94640bfbd3cb77d"
I20260710 13:25:14.083606 27909 tablet_service.cc:1917] Received RequestConsensusVote() RPC: tablet_id: "538b501257f3484a859ef60cbf1149b8" candidate_uuid: "53665a86603b43ab8152139508482e8b" candidate_term: 1 candidate_status { last_received { term: 0 index: 0 } } ignore_live_leader: false dest_uuid: "6da04558f7d84c88bf092d3c96b80dd2" is_pre_election: true
I20260710 13:25:14.084849 27762 raft_consensus.cc:3060] T bec34d59f6ae46aab4b19f6ddccb40d8 P ed3b43aafb6f4ebcb94640bfbd3cb77d [term 0 FOLLOWER]: Advancing to term 1
I20260710 13:25:14.085052 27909 raft_consensus.cc:2468] T 538b501257f3484a859ef60cbf1149b8 P 6da04558f7d84c88bf092d3c96b80dd2 [term 0 FOLLOWER]: Leader pre-election vote request: Granting yes vote for candidate 53665a86603b43ab8152139508482e8b in term 0.
I20260710 13:25:14.087347 27761 tablet_service.cc:1917] Received RequestConsensusVote() RPC: tablet_id: "b77c5cd152c64e87b280161dc000f72f" candidate_uuid: "53665a86603b43ab8152139508482e8b" candidate_term: 1 candidate_status { last_received { term: 0 index: 0 } } ignore_live_leader: false dest_uuid: "ed3b43aafb6f4ebcb94640bfbd3cb77d" is_pre_election: true
W20260710 13:25:14.084901 27876 outbound_call.cc:321] RPC callback for RPC call kudu.consensus.ConsensusService.RequestConsensusVote -> {remote=127.26.128.2:39049, user_credentials={real_user=slave}} blocked reactor thread for 108427us
I20260710 13:25:14.089551 27761 raft_consensus.cc:2393] T b77c5cd152c64e87b280161dc000f72f P ed3b43aafb6f4ebcb94640bfbd3cb77d [term 1 FOLLOWER]: Leader pre-election vote request: Denying vote to candidate 53665a86603b43ab8152139508482e8b in current term 1: Already voted for candidate ed3b43aafb6f4ebcb94640bfbd3cb77d in this term.
I20260710 13:25:14.087858 28002 leader_election.cc:290] T 538b501257f3484a859ef60cbf1149b8 P 53665a86603b43ab8152139508482e8b [CANDIDATE]: Term 1 pre-election: Requested pre-vote from peers 6da04558f7d84c88bf092d3c96b80dd2 (127.26.128.3:37991), ed3b43aafb6f4ebcb94640bfbd3cb77d (127.26.128.1:45025)
I20260710 13:25:14.057535 28000 raft_consensus.cc:515] T 8af8c210775d4c7995d77780d969d92c P 6da04558f7d84c88bf092d3c96b80dd2 [term 0 FOLLOWER]: Starting pre-election with config: opid_index: -1 OBSOLETE_local: false peers { permanent_uuid: "ed3b43aafb6f4ebcb94640bfbd3cb77d" member_type: VOTER last_known_addr { host: "127.26.128.1" port: 45025 } } peers { permanent_uuid: "53665a86603b43ab8152139508482e8b" member_type: VOTER last_known_addr { host: "127.26.128.2" port: 39049 } } peers { permanent_uuid: "6da04558f7d84c88bf092d3c96b80dd2" member_type: VOTER last_known_addr { host: "127.26.128.3" port: 37991 } }
I20260710 13:25:14.090493 27760 tablet_service.cc:1917] Received RequestConsensusVote() RPC: tablet_id: "7090a54b112f4898a155a016ccd4d65d" candidate_uuid: "53665a86603b43ab8152139508482e8b" candidate_term: 1 candidate_status { last_received { term: 0 index: 0 } } ignore_live_leader: false dest_uuid: "ed3b43aafb6f4ebcb94640bfbd3cb77d" is_pre_election: true
I20260710 13:25:14.103873 27997 raft_consensus.cc:515] T 7090a54b112f4898a155a016ccd4d65d P 53665a86603b43ab8152139508482e8b [term 1 FOLLOWER]: Starting leader election with config: opid_index: -1 OBSOLETE_local: false peers { permanent_uuid: "ed3b43aafb6f4ebcb94640bfbd3cb77d" member_type: VOTER last_known_addr { host: "127.26.128.1" port: 45025 } } peers { permanent_uuid: "53665a86603b43ab8152139508482e8b" member_type: VOTER last_known_addr { host: "127.26.128.2" port: 39049 } } peers { permanent_uuid: "6da04558f7d84c88bf092d3c96b80dd2" member_type: VOTER last_known_addr { host: "127.26.128.3" port: 37991 } }
I20260710 13:25:14.105166 27911 raft_consensus.cc:3060] T 8af8c210775d4c7995d77780d969d92c P 6da04558f7d84c88bf092d3c96b80dd2 [term 0 FOLLOWER]: Advancing to term 1
I20260710 13:25:14.106633 27997 leader_election.cc:290] T 7090a54b112f4898a155a016ccd4d65d P 53665a86603b43ab8152139508482e8b [CANDIDATE]: Term 1 election: Requested vote from peers ed3b43aafb6f4ebcb94640bfbd3cb77d (127.26.128.1:45025), 6da04558f7d84c88bf092d3c96b80dd2 (127.26.128.3:37991)
I20260710 13:25:14.094218 27760 raft_consensus.cc:2468] T 7090a54b112f4898a155a016ccd4d65d P ed3b43aafb6f4ebcb94640bfbd3cb77d [term 0 FOLLOWER]: Leader pre-election vote request: Granting yes vote for candidate 53665a86603b43ab8152139508482e8b in term 0.
I20260710 13:25:14.110502 27954 ts_tablet_manager.cc:1434] T bec34d59f6ae46aab4b19f6ddccb40d8 P 6da04558f7d84c88bf092d3c96b80dd2: Time spent starting tablet: real 0.143s	user 0.020s	sys 0.055s
I20260710 13:25:14.098723 27837 tablet_service.cc:1917] Received RequestConsensusVote() RPC: tablet_id: "0d6d64e8914045d797a9945d533a6cc0" candidate_uuid: "6da04558f7d84c88bf092d3c96b80dd2" candidate_term: 1 candidate_status { last_received { term: 0 index: 0 } } ignore_live_leader: false dest_uuid: "53665a86603b43ab8152139508482e8b"
I20260710 13:25:14.094640 27802 leader_election.cc:304] T 538b501257f3484a859ef60cbf1149b8 P 53665a86603b43ab8152139508482e8b [CANDIDATE]: Term 1 pre-election: Election decided. Result: candidate won. Election summary: received 2 responses out of 3 voters: 2 yes votes; 0 no votes. yes voters: 53665a86603b43ab8152139508482e8b, 6da04558f7d84c88bf092d3c96b80dd2; no voters: 
I20260710 13:25:14.111685 27761 tablet_service.cc:1917] Received RequestConsensusVote() RPC: tablet_id: "538b501257f3484a859ef60cbf1149b8" candidate_uuid: "53665a86603b43ab8152139508482e8b" candidate_term: 1 candidate_status { last_received { term: 0 index: 0 } } ignore_live_leader: false dest_uuid: "ed3b43aafb6f4ebcb94640bfbd3cb77d" is_pre_election: true
I20260710 13:25:14.113641 27837 raft_consensus.cc:3060] T 0d6d64e8914045d797a9945d533a6cc0 P 53665a86603b43ab8152139508482e8b [term 0 FOLLOWER]: Advancing to term 1
I20260710 13:25:14.114496 27761 raft_consensus.cc:2468] T 538b501257f3484a859ef60cbf1149b8 P ed3b43aafb6f4ebcb94640bfbd3cb77d [term 0 FOLLOWER]: Leader pre-election vote request: Granting yes vote for candidate 53665a86603b43ab8152139508482e8b in term 0.
I20260710 13:25:14.113601 27762 raft_consensus.cc:2468] T bec34d59f6ae46aab4b19f6ddccb40d8 P ed3b43aafb6f4ebcb94640bfbd3cb77d [term 1 FOLLOWER]: Leader election vote request: Granting yes vote for candidate 53665a86603b43ab8152139508482e8b in term 1.
I20260710 13:25:14.117233 27909 tablet_service.cc:1917] Received RequestConsensusVote() RPC: tablet_id: "7090a54b112f4898a155a016ccd4d65d" candidate_uuid: "53665a86603b43ab8152139508482e8b" candidate_term: 1 candidate_status { last_received { term: 0 index: 0 } } ignore_live_leader: false dest_uuid: "6da04558f7d84c88bf092d3c96b80dd2"
I20260710 13:25:14.119268 27909 raft_consensus.cc:3060] T 7090a54b112f4898a155a016ccd4d65d P 6da04558f7d84c88bf092d3c96b80dd2 [term 0 FOLLOWER]: Advancing to term 1
I20260710 13:25:14.119324 27958 leader_election.cc:290] T 538b501257f3484a859ef60cbf1149b8 P ed3b43aafb6f4ebcb94640bfbd3cb77d [CANDIDATE]: Term 1 pre-election: Requested pre-vote from peers 53665a86603b43ab8152139508482e8b (127.26.128.2:39049), 6da04558f7d84c88bf092d3c96b80dd2 (127.26.128.3:37991)
I20260710 13:25:14.120483 27910 raft_consensus.cc:2468] T bec34d59f6ae46aab4b19f6ddccb40d8 P 6da04558f7d84c88bf092d3c96b80dd2 [term 1 FOLLOWER]: Leader election vote request: Granting yes vote for candidate 53665a86603b43ab8152139508482e8b in term 1.
I20260710 13:25:14.122098 27802 leader_election.cc:304] T bec34d59f6ae46aab4b19f6ddccb40d8 P 53665a86603b43ab8152139508482e8b [CANDIDATE]: Term 1 election: Election decided. Result: candidate won. Election summary: received 2 responses out of 3 voters: 2 yes votes; 0 no votes. yes voters: 53665a86603b43ab8152139508482e8b, 6da04558f7d84c88bf092d3c96b80dd2; no voters: 
I20260710 13:25:14.109129 27727 leader_election.cc:304] T b77c5cd152c64e87b280161dc000f72f P ed3b43aafb6f4ebcb94640bfbd3cb77d [CANDIDATE]: Term 1 election: Election decided. Result: candidate won. Election summary: received 3 responses out of 3 voters: 2 yes votes; 1 no votes. yes voters: 6da04558f7d84c88bf092d3c96b80dd2, ed3b43aafb6f4ebcb94640bfbd3cb77d; no voters: 53665a86603b43ab8152139508482e8b
I20260710 13:25:14.115433 27657 catalog_manager.cc:5697] T e7ddb5435dfe4368bd66422f08f79b93 P ed3b43aafb6f4ebcb94640bfbd3cb77d reported cstate change: term changed from 0 to 1, leader changed from <none> to ed3b43aafb6f4ebcb94640bfbd3cb77d (127.26.128.1). New cstate: current_term: 1 leader_uuid: "ed3b43aafb6f4ebcb94640bfbd3cb77d" committed_config { opid_index: -1 OBSOLETE_local: false peers { permanent_uuid: "ed3b43aafb6f4ebcb94640bfbd3cb77d" member_type: VOTER last_known_addr { host: "127.26.128.1" port: 45025 } health_report { overall_health: HEALTHY } } peers { permanent_uuid: "53665a86603b43ab8152139508482e8b" member_type: VOTER last_known_addr { host: "127.26.128.2" port: 39049 } health_report { overall_health: UNKNOWN } } peers { permanent_uuid: "6da04558f7d84c88bf092d3c96b80dd2" member_type: VOTER last_known_addr { host: "127.26.128.3" port: 37991 } health_report { overall_health: UNKNOWN } } }
I20260710 13:25:14.125221 28002 raft_consensus.cc:2804] T bec34d59f6ae46aab4b19f6ddccb40d8 P 53665a86603b43ab8152139508482e8b [term 1 FOLLOWER]: Leader election won for term 1
I20260710 13:25:14.125923 28002 raft_consensus.cc:697] T bec34d59f6ae46aab4b19f6ddccb40d8 P 53665a86603b43ab8152139508482e8b [term 1 LEADER]: Becoming Leader. State: Replica: 53665a86603b43ab8152139508482e8b, State: Running, Role: LEADER
I20260710 13:25:14.128104 27800 leader_election.cc:304] T b77c5cd152c64e87b280161dc000f72f P 53665a86603b43ab8152139508482e8b [CANDIDATE]: Term 1 pre-election: Election decided. Result: candidate lost. Election summary: received 3 responses out of 3 voters: 1 yes votes; 2 no votes. yes voters: 53665a86603b43ab8152139508482e8b; no voters: 6da04558f7d84c88bf092d3c96b80dd2, ed3b43aafb6f4ebcb94640bfbd3cb77d
I20260710 13:25:14.128954 27956 raft_consensus.cc:3060] T b77c5cd152c64e87b280161dc000f72f P 53665a86603b43ab8152139508482e8b [term 0 FOLLOWER]: Advancing to term 1
I20260710 13:25:14.113440 27964 raft_consensus.cc:515] T 3f23c6f1327e4385a1af27f217b7f386 P 6da04558f7d84c88bf092d3c96b80dd2 [term 1 FOLLOWER]: Starting leader election with config: opid_index: -1 OBSOLETE_local: false peers { permanent_uuid: "ed3b43aafb6f4ebcb94640bfbd3cb77d" member_type: VOTER last_known_addr { host: "127.26.128.1" port: 45025 } } peers { permanent_uuid: "53665a86603b43ab8152139508482e8b" member_type: VOTER last_known_addr { host: "127.26.128.2" port: 39049 } } peers { permanent_uuid: "6da04558f7d84c88bf092d3c96b80dd2" member_type: VOTER last_known_addr { host: "127.26.128.3" port: 37991 } }
I20260710 13:25:14.127766 28002 consensus_queue.cc:237] T bec34d59f6ae46aab4b19f6ddccb40d8 P 53665a86603b43ab8152139508482e8b [LEADER]: Queue going to LEADER mode. State: All replicated index: 0, Majority replicated index: 0, Committed index: 0, Last appended: 0.0, Last appended by leader: 0, Current term: 1, Majority size: 2, State: 0, Mode: LEADER, active raft config: opid_index: -1 OBSOLETE_local: false peers { permanent_uuid: "ed3b43aafb6f4ebcb94640bfbd3cb77d" member_type: VOTER last_known_addr { host: "127.26.128.1" port: 45025 } } peers { permanent_uuid: "53665a86603b43ab8152139508482e8b" member_type: VOTER last_known_addr { host: "127.26.128.2" port: 39049 } } peers { permanent_uuid: "6da04558f7d84c88bf092d3c96b80dd2" member_type: VOTER last_known_addr { host: "127.26.128.3" port: 37991 } }
I20260710 13:25:14.123436 27997 raft_consensus.cc:2804] T 538b501257f3484a859ef60cbf1149b8 P 53665a86603b43ab8152139508482e8b [term 0 FOLLOWER]: Leader pre-election won for term 1
I20260710 13:25:14.136240 27956 raft_consensus.cc:2749] T b77c5cd152c64e87b280161dc000f72f P 53665a86603b43ab8152139508482e8b [term 1 FOLLOWER]: Leader pre-election lost for term 1. Reason: could not achieve majority
I20260710 13:25:14.133989 27836 tablet_service.cc:1917] Received RequestConsensusVote() RPC: tablet_id: "3f23c6f1327e4385a1af27f217b7f386" candidate_uuid: "6da04558f7d84c88bf092d3c96b80dd2" candidate_term: 1 candidate_status { last_received { term: 0 index: 0 } } ignore_live_leader: false dest_uuid: "53665a86603b43ab8152139508482e8b"
I20260710 13:25:14.139228 27836 raft_consensus.cc:3060] T 3f23c6f1327e4385a1af27f217b7f386 P 53665a86603b43ab8152139508482e8b [term 0 FOLLOWER]: Advancing to term 1
I20260710 13:25:14.132813 27964 leader_election.cc:290] T 3f23c6f1327e4385a1af27f217b7f386 P 6da04558f7d84c88bf092d3c96b80dd2 [CANDIDATE]: Term 1 election: Requested vote from peers ed3b43aafb6f4ebcb94640bfbd3cb77d (127.26.128.1:45025), 53665a86603b43ab8152139508482e8b (127.26.128.2:39049)
I20260710 13:25:14.134735 27909 raft_consensus.cc:2468] T 7090a54b112f4898a155a016ccd4d65d P 6da04558f7d84c88bf092d3c96b80dd2 [term 1 FOLLOWER]: Leader election vote request: Granting yes vote for candidate 53665a86603b43ab8152139508482e8b in term 1.
I20260710 13:25:14.132983 27762 tablet_service.cc:1917] Received RequestConsensusVote() RPC: tablet_id: "3f23c6f1327e4385a1af27f217b7f386" candidate_uuid: "6da04558f7d84c88bf092d3c96b80dd2" candidate_term: 1 candidate_status { last_received { term: 0 index: 0 } } ignore_live_leader: false dest_uuid: "ed3b43aafb6f4ebcb94640bfbd3cb77d"
I20260710 13:25:14.142933 27997 raft_consensus.cc:493] T 538b501257f3484a859ef60cbf1149b8 P 53665a86603b43ab8152139508482e8b [term 0 FOLLOWER]: Starting leader election (no leader contacted us within the election timeout)
I20260710 13:25:14.144241 27997 raft_consensus.cc:3060] T 538b501257f3484a859ef60cbf1149b8 P 53665a86603b43ab8152139508482e8b [term 0 FOLLOWER]: Advancing to term 1
I20260710 13:25:14.148901 27953 tablet_bootstrap.cc:492] T 3f23c6f1327e4385a1af27f217b7f386 P ed3b43aafb6f4ebcb94640bfbd3cb77d: No bootstrap required, opened a new log
I20260710 13:25:14.149582 27953 ts_tablet_manager.cc:1403] T 3f23c6f1327e4385a1af27f217b7f386 P ed3b43aafb6f4ebcb94640bfbd3cb77d: Time spent bootstrapping tablet: real 0.139s	user 0.010s	sys 0.004s
I20260710 13:25:14.142091 27761 tablet_service.cc:1917] Received RequestConsensusVote() RPC: tablet_id: "8af8c210775d4c7995d77780d969d92c" candidate_uuid: "6da04558f7d84c88bf092d3c96b80dd2" candidate_term: 1 candidate_status { last_received { term: 0 index: 0 } } ignore_live_leader: false dest_uuid: "ed3b43aafb6f4ebcb94640bfbd3cb77d" is_pre_election: true
W20260710 13:25:14.151191 27874 leader_election.cc:343] T 3f23c6f1327e4385a1af27f217b7f386 P 6da04558f7d84c88bf092d3c96b80dd2 [CANDIDATE]: Term 1 election: Tablet error from VoteRequest() call to peer ed3b43aafb6f4ebcb94640bfbd3cb77d (127.26.128.1:45025): Illegal state: must be running to vote when last-logged opid is not known
I20260710 13:25:14.151607 28000 leader_election.cc:290] T 8af8c210775d4c7995d77780d969d92c P 6da04558f7d84c88bf092d3c96b80dd2 [CANDIDATE]: Term 1 pre-election: Requested pre-vote from peers ed3b43aafb6f4ebcb94640bfbd3cb77d (127.26.128.1:45025), 53665a86603b43ab8152139508482e8b (127.26.128.2:39049)
I20260710 13:25:14.129804 27958 raft_consensus.cc:2804] T b77c5cd152c64e87b280161dc000f72f P ed3b43aafb6f4ebcb94640bfbd3cb77d [term 1 FOLLOWER]: Leader election won for term 1
I20260710 13:25:14.158501 27953 raft_consensus.cc:359] T 3f23c6f1327e4385a1af27f217b7f386 P ed3b43aafb6f4ebcb94640bfbd3cb77d [term 0 FOLLOWER]: Replica starting. Triggering 0 pending ops. Active config: opid_index: -1 OBSOLETE_local: false peers { permanent_uuid: "ed3b43aafb6f4ebcb94640bfbd3cb77d" member_type: VOTER last_known_addr { host: "127.26.128.1" port: 45025 } } peers { permanent_uuid: "53665a86603b43ab8152139508482e8b" member_type: VOTER last_known_addr { host: "127.26.128.2" port: 39049 } } peers { permanent_uuid: "6da04558f7d84c88bf092d3c96b80dd2" member_type: VOTER last_known_addr { host: "127.26.128.3" port: 37991 } }
I20260710 13:25:14.159098 27953 raft_consensus.cc:385] T 3f23c6f1327e4385a1af27f217b7f386 P ed3b43aafb6f4ebcb94640bfbd3cb77d [term 0 FOLLOWER]: Consensus starting up: Expiring failure detector timer to make a prompt election more likely
I20260710 13:25:14.159391 27953 raft_consensus.cc:740] T 3f23c6f1327e4385a1af27f217b7f386 P ed3b43aafb6f4ebcb94640bfbd3cb77d [term 0 FOLLOWER]: Becoming Follower/Learner. State: Replica: ed3b43aafb6f4ebcb94640bfbd3cb77d, State: Initialized, Role: FOLLOWER
I20260710 13:25:14.160295 27953 consensus_queue.cc:260] T 3f23c6f1327e4385a1af27f217b7f386 P ed3b43aafb6f4ebcb94640bfbd3cb77d [NON_LEADER]: Queue going to NON_LEADER mode. State: All replicated index: 0, Majority replicated index: 0, Committed index: 0, Last appended: 0.0, Last appended by leader: 0, Current term: 0, Majority size: -1, State: 0, Mode: NON_LEADER, active raft config: opid_index: -1 OBSOLETE_local: false peers { permanent_uuid: "ed3b43aafb6f4ebcb94640bfbd3cb77d" member_type: VOTER last_known_addr { host: "127.26.128.1" port: 45025 } } peers { permanent_uuid: "53665a86603b43ab8152139508482e8b" member_type: VOTER last_known_addr { host: "127.26.128.2" port: 39049 } } peers { permanent_uuid: "6da04558f7d84c88bf092d3c96b80dd2" member_type: VOTER last_known_addr { host: "127.26.128.3" port: 37991 } }
I20260710 13:25:14.150449 27837 raft_consensus.cc:2468] T 0d6d64e8914045d797a9945d533a6cc0 P 53665a86603b43ab8152139508482e8b [term 1 FOLLOWER]: Leader election vote request: Granting yes vote for candidate 6da04558f7d84c88bf092d3c96b80dd2 in term 1.
I20260710 13:25:14.156349 27958 raft_consensus.cc:697] T b77c5cd152c64e87b280161dc000f72f P ed3b43aafb6f4ebcb94640bfbd3cb77d [term 1 LEADER]: Becoming Leader. State: Replica: ed3b43aafb6f4ebcb94640bfbd3cb77d, State: Running, Role: LEADER
I20260710 13:25:14.163849 27953 ts_tablet_manager.cc:1434] T 3f23c6f1327e4385a1af27f217b7f386 P ed3b43aafb6f4ebcb94640bfbd3cb77d: Time spent starting tablet: real 0.014s	user 0.008s	sys 0.000s
I20260710 13:25:14.153671 27802 leader_election.cc:304] T 7090a54b112f4898a155a016ccd4d65d P 53665a86603b43ab8152139508482e8b [CANDIDATE]: Term 1 election: Election decided. Result: candidate won. Election summary: received 2 responses out of 3 voters: 2 yes votes; 0 no votes. yes voters: 53665a86603b43ab8152139508482e8b, 6da04558f7d84c88bf092d3c96b80dd2; no voters: 
I20260710 13:25:14.163777 27993 raft_consensus.cc:493] T 7177b41a83c14856934d378e5fbaed3a P ed3b43aafb6f4ebcb94640bfbd3cb77d [term 0 FOLLOWER]: Starting pre-election (no leader contacted us within the election timeout)
I20260710 13:25:14.166771 27834 tablet_service.cc:1917] Received RequestConsensusVote() RPC: tablet_id: "538b501257f3484a859ef60cbf1149b8" candidate_uuid: "ed3b43aafb6f4ebcb94640bfbd3cb77d" candidate_term: 1 candidate_status { last_received { term: 0 index: 0 } } ignore_live_leader: false dest_uuid: "53665a86603b43ab8152139508482e8b" is_pre_election: true
I20260710 13:25:14.166925 27835 tablet_service.cc:1917] Received RequestConsensusVote() RPC: tablet_id: "8af8c210775d4c7995d77780d969d92c" candidate_uuid: "6da04558f7d84c88bf092d3c96b80dd2" candidate_term: 1 candidate_status { last_received { term: 0 index: 0 } } ignore_live_leader: false dest_uuid: "53665a86603b43ab8152139508482e8b" is_pre_election: true
I20260710 13:25:14.167762 27835 raft_consensus.cc:2393] T 8af8c210775d4c7995d77780d969d92c P 53665a86603b43ab8152139508482e8b [term 1 FOLLOWER]: Leader pre-election vote request: Denying vote to candidate 6da04558f7d84c88bf092d3c96b80dd2 in current term 1: Already voted for candidate ed3b43aafb6f4ebcb94640bfbd3cb77d in this term.
I20260710 13:25:14.166800 27993 raft_consensus.cc:515] T 7177b41a83c14856934d378e5fbaed3a P ed3b43aafb6f4ebcb94640bfbd3cb77d [term 0 FOLLOWER]: Starting pre-election with config: opid_index: -1 OBSOLETE_local: false peers { permanent_uuid: "ed3b43aafb6f4ebcb94640bfbd3cb77d" member_type: VOTER last_known_addr { host: "127.26.128.1" port: 45025 } } peers { permanent_uuid: "53665a86603b43ab8152139508482e8b" member_type: VOTER last_known_addr { host: "127.26.128.2" port: 39049 } } peers { permanent_uuid: "6da04558f7d84c88bf092d3c96b80dd2" member_type: VOTER last_known_addr { host: "127.26.128.3" port: 37991 } }
I20260710 13:25:14.171754 27876 leader_election.cc:304] T 8af8c210775d4c7995d77780d969d92c P 6da04558f7d84c88bf092d3c96b80dd2 [CANDIDATE]: Term 1 pre-election: Election decided. Result: candidate lost. Election summary: received 3 responses out of 3 voters: 1 yes votes; 2 no votes. yes voters: 6da04558f7d84c88bf092d3c96b80dd2; no voters: 53665a86603b43ab8152139508482e8b, ed3b43aafb6f4ebcb94640bfbd3cb77d
I20260710 13:25:14.173043 27993 leader_election.cc:290] T 7177b41a83c14856934d378e5fbaed3a P ed3b43aafb6f4ebcb94640bfbd3cb77d [CANDIDATE]: Term 1 pre-election: Requested pre-vote from peers 53665a86603b43ab8152139508482e8b (127.26.128.2:39049), 6da04558f7d84c88bf092d3c96b80dd2 (127.26.128.3:37991)
I20260710 13:25:14.173625 27909 tablet_service.cc:1917] Received RequestConsensusVote() RPC: tablet_id: "538b501257f3484a859ef60cbf1149b8" candidate_uuid: "ed3b43aafb6f4ebcb94640bfbd3cb77d" candidate_term: 1 candidate_status { last_received { term: 0 index: 0 } } ignore_live_leader: false dest_uuid: "6da04558f7d84c88bf092d3c96b80dd2" is_pre_election: true
I20260710 13:25:14.173395 27958 consensus_queue.cc:237] T b77c5cd152c64e87b280161dc000f72f P ed3b43aafb6f4ebcb94640bfbd3cb77d [LEADER]: Queue going to LEADER mode. State: All replicated index: 0, Majority replicated index: 0, Committed index: 0, Last appended: 0.0, Last appended by leader: 0, Current term: 1, Majority size: 2, State: 0, Mode: LEADER, active raft config: opid_index: -1 OBSOLETE_local: false peers { permanent_uuid: "ed3b43aafb6f4ebcb94640bfbd3cb77d" member_type: VOTER last_known_addr { host: "127.26.128.1" port: 45025 } } peers { permanent_uuid: "53665a86603b43ab8152139508482e8b" member_type: VOTER last_known_addr { host: "127.26.128.2" port: 39049 } } peers { permanent_uuid: "6da04558f7d84c88bf092d3c96b80dd2" member_type: VOTER last_known_addr { host: "127.26.128.3" port: 37991 } }
I20260710 13:25:14.174253 27909 raft_consensus.cc:2468] T 538b501257f3484a859ef60cbf1149b8 P 6da04558f7d84c88bf092d3c96b80dd2 [term 0 FOLLOWER]: Leader pre-election vote request: Granting yes vote for candidate ed3b43aafb6f4ebcb94640bfbd3cb77d in term 0.
I20260710 13:25:14.175405 28000 raft_consensus.cc:2749] T 8af8c210775d4c7995d77780d969d92c P 6da04558f7d84c88bf092d3c96b80dd2 [term 1 FOLLOWER]: Leader pre-election lost for term 1. Reason: could not achieve majority
I20260710 13:25:14.175032 27657 catalog_manager.cc:5697] T bec34d59f6ae46aab4b19f6ddccb40d8 P 53665a86603b43ab8152139508482e8b reported cstate change: term changed from 0 to 1, leader changed from <none> to 53665a86603b43ab8152139508482e8b (127.26.128.2). New cstate: current_term: 1 leader_uuid: "53665a86603b43ab8152139508482e8b" committed_config { opid_index: -1 OBSOLETE_local: false peers { permanent_uuid: "ed3b43aafb6f4ebcb94640bfbd3cb77d" member_type: VOTER last_known_addr { host: "127.26.128.1" port: 45025 } health_report { overall_health: UNKNOWN } } peers { permanent_uuid: "53665a86603b43ab8152139508482e8b" member_type: VOTER last_known_addr { host: "127.26.128.2" port: 39049 } health_report { overall_health: HEALTHY } } peers { permanent_uuid: "6da04558f7d84c88bf092d3c96b80dd2" member_type: VOTER last_known_addr { host: "127.26.128.3" port: 37991 } health_report { overall_health: UNKNOWN } } }
I20260710 13:25:14.177695 27761 tablet_service.cc:1917] Received RequestConsensusVote() RPC: tablet_id: "7090a54b112f4898a155a016ccd4d65d" candidate_uuid: "53665a86603b43ab8152139508482e8b" candidate_term: 1 candidate_status { last_received { term: 0 index: 0 } } ignore_live_leader: false dest_uuid: "ed3b43aafb6f4ebcb94640bfbd3cb77d"
I20260710 13:25:14.178301 27761 raft_consensus.cc:3060] T 7090a54b112f4898a155a016ccd4d65d P ed3b43aafb6f4ebcb94640bfbd3cb77d [term 0 FOLLOWER]: Advancing to term 1
I20260710 13:25:14.170619 28002 raft_consensus.cc:2804] T 7090a54b112f4898a155a016ccd4d65d P 53665a86603b43ab8152139508482e8b [term 1 FOLLOWER]: Leader election won for term 1
I20260710 13:25:14.184566 27951 tablet_bootstrap.cc:492] T 7177b41a83c14856934d378e5fbaed3a P 53665a86603b43ab8152139508482e8b: No bootstrap required, opened a new log
I20260710 13:25:14.185017 27951 ts_tablet_manager.cc:1403] T 7177b41a83c14856934d378e5fbaed3a P 53665a86603b43ab8152139508482e8b: Time spent bootstrapping tablet: real 0.149s	user 0.015s	sys 0.000s
I20260710 13:25:14.180088 27997 raft_consensus.cc:515] T 538b501257f3484a859ef60cbf1149b8 P 53665a86603b43ab8152139508482e8b [term 1 FOLLOWER]: Starting leader election with config: opid_index: -1 OBSOLETE_local: false peers { permanent_uuid: "53665a86603b43ab8152139508482e8b" member_type: VOTER last_known_addr { host: "127.26.128.2" port: 39049 } } peers { permanent_uuid: "6da04558f7d84c88bf092d3c96b80dd2" member_type: VOTER last_known_addr { host: "127.26.128.3" port: 37991 } } peers { permanent_uuid: "ed3b43aafb6f4ebcb94640bfbd3cb77d" member_type: VOTER last_known_addr { host: "127.26.128.1" port: 45025 } }
I20260710 13:25:14.186328 27835 tablet_service.cc:1917] Received RequestConsensusVote() RPC: tablet_id: "7177b41a83c14856934d378e5fbaed3a" candidate_uuid: "ed3b43aafb6f4ebcb94640bfbd3cb77d" candidate_term: 1 candidate_status { last_received { term: 0 index: 0 } } ignore_live_leader: false dest_uuid: "53665a86603b43ab8152139508482e8b" is_pre_election: true
I20260710 13:25:14.187958 27997 leader_election.cc:290] T 538b501257f3484a859ef60cbf1149b8 P 53665a86603b43ab8152139508482e8b [CANDIDATE]: Term 1 election: Requested vote from peers 6da04558f7d84c88bf092d3c96b80dd2 (127.26.128.3:37991), ed3b43aafb6f4ebcb94640bfbd3cb77d (127.26.128.1:45025)
I20260710 13:25:14.188341 27909 tablet_service.cc:1917] Received RequestConsensusVote() RPC: tablet_id: "538b501257f3484a859ef60cbf1149b8" candidate_uuid: "53665a86603b43ab8152139508482e8b" candidate_term: 1 candidate_status { last_received { term: 0 index: 0 } } ignore_live_leader: false dest_uuid: "6da04558f7d84c88bf092d3c96b80dd2"
I20260710 13:25:14.188861 27909 raft_consensus.cc:3060] T 538b501257f3484a859ef60cbf1149b8 P 6da04558f7d84c88bf092d3c96b80dd2 [term 0 FOLLOWER]: Advancing to term 1
I20260710 13:25:14.190632 27834 raft_consensus.cc:2393] T 538b501257f3484a859ef60cbf1149b8 P 53665a86603b43ab8152139508482e8b [term 1 FOLLOWER]: Leader pre-election vote request: Denying vote to candidate ed3b43aafb6f4ebcb94640bfbd3cb77d in current term 1: Already voted for candidate 53665a86603b43ab8152139508482e8b in this term.
I20260710 13:25:14.187784 27951 raft_consensus.cc:359] T 7177b41a83c14856934d378e5fbaed3a P 53665a86603b43ab8152139508482e8b [term 0 FOLLOWER]: Replica starting. Triggering 0 pending ops. Active config: opid_index: -1 OBSOLETE_local: false peers { permanent_uuid: "ed3b43aafb6f4ebcb94640bfbd3cb77d" member_type: VOTER last_known_addr { host: "127.26.128.1" port: 45025 } } peers { permanent_uuid: "53665a86603b43ab8152139508482e8b" member_type: VOTER last_known_addr { host: "127.26.128.2" port: 39049 } } peers { permanent_uuid: "6da04558f7d84c88bf092d3c96b80dd2" member_type: VOTER last_known_addr { host: "127.26.128.3" port: 37991 } }
I20260710 13:25:14.195292 27951 raft_consensus.cc:385] T 7177b41a83c14856934d378e5fbaed3a P 53665a86603b43ab8152139508482e8b [term 0 FOLLOWER]: Consensus starting up: Expiring failure detector timer to make a prompt election more likely
I20260710 13:25:14.195562 27951 raft_consensus.cc:740] T 7177b41a83c14856934d378e5fbaed3a P 53665a86603b43ab8152139508482e8b [term 0 FOLLOWER]: Becoming Follower/Learner. State: Replica: 53665a86603b43ab8152139508482e8b, State: Initialized, Role: FOLLOWER
I20260710 13:25:14.183084 28002 raft_consensus.cc:697] T 7090a54b112f4898a155a016ccd4d65d P 53665a86603b43ab8152139508482e8b [term 1 LEADER]: Becoming Leader. State: Replica: 53665a86603b43ab8152139508482e8b, State: Running, Role: LEADER
I20260710 13:25:14.197324 27951 consensus_queue.cc:260] T 7177b41a83c14856934d378e5fbaed3a P 53665a86603b43ab8152139508482e8b [NON_LEADER]: Queue going to NON_LEADER mode. State: All replicated index: 0, Majority replicated index: 0, Committed index: 0, Last appended: 0.0, Last appended by leader: 0, Current term: 0, Majority size: -1, State: 0, Mode: NON_LEADER, active raft config: opid_index: -1 OBSOLETE_local: false peers { permanent_uuid: "ed3b43aafb6f4ebcb94640bfbd3cb77d" member_type: VOTER last_known_addr { host: "127.26.128.1" port: 45025 } } peers { permanent_uuid: "53665a86603b43ab8152139508482e8b" member_type: VOTER last_known_addr { host: "127.26.128.2" port: 39049 } } peers { permanent_uuid: "6da04558f7d84c88bf092d3c96b80dd2" member_type: VOTER last_known_addr { host: "127.26.128.3" port: 37991 } }
I20260710 13:25:14.197088 28000 raft_consensus.cc:493] T 7177b41a83c14856934d378e5fbaed3a P 6da04558f7d84c88bf092d3c96b80dd2 [term 0 FOLLOWER]: Starting pre-election (no leader contacted us within the election timeout)
I20260710 13:25:14.198441 28002 consensus_queue.cc:237] T 7090a54b112f4898a155a016ccd4d65d P 53665a86603b43ab8152139508482e8b [LEADER]: Queue going to LEADER mode. State: All replicated index: 0, Majority replicated index: 0, Committed index: 0, Last appended: 0.0, Last appended by leader: 0, Current term: 1, Majority size: 2, State: 0, Mode: LEADER, active raft config: opid_index: -1 OBSOLETE_local: false peers { permanent_uuid: "ed3b43aafb6f4ebcb94640bfbd3cb77d" member_type: VOTER last_known_addr { host: "127.26.128.1" port: 45025 } } peers { permanent_uuid: "53665a86603b43ab8152139508482e8b" member_type: VOTER last_known_addr { host: "127.26.128.2" port: 39049 } } peers { permanent_uuid: "6da04558f7d84c88bf092d3c96b80dd2" member_type: VOTER last_known_addr { host: "127.26.128.3" port: 37991 } }
I20260710 13:25:14.198693 28000 raft_consensus.cc:515] T 7177b41a83c14856934d378e5fbaed3a P 6da04558f7d84c88bf092d3c96b80dd2 [term 0 FOLLOWER]: Starting pre-election with config: opid_index: -1 OBSOLETE_local: false peers { permanent_uuid: "ed3b43aafb6f4ebcb94640bfbd3cb77d" member_type: VOTER last_known_addr { host: "127.26.128.1" port: 45025 } } peers { permanent_uuid: "53665a86603b43ab8152139508482e8b" member_type: VOTER last_known_addr { host: "127.26.128.2" port: 39049 } } peers { permanent_uuid: "6da04558f7d84c88bf092d3c96b80dd2" member_type: VOTER last_known_addr { host: "127.26.128.3" port: 37991 } }
I20260710 13:25:14.200558 27911 tablet_service.cc:1917] Received RequestConsensusVote() RPC: tablet_id: "7177b41a83c14856934d378e5fbaed3a" candidate_uuid: "ed3b43aafb6f4ebcb94640bfbd3cb77d" candidate_term: 1 candidate_status { last_received { term: 0 index: 0 } } ignore_live_leader: false dest_uuid: "6da04558f7d84c88bf092d3c96b80dd2" is_pre_election: true
I20260710 13:25:14.201059 28000 leader_election.cc:290] T 7177b41a83c14856934d378e5fbaed3a P 6da04558f7d84c88bf092d3c96b80dd2 [CANDIDATE]: Term 1 pre-election: Requested pre-vote from peers ed3b43aafb6f4ebcb94640bfbd3cb77d (127.26.128.1:45025), 53665a86603b43ab8152139508482e8b (127.26.128.2:39049)
I20260710 13:25:14.201146 27911 raft_consensus.cc:2468] T 7177b41a83c14856934d378e5fbaed3a P 6da04558f7d84c88bf092d3c96b80dd2 [term 0 FOLLOWER]: Leader pre-election vote request: Granting yes vote for candidate ed3b43aafb6f4ebcb94640bfbd3cb77d in term 0.
I20260710 13:25:14.201257 27762 tablet_service.cc:1917] Received RequestConsensusVote() RPC: tablet_id: "7177b41a83c14856934d378e5fbaed3a" candidate_uuid: "6da04558f7d84c88bf092d3c96b80dd2" candidate_term: 1 candidate_status { last_received { term: 0 index: 0 } } ignore_live_leader: false dest_uuid: "ed3b43aafb6f4ebcb94640bfbd3cb77d" is_pre_election: true
I20260710 13:25:14.201864 27762 raft_consensus.cc:2468] T 7177b41a83c14856934d378e5fbaed3a P ed3b43aafb6f4ebcb94640bfbd3cb77d [term 0 FOLLOWER]: Leader pre-election vote request: Granting yes vote for candidate 6da04558f7d84c88bf092d3c96b80dd2 in term 0.
I20260710 13:25:14.202123 27761 raft_consensus.cc:2468] T 7090a54b112f4898a155a016ccd4d65d P ed3b43aafb6f4ebcb94640bfbd3cb77d [term 1 FOLLOWER]: Leader election vote request: Granting yes vote for candidate 53665a86603b43ab8152139508482e8b in term 1.
I20260710 13:25:14.202724 27951 ts_tablet_manager.cc:1434] T 7177b41a83c14856934d378e5fbaed3a P 53665a86603b43ab8152139508482e8b: Time spent starting tablet: real 0.017s	user 0.006s	sys 0.000s
I20260710 13:25:14.203433 27956 raft_consensus.cc:493] T 54996a8fa28b4fb995fd816737325307 P 53665a86603b43ab8152139508482e8b [term 0 FOLLOWER]: Starting pre-election (no leader contacted us within the election timeout)
I20260710 13:25:14.204085 27958 raft_consensus.cc:493] T 54996a8fa28b4fb995fd816737325307 P ed3b43aafb6f4ebcb94640bfbd3cb77d [term 0 FOLLOWER]: Starting pre-election (no leader contacted us within the election timeout)
I20260710 13:25:14.203869 27956 raft_consensus.cc:515] T 54996a8fa28b4fb995fd816737325307 P 53665a86603b43ab8152139508482e8b [term 0 FOLLOWER]: Starting pre-election with config: opid_index: -1 OBSOLETE_local: false peers { permanent_uuid: "ed3b43aafb6f4ebcb94640bfbd3cb77d" member_type: VOTER last_known_addr { host: "127.26.128.1" port: 45025 } } peers { permanent_uuid: "53665a86603b43ab8152139508482e8b" member_type: VOTER last_known_addr { host: "127.26.128.2" port: 39049 } } peers { permanent_uuid: "6da04558f7d84c88bf092d3c96b80dd2" member_type: VOTER last_known_addr { host: "127.26.128.3" port: 37991 } }
I20260710 13:25:14.205114 27993 consensus_queue.cc:1048] T 8af8c210775d4c7995d77780d969d92c P ed3b43aafb6f4ebcb94640bfbd3cb77d [LEADER]: Connected to new peer: Peer: permanent_uuid: "6da04558f7d84c88bf092d3c96b80dd2" member_type: VOTER last_known_addr { host: "127.26.128.3" port: 37991 }, Status: LMP_MISMATCH, Last received: 0.0, Next index: 1, Last known committed idx: 0, Time since last communication: 0.000s
I20260710 13:25:14.205452 27874 leader_election.cc:304] T 7177b41a83c14856934d378e5fbaed3a P 6da04558f7d84c88bf092d3c96b80dd2 [CANDIDATE]: Term 1 pre-election: Election decided. Result: candidate won. Election summary: received 2 responses out of 3 voters: 2 yes votes; 0 no votes. yes voters: 6da04558f7d84c88bf092d3c96b80dd2, ed3b43aafb6f4ebcb94640bfbd3cb77d; no voters: 
I20260710 13:25:14.205940 27956 leader_election.cc:290] T 54996a8fa28b4fb995fd816737325307 P 53665a86603b43ab8152139508482e8b [CANDIDATE]: Term 1 pre-election: Requested pre-vote from peers ed3b43aafb6f4ebcb94640bfbd3cb77d (127.26.128.1:45025), 6da04558f7d84c88bf092d3c96b80dd2 (127.26.128.3:37991)
