I20260710 13:25:03.392764 22727 raft_consensus.cc:359] T 5c22611579e54155a90597724e00fcdd P b0b914feef384aa5a1b3eaa31ddf799a [term 0 FOLLOWER]: Replica starting. Triggering 0 pending ops. Active config: opid_index: -1 OBSOLETE_local: false peers { permanent_uuid: "6a0a29a3686b4ad6866f60067106d24f" member_type: VOTER last_known_addr { host: "127.21.223.193" port: 44249 } } peers { permanent_uuid: "36ae619efe70469dbc679cf818ed17bb" member_type: VOTER last_known_addr { host: "127.21.223.194" port: 46753 } } peers { permanent_uuid: "b0b914feef384aa5a1b3eaa31ddf799a" member_type: VOTER last_known_addr { host: "127.21.223.195" port: 35737 } }
I20260710 13:25:03.393694 22727 raft_consensus.cc:385] T 5c22611579e54155a90597724e00fcdd P b0b914feef384aa5a1b3eaa31ddf799a [term 0 FOLLOWER]: Consensus starting up: Expiring failure detector timer to make a prompt election more likely
I20260710 13:25:03.394021 22727 raft_consensus.cc:740] T 5c22611579e54155a90597724e00fcdd P b0b914feef384aa5a1b3eaa31ddf799a [term 0 FOLLOWER]: Becoming Follower/Learner. State: Replica: b0b914feef384aa5a1b3eaa31ddf799a, State: Initialized, Role: FOLLOWER
I20260710 13:25:03.394939 22727 consensus_queue.cc:260] T 5c22611579e54155a90597724e00fcdd P b0b914feef384aa5a1b3eaa31ddf799a [NON_LEADER]: Queue going to NON_LEADER mode. State: All replicated index: 0, Majority replicated index: 0, Committed index: 0, Last appended: 0.0, Last appended by leader: 0, Current term: 0, Majority size: -1, State: 0, Mode: NON_LEADER, active raft config: opid_index: -1 OBSOLETE_local: false peers { permanent_uuid: "6a0a29a3686b4ad6866f60067106d24f" member_type: VOTER last_known_addr { host: "127.21.223.193" port: 44249 } } peers { permanent_uuid: "36ae619efe70469dbc679cf818ed17bb" member_type: VOTER last_known_addr { host: "127.21.223.194" port: 46753 } } peers { permanent_uuid: "b0b914feef384aa5a1b3eaa31ddf799a" member_type: VOTER last_known_addr { host: "127.21.223.195" port: 35737 } }
I20260710 13:25:03.397001 22728 tablet_bootstrap.cc:492] T cf2eb01e8a8b42298ed84291fb148cc0 P 36ae619efe70469dbc679cf818ed17bb: No bootstrap required, opened a new log
I20260710 13:25:03.397794 22728 ts_tablet_manager.cc:1403] T cf2eb01e8a8b42298ed84291fb148cc0 P 36ae619efe70469dbc679cf818ed17bb: Time spent bootstrapping tablet: real 0.045s	user 0.020s	sys 0.012s
I20260710 13:25:03.401942 22728 raft_consensus.cc:359] T cf2eb01e8a8b42298ed84291fb148cc0 P 36ae619efe70469dbc679cf818ed17bb [term 0 FOLLOWER]: Replica starting. Triggering 0 pending ops. Active config: opid_index: -1 OBSOLETE_local: false peers { permanent_uuid: "6a0a29a3686b4ad6866f60067106d24f" member_type: VOTER last_known_addr { host: "127.21.223.193" port: 44249 } } peers { permanent_uuid: "36ae619efe70469dbc679cf818ed17bb" member_type: VOTER last_known_addr { host: "127.21.223.194" port: 46753 } } peers { permanent_uuid: "b0b914feef384aa5a1b3eaa31ddf799a" member_type: VOTER last_known_addr { host: "127.21.223.195" port: 35737 } }
I20260710 13:25:03.403934 22708 heartbeater.cc:499] Master 127.21.223.254:40905 was elected leader, sending a full tablet report...
I20260710 13:25:03.404492 22728 raft_consensus.cc:385] T cf2eb01e8a8b42298ed84291fb148cc0 P 36ae619efe70469dbc679cf818ed17bb [term 0 FOLLOWER]: Consensus starting up: Expiring failure detector timer to make a prompt election more likely
I20260710 13:25:03.405037 22727 ts_tablet_manager.cc:1434] T 5c22611579e54155a90597724e00fcdd P b0b914feef384aa5a1b3eaa31ddf799a: Time spent starting tablet: real 0.015s	user 0.006s	sys 0.008s
I20260710 13:25:03.405067 22728 raft_consensus.cc:740] T cf2eb01e8a8b42298ed84291fb148cc0 P 36ae619efe70469dbc679cf818ed17bb [term 0 FOLLOWER]: Becoming Follower/Learner. State: Replica: 36ae619efe70469dbc679cf818ed17bb, State: Initialized, Role: FOLLOWER
I20260710 13:25:03.406268 22727 tablet_bootstrap.cc:492] T 1e899085377c4ecbaad4fa5a232e5311 P b0b914feef384aa5a1b3eaa31ddf799a: Bootstrap starting.
I20260710 13:25:03.406255 22728 consensus_queue.cc:260] T cf2eb01e8a8b42298ed84291fb148cc0 P 36ae619efe70469dbc679cf818ed17bb [NON_LEADER]: Queue going to NON_LEADER mode. State: All replicated index: 0, Majority replicated index: 0, Committed index: 0, Last appended: 0.0, Last appended by leader: 0, Current term: 0, Majority size: -1, State: 0, Mode: NON_LEADER, active raft config: opid_index: -1 OBSOLETE_local: false peers { permanent_uuid: "6a0a29a3686b4ad6866f60067106d24f" member_type: VOTER last_known_addr { host: "127.21.223.193" port: 44249 } } peers { permanent_uuid: "36ae619efe70469dbc679cf818ed17bb" member_type: VOTER last_known_addr { host: "127.21.223.194" port: 46753 } } peers { permanent_uuid: "b0b914feef384aa5a1b3eaa31ddf799a" member_type: VOTER last_known_addr { host: "127.21.223.195" port: 35737 } }
I20260710 13:25:03.408735 22728 ts_tablet_manager.cc:1434] T cf2eb01e8a8b42298ed84291fb148cc0 P 36ae619efe70469dbc679cf818ed17bb: Time spent starting tablet: real 0.010s	user 0.006s	sys 0.001s
I20260710 13:25:03.413744 22726 tablet_bootstrap.cc:492] T 2944ba644d064349a7910c446f6e8ff3 P 6a0a29a3686b4ad6866f60067106d24f: No bootstrap required, opened a new log
I20260710 13:25:03.414276 22726 ts_tablet_manager.cc:1403] T 2944ba644d064349a7910c446f6e8ff3 P 6a0a29a3686b4ad6866f60067106d24f: Time spent bootstrapping tablet: real 0.054s	user 0.015s	sys 0.014s
I20260710 13:25:03.417274 22726 raft_consensus.cc:359] T 2944ba644d064349a7910c446f6e8ff3 P 6a0a29a3686b4ad6866f60067106d24f [term 0 FOLLOWER]: Replica starting. Triggering 0 pending ops. Active config: opid_index: -1 OBSOLETE_local: false peers { permanent_uuid: "6a0a29a3686b4ad6866f60067106d24f" member_type: VOTER last_known_addr { host: "127.21.223.193" port: 44249 } } peers { permanent_uuid: "36ae619efe70469dbc679cf818ed17bb" member_type: VOTER last_known_addr { host: "127.21.223.194" port: 46753 } } peers { permanent_uuid: "b0b914feef384aa5a1b3eaa31ddf799a" member_type: VOTER last_known_addr { host: "127.21.223.195" port: 35737 } }
I20260710 13:25:03.418002 22726 raft_consensus.cc:385] T 2944ba644d064349a7910c446f6e8ff3 P 6a0a29a3686b4ad6866f60067106d24f [term 0 FOLLOWER]: Consensus starting up: Expiring failure detector timer to make a prompt election more likely
I20260710 13:25:03.418272 22726 raft_consensus.cc:740] T 2944ba644d064349a7910c446f6e8ff3 P 6a0a29a3686b4ad6866f60067106d24f [term 0 FOLLOWER]: Becoming Follower/Learner. State: Replica: 6a0a29a3686b4ad6866f60067106d24f, State: Initialized, Role: FOLLOWER
I20260710 13:25:03.419374 22726 consensus_queue.cc:260] T 2944ba644d064349a7910c446f6e8ff3 P 6a0a29a3686b4ad6866f60067106d24f [NON_LEADER]: Queue going to NON_LEADER mode. State: All replicated index: 0, Majority replicated index: 0, Committed index: 0, Last appended: 0.0, Last appended by leader: 0, Current term: 0, Majority size: -1, State: 0, Mode: NON_LEADER, active raft config: opid_index: -1 OBSOLETE_local: false peers { permanent_uuid: "6a0a29a3686b4ad6866f60067106d24f" member_type: VOTER last_known_addr { host: "127.21.223.193" port: 44249 } } peers { permanent_uuid: "36ae619efe70469dbc679cf818ed17bb" member_type: VOTER last_known_addr { host: "127.21.223.194" port: 46753 } } peers { permanent_uuid: "b0b914feef384aa5a1b3eaa31ddf799a" member_type: VOTER last_known_addr { host: "127.21.223.195" port: 35737 } }
I20260710 13:25:03.421309 22728 tablet_bootstrap.cc:492] T a0f6c391b001471ba5cf11a046921dbf P 36ae619efe70469dbc679cf818ed17bb: Bootstrap starting.
I20260710 13:25:03.426653 22726 ts_tablet_manager.cc:1434] T 2944ba644d064349a7910c446f6e8ff3 P 6a0a29a3686b4ad6866f60067106d24f: Time spent starting tablet: real 0.012s	user 0.003s	sys 0.004s
I20260710 13:25:03.427731 22726 tablet_bootstrap.cc:492] T a0f6c391b001471ba5cf11a046921dbf P 6a0a29a3686b4ad6866f60067106d24f: Bootstrap starting.
I20260710 13:25:03.428180 22727 tablet_bootstrap.cc:654] T 1e899085377c4ecbaad4fa5a232e5311 P b0b914feef384aa5a1b3eaa31ddf799a: Neither blocks nor log segments found. Creating new log.
I20260710 13:25:03.432317 22728 tablet_bootstrap.cc:654] T a0f6c391b001471ba5cf11a046921dbf P 36ae619efe70469dbc679cf818ed17bb: Neither blocks nor log segments found. Creating new log.
I20260710 13:25:03.434525 22726 tablet_bootstrap.cc:654] T a0f6c391b001471ba5cf11a046921dbf P 6a0a29a3686b4ad6866f60067106d24f: Neither blocks nor log segments found. Creating new log.
W20260710 13:25:03.440485 22709 tablet.cc:2406] T 5c22611579e54155a90597724e00fcdd P b0b914feef384aa5a1b3eaa31ddf799a: Can't schedule compaction. Clean time has not been advanced past its initial value.
I20260710 13:25:03.440590 22727 tablet_bootstrap.cc:492] T 1e899085377c4ecbaad4fa5a232e5311 P b0b914feef384aa5a1b3eaa31ddf799a: No bootstrap required, opened a new log
I20260710 13:25:03.441416 22727 ts_tablet_manager.cc:1403] T 1e899085377c4ecbaad4fa5a232e5311 P b0b914feef384aa5a1b3eaa31ddf799a: Time spent bootstrapping tablet: real 0.035s	user 0.008s	sys 0.012s
I20260710 13:25:03.444754 22727 raft_consensus.cc:359] T 1e899085377c4ecbaad4fa5a232e5311 P b0b914feef384aa5a1b3eaa31ddf799a [term 0 FOLLOWER]: Replica starting. Triggering 0 pending ops. Active config: opid_index: -1 OBSOLETE_local: false peers { permanent_uuid: "6a0a29a3686b4ad6866f60067106d24f" member_type: VOTER last_known_addr { host: "127.21.223.193" port: 44249 } } peers { permanent_uuid: "b0b914feef384aa5a1b3eaa31ddf799a" member_type: VOTER last_known_addr { host: "127.21.223.195" port: 35737 } } peers { permanent_uuid: "36ae619efe70469dbc679cf818ed17bb" member_type: VOTER last_known_addr { host: "127.21.223.194" port: 46753 } }
I20260710 13:25:03.445729 22727 raft_consensus.cc:385] T 1e899085377c4ecbaad4fa5a232e5311 P b0b914feef384aa5a1b3eaa31ddf799a [term 0 FOLLOWER]: Consensus starting up: Expiring failure detector timer to make a prompt election more likely
I20260710 13:25:03.446029 22727 raft_consensus.cc:740] T 1e899085377c4ecbaad4fa5a232e5311 P b0b914feef384aa5a1b3eaa31ddf799a [term 0 FOLLOWER]: Becoming Follower/Learner. State: Replica: b0b914feef384aa5a1b3eaa31ddf799a, State: Initialized, Role: FOLLOWER
I20260710 13:25:03.447150 22731 raft_consensus.cc:493] T 2944ba644d064349a7910c446f6e8ff3 P 6a0a29a3686b4ad6866f60067106d24f [term 0 FOLLOWER]: Starting pre-election (no leader contacted us within the election timeout)
I20260710 13:25:03.447058 22727 consensus_queue.cc:260] T 1e899085377c4ecbaad4fa5a232e5311 P b0b914feef384aa5a1b3eaa31ddf799a [NON_LEADER]: Queue going to NON_LEADER mode. State: All replicated index: 0, Majority replicated index: 0, Committed index: 0, Last appended: 0.0, Last appended by leader: 0, Current term: 0, Majority size: -1, State: 0, Mode: NON_LEADER, active raft config: opid_index: -1 OBSOLETE_local: false peers { permanent_uuid: "6a0a29a3686b4ad6866f60067106d24f" member_type: VOTER last_known_addr { host: "127.21.223.193" port: 44249 } } peers { permanent_uuid: "b0b914feef384aa5a1b3eaa31ddf799a" member_type: VOTER last_known_addr { host: "127.21.223.195" port: 35737 } } peers { permanent_uuid: "36ae619efe70469dbc679cf818ed17bb" member_type: VOTER last_known_addr { host: "127.21.223.194" port: 46753 } }
I20260710 13:25:03.447727 22731 raft_consensus.cc:515] T 2944ba644d064349a7910c446f6e8ff3 P 6a0a29a3686b4ad6866f60067106d24f [term 0 FOLLOWER]: Starting pre-election with config: opid_index: -1 OBSOLETE_local: false peers { permanent_uuid: "6a0a29a3686b4ad6866f60067106d24f" member_type: VOTER last_known_addr { host: "127.21.223.193" port: 44249 } } peers { permanent_uuid: "36ae619efe70469dbc679cf818ed17bb" member_type: VOTER last_known_addr { host: "127.21.223.194" port: 46753 } } peers { permanent_uuid: "b0b914feef384aa5a1b3eaa31ddf799a" member_type: VOTER last_known_addr { host: "127.21.223.195" port: 35737 } }
I20260710 13:25:03.450352 22727 ts_tablet_manager.cc:1434] T 1e899085377c4ecbaad4fa5a232e5311 P b0b914feef384aa5a1b3eaa31ddf799a: Time spent starting tablet: real 0.009s	user 0.007s	sys 0.001s
I20260710 13:25:03.451776 22727 tablet_bootstrap.cc:492] T 77fed853b2df45c7bb172ecb1061c481 P b0b914feef384aa5a1b3eaa31ddf799a: Bootstrap starting.
I20260710 13:25:03.454666 22731 leader_election.cc:290] T 2944ba644d064349a7910c446f6e8ff3 P 6a0a29a3686b4ad6866f60067106d24f [CANDIDATE]: Term 1 pre-election: Requested pre-vote from peers 36ae619efe70469dbc679cf818ed17bb (127.21.223.194:46753), b0b914feef384aa5a1b3eaa31ddf799a (127.21.223.195:35737)
I20260710 13:25:03.460480 22731 raft_consensus.cc:493] T 1e899085377c4ecbaad4fa5a232e5311 P 6a0a29a3686b4ad6866f60067106d24f [term 0 FOLLOWER]: Starting pre-election (no leader contacted us within the election timeout)
I20260710 13:25:03.461671 22726 tablet_bootstrap.cc:492] T a0f6c391b001471ba5cf11a046921dbf P 6a0a29a3686b4ad6866f60067106d24f: No bootstrap required, opened a new log
I20260710 13:25:03.461212 22731 raft_consensus.cc:515] T 1e899085377c4ecbaad4fa5a232e5311 P 6a0a29a3686b4ad6866f60067106d24f [term 0 FOLLOWER]: Starting pre-election with config: opid_index: -1 OBSOLETE_local: false peers { permanent_uuid: "6a0a29a3686b4ad6866f60067106d24f" member_type: VOTER last_known_addr { host: "127.21.223.193" port: 44249 } } peers { permanent_uuid: "b0b914feef384aa5a1b3eaa31ddf799a" member_type: VOTER last_known_addr { host: "127.21.223.195" port: 35737 } } peers { permanent_uuid: "36ae619efe70469dbc679cf818ed17bb" member_type: VOTER last_known_addr { host: "127.21.223.194" port: 46753 } }
I20260710 13:25:03.462226 22726 ts_tablet_manager.cc:1403] T a0f6c391b001471ba5cf11a046921dbf P 6a0a29a3686b4ad6866f60067106d24f: Time spent bootstrapping tablet: real 0.035s	user 0.011s	sys 0.006s
I20260710 13:25:03.463889 22731 leader_election.cc:290] T 1e899085377c4ecbaad4fa5a232e5311 P 6a0a29a3686b4ad6866f60067106d24f [CANDIDATE]: Term 1 pre-election: Requested pre-vote from peers b0b914feef384aa5a1b3eaa31ddf799a (127.21.223.195:35737), 36ae619efe70469dbc679cf818ed17bb (127.21.223.194:46753)
I20260710 13:25:03.465394 22726 raft_consensus.cc:359] T a0f6c391b001471ba5cf11a046921dbf P 6a0a29a3686b4ad6866f60067106d24f [term 0 FOLLOWER]: Replica starting. Triggering 0 pending ops. Active config: opid_index: -1 OBSOLETE_local: false peers { permanent_uuid: "6a0a29a3686b4ad6866f60067106d24f" member_type: VOTER last_known_addr { host: "127.21.223.193" port: 44249 } } peers { permanent_uuid: "36ae619efe70469dbc679cf818ed17bb" member_type: VOTER last_known_addr { host: "127.21.223.194" port: 46753 } } peers { permanent_uuid: "b0b914feef384aa5a1b3eaa31ddf799a" member_type: VOTER last_known_addr { host: "127.21.223.195" port: 35737 } }
I20260710 13:25:03.466190 22726 raft_consensus.cc:385] T a0f6c391b001471ba5cf11a046921dbf P 6a0a29a3686b4ad6866f60067106d24f [term 0 FOLLOWER]: Consensus starting up: Expiring failure detector timer to make a prompt election more likely
I20260710 13:25:03.466506 22726 raft_consensus.cc:740] T a0f6c391b001471ba5cf11a046921dbf P 6a0a29a3686b4ad6866f60067106d24f [term 0 FOLLOWER]: Becoming Follower/Learner. State: Replica: 6a0a29a3686b4ad6866f60067106d24f, State: Initialized, Role: FOLLOWER
I20260710 13:25:03.466765 22727 tablet_bootstrap.cc:654] T 77fed853b2df45c7bb172ecb1061c481 P b0b914feef384aa5a1b3eaa31ddf799a: Neither blocks nor log segments found. Creating new log.
I20260710 13:25:03.467680 22728 tablet_bootstrap.cc:492] T a0f6c391b001471ba5cf11a046921dbf P 36ae619efe70469dbc679cf818ed17bb: No bootstrap required, opened a new log
I20260710 13:25:03.467226 22726 consensus_queue.cc:260] T a0f6c391b001471ba5cf11a046921dbf P 6a0a29a3686b4ad6866f60067106d24f [NON_LEADER]: Queue going to NON_LEADER mode. State: All replicated index: 0, Majority replicated index: 0, Committed index: 0, Last appended: 0.0, Last appended by leader: 0, Current term: 0, Majority size: -1, State: 0, Mode: NON_LEADER, active raft config: opid_index: -1 OBSOLETE_local: false peers { permanent_uuid: "6a0a29a3686b4ad6866f60067106d24f" member_type: VOTER last_known_addr { host: "127.21.223.193" port: 44249 } } peers { permanent_uuid: "36ae619efe70469dbc679cf818ed17bb" member_type: VOTER last_known_addr { host: "127.21.223.194" port: 46753 } } peers { permanent_uuid: "b0b914feef384aa5a1b3eaa31ddf799a" member_type: VOTER last_known_addr { host: "127.21.223.195" port: 35737 } }
I20260710 13:25:03.471078 22726 ts_tablet_manager.cc:1434] T a0f6c391b001471ba5cf11a046921dbf P 6a0a29a3686b4ad6866f60067106d24f: Time spent starting tablet: real 0.008s	user 0.005s	sys 0.003s
I20260710 13:25:03.472133 22726 tablet_bootstrap.cc:492] T cf2eb01e8a8b42298ed84291fb148cc0 P 6a0a29a3686b4ad6866f60067106d24f: Bootstrap starting.
I20260710 13:25:03.478893 22726 tablet_bootstrap.cc:654] T cf2eb01e8a8b42298ed84291fb148cc0 P 6a0a29a3686b4ad6866f60067106d24f: Neither blocks nor log segments found. Creating new log.
I20260710 13:25:03.469359 22728 ts_tablet_manager.cc:1403] T a0f6c391b001471ba5cf11a046921dbf P 36ae619efe70469dbc679cf818ed17bb: Time spent bootstrapping tablet: real 0.048s	user 0.016s	sys 0.005s
I20260710 13:25:03.496153 22726 tablet_bootstrap.cc:492] T cf2eb01e8a8b42298ed84291fb148cc0 P 6a0a29a3686b4ad6866f60067106d24f: No bootstrap required, opened a new log
I20260710 13:25:03.496680 22726 ts_tablet_manager.cc:1403] T cf2eb01e8a8b42298ed84291fb148cc0 P 6a0a29a3686b4ad6866f60067106d24f: Time spent bootstrapping tablet: real 0.025s	user 0.016s	sys 0.000s
I20260710 13:25:03.499632 22726 raft_consensus.cc:359] T cf2eb01e8a8b42298ed84291fb148cc0 P 6a0a29a3686b4ad6866f60067106d24f [term 0 FOLLOWER]: Replica starting. Triggering 0 pending ops. Active config: opid_index: -1 OBSOLETE_local: false peers { permanent_uuid: "6a0a29a3686b4ad6866f60067106d24f" member_type: VOTER last_known_addr { host: "127.21.223.193" port: 44249 } } peers { permanent_uuid: "36ae619efe70469dbc679cf818ed17bb" member_type: VOTER last_known_addr { host: "127.21.223.194" port: 46753 } } peers { permanent_uuid: "b0b914feef384aa5a1b3eaa31ddf799a" member_type: VOTER last_known_addr { host: "127.21.223.195" port: 35737 } }
I20260710 13:25:03.500401 22726 raft_consensus.cc:385] T cf2eb01e8a8b42298ed84291fb148cc0 P 6a0a29a3686b4ad6866f60067106d24f [term 0 FOLLOWER]: Consensus starting up: Expiring failure detector timer to make a prompt election more likely
I20260710 13:25:03.500692 22726 raft_consensus.cc:740] T cf2eb01e8a8b42298ed84291fb148cc0 P 6a0a29a3686b4ad6866f60067106d24f [term 0 FOLLOWER]: Becoming Follower/Learner. State: Replica: 6a0a29a3686b4ad6866f60067106d24f, State: Initialized, Role: FOLLOWER
I20260710 13:25:03.501653 22726 consensus_queue.cc:260] T cf2eb01e8a8b42298ed84291fb148cc0 P 6a0a29a3686b4ad6866f60067106d24f [NON_LEADER]: Queue going to NON_LEADER mode. State: All replicated index: 0, Majority replicated index: 0, Committed index: 0, Last appended: 0.0, Last appended by leader: 0, Current term: 0, Majority size: -1, State: 0, Mode: NON_LEADER, active raft config: opid_index: -1 OBSOLETE_local: false peers { permanent_uuid: "6a0a29a3686b4ad6866f60067106d24f" member_type: VOTER last_known_addr { host: "127.21.223.193" port: 44249 } } peers { permanent_uuid: "36ae619efe70469dbc679cf818ed17bb" member_type: VOTER last_known_addr { host: "127.21.223.194" port: 46753 } } peers { permanent_uuid: "b0b914feef384aa5a1b3eaa31ddf799a" member_type: VOTER last_known_addr { host: "127.21.223.195" port: 35737 } }
I20260710 13:25:03.511102 22726 ts_tablet_manager.cc:1434] T cf2eb01e8a8b42298ed84291fb148cc0 P 6a0a29a3686b4ad6866f60067106d24f: Time spent starting tablet: real 0.014s	user 0.005s	sys 0.000s
I20260710 13:25:03.512979 22728 raft_consensus.cc:359] T a0f6c391b001471ba5cf11a046921dbf P 36ae619efe70469dbc679cf818ed17bb [term 0 FOLLOWER]: Replica starting. Triggering 0 pending ops. Active config: opid_index: -1 OBSOLETE_local: false peers { permanent_uuid: "6a0a29a3686b4ad6866f60067106d24f" member_type: VOTER last_known_addr { host: "127.21.223.193" port: 44249 } } peers { permanent_uuid: "36ae619efe70469dbc679cf818ed17bb" member_type: VOTER last_known_addr { host: "127.21.223.194" port: 46753 } } peers { permanent_uuid: "b0b914feef384aa5a1b3eaa31ddf799a" member_type: VOTER last_known_addr { host: "127.21.223.195" port: 35737 } }
I20260710 13:25:03.523120 22728 raft_consensus.cc:385] T a0f6c391b001471ba5cf11a046921dbf P 36ae619efe70469dbc679cf818ed17bb [term 0 FOLLOWER]: Consensus starting up: Expiring failure detector timer to make a prompt election more likely
I20260710 13:25:03.518913 22726 tablet_bootstrap.cc:492] T 77fed853b2df45c7bb172ecb1061c481 P 6a0a29a3686b4ad6866f60067106d24f: Bootstrap starting.
I20260710 13:25:03.524710 22728 raft_consensus.cc:740] T a0f6c391b001471ba5cf11a046921dbf P 36ae619efe70469dbc679cf818ed17bb [term 0 FOLLOWER]: Becoming Follower/Learner. State: Replica: 36ae619efe70469dbc679cf818ed17bb, State: Initialized, Role: FOLLOWER
I20260710 13:25:03.527889 22728 consensus_queue.cc:260] T a0f6c391b001471ba5cf11a046921dbf P 36ae619efe70469dbc679cf818ed17bb [NON_LEADER]: Queue going to NON_LEADER mode. State: All replicated index: 0, Majority replicated index: 0, Committed index: 0, Last appended: 0.0, Last appended by leader: 0, Current term: 0, Majority size: -1, State: 0, Mode: NON_LEADER, active raft config: opid_index: -1 OBSOLETE_local: false peers { permanent_uuid: "6a0a29a3686b4ad6866f60067106d24f" member_type: VOTER last_known_addr { host: "127.21.223.193" port: 44249 } } peers { permanent_uuid: "36ae619efe70469dbc679cf818ed17bb" member_type: VOTER last_known_addr { host: "127.21.223.194" port: 46753 } } peers { permanent_uuid: "b0b914feef384aa5a1b3eaa31ddf799a" member_type: VOTER last_known_addr { host: "127.21.223.195" port: 35737 } }
I20260710 13:25:03.537549 22727 tablet_bootstrap.cc:492] T 77fed853b2df45c7bb172ecb1061c481 P b0b914feef384aa5a1b3eaa31ddf799a: No bootstrap required, opened a new log
I20260710 13:25:03.538097 22727 ts_tablet_manager.cc:1403] T 77fed853b2df45c7bb172ecb1061c481 P b0b914feef384aa5a1b3eaa31ddf799a: Time spent bootstrapping tablet: real 0.087s	user 0.037s	sys 0.030s
I20260710 13:25:03.540437 22726 tablet_bootstrap.cc:654] T 77fed853b2df45c7bb172ecb1061c481 P 6a0a29a3686b4ad6866f60067106d24f: Neither blocks nor log segments found. Creating new log.
I20260710 13:25:03.543681 22736 raft_consensus.cc:493] T 1e899085377c4ecbaad4fa5a232e5311 P b0b914feef384aa5a1b3eaa31ddf799a [term 0 FOLLOWER]: Starting pre-election (no leader contacted us within the election timeout)
I20260710 13:25:03.544329 22736 raft_consensus.cc:515] T 1e899085377c4ecbaad4fa5a232e5311 P b0b914feef384aa5a1b3eaa31ddf799a [term 0 FOLLOWER]: Starting pre-election with config: opid_index: -1 OBSOLETE_local: false peers { permanent_uuid: "6a0a29a3686b4ad6866f60067106d24f" member_type: VOTER last_known_addr { host: "127.21.223.193" port: 44249 } } peers { permanent_uuid: "b0b914feef384aa5a1b3eaa31ddf799a" member_type: VOTER last_known_addr { host: "127.21.223.195" port: 35737 } } peers { permanent_uuid: "36ae619efe70469dbc679cf818ed17bb" member_type: VOTER last_known_addr { host: "127.21.223.194" port: 46753 } }
I20260710 13:25:03.543704 22727 raft_consensus.cc:359] T 77fed853b2df45c7bb172ecb1061c481 P b0b914feef384aa5a1b3eaa31ddf799a [term 0 FOLLOWER]: Replica starting. Triggering 0 pending ops. Active config: opid_index: -1 OBSOLETE_local: false peers { permanent_uuid: "6a0a29a3686b4ad6866f60067106d24f" member_type: VOTER last_known_addr { host: "127.21.223.193" port: 44249 } } peers { permanent_uuid: "36ae619efe70469dbc679cf818ed17bb" member_type: VOTER last_known_addr { host: "127.21.223.194" port: 46753 } } peers { permanent_uuid: "b0b914feef384aa5a1b3eaa31ddf799a" member_type: VOTER last_known_addr { host: "127.21.223.195" port: 35737 } }
I20260710 13:25:03.545362 22727 raft_consensus.cc:385] T 77fed853b2df45c7bb172ecb1061c481 P b0b914feef384aa5a1b3eaa31ddf799a [term 0 FOLLOWER]: Consensus starting up: Expiring failure detector timer to make a prompt election more likely
I20260710 13:25:03.545661 22727 raft_consensus.cc:740] T 77fed853b2df45c7bb172ecb1061c481 P b0b914feef384aa5a1b3eaa31ddf799a [term 0 FOLLOWER]: Becoming Follower/Learner. State: Replica: b0b914feef384aa5a1b3eaa31ddf799a, State: Initialized, Role: FOLLOWER
I20260710 13:25:03.546443 22727 consensus_queue.cc:260] T 77fed853b2df45c7bb172ecb1061c481 P b0b914feef384aa5a1b3eaa31ddf799a [NON_LEADER]: Queue going to NON_LEADER mode. State: All replicated index: 0, Majority replicated index: 0, Committed index: 0, Last appended: 0.0, Last appended by leader: 0, Current term: 0, Majority size: -1, State: 0, Mode: NON_LEADER, active raft config: opid_index: -1 OBSOLETE_local: false peers { permanent_uuid: "6a0a29a3686b4ad6866f60067106d24f" member_type: VOTER last_known_addr { host: "127.21.223.193" port: 44249 } } peers { permanent_uuid: "36ae619efe70469dbc679cf818ed17bb" member_type: VOTER last_known_addr { host: "127.21.223.194" port: 46753 } } peers { permanent_uuid: "b0b914feef384aa5a1b3eaa31ddf799a" member_type: VOTER last_known_addr { host: "127.21.223.195" port: 35737 } }
I20260710 13:25:03.547892 22683 tablet_service.cc:1917] Received RequestConsensusVote() RPC: tablet_id: "2944ba644d064349a7910c446f6e8ff3" candidate_uuid: "6a0a29a3686b4ad6866f60067106d24f" candidate_term: 1 candidate_status { last_received { term: 0 index: 0 } } ignore_live_leader: false dest_uuid: "b0b914feef384aa5a1b3eaa31ddf799a" is_pre_election: true
I20260710 13:25:03.550540 22682 tablet_service.cc:1917] Received RequestConsensusVote() RPC: tablet_id: "1e899085377c4ecbaad4fa5a232e5311" candidate_uuid: "6a0a29a3686b4ad6866f60067106d24f" candidate_term: 1 candidate_status { last_received { term: 0 index: 0 } } ignore_live_leader: false dest_uuid: "b0b914feef384aa5a1b3eaa31ddf799a" is_pre_election: true
I20260710 13:25:03.551545 22682 raft_consensus.cc:2468] T 1e899085377c4ecbaad4fa5a232e5311 P b0b914feef384aa5a1b3eaa31ddf799a [term 0 FOLLOWER]: Leader pre-election vote request: Granting yes vote for candidate 6a0a29a3686b4ad6866f60067106d24f in term 0.
I20260710 13:25:03.551843 22736 leader_election.cc:290] T 1e899085377c4ecbaad4fa5a232e5311 P b0b914feef384aa5a1b3eaa31ddf799a [CANDIDATE]: Term 1 pre-election: Requested pre-vote from peers 6a0a29a3686b4ad6866f60067106d24f (127.21.223.193:44249), 36ae619efe70469dbc679cf818ed17bb (127.21.223.194:46753)
I20260710 13:25:03.553094 22609 tablet_service.cc:1917] Received RequestConsensusVote() RPC: tablet_id: "2944ba644d064349a7910c446f6e8ff3" candidate_uuid: "6a0a29a3686b4ad6866f60067106d24f" candidate_term: 1 candidate_status { last_received { term: 0 index: 0 } } ignore_live_leader: false dest_uuid: "36ae619efe70469dbc679cf818ed17bb" is_pre_election: true
I20260710 13:25:03.555492 22608 tablet_service.cc:1917] Received RequestConsensusVote() RPC: tablet_id: "1e899085377c4ecbaad4fa5a232e5311" candidate_uuid: "6a0a29a3686b4ad6866f60067106d24f" candidate_term: 1 candidate_status { last_received { term: 0 index: 0 } } ignore_live_leader: false dest_uuid: "36ae619efe70469dbc679cf818ed17bb" is_pre_election: true
W20260710 13:25:03.561713 22499 leader_election.cc:343] T 2944ba644d064349a7910c446f6e8ff3 P 6a0a29a3686b4ad6866f60067106d24f [CANDIDATE]: Term 1 pre-election: Tablet error from VoteRequest() call to peer 36ae619efe70469dbc679cf818ed17bb (127.21.223.194:46753): Illegal state: must be running to vote when last-logged opid is not known
W20260710 13:25:03.562829 22499 leader_election.cc:343] T 1e899085377c4ecbaad4fa5a232e5311 P 6a0a29a3686b4ad6866f60067106d24f [CANDIDATE]: Term 1 pre-election: Tablet error from VoteRequest() call to peer 36ae619efe70469dbc679cf818ed17bb (127.21.223.194:46753): Illegal state: must be running to vote when last-logged opid is not known
W20260710 13:25:03.570984 22499 leader_election.cc:343] T 2944ba644d064349a7910c446f6e8ff3 P 6a0a29a3686b4ad6866f60067106d24f [CANDIDATE]: Term 1 pre-election: Tablet error from VoteRequest() call to peer b0b914feef384aa5a1b3eaa31ddf799a (127.21.223.195:35737): Illegal state: must be running to vote when last-logged opid is not known
I20260710 13:25:03.573503 22499 leader_election.cc:304] T 2944ba644d064349a7910c446f6e8ff3 P 6a0a29a3686b4ad6866f60067106d24f [CANDIDATE]: Term 1 pre-election: Election decided. Result: candidate lost. Election summary: received 3 responses out of 3 voters: 1 yes votes; 2 no votes. yes voters: 6a0a29a3686b4ad6866f60067106d24f; no voters: 36ae619efe70469dbc679cf818ed17bb, b0b914feef384aa5a1b3eaa31ddf799a
I20260710 13:25:03.574930 22731 raft_consensus.cc:2749] T 2944ba644d064349a7910c446f6e8ff3 P 6a0a29a3686b4ad6866f60067106d24f [term 0 FOLLOWER]: Leader pre-election lost for term 1. Reason: could not achieve majority
I20260710 13:25:03.576336 22499 leader_election.cc:304] T 1e899085377c4ecbaad4fa5a232e5311 P 6a0a29a3686b4ad6866f60067106d24f [CANDIDATE]: Term 1 pre-election: Election decided. Result: candidate won. Election summary: received 3 responses out of 3 voters: 2 yes votes; 1 no votes. yes voters: 6a0a29a3686b4ad6866f60067106d24f, b0b914feef384aa5a1b3eaa31ddf799a; no voters: 36ae619efe70469dbc679cf818ed17bb
I20260710 13:25:03.577345 22731 raft_consensus.cc:2804] T 1e899085377c4ecbaad4fa5a232e5311 P 6a0a29a3686b4ad6866f60067106d24f [term 0 FOLLOWER]: Leader pre-election won for term 1
I20260710 13:25:03.577433 22736 raft_consensus.cc:493] T 77fed853b2df45c7bb172ecb1061c481 P b0b914feef384aa5a1b3eaa31ddf799a [term 0 FOLLOWER]: Starting pre-election (no leader contacted us within the election timeout)
I20260710 13:25:03.577839 22731 raft_consensus.cc:493] T 1e899085377c4ecbaad4fa5a232e5311 P 6a0a29a3686b4ad6866f60067106d24f [term 0 FOLLOWER]: Starting leader election (no leader contacted us within the election timeout)
I20260710 13:25:03.578249 22731 raft_consensus.cc:3060] T 1e899085377c4ecbaad4fa5a232e5311 P 6a0a29a3686b4ad6866f60067106d24f [term 0 FOLLOWER]: Advancing to term 1
I20260710 13:25:03.578040 22736 raft_consensus.cc:515] T 77fed853b2df45c7bb172ecb1061c481 P b0b914feef384aa5a1b3eaa31ddf799a [term 0 FOLLOWER]: Starting pre-election with config: opid_index: -1 OBSOLETE_local: false peers { permanent_uuid: "6a0a29a3686b4ad6866f60067106d24f" member_type: VOTER last_known_addr { host: "127.21.223.193" port: 44249 } } peers { permanent_uuid: "36ae619efe70469dbc679cf818ed17bb" member_type: VOTER last_known_addr { host: "127.21.223.194" port: 46753 } } peers { permanent_uuid: "b0b914feef384aa5a1b3eaa31ddf799a" member_type: VOTER last_known_addr { host: "127.21.223.195" port: 35737 } }
I20260710 13:25:03.578997 22728 ts_tablet_manager.cc:1434] T a0f6c391b001471ba5cf11a046921dbf P 36ae619efe70469dbc679cf818ed17bb: Time spent starting tablet: real 0.095s	user 0.009s	sys 0.008s
I20260710 13:25:03.580550 22736 leader_election.cc:290] T 77fed853b2df45c7bb172ecb1061c481 P b0b914feef384aa5a1b3eaa31ddf799a [CANDIDATE]: Term 1 pre-election: Requested pre-vote from peers 6a0a29a3686b4ad6866f60067106d24f (127.21.223.193:44249), 36ae619efe70469dbc679cf818ed17bb (127.21.223.194:46753)
I20260710 13:25:03.585943 22728 tablet_bootstrap.cc:492] T 1e899085377c4ecbaad4fa5a232e5311 P 36ae619efe70469dbc679cf818ed17bb: Bootstrap starting.
I20260710 13:25:03.596319 22731 raft_consensus.cc:515] T 1e899085377c4ecbaad4fa5a232e5311 P 6a0a29a3686b4ad6866f60067106d24f [term 1 FOLLOWER]: Starting leader election with config: opid_index: -1 OBSOLETE_local: false peers { permanent_uuid: "6a0a29a3686b4ad6866f60067106d24f" member_type: VOTER last_known_addr { host: "127.21.223.193" port: 44249 } } peers { permanent_uuid: "b0b914feef384aa5a1b3eaa31ddf799a" member_type: VOTER last_known_addr { host: "127.21.223.195" port: 35737 } } peers { permanent_uuid: "36ae619efe70469dbc679cf818ed17bb" member_type: VOTER last_known_addr { host: "127.21.223.194" port: 46753 } }
I20260710 13:25:03.601043 22727 ts_tablet_manager.cc:1434] T 77fed853b2df45c7bb172ecb1061c481 P b0b914feef384aa5a1b3eaa31ddf799a: Time spent starting tablet: real 0.063s	user 0.016s	sys 0.014s
I20260710 13:25:03.601480 22728 tablet_bootstrap.cc:654] T 1e899085377c4ecbaad4fa5a232e5311 P 36ae619efe70469dbc679cf818ed17bb: Neither blocks nor log segments found. Creating new log.
I20260710 13:25:03.602238 22727 tablet_bootstrap.cc:492] T a0f6c391b001471ba5cf11a046921dbf P b0b914feef384aa5a1b3eaa31ddf799a: Bootstrap starting.
I20260710 13:25:03.605269 22682 tablet_service.cc:1917] Received RequestConsensusVote() RPC: tablet_id: "1e899085377c4ecbaad4fa5a232e5311" candidate_uuid: "6a0a29a3686b4ad6866f60067106d24f" candidate_term: 1 candidate_status { last_received { term: 0 index: 0 } } ignore_live_leader: false dest_uuid: "b0b914feef384aa5a1b3eaa31ddf799a"
I20260710 13:25:03.606469 22682 raft_consensus.cc:3060] T 1e899085377c4ecbaad4fa5a232e5311 P b0b914feef384aa5a1b3eaa31ddf799a [term 0 FOLLOWER]: Advancing to term 1
I20260710 13:25:03.610397 22731 leader_election.cc:290] T 1e899085377c4ecbaad4fa5a232e5311 P 6a0a29a3686b4ad6866f60067106d24f [CANDIDATE]: Term 1 election: Requested vote from peers b0b914feef384aa5a1b3eaa31ddf799a (127.21.223.195:35737), 36ae619efe70469dbc679cf818ed17bb (127.21.223.194:46753)
I20260710 13:25:03.612264 22726 tablet_bootstrap.cc:492] T 77fed853b2df45c7bb172ecb1061c481 P 6a0a29a3686b4ad6866f60067106d24f: No bootstrap required, opened a new log
I20260710 13:25:03.613250 22726 ts_tablet_manager.cc:1403] T 77fed853b2df45c7bb172ecb1061c481 P 6a0a29a3686b4ad6866f60067106d24f: Time spent bootstrapping tablet: real 0.095s	user 0.016s	sys 0.021s
I20260710 13:25:03.615799 22608 tablet_service.cc:1917] Received RequestConsensusVote() RPC: tablet_id: "1e899085377c4ecbaad4fa5a232e5311" candidate_uuid: "6a0a29a3686b4ad6866f60067106d24f" candidate_term: 1 candidate_status { last_received { term: 0 index: 0 } } ignore_live_leader: false dest_uuid: "36ae619efe70469dbc679cf818ed17bb"
W20260710 13:25:03.618417 22499 leader_election.cc:343] T 1e899085377c4ecbaad4fa5a232e5311 P 6a0a29a3686b4ad6866f60067106d24f [CANDIDATE]: Term 1 election: Tablet error from VoteRequest() call to peer 36ae619efe70469dbc679cf818ed17bb (127.21.223.194:46753): Illegal state: must be running to vote when last-logged opid is not known
I20260710 13:25:03.620316 22727 tablet_bootstrap.cc:654] T a0f6c391b001471ba5cf11a046921dbf P b0b914feef384aa5a1b3eaa31ddf799a: Neither blocks nor log segments found. Creating new log.
I20260710 13:25:03.623999 22682 raft_consensus.cc:2468] T 1e899085377c4ecbaad4fa5a232e5311 P b0b914feef384aa5a1b3eaa31ddf799a [term 1 FOLLOWER]: Leader election vote request: Granting yes vote for candidate 6a0a29a3686b4ad6866f60067106d24f in term 1.
I20260710 13:25:03.625514 22499 leader_election.cc:304] T 1e899085377c4ecbaad4fa5a232e5311 P 6a0a29a3686b4ad6866f60067106d24f [CANDIDATE]: Term 1 election: Election decided. Result: candidate won. Election summary: received 3 responses out of 3 voters: 2 yes votes; 1 no votes. yes voters: 6a0a29a3686b4ad6866f60067106d24f, b0b914feef384aa5a1b3eaa31ddf799a; no voters: 36ae619efe70469dbc679cf818ed17bb
I20260710 13:25:03.624655 22726 raft_consensus.cc:359] T 77fed853b2df45c7bb172ecb1061c481 P 6a0a29a3686b4ad6866f60067106d24f [term 0 FOLLOWER]: Replica starting. Triggering 0 pending ops. Active config: opid_index: -1 OBSOLETE_local: false peers { permanent_uuid: "6a0a29a3686b4ad6866f60067106d24f" member_type: VOTER last_known_addr { host: "127.21.223.193" port: 44249 } } peers { permanent_uuid: "36ae619efe70469dbc679cf818ed17bb" member_type: VOTER last_known_addr { host: "127.21.223.194" port: 46753 } } peers { permanent_uuid: "b0b914feef384aa5a1b3eaa31ddf799a" member_type: VOTER last_known_addr { host: "127.21.223.195" port: 35737 } }
I20260710 13:25:03.626499 22731 raft_consensus.cc:2804] T 1e899085377c4ecbaad4fa5a232e5311 P 6a0a29a3686b4ad6866f60067106d24f [term 1 FOLLOWER]: Leader election won for term 1
I20260710 13:25:03.626708 22726 raft_consensus.cc:385] T 77fed853b2df45c7bb172ecb1061c481 P 6a0a29a3686b4ad6866f60067106d24f [term 0 FOLLOWER]: Consensus starting up: Expiring failure detector timer to make a prompt election more likely
I20260710 13:25:03.627189 22726 raft_consensus.cc:740] T 77fed853b2df45c7bb172ecb1061c481 P 6a0a29a3686b4ad6866f60067106d24f [term 0 FOLLOWER]: Becoming Follower/Learner. State: Replica: 6a0a29a3686b4ad6866f60067106d24f, State: Initialized, Role: FOLLOWER
I20260710 13:25:03.628042 22726 consensus_queue.cc:260] T 77fed853b2df45c7bb172ecb1061c481 P 6a0a29a3686b4ad6866f60067106d24f [NON_LEADER]: Queue going to NON_LEADER mode. State: All replicated index: 0, Majority replicated index: 0, Committed index: 0, Last appended: 0.0, Last appended by leader: 0, Current term: 0, Majority size: -1, State: 0, Mode: NON_LEADER, active raft config: opid_index: -1 OBSOLETE_local: false peers { permanent_uuid: "6a0a29a3686b4ad6866f60067106d24f" member_type: VOTER last_known_addr { host: "127.21.223.193" port: 44249 } } peers { permanent_uuid: "36ae619efe70469dbc679cf818ed17bb" member_type: VOTER last_known_addr { host: "127.21.223.194" port: 46753 } } peers { permanent_uuid: "b0b914feef384aa5a1b3eaa31ddf799a" member_type: VOTER last_known_addr { host: "127.21.223.195" port: 35737 } }
I20260710 13:25:03.631171 22608 tablet_service.cc:1917] Received RequestConsensusVote() RPC: tablet_id: "1e899085377c4ecbaad4fa5a232e5311" candidate_uuid: "b0b914feef384aa5a1b3eaa31ddf799a" candidate_term: 1 candidate_status { last_received { term: 0 index: 0 } } ignore_live_leader: false dest_uuid: "36ae619efe70469dbc679cf818ed17bb" is_pre_election: true
I20260710 13:25:03.631692 22609 tablet_service.cc:1917] Received RequestConsensusVote() RPC: tablet_id: "77fed853b2df45c7bb172ecb1061c481" candidate_uuid: "b0b914feef384aa5a1b3eaa31ddf799a" candidate_term: 1 candidate_status { last_received { term: 0 index: 0 } } ignore_live_leader: false dest_uuid: "36ae619efe70469dbc679cf818ed17bb" is_pre_election: true
W20260710 13:25:03.633163 22648 leader_election.cc:343] T 1e899085377c4ecbaad4fa5a232e5311 P b0b914feef384aa5a1b3eaa31ddf799a [CANDIDATE]: Term 1 pre-election: Tablet error from VoteRequest() call to peer 36ae619efe70469dbc679cf818ed17bb (127.21.223.194:46753): Illegal state: must be running to vote when last-logged opid is not known
W20260710 13:25:03.634348 22648 leader_election.cc:343] T 77fed853b2df45c7bb172ecb1061c481 P b0b914feef384aa5a1b3eaa31ddf799a [CANDIDATE]: Term 1 pre-election: Tablet error from VoteRequest() call to peer 36ae619efe70469dbc679cf818ed17bb (127.21.223.194:46753): Illegal state: must be running to vote when last-logged opid is not known
I20260710 13:25:03.640026 22728 tablet_bootstrap.cc:492] T 1e899085377c4ecbaad4fa5a232e5311 P 36ae619efe70469dbc679cf818ed17bb: No bootstrap required, opened a new log
I20260710 13:25:03.640551 22728 ts_tablet_manager.cc:1403] T 1e899085377c4ecbaad4fa5a232e5311 P 36ae619efe70469dbc679cf818ed17bb: Time spent bootstrapping tablet: real 0.055s	user 0.008s	sys 0.012s
I20260710 13:25:03.643059 22733 raft_consensus.cc:493] T 098d7753fc524f8f8da4b4c32e43fc07 P 36ae619efe70469dbc679cf818ed17bb [term 0 FOLLOWER]: Starting pre-election (no leader contacted us within the election timeout)
I20260710 13:25:03.643935 22534 tablet_service.cc:1917] Received RequestConsensusVote() RPC: tablet_id: "1e899085377c4ecbaad4fa5a232e5311" candidate_uuid: "b0b914feef384aa5a1b3eaa31ddf799a" candidate_term: 1 candidate_status { last_received { term: 0 index: 0 } } ignore_live_leader: false dest_uuid: "6a0a29a3686b4ad6866f60067106d24f" is_pre_election: true
I20260710 13:25:03.643754 22728 raft_consensus.cc:359] T 1e899085377c4ecbaad4fa5a232e5311 P 36ae619efe70469dbc679cf818ed17bb [term 0 FOLLOWER]: Replica starting. Triggering 0 pending ops. Active config: opid_index: -1 OBSOLETE_local: false peers { permanent_uuid: "6a0a29a3686b4ad6866f60067106d24f" member_type: VOTER last_known_addr { host: "127.21.223.193" port: 44249 } } peers { permanent_uuid: "b0b914feef384aa5a1b3eaa31ddf799a" member_type: VOTER last_known_addr { host: "127.21.223.195" port: 35737 } } peers { permanent_uuid: "36ae619efe70469dbc679cf818ed17bb" member_type: VOTER last_known_addr { host: "127.21.223.194" port: 46753 } }
I20260710 13:25:03.643661 22733 raft_consensus.cc:515] T 098d7753fc524f8f8da4b4c32e43fc07 P 36ae619efe70469dbc679cf818ed17bb [term 0 FOLLOWER]: Starting pre-election with config: opid_index: -1 OBSOLETE_local: false peers { permanent_uuid: "6a0a29a3686b4ad6866f60067106d24f" member_type: VOTER last_known_addr { host: "127.21.223.193" port: 44249 } } peers { permanent_uuid: "36ae619efe70469dbc679cf818ed17bb" member_type: VOTER last_known_addr { host: "127.21.223.194" port: 46753 } } peers { permanent_uuid: "b0b914feef384aa5a1b3eaa31ddf799a" member_type: VOTER last_known_addr { host: "127.21.223.195" port: 35737 } }
I20260710 13:25:03.644459 22533 tablet_service.cc:1917] Received RequestConsensusVote() RPC: tablet_id: "77fed853b2df45c7bb172ecb1061c481" candidate_uuid: "b0b914feef384aa5a1b3eaa31ddf799a" candidate_term: 1 candidate_status { last_received { term: 0 index: 0 } } ignore_live_leader: false dest_uuid: "6a0a29a3686b4ad6866f60067106d24f" is_pre_election: true
I20260710 13:25:03.645406 22533 raft_consensus.cc:2468] T 77fed853b2df45c7bb172ecb1061c481 P 6a0a29a3686b4ad6866f60067106d24f [term 0 FOLLOWER]: Leader pre-election vote request: Granting yes vote for candidate b0b914feef384aa5a1b3eaa31ddf799a in term 0.
I20260710 13:25:03.644616 22728 raft_consensus.cc:385] T 1e899085377c4ecbaad4fa5a232e5311 P 36ae619efe70469dbc679cf818ed17bb [term 0 FOLLOWER]: Consensus starting up: Expiring failure detector timer to make a prompt election more likely
I20260710 13:25:03.646438 22728 raft_consensus.cc:740] T 1e899085377c4ecbaad4fa5a232e5311 P 36ae619efe70469dbc679cf818ed17bb [term 0 FOLLOWER]: Becoming Follower/Learner. State: Replica: 36ae619efe70469dbc679cf818ed17bb, State: Initialized, Role: FOLLOWER
I20260710 13:25:03.647430 22647 leader_election.cc:304] T 77fed853b2df45c7bb172ecb1061c481 P b0b914feef384aa5a1b3eaa31ddf799a [CANDIDATE]: Term 1 pre-election: Election decided. Result: candidate won. Election summary: received 3 responses out of 3 voters: 2 yes votes; 1 no votes. yes voters: 6a0a29a3686b4ad6866f60067106d24f, b0b914feef384aa5a1b3eaa31ddf799a; no voters: 36ae619efe70469dbc679cf818ed17bb
I20260710 13:25:03.647348 22728 consensus_queue.cc:260] T 1e899085377c4ecbaad4fa5a232e5311 P 36ae619efe70469dbc679cf818ed17bb [NON_LEADER]: Queue going to NON_LEADER mode. State: All replicated index: 0, Majority replicated index: 0, Committed index: 0, Last appended: 0.0, Last appended by leader: 0, Current term: 0, Majority size: -1, State: 0, Mode: NON_LEADER, active raft config: opid_index: -1 OBSOLETE_local: false peers { permanent_uuid: "6a0a29a3686b4ad6866f60067106d24f" member_type: VOTER last_known_addr { host: "127.21.223.193" port: 44249 } } peers { permanent_uuid: "b0b914feef384aa5a1b3eaa31ddf799a" member_type: VOTER last_known_addr { host: "127.21.223.195" port: 35737 } } peers { permanent_uuid: "36ae619efe70469dbc679cf818ed17bb" member_type: VOTER last_known_addr { host: "127.21.223.194" port: 46753 } }
I20260710 13:25:03.656692 22745 raft_consensus.cc:2804] T 77fed853b2df45c7bb172ecb1061c481 P b0b914feef384aa5a1b3eaa31ddf799a [term 0 FOLLOWER]: Leader pre-election won for term 1
I20260710 13:25:03.662123 22745 raft_consensus.cc:493] T 77fed853b2df45c7bb172ecb1061c481 P b0b914feef384aa5a1b3eaa31ddf799a [term 0 FOLLOWER]: Starting leader election (no leader contacted us within the election timeout)
I20260710 13:25:03.662652 22745 raft_consensus.cc:3060] T 77fed853b2df45c7bb172ecb1061c481 P b0b914feef384aa5a1b3eaa31ddf799a [term 0 FOLLOWER]: Advancing to term 1
I20260710 13:25:03.657474 22733 leader_election.cc:290] T 098d7753fc524f8f8da4b4c32e43fc07 P 36ae619efe70469dbc679cf818ed17bb [CANDIDATE]: Term 1 pre-election: Requested pre-vote from peers 6a0a29a3686b4ad6866f60067106d24f (127.21.223.193:44249), b0b914feef384aa5a1b3eaa31ddf799a (127.21.223.195:35737)
I20260710 13:25:03.664887 22733 raft_consensus.cc:493] T cf2eb01e8a8b42298ed84291fb148cc0 P 36ae619efe70469dbc679cf818ed17bb [term 0 FOLLOWER]: Starting pre-election (no leader contacted us within the election timeout)
I20260710 13:25:03.666066 22733 raft_consensus.cc:515] T cf2eb01e8a8b42298ed84291fb148cc0 P 36ae619efe70469dbc679cf818ed17bb [term 0 FOLLOWER]: Starting pre-election with config: opid_index: -1 OBSOLETE_local: false peers { permanent_uuid: "6a0a29a3686b4ad6866f60067106d24f" member_type: VOTER last_known_addr { host: "127.21.223.193" port: 44249 } } peers { permanent_uuid: "36ae619efe70469dbc679cf818ed17bb" member_type: VOTER last_known_addr { host: "127.21.223.194" port: 46753 } } peers { permanent_uuid: "b0b914feef384aa5a1b3eaa31ddf799a" member_type: VOTER last_known_addr { host: "127.21.223.195" port: 35737 } }
I20260710 13:25:03.669651 22731 raft_consensus.cc:697] T 1e899085377c4ecbaad4fa5a232e5311 P 6a0a29a3686b4ad6866f60067106d24f [term 1 LEADER]: Becoming Leader. State: Replica: 6a0a29a3686b4ad6866f60067106d24f, State: Running, Role: LEADER
I20260710 13:25:03.671998 22731 consensus_queue.cc:237] T 1e899085377c4ecbaad4fa5a232e5311 P 6a0a29a3686b4ad6866f60067106d24f [LEADER]: Queue going to LEADER mode. State: All replicated index: 0, Majority replicated index: 0, Committed index: 0, Last appended: 0.0, Last appended by leader: 0, Current term: 1, Majority size: 2, State: 0, Mode: LEADER, active raft config: opid_index: -1 OBSOLETE_local: false peers { permanent_uuid: "6a0a29a3686b4ad6866f60067106d24f" member_type: VOTER last_known_addr { host: "127.21.223.193" port: 44249 } } peers { permanent_uuid: "b0b914feef384aa5a1b3eaa31ddf799a" member_type: VOTER last_known_addr { host: "127.21.223.195" port: 35737 } } peers { permanent_uuid: "36ae619efe70469dbc679cf818ed17bb" member_type: VOTER last_known_addr { host: "127.21.223.194" port: 46753 } }
I20260710 13:25:03.677109 22726 ts_tablet_manager.cc:1434] T 77fed853b2df45c7bb172ecb1061c481 P 6a0a29a3686b4ad6866f60067106d24f: Time spent starting tablet: real 0.063s	user 0.014s	sys 0.004s
I20260710 13:25:03.679446 22733 leader_election.cc:290] T cf2eb01e8a8b42298ed84291fb148cc0 P 36ae619efe70469dbc679cf818ed17bb [CANDIDATE]: Term 1 pre-election: Requested pre-vote from peers 6a0a29a3686b4ad6866f60067106d24f (127.21.223.193:44249), b0b914feef384aa5a1b3eaa31ddf799a (127.21.223.195:35737)
I20260710 13:25:03.686980 22726 tablet_bootstrap.cc:492] T 098d7753fc524f8f8da4b4c32e43fc07 P 6a0a29a3686b4ad6866f60067106d24f: Bootstrap starting.
I20260710 13:25:03.707206 22745 raft_consensus.cc:515] T 77fed853b2df45c7bb172ecb1061c481 P b0b914feef384aa5a1b3eaa31ddf799a [term 1 FOLLOWER]: Starting leader election with config: opid_index: -1 OBSOLETE_local: false peers { permanent_uuid: "6a0a29a3686b4ad6866f60067106d24f" member_type: VOTER last_known_addr { host: "127.21.223.193" port: 44249 } } peers { permanent_uuid: "36ae619efe70469dbc679cf818ed17bb" member_type: VOTER last_known_addr { host: "127.21.223.194" port: 46753 } } peers { permanent_uuid: "b0b914feef384aa5a1b3eaa31ddf799a" member_type: VOTER last_known_addr { host: "127.21.223.195" port: 35737 } }
I20260710 13:25:03.711548 22745 leader_election.cc:290] T 77fed853b2df45c7bb172ecb1061c481 P b0b914feef384aa5a1b3eaa31ddf799a [CANDIDATE]: Term 1 election: Requested vote from peers 6a0a29a3686b4ad6866f60067106d24f (127.21.223.193:44249), 36ae619efe70469dbc679cf818ed17bb (127.21.223.194:46753)
I20260710 13:25:03.712926 22609 tablet_service.cc:1917] Received RequestConsensusVote() RPC: tablet_id: "77fed853b2df45c7bb172ecb1061c481" candidate_uuid: "b0b914feef384aa5a1b3eaa31ddf799a" candidate_term: 1 candidate_status { last_received { term: 0 index: 0 } } ignore_live_leader: false dest_uuid: "36ae619efe70469dbc679cf818ed17bb"
I20260710 13:25:03.713085 22533 tablet_service.cc:1917] Received RequestConsensusVote() RPC: tablet_id: "77fed853b2df45c7bb172ecb1061c481" candidate_uuid: "b0b914feef384aa5a1b3eaa31ddf799a" candidate_term: 1 candidate_status { last_received { term: 0 index: 0 } } ignore_live_leader: false dest_uuid: "6a0a29a3686b4ad6866f60067106d24f"
I20260710 13:25:03.713125 22727 tablet_bootstrap.cc:492] T a0f6c391b001471ba5cf11a046921dbf P b0b914feef384aa5a1b3eaa31ddf799a: No bootstrap required, opened a new log
I20260710 13:25:03.713861 22533 raft_consensus.cc:3060] T 77fed853b2df45c7bb172ecb1061c481 P 6a0a29a3686b4ad6866f60067106d24f [term 0 FOLLOWER]: Advancing to term 1
I20260710 13:25:03.714682 22727 ts_tablet_manager.cc:1403] T a0f6c391b001471ba5cf11a046921dbf P b0b914feef384aa5a1b3eaa31ddf799a: Time spent bootstrapping tablet: real 0.113s	user 0.023s	sys 0.024s
W20260710 13:25:03.717880 22648 leader_election.cc:343] T 77fed853b2df45c7bb172ecb1061c481 P b0b914feef384aa5a1b3eaa31ddf799a [CANDIDATE]: Term 1 election: Tablet error from VoteRequest() call to peer 36ae619efe70469dbc679cf818ed17bb (127.21.223.194:46753): Illegal state: must be running to vote when last-logged opid is not known
I20260710 13:25:03.753716 22533 raft_consensus.cc:2468] T 77fed853b2df45c7bb172ecb1061c481 P 6a0a29a3686b4ad6866f60067106d24f [term 1 FOLLOWER]: Leader election vote request: Granting yes vote for candidate b0b914feef384aa5a1b3eaa31ddf799a in term 1.
I20260710 13:25:03.754717 22727 raft_consensus.cc:359] T a0f6c391b001471ba5cf11a046921dbf P b0b914feef384aa5a1b3eaa31ddf799a [term 0 FOLLOWER]: Replica starting. Triggering 0 pending ops. Active config: opid_index: -1 OBSOLETE_local: false peers { permanent_uuid: "6a0a29a3686b4ad6866f60067106d24f" member_type: VOTER last_known_addr { host: "127.21.223.193" port: 44249 } } peers { permanent_uuid: "36ae619efe70469dbc679cf818ed17bb" member_type: VOTER last_known_addr { host: "127.21.223.194" port: 46753 } } peers { permanent_uuid: "b0b914feef384aa5a1b3eaa31ddf799a" member_type: VOTER last_known_addr { host: "127.21.223.195" port: 35737 } }
