I20260710 13:25:33.813689 24041 log.cc:1199] T 6e4144d2c9414938b2157f2e7a9e63cf P 374ee5efa68d4712812f05ea66814dd8: Deleting WAL directory at /tmp/dist-test-taskl4zJiY/test-tmp/auto_leader_rebalancer-test.0.LeaderRebalancerTest.AddTserver.1783689900164462-22399-0/minicluster-data/ts-0-root/wals/6e4144d2c9414938b2157f2e7a9e63cf
I20260710 13:25:33.815418 23400 catalog_manager.cc:5028] TS 374ee5efa68d4712812f05ea66814dd8 (127.21.223.193:34005): tablet 6e4144d2c9414938b2157f2e7a9e63cf (table test-workload [id=15b3ec6412c64933a50ba85e81a93025]) successfully deleted
I20260710 13:25:34.836536 23588 consensus_queue.cc:237] T 56d899d032414e44a59d6a247cde6d2f P 392992a0f4a543a7882f8228704fcb8a [LEADER]: Queue going to LEADER mode. State: All replicated index: 0, Majority replicated index: 1, Committed index: 1, Last appended: 1.1, Last appended by leader: 0, Current term: 1, Majority size: 2, State: 0, Mode: LEADER, active raft config: opid_index: 2 OBSOLETE_local: false peers { permanent_uuid: "374ee5efa68d4712812f05ea66814dd8" member_type: VOTER last_known_addr { host: "127.21.223.193" port: 34005 } } peers { permanent_uuid: "392992a0f4a543a7882f8228704fcb8a" member_type: VOTER last_known_addr { host: "127.21.223.194" port: 39367 } } peers { permanent_uuid: "d29b8306fee647ceb3b816f53d6386a3" member_type: VOTER last_known_addr { host: "127.21.223.195" port: 45711 } attrs { replace: true } } peers { permanent_uuid: "df757c26cc894425a2cb63c89bfc5d72" member_type: NON_VOTER last_known_addr { host: "127.21.223.196" port: 40731 } attrs { promote: true } }
I20260710 13:25:34.843340 23663 raft_consensus.cc:1275] T 56d899d032414e44a59d6a247cde6d2f P d29b8306fee647ceb3b816f53d6386a3 [term 1 FOLLOWER]: Refusing update from remote peer 392992a0f4a543a7882f8228704fcb8a: Log matching property violated. Preceding OpId in replica: term: 1 index: 1. Preceding OpId from leader: term: 1 index: 2. (index mismatch)
I20260710 13:25:34.847453 23514 raft_consensus.cc:1275] T 56d899d032414e44a59d6a247cde6d2f P 374ee5efa68d4712812f05ea66814dd8 [term 1 FOLLOWER]: Refusing update from remote peer 392992a0f4a543a7882f8228704fcb8a: Log matching property violated. Preceding OpId in replica: term: 1 index: 1. Preceding OpId from leader: term: 1 index: 2. (index mismatch)
I20260710 13:25:34.848263 24011 consensus_queue.cc:1048] T 56d899d032414e44a59d6a247cde6d2f P 392992a0f4a543a7882f8228704fcb8a [LEADER]: Connected to new peer: Peer: permanent_uuid: "d29b8306fee647ceb3b816f53d6386a3" member_type: VOTER last_known_addr { host: "127.21.223.195" port: 45711 } attrs { replace: true }, Status: LMP_MISMATCH, Last received: 0.0, Next index: 2, Last known committed idx: 1, Time since last communication: 0.001s
I20260710 13:25:34.851043 24011 consensus_queue.cc:1048] T 56d899d032414e44a59d6a247cde6d2f P 392992a0f4a543a7882f8228704fcb8a [LEADER]: Connected to new peer: Peer: permanent_uuid: "374ee5efa68d4712812f05ea66814dd8" member_type: VOTER last_known_addr { host: "127.21.223.193" port: 34005 }, Status: LMP_MISMATCH, Last received: 0.0, Next index: 2, Last known committed idx: 1, Time since last communication: 0.001s
W20260710 13:25:34.862677 23555 consensus_peers.cc:597] T 56d899d032414e44a59d6a247cde6d2f P 392992a0f4a543a7882f8228704fcb8a -> Peer df757c26cc894425a2cb63c89bfc5d72 (127.21.223.196:40731): Couldn't send request to peer df757c26cc894425a2cb63c89bfc5d72. Error code: TABLET_NOT_FOUND (6). Status: Not found: Tablet not found: 56d899d032414e44a59d6a247cde6d2f. This is attempt 1: this message will repeat every 5th retry.
I20260710 13:25:34.869455 24011 raft_consensus.cc:2955] T 56d899d032414e44a59d6a247cde6d2f P 392992a0f4a543a7882f8228704fcb8a [term 1 LEADER]: Committing config change with OpId 1.2: config changed from index -1 to 2, NON_VOTER df757c26cc894425a2cb63c89bfc5d72 (127.21.223.196) added. New config: { opid_index: 2 OBSOLETE_local: false peers { permanent_uuid: "374ee5efa68d4712812f05ea66814dd8" member_type: VOTER last_known_addr { host: "127.21.223.193" port: 34005 } } peers { permanent_uuid: "392992a0f4a543a7882f8228704fcb8a" member_type: VOTER last_known_addr { host: "127.21.223.194" port: 39367 } } peers { permanent_uuid: "d29b8306fee647ceb3b816f53d6386a3" member_type: VOTER last_known_addr { host: "127.21.223.195" port: 45711 } attrs { replace: true } } peers { permanent_uuid: "df757c26cc894425a2cb63c89bfc5d72" member_type: NON_VOTER last_known_addr { host: "127.21.223.196" port: 40731 } attrs { promote: true } } }
I20260710 13:25:34.871889 23663 raft_consensus.cc:2955] T 56d899d032414e44a59d6a247cde6d2f P d29b8306fee647ceb3b816f53d6386a3 [term 1 FOLLOWER]: Committing config change with OpId 1.2: config changed from index -1 to 2, NON_VOTER df757c26cc894425a2cb63c89bfc5d72 (127.21.223.196) added. New config: { opid_index: 2 OBSOLETE_local: false peers { permanent_uuid: "374ee5efa68d4712812f05ea66814dd8" member_type: VOTER last_known_addr { host: "127.21.223.193" port: 34005 } } peers { permanent_uuid: "392992a0f4a543a7882f8228704fcb8a" member_type: VOTER last_known_addr { host: "127.21.223.194" port: 39367 } } peers { permanent_uuid: "d29b8306fee647ceb3b816f53d6386a3" member_type: VOTER last_known_addr { host: "127.21.223.195" port: 45711 } attrs { replace: true } } peers { permanent_uuid: "df757c26cc894425a2cb63c89bfc5d72" member_type: NON_VOTER last_known_addr { host: "127.21.223.196" port: 40731 } attrs { promote: true } } }
I20260710 13:25:34.879146 23514 raft_consensus.cc:2955] T 56d899d032414e44a59d6a247cde6d2f P 374ee5efa68d4712812f05ea66814dd8 [term 1 FOLLOWER]: Committing config change with OpId 1.2: config changed from index -1 to 2, NON_VOTER df757c26cc894425a2cb63c89bfc5d72 (127.21.223.196) added. New config: { opid_index: 2 OBSOLETE_local: false peers { permanent_uuid: "374ee5efa68d4712812f05ea66814dd8" member_type: VOTER last_known_addr { host: "127.21.223.193" port: 34005 } } peers { permanent_uuid: "392992a0f4a543a7882f8228704fcb8a" member_type: VOTER last_known_addr { host: "127.21.223.194" port: 39367 } } peers { permanent_uuid: "d29b8306fee647ceb3b816f53d6386a3" member_type: VOTER last_known_addr { host: "127.21.223.195" port: 45711 } attrs { replace: true } } peers { permanent_uuid: "df757c26cc894425a2cb63c89bfc5d72" member_type: NON_VOTER last_known_addr { host: "127.21.223.196" port: 40731 } attrs { promote: true } } }
I20260710 13:25:34.890005 23412 catalog_manager.cc:5697] T 56d899d032414e44a59d6a247cde6d2f P d29b8306fee647ceb3b816f53d6386a3 reported cstate change: config changed from index -1 to 2, NON_VOTER df757c26cc894425a2cb63c89bfc5d72 (127.21.223.196) added. New cstate: current_term: 1 leader_uuid: "392992a0f4a543a7882f8228704fcb8a" committed_config { opid_index: 2 OBSOLETE_local: false peers { permanent_uuid: "374ee5efa68d4712812f05ea66814dd8" member_type: VOTER last_known_addr { host: "127.21.223.193" port: 34005 } } peers { permanent_uuid: "392992a0f4a543a7882f8228704fcb8a" member_type: VOTER last_known_addr { host: "127.21.223.194" port: 39367 } } peers { permanent_uuid: "d29b8306fee647ceb3b816f53d6386a3" member_type: VOTER last_known_addr { host: "127.21.223.195" port: 45711 } attrs { replace: true } } peers { permanent_uuid: "df757c26cc894425a2cb63c89bfc5d72" member_type: NON_VOTER last_known_addr { host: "127.21.223.196" port: 40731 } attrs { promote: true } } }
I20260710 13:25:34.915083 23513 consensus_queue.cc:237] T fc7371a6c1304fd086ba56219043bd8c P 374ee5efa68d4712812f05ea66814dd8 [LEADER]: Queue going to LEADER mode. State: All replicated index: 0, Majority replicated index: 1, Committed index: 1, Last appended: 1.1, Last appended by leader: 0, Current term: 1, Majority size: 2, State: 0, Mode: LEADER, active raft config: opid_index: 2 OBSOLETE_local: false peers { permanent_uuid: "374ee5efa68d4712812f05ea66814dd8" member_type: VOTER last_known_addr { host: "127.21.223.193" port: 34005 } } peers { permanent_uuid: "392992a0f4a543a7882f8228704fcb8a" member_type: VOTER last_known_addr { host: "127.21.223.194" port: 39367 } attrs { replace: true } } peers { permanent_uuid: "d29b8306fee647ceb3b816f53d6386a3" member_type: VOTER last_known_addr { host: "127.21.223.195" port: 45711 } } peers { permanent_uuid: "df757c26cc894425a2cb63c89bfc5d72" member_type: NON_VOTER last_known_addr { host: "127.21.223.196" port: 40731 } attrs { promote: true } }
W20260710 13:25:34.929191 23480 consensus_peers.cc:597] T fc7371a6c1304fd086ba56219043bd8c P 374ee5efa68d4712812f05ea66814dd8 -> Peer df757c26cc894425a2cb63c89bfc5d72 (127.21.223.196:40731): Couldn't send request to peer df757c26cc894425a2cb63c89bfc5d72. Error code: TABLET_NOT_FOUND (6). Status: Not found: Tablet not found: fc7371a6c1304fd086ba56219043bd8c. This is attempt 1: this message will repeat every 5th retry.
I20260710 13:25:34.931104 23663 raft_consensus.cc:1275] T fc7371a6c1304fd086ba56219043bd8c P d29b8306fee647ceb3b816f53d6386a3 [term 1 FOLLOWER]: Refusing update from remote peer 374ee5efa68d4712812f05ea66814dd8: Log matching property violated. Preceding OpId in replica: term: 1 index: 1. Preceding OpId from leader: term: 1 index: 2. (index mismatch)
I20260710 13:25:34.931993 23588 raft_consensus.cc:1275] T fc7371a6c1304fd086ba56219043bd8c P 392992a0f4a543a7882f8228704fcb8a [term 1 FOLLOWER]: Refusing update from remote peer 374ee5efa68d4712812f05ea66814dd8: Log matching property violated. Preceding OpId in replica: term: 1 index: 1. Preceding OpId from leader: term: 1 index: 2. (index mismatch)
I20260710 13:25:34.933897 24047 consensus_queue.cc:1048] T fc7371a6c1304fd086ba56219043bd8c P 374ee5efa68d4712812f05ea66814dd8 [LEADER]: Connected to new peer: Peer: permanent_uuid: "d29b8306fee647ceb3b816f53d6386a3" member_type: VOTER last_known_addr { host: "127.21.223.195" port: 45711 }, Status: LMP_MISMATCH, Last received: 0.0, Next index: 2, Last known committed idx: 1, Time since last communication: 0.000s
I20260710 13:25:34.939862 24048 consensus_queue.cc:1048] T fc7371a6c1304fd086ba56219043bd8c P 374ee5efa68d4712812f05ea66814dd8 [LEADER]: Connected to new peer: Peer: permanent_uuid: "392992a0f4a543a7882f8228704fcb8a" member_type: VOTER last_known_addr { host: "127.21.223.194" port: 39367 } attrs { replace: true }, Status: LMP_MISMATCH, Last received: 0.0, Next index: 2, Last known committed idx: 1, Time since last communication: 0.000s
I20260710 13:25:34.945477 24047 raft_consensus.cc:2955] T fc7371a6c1304fd086ba56219043bd8c P 374ee5efa68d4712812f05ea66814dd8 [term 1 LEADER]: Committing config change with OpId 1.2: config changed from index -1 to 2, NON_VOTER df757c26cc894425a2cb63c89bfc5d72 (127.21.223.196) added. New config: { opid_index: 2 OBSOLETE_local: false peers { permanent_uuid: "374ee5efa68d4712812f05ea66814dd8" member_type: VOTER last_known_addr { host: "127.21.223.193" port: 34005 } } peers { permanent_uuid: "392992a0f4a543a7882f8228704fcb8a" member_type: VOTER last_known_addr { host: "127.21.223.194" port: 39367 } attrs { replace: true } } peers { permanent_uuid: "d29b8306fee647ceb3b816f53d6386a3" member_type: VOTER last_known_addr { host: "127.21.223.195" port: 45711 } } peers { permanent_uuid: "df757c26cc894425a2cb63c89bfc5d72" member_type: NON_VOTER last_known_addr { host: "127.21.223.196" port: 40731 } attrs { promote: true } } }
I20260710 13:25:34.949361 23663 raft_consensus.cc:2955] T fc7371a6c1304fd086ba56219043bd8c P d29b8306fee647ceb3b816f53d6386a3 [term 1 FOLLOWER]: Committing config change with OpId 1.2: config changed from index -1 to 2, NON_VOTER df757c26cc894425a2cb63c89bfc5d72 (127.21.223.196) added. New config: { opid_index: 2 OBSOLETE_local: false peers { permanent_uuid: "374ee5efa68d4712812f05ea66814dd8" member_type: VOTER last_known_addr { host: "127.21.223.193" port: 34005 } } peers { permanent_uuid: "392992a0f4a543a7882f8228704fcb8a" member_type: VOTER last_known_addr { host: "127.21.223.194" port: 39367 } attrs { replace: true } } peers { permanent_uuid: "d29b8306fee647ceb3b816f53d6386a3" member_type: VOTER last_known_addr { host: "127.21.223.195" port: 45711 } } peers { permanent_uuid: "df757c26cc894425a2cb63c89bfc5d72" member_type: NON_VOTER last_known_addr { host: "127.21.223.196" port: 40731 } attrs { promote: true } } }
I20260710 13:25:34.965904 23664 consensus_queue.cc:237] T 76585f28599b4c258b86b3aec25e2f8b P d29b8306fee647ceb3b816f53d6386a3 [LEADER]: Queue going to LEADER mode. State: All replicated index: 0, Majority replicated index: 1, Committed index: 1, Last appended: 1.1, Last appended by leader: 0, Current term: 1, Majority size: 2, State: 0, Mode: LEADER, active raft config: opid_index: 2 OBSOLETE_local: false peers { permanent_uuid: "374ee5efa68d4712812f05ea66814dd8" member_type: VOTER last_known_addr { host: "127.21.223.193" port: 34005 } } peers { permanent_uuid: "392992a0f4a543a7882f8228704fcb8a" member_type: VOTER last_known_addr { host: "127.21.223.194" port: 39367 } attrs { replace: true } } peers { permanent_uuid: "d29b8306fee647ceb3b816f53d6386a3" member_type: VOTER last_known_addr { host: "127.21.223.195" port: 45711 } } peers { permanent_uuid: "df757c26cc894425a2cb63c89bfc5d72" member_type: NON_VOTER last_known_addr { host: "127.21.223.196" port: 40731 } attrs { promote: true } }
I20260710 13:25:34.966617 23410 catalog_manager.cc:5697] T fc7371a6c1304fd086ba56219043bd8c P 374ee5efa68d4712812f05ea66814dd8 reported cstate change: config changed from index -1 to 2, NON_VOTER df757c26cc894425a2cb63c89bfc5d72 (127.21.223.196) added. New cstate: current_term: 1 leader_uuid: "374ee5efa68d4712812f05ea66814dd8" committed_config { opid_index: 2 OBSOLETE_local: false peers { permanent_uuid: "374ee5efa68d4712812f05ea66814dd8" member_type: VOTER last_known_addr { host: "127.21.223.193" port: 34005 } health_report { overall_health: HEALTHY } } peers { permanent_uuid: "392992a0f4a543a7882f8228704fcb8a" member_type: VOTER last_known_addr { host: "127.21.223.194" port: 39367 } attrs { replace: true } health_report { overall_health: UNKNOWN } } peers { permanent_uuid: "d29b8306fee647ceb3b816f53d6386a3" member_type: VOTER last_known_addr { host: "127.21.223.195" port: 45711 } health_report { overall_health: HEALTHY } } peers { permanent_uuid: "df757c26cc894425a2cb63c89bfc5d72" member_type: NON_VOTER last_known_addr { host: "127.21.223.196" port: 40731 } attrs { promote: true } health_report { overall_health: UNKNOWN } } }
I20260710 13:25:34.978545 23513 raft_consensus.cc:1275] T 76585f28599b4c258b86b3aec25e2f8b P 374ee5efa68d4712812f05ea66814dd8 [term 1 FOLLOWER]: Refusing update from remote peer d29b8306fee647ceb3b816f53d6386a3: Log matching property violated. Preceding OpId in replica: term: 1 index: 1. Preceding OpId from leader: term: 1 index: 2. (index mismatch)
W20260710 13:25:34.979539 23629 consensus_peers.cc:597] T 76585f28599b4c258b86b3aec25e2f8b P d29b8306fee647ceb3b816f53d6386a3 -> Peer df757c26cc894425a2cb63c89bfc5d72 (127.21.223.196:40731): Couldn't send request to peer df757c26cc894425a2cb63c89bfc5d72. Error code: TABLET_NOT_FOUND (6). Status: Not found: Tablet not found: 76585f28599b4c258b86b3aec25e2f8b. This is attempt 1: this message will repeat every 5th retry.
I20260710 13:25:34.980949 23847 consensus_queue.cc:1048] T 76585f28599b4c258b86b3aec25e2f8b P d29b8306fee647ceb3b816f53d6386a3 [LEADER]: Connected to new peer: Peer: permanent_uuid: "374ee5efa68d4712812f05ea66814dd8" member_type: VOTER last_known_addr { host: "127.21.223.193" port: 34005 }, Status: LMP_MISMATCH, Last received: 0.0, Next index: 2, Last known committed idx: 1, Time since last communication: 0.000s
I20260710 13:25:34.987495 23587 raft_consensus.cc:1275] T 76585f28599b4c258b86b3aec25e2f8b P 392992a0f4a543a7882f8228704fcb8a [term 1 FOLLOWER]: Refusing update from remote peer d29b8306fee647ceb3b816f53d6386a3: Log matching property violated. Preceding OpId in replica: term: 1 index: 1. Preceding OpId from leader: term: 1 index: 2. (index mismatch)
I20260710 13:25:34.992231 23847 consensus_queue.cc:1048] T 76585f28599b4c258b86b3aec25e2f8b P d29b8306fee647ceb3b816f53d6386a3 [LEADER]: Connected to new peer: Peer: permanent_uuid: "392992a0f4a543a7882f8228704fcb8a" member_type: VOTER last_known_addr { host: "127.21.223.194" port: 39367 } attrs { replace: true }, Status: LMP_MISMATCH, Last received: 0.0, Next index: 2, Last known committed idx: 1, Time since last communication: 0.001s
I20260710 13:25:34.996109 23588 raft_consensus.cc:2955] T fc7371a6c1304fd086ba56219043bd8c P 392992a0f4a543a7882f8228704fcb8a [term 1 FOLLOWER]: Committing config change with OpId 1.2: config changed from index -1 to 2, NON_VOTER df757c26cc894425a2cb63c89bfc5d72 (127.21.223.196) added. New config: { opid_index: 2 OBSOLETE_local: false peers { permanent_uuid: "374ee5efa68d4712812f05ea66814dd8" member_type: VOTER last_known_addr { host: "127.21.223.193" port: 34005 } } peers { permanent_uuid: "392992a0f4a543a7882f8228704fcb8a" member_type: VOTER last_known_addr { host: "127.21.223.194" port: 39367 } attrs { replace: true } } peers { permanent_uuid: "d29b8306fee647ceb3b816f53d6386a3" member_type: VOTER last_known_addr { host: "127.21.223.195" port: 45711 } } peers { permanent_uuid: "df757c26cc894425a2cb63c89bfc5d72" member_type: NON_VOTER last_known_addr { host: "127.21.223.196" port: 40731 } attrs { promote: true } } }
I20260710 13:25:35.033087 24028 raft_consensus.cc:2955] T 76585f28599b4c258b86b3aec25e2f8b P d29b8306fee647ceb3b816f53d6386a3 [term 1 LEADER]: Committing config change with OpId 1.2: config changed from index -1 to 2, NON_VOTER df757c26cc894425a2cb63c89bfc5d72 (127.21.223.196) added. New config: { opid_index: 2 OBSOLETE_local: false peers { permanent_uuid: "374ee5efa68d4712812f05ea66814dd8" member_type: VOTER last_known_addr { host: "127.21.223.193" port: 34005 } } peers { permanent_uuid: "392992a0f4a543a7882f8228704fcb8a" member_type: VOTER last_known_addr { host: "127.21.223.194" port: 39367 } attrs { replace: true } } peers { permanent_uuid: "d29b8306fee647ceb3b816f53d6386a3" member_type: VOTER last_known_addr { host: "127.21.223.195" port: 45711 } } peers { permanent_uuid: "df757c26cc894425a2cb63c89bfc5d72" member_type: NON_VOTER last_known_addr { host: "127.21.223.196" port: 40731 } attrs { promote: true } } }
I20260710 13:25:35.035302 23587 raft_consensus.cc:2955] T 76585f28599b4c258b86b3aec25e2f8b P 392992a0f4a543a7882f8228704fcb8a [term 1 FOLLOWER]: Committing config change with OpId 1.2: config changed from index -1 to 2, NON_VOTER df757c26cc894425a2cb63c89bfc5d72 (127.21.223.196) added. New config: { opid_index: 2 OBSOLETE_local: false peers { permanent_uuid: "374ee5efa68d4712812f05ea66814dd8" member_type: VOTER last_known_addr { host: "127.21.223.193" port: 34005 } } peers { permanent_uuid: "392992a0f4a543a7882f8228704fcb8a" member_type: VOTER last_known_addr { host: "127.21.223.194" port: 39367 } attrs { replace: true } } peers { permanent_uuid: "d29b8306fee647ceb3b816f53d6386a3" member_type: VOTER last_known_addr { host: "127.21.223.195" port: 45711 } } peers { permanent_uuid: "df757c26cc894425a2cb63c89bfc5d72" member_type: NON_VOTER last_known_addr { host: "127.21.223.196" port: 40731 } attrs { promote: true } } }
I20260710 13:25:35.041143 23513 raft_consensus.cc:2955] T 76585f28599b4c258b86b3aec25e2f8b P 374ee5efa68d4712812f05ea66814dd8 [term 1 FOLLOWER]: Committing config change with OpId 1.2: config changed from index -1 to 2, NON_VOTER df757c26cc894425a2cb63c89bfc5d72 (127.21.223.196) added. New config: { opid_index: 2 OBSOLETE_local: false peers { permanent_uuid: "374ee5efa68d4712812f05ea66814dd8" member_type: VOTER last_known_addr { host: "127.21.223.193" port: 34005 } } peers { permanent_uuid: "392992a0f4a543a7882f8228704fcb8a" member_type: VOTER last_known_addr { host: "127.21.223.194" port: 39367 } attrs { replace: true } } peers { permanent_uuid: "d29b8306fee647ceb3b816f53d6386a3" member_type: VOTER last_known_addr { host: "127.21.223.195" port: 45711 } } peers { permanent_uuid: "df757c26cc894425a2cb63c89bfc5d72" member_type: NON_VOTER last_known_addr { host: "127.21.223.196" port: 40731 } attrs { promote: true } } }
I20260710 13:25:35.047842 23664 consensus_queue.cc:237] T 4d6d09e2f51747fe8943490b7448d799 P d29b8306fee647ceb3b816f53d6386a3 [LEADER]: Queue going to LEADER mode. State: All replicated index: 0, Majority replicated index: 1, Committed index: 1, Last appended: 2.1, Last appended by leader: 0, Current term: 2, Majority size: 2, State: 0, Mode: LEADER, active raft config: opid_index: 2 OBSOLETE_local: false peers { permanent_uuid: "d29b8306fee647ceb3b816f53d6386a3" member_type: VOTER last_known_addr { host: "127.21.223.195" port: 45711 } } peers { permanent_uuid: "392992a0f4a543a7882f8228704fcb8a" member_type: VOTER last_known_addr { host: "127.21.223.194" port: 39367 } } peers { permanent_uuid: "374ee5efa68d4712812f05ea66814dd8" member_type: VOTER last_known_addr { host: "127.21.223.193" port: 34005 } attrs { replace: true } } peers { permanent_uuid: "df757c26cc894425a2cb63c89bfc5d72" member_type: NON_VOTER last_known_addr { host: "127.21.223.196" port: 40731 } attrs { promote: true } }
I20260710 13:25:35.049641 23410 catalog_manager.cc:5697] T 76585f28599b4c258b86b3aec25e2f8b P d29b8306fee647ceb3b816f53d6386a3 reported cstate change: config changed from index -1 to 2, NON_VOTER df757c26cc894425a2cb63c89bfc5d72 (127.21.223.196) added. New cstate: current_term: 1 leader_uuid: "d29b8306fee647ceb3b816f53d6386a3" committed_config { opid_index: 2 OBSOLETE_local: false peers { permanent_uuid: "374ee5efa68d4712812f05ea66814dd8" member_type: VOTER last_known_addr { host: "127.21.223.193" port: 34005 } health_report { overall_health: HEALTHY } } peers { permanent_uuid: "392992a0f4a543a7882f8228704fcb8a" member_type: VOTER last_known_addr { host: "127.21.223.194" port: 39367 } attrs { replace: true } health_report { overall_health: HEALTHY } } peers { permanent_uuid: "d29b8306fee647ceb3b816f53d6386a3" member_type: VOTER last_known_addr { host: "127.21.223.195" port: 45711 } health_report { overall_health: HEALTHY } } peers { permanent_uuid: "df757c26cc894425a2cb63c89bfc5d72" member_type: NON_VOTER last_known_addr { host: "127.21.223.196" port: 40731 } attrs { promote: true } health_report { overall_health: UNKNOWN } } }
I20260710 13:25:35.065322 23514 raft_consensus.cc:1275] T 4d6d09e2f51747fe8943490b7448d799 P 374ee5efa68d4712812f05ea66814dd8 [term 2 FOLLOWER]: Refusing update from remote peer d29b8306fee647ceb3b816f53d6386a3: Log matching property violated. Preceding OpId in replica: term: 2 index: 1. Preceding OpId from leader: term: 2 index: 2. (index mismatch)
W20260710 13:25:35.066166 23629 consensus_peers.cc:597] T 4d6d09e2f51747fe8943490b7448d799 P d29b8306fee647ceb3b816f53d6386a3 -> Peer df757c26cc894425a2cb63c89bfc5d72 (127.21.223.196:40731): Couldn't send request to peer df757c26cc894425a2cb63c89bfc5d72. Error code: TABLET_NOT_FOUND (6). Status: Not found: Tablet not found: 4d6d09e2f51747fe8943490b7448d799. This is attempt 1: this message will repeat every 5th retry.
I20260710 13:25:35.066764 23847 consensus_queue.cc:1048] T 4d6d09e2f51747fe8943490b7448d799 P d29b8306fee647ceb3b816f53d6386a3 [LEADER]: Connected to new peer: Peer: permanent_uuid: "374ee5efa68d4712812f05ea66814dd8" member_type: VOTER last_known_addr { host: "127.21.223.193" port: 34005 } attrs { replace: true }, Status: LMP_MISMATCH, Last received: 0.0, Next index: 2, Last known committed idx: 1, Time since last communication: 0.000s
I20260710 13:25:35.070889 23588 raft_consensus.cc:1275] T 4d6d09e2f51747fe8943490b7448d799 P 392992a0f4a543a7882f8228704fcb8a [term 2 FOLLOWER]: Refusing update from remote peer d29b8306fee647ceb3b816f53d6386a3: Log matching property violated. Preceding OpId in replica: term: 2 index: 1. Preceding OpId from leader: term: 2 index: 2. (index mismatch)
I20260710 13:25:35.072839 24028 consensus_queue.cc:1048] T 4d6d09e2f51747fe8943490b7448d799 P d29b8306fee647ceb3b816f53d6386a3 [LEADER]: Connected to new peer: Peer: permanent_uuid: "392992a0f4a543a7882f8228704fcb8a" member_type: VOTER last_known_addr { host: "127.21.223.194" port: 39367 }, Status: LMP_MISMATCH, Last received: 0.0, Next index: 2, Last known committed idx: 1, Time since last communication: 0.001s
I20260710 13:25:35.089874 24028 raft_consensus.cc:2955] T 4d6d09e2f51747fe8943490b7448d799 P d29b8306fee647ceb3b816f53d6386a3 [term 2 LEADER]: Committing config change with OpId 2.2: config changed from index -1 to 2, NON_VOTER df757c26cc894425a2cb63c89bfc5d72 (127.21.223.196) added. New config: { opid_index: 2 OBSOLETE_local: false peers { permanent_uuid: "d29b8306fee647ceb3b816f53d6386a3" member_type: VOTER last_known_addr { host: "127.21.223.195" port: 45711 } } peers { permanent_uuid: "392992a0f4a543a7882f8228704fcb8a" member_type: VOTER last_known_addr { host: "127.21.223.194" port: 39367 } } peers { permanent_uuid: "374ee5efa68d4712812f05ea66814dd8" member_type: VOTER last_known_addr { host: "127.21.223.193" port: 34005 } attrs { replace: true } } peers { permanent_uuid: "df757c26cc894425a2cb63c89bfc5d72" member_type: NON_VOTER last_known_addr { host: "127.21.223.196" port: 40731 } attrs { promote: true } } }
I20260710 13:25:35.093245 23513 raft_consensus.cc:2955] T 4d6d09e2f51747fe8943490b7448d799 P 374ee5efa68d4712812f05ea66814dd8 [term 2 FOLLOWER]: Committing config change with OpId 2.2: config changed from index -1 to 2, NON_VOTER df757c26cc894425a2cb63c89bfc5d72 (127.21.223.196) added. New config: { opid_index: 2 OBSOLETE_local: false peers { permanent_uuid: "d29b8306fee647ceb3b816f53d6386a3" member_type: VOTER last_known_addr { host: "127.21.223.195" port: 45711 } } peers { permanent_uuid: "392992a0f4a543a7882f8228704fcb8a" member_type: VOTER last_known_addr { host: "127.21.223.194" port: 39367 } } peers { permanent_uuid: "374ee5efa68d4712812f05ea66814dd8" member_type: VOTER last_known_addr { host: "127.21.223.193" port: 34005 } attrs { replace: true } } peers { permanent_uuid: "df757c26cc894425a2cb63c89bfc5d72" member_type: NON_VOTER last_known_addr { host: "127.21.223.196" port: 40731 } attrs { promote: true } } }
I20260710 13:25:35.098135 23587 raft_consensus.cc:2955] T 4d6d09e2f51747fe8943490b7448d799 P 392992a0f4a543a7882f8228704fcb8a [term 2 FOLLOWER]: Committing config change with OpId 2.2: config changed from index -1 to 2, NON_VOTER df757c26cc894425a2cb63c89bfc5d72 (127.21.223.196) added. New config: { opid_index: 2 OBSOLETE_local: false peers { permanent_uuid: "d29b8306fee647ceb3b816f53d6386a3" member_type: VOTER last_known_addr { host: "127.21.223.195" port: 45711 } } peers { permanent_uuid: "392992a0f4a543a7882f8228704fcb8a" member_type: VOTER last_known_addr { host: "127.21.223.194" port: 39367 } } peers { permanent_uuid: "374ee5efa68d4712812f05ea66814dd8" member_type: VOTER last_known_addr { host: "127.21.223.193" port: 34005 } attrs { replace: true } } peers { permanent_uuid: "df757c26cc894425a2cb63c89bfc5d72" member_type: NON_VOTER last_known_addr { host: "127.21.223.196" port: 40731 } attrs { promote: true } } }
I20260710 13:25:35.107617 23414 catalog_manager.cc:5697] T 4d6d09e2f51747fe8943490b7448d799 P d29b8306fee647ceb3b816f53d6386a3 reported cstate change: config changed from index -1 to 2, NON_VOTER df757c26cc894425a2cb63c89bfc5d72 (127.21.223.196) added. New cstate: current_term: 2 leader_uuid: "d29b8306fee647ceb3b816f53d6386a3" committed_config { opid_index: 2 OBSOLETE_local: false peers { permanent_uuid: "d29b8306fee647ceb3b816f53d6386a3" member_type: VOTER last_known_addr { host: "127.21.223.195" port: 45711 } health_report { overall_health: HEALTHY } } peers { permanent_uuid: "392992a0f4a543a7882f8228704fcb8a" member_type: VOTER last_known_addr { host: "127.21.223.194" port: 39367 } health_report { overall_health: HEALTHY } } peers { permanent_uuid: "374ee5efa68d4712812f05ea66814dd8" member_type: VOTER last_known_addr { host: "127.21.223.193" port: 34005 } attrs { replace: true } health_report { overall_health: HEALTHY } } peers { permanent_uuid: "df757c26cc894425a2cb63c89bfc5d72" member_type: NON_VOTER last_known_addr { host: "127.21.223.196" port: 40731 } attrs { promote: true } health_report { overall_health: UNKNOWN } } }
I20260710 13:25:35.302112 24077 ts_tablet_manager.cc:933] T 56d899d032414e44a59d6a247cde6d2f P df757c26cc894425a2cb63c89bfc5d72: Initiating tablet copy from peer 392992a0f4a543a7882f8228704fcb8a (127.21.223.194:39367)
I20260710 13:25:35.305853 24077 tablet_copy_client.cc:323] T 56d899d032414e44a59d6a247cde6d2f P df757c26cc894425a2cb63c89bfc5d72: tablet copy: Beginning tablet copy session from remote peer at address 127.21.223.194:39367
I20260710 13:25:35.323169 23601 tablet_copy_service.cc:140] P 392992a0f4a543a7882f8228704fcb8a: Received BeginTabletCopySession request for tablet 56d899d032414e44a59d6a247cde6d2f from peer df757c26cc894425a2cb63c89bfc5d72 ({username='slave'} at 127.0.0.1:59678)
I20260710 13:25:35.323817 23601 tablet_copy_service.cc:161] P 392992a0f4a543a7882f8228704fcb8a: Beginning new tablet copy session on tablet 56d899d032414e44a59d6a247cde6d2f from peer df757c26cc894425a2cb63c89bfc5d72 at {username='slave'} at 127.0.0.1:59678: session id = df757c26cc894425a2cb63c89bfc5d72-56d899d032414e44a59d6a247cde6d2f
I20260710 13:25:35.332084 23601 tablet_copy_source_session.cc:215] T 56d899d032414e44a59d6a247cde6d2f P 392992a0f4a543a7882f8228704fcb8a: Tablet Copy: opened 0 blocks and 1 log segments
I20260710 13:25:35.336073 24077 data_dirs.cc:400] Could only allocate 1 dirs of requested 3 for tablet 56d899d032414e44a59d6a247cde6d2f. 1 dirs total, 0 dirs full, 0 dirs failed
I20260710 13:25:35.354013 24077 tablet_copy_client.cc:806] T 56d899d032414e44a59d6a247cde6d2f P df757c26cc894425a2cb63c89bfc5d72: tablet copy: Starting download of 0 data blocks...
I20260710 13:25:35.354610 24077 tablet_copy_client.cc:670] T 56d899d032414e44a59d6a247cde6d2f P df757c26cc894425a2cb63c89bfc5d72: tablet copy: Starting download of 1 WAL segments...
I20260710 13:25:35.359277 24077 tablet_copy_client.cc:538] T 56d899d032414e44a59d6a247cde6d2f P df757c26cc894425a2cb63c89bfc5d72: tablet copy: Tablet Copy complete. Replacing tablet superblock.
I20260710 13:25:35.376032 24077 tablet_bootstrap.cc:492] T 56d899d032414e44a59d6a247cde6d2f P df757c26cc894425a2cb63c89bfc5d72: Bootstrap starting.
I20260710 13:25:35.401367 24077 tablet_bootstrap.cc:492] T 56d899d032414e44a59d6a247cde6d2f P df757c26cc894425a2cb63c89bfc5d72: Bootstrap replayed 1/1 log segments. Stats: ops{read=2 overwritten=0 applied=2 ignored=0} inserts{seen=0 ignored=0} mutations{seen=0 ignored=0} orphaned_commits=0. Pending: 0 replicates
I20260710 13:25:35.402560 24077 tablet_bootstrap.cc:492] T 56d899d032414e44a59d6a247cde6d2f P df757c26cc894425a2cb63c89bfc5d72: Bootstrap complete.
I20260710 13:25:35.403363 24077 ts_tablet_manager.cc:1403] T 56d899d032414e44a59d6a247cde6d2f P df757c26cc894425a2cb63c89bfc5d72: Time spent bootstrapping tablet: real 0.028s	user 0.022s	sys 0.005s
I20260710 13:25:35.407008 24077 raft_consensus.cc:359] T 56d899d032414e44a59d6a247cde6d2f P df757c26cc894425a2cb63c89bfc5d72 [term 1 LEARNER]: Replica starting. Triggering 0 pending ops. Active config: opid_index: 2 OBSOLETE_local: false peers { permanent_uuid: "374ee5efa68d4712812f05ea66814dd8" member_type: VOTER last_known_addr { host: "127.21.223.193" port: 34005 } } peers { permanent_uuid: "392992a0f4a543a7882f8228704fcb8a" member_type: VOTER last_known_addr { host: "127.21.223.194" port: 39367 } } peers { permanent_uuid: "d29b8306fee647ceb3b816f53d6386a3" member_type: VOTER last_known_addr { host: "127.21.223.195" port: 45711 } attrs { replace: true } } peers { permanent_uuid: "df757c26cc894425a2cb63c89bfc5d72" member_type: NON_VOTER last_known_addr { host: "127.21.223.196" port: 40731 } attrs { promote: true } }
I20260710 13:25:35.408159 24077 raft_consensus.cc:740] T 56d899d032414e44a59d6a247cde6d2f P df757c26cc894425a2cb63c89bfc5d72 [term 1 LEARNER]: Becoming Follower/Learner. State: Replica: df757c26cc894425a2cb63c89bfc5d72, State: Initialized, Role: LEARNER
I20260710 13:25:35.408998 24077 consensus_queue.cc:260] T 56d899d032414e44a59d6a247cde6d2f P df757c26cc894425a2cb63c89bfc5d72 [NON_LEADER]: Queue going to NON_LEADER mode. State: All replicated index: 0, Majority replicated index: 0, Committed index: 2, Last appended: 1.2, Last appended by leader: 2, Current term: 0, Majority size: -1, State: 0, Mode: NON_LEADER, active raft config: opid_index: 2 OBSOLETE_local: false peers { permanent_uuid: "374ee5efa68d4712812f05ea66814dd8" member_type: VOTER last_known_addr { host: "127.21.223.193" port: 34005 } } peers { permanent_uuid: "392992a0f4a543a7882f8228704fcb8a" member_type: VOTER last_known_addr { host: "127.21.223.194" port: 39367 } } peers { permanent_uuid: "d29b8306fee647ceb3b816f53d6386a3" member_type: VOTER last_known_addr { host: "127.21.223.195" port: 45711 } attrs { replace: true } } peers { permanent_uuid: "df757c26cc894425a2cb63c89bfc5d72" member_type: NON_VOTER last_known_addr { host: "127.21.223.196" port: 40731 } attrs { promote: true } }
I20260710 13:25:35.434111 24082 ts_tablet_manager.cc:933] T 76585f28599b4c258b86b3aec25e2f8b P df757c26cc894425a2cb63c89bfc5d72: Initiating tablet copy from peer d29b8306fee647ceb3b816f53d6386a3 (127.21.223.195:45711)
I20260710 13:25:35.436173 24082 tablet_copy_client.cc:323] T 76585f28599b4c258b86b3aec25e2f8b P df757c26cc894425a2cb63c89bfc5d72: tablet copy: Beginning tablet copy session from remote peer at address 127.21.223.195:45711
I20260710 13:25:35.438040 23674 tablet_copy_service.cc:140] P d29b8306fee647ceb3b816f53d6386a3: Received BeginTabletCopySession request for tablet 76585f28599b4c258b86b3aec25e2f8b from peer df757c26cc894425a2cb63c89bfc5d72 ({username='slave'} at 127.0.0.1:48036)
I20260710 13:25:35.438612 23674 tablet_copy_service.cc:161] P d29b8306fee647ceb3b816f53d6386a3: Beginning new tablet copy session on tablet 76585f28599b4c258b86b3aec25e2f8b from peer df757c26cc894425a2cb63c89bfc5d72 at {username='slave'} at 127.0.0.1:48036: session id = df757c26cc894425a2cb63c89bfc5d72-76585f28599b4c258b86b3aec25e2f8b
I20260710 13:25:35.441709 24077 ts_tablet_manager.cc:1434] T 56d899d032414e44a59d6a247cde6d2f P df757c26cc894425a2cb63c89bfc5d72: Time spent starting tablet: real 0.038s	user 0.013s	sys 0.021s
I20260710 13:25:35.445640 23601 tablet_copy_service.cc:342] P 392992a0f4a543a7882f8228704fcb8a: Request end of tablet copy session df757c26cc894425a2cb63c89bfc5d72-56d899d032414e44a59d6a247cde6d2f received from {username='slave'} at 127.0.0.1:59678
I20260710 13:25:35.446231 23601 tablet_copy_service.cc:434] P 392992a0f4a543a7882f8228704fcb8a: ending tablet copy session df757c26cc894425a2cb63c89bfc5d72-56d899d032414e44a59d6a247cde6d2f on tablet 56d899d032414e44a59d6a247cde6d2f with peer df757c26cc894425a2cb63c89bfc5d72
I20260710 13:25:35.448501 23674 tablet_copy_source_session.cc:215] T 76585f28599b4c258b86b3aec25e2f8b P d29b8306fee647ceb3b816f53d6386a3: Tablet Copy: opened 0 blocks and 1 log segments
I20260710 13:25:35.452430 24082 data_dirs.cc:400] Could only allocate 1 dirs of requested 3 for tablet 76585f28599b4c258b86b3aec25e2f8b. 1 dirs total, 0 dirs full, 0 dirs failed
I20260710 13:25:35.468475 24082 tablet_copy_client.cc:806] T 76585f28599b4c258b86b3aec25e2f8b P df757c26cc894425a2cb63c89bfc5d72: tablet copy: Starting download of 0 data blocks...
I20260710 13:25:35.469208 24082 tablet_copy_client.cc:670] T 76585f28599b4c258b86b3aec25e2f8b P df757c26cc894425a2cb63c89bfc5d72: tablet copy: Starting download of 1 WAL segments...
I20260710 13:25:35.470305 24077 ts_tablet_manager.cc:933] T fc7371a6c1304fd086ba56219043bd8c P df757c26cc894425a2cb63c89bfc5d72: Initiating tablet copy from peer 374ee5efa68d4712812f05ea66814dd8 (127.21.223.193:34005)
I20260710 13:25:35.485777 24082 tablet_copy_client.cc:538] T 76585f28599b4c258b86b3aec25e2f8b P df757c26cc894425a2cb63c89bfc5d72: tablet copy: Tablet Copy complete. Replacing tablet superblock.
I20260710 13:25:35.486469 24077 tablet_copy_client.cc:323] T fc7371a6c1304fd086ba56219043bd8c P df757c26cc894425a2cb63c89bfc5d72: tablet copy: Beginning tablet copy session from remote peer at address 127.21.223.193:34005
I20260710 13:25:35.488781 23526 tablet_copy_service.cc:140] P 374ee5efa68d4712812f05ea66814dd8: Received BeginTabletCopySession request for tablet fc7371a6c1304fd086ba56219043bd8c from peer df757c26cc894425a2cb63c89bfc5d72 ({username='slave'} at 127.0.0.1:49758)
I20260710 13:25:35.489400 23526 tablet_copy_service.cc:161] P 374ee5efa68d4712812f05ea66814dd8: Beginning new tablet copy session on tablet fc7371a6c1304fd086ba56219043bd8c from peer df757c26cc894425a2cb63c89bfc5d72 at {username='slave'} at 127.0.0.1:49758: session id = df757c26cc894425a2cb63c89bfc5d72-fc7371a6c1304fd086ba56219043bd8c
I20260710 13:25:35.496711 23526 tablet_copy_source_session.cc:215] T fc7371a6c1304fd086ba56219043bd8c P 374ee5efa68d4712812f05ea66814dd8: Tablet Copy: opened 0 blocks and 1 log segments
I20260710 13:25:35.500144 24082 tablet_bootstrap.cc:492] T 76585f28599b4c258b86b3aec25e2f8b P df757c26cc894425a2cb63c89bfc5d72: Bootstrap starting.
I20260710 13:25:35.501765 24077 data_dirs.cc:400] Could only allocate 1 dirs of requested 3 for tablet fc7371a6c1304fd086ba56219043bd8c. 1 dirs total, 0 dirs full, 0 dirs failed
I20260710 13:25:35.523939 24077 tablet_copy_client.cc:806] T fc7371a6c1304fd086ba56219043bd8c P df757c26cc894425a2cb63c89bfc5d72: tablet copy: Starting download of 0 data blocks...
I20260710 13:25:35.524654 24077 tablet_copy_client.cc:670] T fc7371a6c1304fd086ba56219043bd8c P df757c26cc894425a2cb63c89bfc5d72: tablet copy: Starting download of 1 WAL segments...
I20260710 13:25:35.537976 24077 tablet_copy_client.cc:538] T fc7371a6c1304fd086ba56219043bd8c P df757c26cc894425a2cb63c89bfc5d72: tablet copy: Tablet Copy complete. Replacing tablet superblock.
I20260710 13:25:35.552748 24082 tablet_bootstrap.cc:492] T 76585f28599b4c258b86b3aec25e2f8b P df757c26cc894425a2cb63c89bfc5d72: Bootstrap replayed 1/1 log segments. Stats: ops{read=2 overwritten=0 applied=2 ignored=0} inserts{seen=0 ignored=0} mutations{seen=0 ignored=0} orphaned_commits=0. Pending: 0 replicates
I20260710 13:25:35.553776 24082 tablet_bootstrap.cc:492] T 76585f28599b4c258b86b3aec25e2f8b P df757c26cc894425a2cb63c89bfc5d72: Bootstrap complete.
I20260710 13:25:35.554455 24082 ts_tablet_manager.cc:1403] T 76585f28599b4c258b86b3aec25e2f8b P df757c26cc894425a2cb63c89bfc5d72: Time spent bootstrapping tablet: real 0.055s	user 0.019s	sys 0.027s
I20260710 13:25:35.555684 24077 tablet_bootstrap.cc:492] T fc7371a6c1304fd086ba56219043bd8c P df757c26cc894425a2cb63c89bfc5d72: Bootstrap starting.
I20260710 13:25:35.557628 24082 raft_consensus.cc:359] T 76585f28599b4c258b86b3aec25e2f8b P df757c26cc894425a2cb63c89bfc5d72 [term 1 LEARNER]: Replica starting. Triggering 0 pending ops. Active config: opid_index: 2 OBSOLETE_local: false peers { permanent_uuid: "374ee5efa68d4712812f05ea66814dd8" member_type: VOTER last_known_addr { host: "127.21.223.193" port: 34005 } } peers { permanent_uuid: "392992a0f4a543a7882f8228704fcb8a" member_type: VOTER last_known_addr { host: "127.21.223.194" port: 39367 } attrs { replace: true } } peers { permanent_uuid: "d29b8306fee647ceb3b816f53d6386a3" member_type: VOTER last_known_addr { host: "127.21.223.195" port: 45711 } } peers { permanent_uuid: "df757c26cc894425a2cb63c89bfc5d72" member_type: NON_VOTER last_known_addr { host: "127.21.223.196" port: 40731 } attrs { promote: true } }
I20260710 13:25:35.558557 24082 raft_consensus.cc:740] T 76585f28599b4c258b86b3aec25e2f8b P df757c26cc894425a2cb63c89bfc5d72 [term 1 LEARNER]: Becoming Follower/Learner. State: Replica: df757c26cc894425a2cb63c89bfc5d72, State: Initialized, Role: LEARNER
I20260710 13:25:35.559240 24082 consensus_queue.cc:260] T 76585f28599b4c258b86b3aec25e2f8b P df757c26cc894425a2cb63c89bfc5d72 [NON_LEADER]: Queue going to NON_LEADER mode. State: All replicated index: 0, Majority replicated index: 0, Committed index: 2, Last appended: 1.2, Last appended by leader: 2, Current term: 0, Majority size: -1, State: 0, Mode: NON_LEADER, active raft config: opid_index: 2 OBSOLETE_local: false peers { permanent_uuid: "374ee5efa68d4712812f05ea66814dd8" member_type: VOTER last_known_addr { host: "127.21.223.193" port: 34005 } } peers { permanent_uuid: "392992a0f4a543a7882f8228704fcb8a" member_type: VOTER last_known_addr { host: "127.21.223.194" port: 39367 } attrs { replace: true } } peers { permanent_uuid: "d29b8306fee647ceb3b816f53d6386a3" member_type: VOTER last_known_addr { host: "127.21.223.195" port: 45711 } } peers { permanent_uuid: "df757c26cc894425a2cb63c89bfc5d72" member_type: NON_VOTER last_known_addr { host: "127.21.223.196" port: 40731 } attrs { promote: true } }
I20260710 13:25:35.562132 24082 ts_tablet_manager.cc:1434] T 76585f28599b4c258b86b3aec25e2f8b P df757c26cc894425a2cb63c89bfc5d72: Time spent starting tablet: real 0.007s	user 0.007s	sys 0.001s
I20260710 13:25:35.564083 23674 tablet_copy_service.cc:342] P d29b8306fee647ceb3b816f53d6386a3: Request end of tablet copy session df757c26cc894425a2cb63c89bfc5d72-76585f28599b4c258b86b3aec25e2f8b received from {username='slave'} at 127.0.0.1:48036
I20260710 13:25:35.564520 23674 tablet_copy_service.cc:434] P d29b8306fee647ceb3b816f53d6386a3: ending tablet copy session df757c26cc894425a2cb63c89bfc5d72-76585f28599b4c258b86b3aec25e2f8b on tablet 76585f28599b4c258b86b3aec25e2f8b with peer df757c26cc894425a2cb63c89bfc5d72
I20260710 13:25:35.585112 24077 tablet_bootstrap.cc:492] T fc7371a6c1304fd086ba56219043bd8c P df757c26cc894425a2cb63c89bfc5d72: Bootstrap replayed 1/1 log segments. Stats: ops{read=2 overwritten=0 applied=2 ignored=0} inserts{seen=0 ignored=0} mutations{seen=0 ignored=0} orphaned_commits=0. Pending: 0 replicates
I20260710 13:25:35.585705 24082 ts_tablet_manager.cc:933] T 4d6d09e2f51747fe8943490b7448d799 P df757c26cc894425a2cb63c89bfc5d72: Initiating tablet copy from peer d29b8306fee647ceb3b816f53d6386a3 (127.21.223.195:45711)
I20260710 13:25:35.586407 24077 tablet_bootstrap.cc:492] T fc7371a6c1304fd086ba56219043bd8c P df757c26cc894425a2cb63c89bfc5d72: Bootstrap complete.
I20260710 13:25:35.587318 24077 ts_tablet_manager.cc:1403] T fc7371a6c1304fd086ba56219043bd8c P df757c26cc894425a2cb63c89bfc5d72: Time spent bootstrapping tablet: real 0.032s	user 0.021s	sys 0.005s
I20260710 13:25:35.590706 24077 raft_consensus.cc:359] T fc7371a6c1304fd086ba56219043bd8c P df757c26cc894425a2cb63c89bfc5d72 [term 1 LEARNER]: Replica starting. Triggering 0 pending ops. Active config: opid_index: 2 OBSOLETE_local: false peers { permanent_uuid: "374ee5efa68d4712812f05ea66814dd8" member_type: VOTER last_known_addr { host: "127.21.223.193" port: 34005 } } peers { permanent_uuid: "392992a0f4a543a7882f8228704fcb8a" member_type: VOTER last_known_addr { host: "127.21.223.194" port: 39367 } attrs { replace: true } } peers { permanent_uuid: "d29b8306fee647ceb3b816f53d6386a3" member_type: VOTER last_known_addr { host: "127.21.223.195" port: 45711 } } peers { permanent_uuid: "df757c26cc894425a2cb63c89bfc5d72" member_type: NON_VOTER last_known_addr { host: "127.21.223.196" port: 40731 } attrs { promote: true } }
I20260710 13:25:35.600337 24077 raft_consensus.cc:740] T fc7371a6c1304fd086ba56219043bd8c P df757c26cc894425a2cb63c89bfc5d72 [term 1 LEARNER]: Becoming Follower/Learner. State: Replica: df757c26cc894425a2cb63c89bfc5d72, State: Initialized, Role: LEARNER
I20260710 13:25:35.601701 24077 consensus_queue.cc:260] T fc7371a6c1304fd086ba56219043bd8c P df757c26cc894425a2cb63c89bfc5d72 [NON_LEADER]: Queue going to NON_LEADER mode. State: All replicated index: 0, Majority replicated index: 0, Committed index: 2, Last appended: 1.2, Last appended by leader: 2, Current term: 0, Majority size: -1, State: 0, Mode: NON_LEADER, active raft config: opid_index: 2 OBSOLETE_local: false peers { permanent_uuid: "374ee5efa68d4712812f05ea66814dd8" member_type: VOTER last_known_addr { host: "127.21.223.193" port: 34005 } } peers { permanent_uuid: "392992a0f4a543a7882f8228704fcb8a" member_type: VOTER last_known_addr { host: "127.21.223.194" port: 39367 } attrs { replace: true } } peers { permanent_uuid: "d29b8306fee647ceb3b816f53d6386a3" member_type: VOTER last_known_addr { host: "127.21.223.195" port: 45711 } } peers { permanent_uuid: "df757c26cc894425a2cb63c89bfc5d72" member_type: NON_VOTER last_known_addr { host: "127.21.223.196" port: 40731 } attrs { promote: true } }
I20260710 13:25:35.604490 24077 ts_tablet_manager.cc:1434] T fc7371a6c1304fd086ba56219043bd8c P df757c26cc894425a2cb63c89bfc5d72: Time spent starting tablet: real 0.017s	user 0.006s	sys 0.000s
I20260710 13:25:35.607179 23526 tablet_copy_service.cc:342] P 374ee5efa68d4712812f05ea66814dd8: Request end of tablet copy session df757c26cc894425a2cb63c89bfc5d72-fc7371a6c1304fd086ba56219043bd8c received from {username='slave'} at 127.0.0.1:49758
I20260710 13:25:35.607750 23526 tablet_copy_service.cc:434] P 374ee5efa68d4712812f05ea66814dd8: ending tablet copy session df757c26cc894425a2cb63c89bfc5d72-fc7371a6c1304fd086ba56219043bd8c on tablet fc7371a6c1304fd086ba56219043bd8c with peer df757c26cc894425a2cb63c89bfc5d72
I20260710 13:25:35.621771 24082 tablet_copy_client.cc:323] T 4d6d09e2f51747fe8943490b7448d799 P df757c26cc894425a2cb63c89bfc5d72: tablet copy: Beginning tablet copy session from remote peer at address 127.21.223.195:45711
I20260710 13:25:35.623986 23674 tablet_copy_service.cc:140] P d29b8306fee647ceb3b816f53d6386a3: Received BeginTabletCopySession request for tablet 4d6d09e2f51747fe8943490b7448d799 from peer df757c26cc894425a2cb63c89bfc5d72 ({username='slave'} at 127.0.0.1:48036)
I20260710 13:25:35.624689 23674 tablet_copy_service.cc:161] P d29b8306fee647ceb3b816f53d6386a3: Beginning new tablet copy session on tablet 4d6d09e2f51747fe8943490b7448d799 from peer df757c26cc894425a2cb63c89bfc5d72 at {username='slave'} at 127.0.0.1:48036: session id = df757c26cc894425a2cb63c89bfc5d72-4d6d09e2f51747fe8943490b7448d799
I20260710 13:25:35.633453 23674 tablet_copy_source_session.cc:215] T 4d6d09e2f51747fe8943490b7448d799 P d29b8306fee647ceb3b816f53d6386a3: Tablet Copy: opened 0 blocks and 1 log segments
I20260710 13:25:35.637290 24082 data_dirs.cc:400] Could only allocate 1 dirs of requested 3 for tablet 4d6d09e2f51747fe8943490b7448d799. 1 dirs total, 0 dirs full, 0 dirs failed
I20260710 13:25:35.655805 24082 tablet_copy_client.cc:806] T 4d6d09e2f51747fe8943490b7448d799 P df757c26cc894425a2cb63c89bfc5d72: tablet copy: Starting download of 0 data blocks...
I20260710 13:25:35.656453 24082 tablet_copy_client.cc:670] T 4d6d09e2f51747fe8943490b7448d799 P df757c26cc894425a2cb63c89bfc5d72: tablet copy: Starting download of 1 WAL segments...
I20260710 13:25:35.661870 24082 tablet_copy_client.cc:538] T 4d6d09e2f51747fe8943490b7448d799 P df757c26cc894425a2cb63c89bfc5d72: tablet copy: Tablet Copy complete. Replacing tablet superblock.
I20260710 13:25:35.672355 24082 tablet_bootstrap.cc:492] T 4d6d09e2f51747fe8943490b7448d799 P df757c26cc894425a2cb63c89bfc5d72: Bootstrap starting.
I20260710 13:25:35.696504 24082 tablet_bootstrap.cc:492] T 4d6d09e2f51747fe8943490b7448d799 P df757c26cc894425a2cb63c89bfc5d72: Bootstrap replayed 1/1 log segments. Stats: ops{read=2 overwritten=0 applied=2 ignored=0} inserts{seen=0 ignored=0} mutations{seen=0 ignored=0} orphaned_commits=0. Pending: 0 replicates
I20260710 13:25:35.697538 24082 tablet_bootstrap.cc:492] T 4d6d09e2f51747fe8943490b7448d799 P df757c26cc894425a2cb63c89bfc5d72: Bootstrap complete.
I20260710 13:25:35.698374 24082 ts_tablet_manager.cc:1403] T 4d6d09e2f51747fe8943490b7448d799 P df757c26cc894425a2cb63c89bfc5d72: Time spent bootstrapping tablet: real 0.026s	user 0.015s	sys 0.012s
I20260710 13:25:35.701772 24082 raft_consensus.cc:359] T 4d6d09e2f51747fe8943490b7448d799 P df757c26cc894425a2cb63c89bfc5d72 [term 2 LEARNER]: Replica starting. Triggering 0 pending ops. Active config: opid_index: 2 OBSOLETE_local: false peers { permanent_uuid: "d29b8306fee647ceb3b816f53d6386a3" member_type: VOTER last_known_addr { host: "127.21.223.195" port: 45711 } } peers { permanent_uuid: "392992a0f4a543a7882f8228704fcb8a" member_type: VOTER last_known_addr { host: "127.21.223.194" port: 39367 } } peers { permanent_uuid: "374ee5efa68d4712812f05ea66814dd8" member_type: VOTER last_known_addr { host: "127.21.223.193" port: 34005 } attrs { replace: true } } peers { permanent_uuid: "df757c26cc894425a2cb63c89bfc5d72" member_type: NON_VOTER last_known_addr { host: "127.21.223.196" port: 40731 } attrs { promote: true } }
I20260710 13:25:35.702693 24082 raft_consensus.cc:740] T 4d6d09e2f51747fe8943490b7448d799 P df757c26cc894425a2cb63c89bfc5d72 [term 2 LEARNER]: Becoming Follower/Learner. State: Replica: df757c26cc894425a2cb63c89bfc5d72, State: Initialized, Role: LEARNER
I20260710 13:25:35.703395 24082 consensus_queue.cc:260] T 4d6d09e2f51747fe8943490b7448d799 P df757c26cc894425a2cb63c89bfc5d72 [NON_LEADER]: Queue going to NON_LEADER mode. State: All replicated index: 0, Majority replicated index: 0, Committed index: 2, Last appended: 2.2, Last appended by leader: 2, Current term: 0, Majority size: -1, State: 0, Mode: NON_LEADER, active raft config: opid_index: 2 OBSOLETE_local: false peers { permanent_uuid: "d29b8306fee647ceb3b816f53d6386a3" member_type: VOTER last_known_addr { host: "127.21.223.195" port: 45711 } } peers { permanent_uuid: "392992a0f4a543a7882f8228704fcb8a" member_type: VOTER last_known_addr { host: "127.21.223.194" port: 39367 } } peers { permanent_uuid: "374ee5efa68d4712812f05ea66814dd8" member_type: VOTER last_known_addr { host: "127.21.223.193" port: 34005 } attrs { replace: true } } peers { permanent_uuid: "df757c26cc894425a2cb63c89bfc5d72" member_type: NON_VOTER last_known_addr { host: "127.21.223.196" port: 40731 } attrs { promote: true } }
I20260710 13:25:35.708567 24082 ts_tablet_manager.cc:1434] T 4d6d09e2f51747fe8943490b7448d799 P df757c26cc894425a2cb63c89bfc5d72: Time spent starting tablet: real 0.010s	user 0.006s	sys 0.001s
