I20260710 13:25:02.683430 27519 raft_consensus.cc:493] T fbfe023cebf24aab9ce41b7980555148 P 44e74d0329c5433b8d05f959ace183eb [term 0 FOLLOWER]: Starting leader election (no leader contacted us within the election timeout)
I20260710 13:25:02.683836 27519 raft_consensus.cc:3060] T fbfe023cebf24aab9ce41b7980555148 P 44e74d0329c5433b8d05f959ace183eb [term 0 FOLLOWER]: Advancing to term 1
I20260710 13:25:02.682536 27515 tablet_bootstrap.cc:654] T 50bdc03b7ad04a9795c08406791a0995 P 8ec9369fcae545d89f68a105c0af6aa5: Neither blocks nor log segments found. Creating new log.
I20260710 13:25:02.685654 27560 raft_consensus.cc:3060] T fa1fe77c063b43c48e1cca9d31350b21 P 8ec9369fcae545d89f68a105c0af6aa5 [term 0 FOLLOWER]: Advancing to term 1
I20260710 13:25:02.689590 27526 leader_election.cc:290] T 8eed73a6fa86495097c1e3ab994166c9 P 8ec9369fcae545d89f68a105c0af6aa5 [CANDIDATE]: Term 1 election: Requested vote from peers 44e74d0329c5433b8d05f959ace183eb (127.26.140.130:46723), a5d2ba6621874a7c853aaa3cacac0965 (127.26.140.131:35285)
I20260710 13:25:02.691002 27470 tablet_service.cc:1917] Received RequestConsensusVote() RPC: tablet_id: "8eed73a6fa86495097c1e3ab994166c9" candidate_uuid: "8ec9369fcae545d89f68a105c0af6aa5" candidate_term: 1 candidate_status { last_received { term: 0 index: 0 } } ignore_live_leader: false dest_uuid: "a5d2ba6621874a7c853aaa3cacac0965"
I20260710 13:25:02.692191 27395 tablet_service.cc:1917] Received RequestConsensusVote() RPC: tablet_id: "8eed73a6fa86495097c1e3ab994166c9" candidate_uuid: "8ec9369fcae545d89f68a105c0af6aa5" candidate_term: 1 candidate_status { last_received { term: 0 index: 0 } } ignore_live_leader: false dest_uuid: "44e74d0329c5433b8d05f959ace183eb"
I20260710 13:25:02.692541 27470 raft_consensus.cc:3060] T 8eed73a6fa86495097c1e3ab994166c9 P a5d2ba6621874a7c853aaa3cacac0965 [term 0 FOLLOWER]: Advancing to term 1
I20260710 13:25:02.692757 27395 raft_consensus.cc:3060] T 8eed73a6fa86495097c1e3ab994166c9 P 44e74d0329c5433b8d05f959ace183eb [term 0 FOLLOWER]: Advancing to term 1
I20260710 13:25:02.694823 27526 raft_consensus.cc:493] T a8f1f55641e448ac934f4e92869b5059 P 8ec9369fcae545d89f68a105c0af6aa5 [term 0 FOLLOWER]: Starting pre-election (no leader contacted us within the election timeout)
I20260710 13:25:02.697755 27526 raft_consensus.cc:515] T a8f1f55641e448ac934f4e92869b5059 P 8ec9369fcae545d89f68a105c0af6aa5 [term 0 FOLLOWER]: Starting pre-election with config: opid_index: -1 OBSOLETE_local: false peers { permanent_uuid: "8ec9369fcae545d89f68a105c0af6aa5" member_type: VOTER last_known_addr { host: "127.26.140.129" port: 36977 } } peers { permanent_uuid: "44e74d0329c5433b8d05f959ace183eb" member_type: VOTER last_known_addr { host: "127.26.140.130" port: 46723 } } peers { permanent_uuid: "a5d2ba6621874a7c853aaa3cacac0965" member_type: VOTER last_known_addr { host: "127.26.140.131" port: 35285 } }
I20260710 13:25:02.694044 27216 catalog_manager.cc:5697] T 50bdc03b7ad04a9795c08406791a0995 P 44e74d0329c5433b8d05f959ace183eb reported cstate change: term changed from 0 to 1, leader changed from <none> to 44e74d0329c5433b8d05f959ace183eb (127.26.140.130). New cstate: current_term: 1 leader_uuid: "44e74d0329c5433b8d05f959ace183eb" committed_config { opid_index: -1 OBSOLETE_local: false peers { permanent_uuid: "a5d2ba6621874a7c853aaa3cacac0965" member_type: VOTER last_known_addr { host: "127.26.140.131" port: 35285 } health_report { overall_health: UNKNOWN } } peers { permanent_uuid: "44e74d0329c5433b8d05f959ace183eb" member_type: VOTER last_known_addr { host: "127.26.140.130" port: 46723 } health_report { overall_health: HEALTHY } } peers { permanent_uuid: "8ec9369fcae545d89f68a105c0af6aa5" member_type: VOTER last_known_addr { host: "127.26.140.129" port: 36977 } health_report { overall_health: UNKNOWN } } }
I20260710 13:25:02.702526 27396 tablet_service.cc:1917] Received RequestConsensusVote() RPC: tablet_id: "a8f1f55641e448ac934f4e92869b5059" candidate_uuid: "8ec9369fcae545d89f68a105c0af6aa5" candidate_term: 1 candidate_status { last_received { term: 0 index: 0 } } ignore_live_leader: false dest_uuid: "44e74d0329c5433b8d05f959ace183eb" is_pre_election: true
I20260710 13:25:02.704769 27396 raft_consensus.cc:2468] T a8f1f55641e448ac934f4e92869b5059 P 44e74d0329c5433b8d05f959ace183eb [term 0 FOLLOWER]: Leader pre-election vote request: Granting yes vote for candidate 8ec9369fcae545d89f68a105c0af6aa5 in term 0.
I20260710 13:25:02.705777 27526 leader_election.cc:290] T a8f1f55641e448ac934f4e92869b5059 P 8ec9369fcae545d89f68a105c0af6aa5 [CANDIDATE]: Term 1 pre-election: Requested pre-vote from peers 44e74d0329c5433b8d05f959ace183eb (127.26.140.130:46723), a5d2ba6621874a7c853aaa3cacac0965 (127.26.140.131:35285)
I20260710 13:25:02.707319 27284 leader_election.cc:304] T a8f1f55641e448ac934f4e92869b5059 P 8ec9369fcae545d89f68a105c0af6aa5 [CANDIDATE]: Term 1 pre-election: Election decided. Result: candidate won. Election summary: received 2 responses out of 3 voters: 2 yes votes; 0 no votes. yes voters: 44e74d0329c5433b8d05f959ace183eb, 8ec9369fcae545d89f68a105c0af6aa5; no voters: 
I20260710 13:25:02.708235 27469 tablet_service.cc:1917] Received RequestConsensusVote() RPC: tablet_id: "a8f1f55641e448ac934f4e92869b5059" candidate_uuid: "8ec9369fcae545d89f68a105c0af6aa5" candidate_term: 1 candidate_status { last_received { term: 0 index: 0 } } ignore_live_leader: false dest_uuid: "a5d2ba6621874a7c853aaa3cacac0965" is_pre_election: true
I20260710 13:25:02.708689 27470 raft_consensus.cc:2468] T 8eed73a6fa86495097c1e3ab994166c9 P a5d2ba6621874a7c853aaa3cacac0965 [term 1 FOLLOWER]: Leader election vote request: Granting yes vote for candidate 8ec9369fcae545d89f68a105c0af6aa5 in term 1.
I20260710 13:25:02.708236 27526 raft_consensus.cc:2804] T a8f1f55641e448ac934f4e92869b5059 P 8ec9369fcae545d89f68a105c0af6aa5 [term 0 FOLLOWER]: Leader pre-election won for term 1
I20260710 13:25:02.709460 27526 raft_consensus.cc:493] T a8f1f55641e448ac934f4e92869b5059 P 8ec9369fcae545d89f68a105c0af6aa5 [term 0 FOLLOWER]: Starting leader election (no leader contacted us within the election timeout)
I20260710 13:25:02.709683 27395 raft_consensus.cc:2468] T 8eed73a6fa86495097c1e3ab994166c9 P 44e74d0329c5433b8d05f959ace183eb [term 1 FOLLOWER]: Leader election vote request: Granting yes vote for candidate 8ec9369fcae545d89f68a105c0af6aa5 in term 1.
I20260710 13:25:02.709944 27526 raft_consensus.cc:3060] T a8f1f55641e448ac934f4e92869b5059 P 8ec9369fcae545d89f68a105c0af6aa5 [term 0 FOLLOWER]: Advancing to term 1
I20260710 13:25:02.710703 27284 leader_election.cc:304] T 8eed73a6fa86495097c1e3ab994166c9 P 8ec9369fcae545d89f68a105c0af6aa5 [CANDIDATE]: Term 1 election: Election decided. Result: candidate won. Election summary: received 2 responses out of 3 voters: 2 yes votes; 0 no votes. yes voters: 44e74d0329c5433b8d05f959ace183eb, 8ec9369fcae545d89f68a105c0af6aa5; no voters: 
I20260710 13:25:02.708942 27469 raft_consensus.cc:2468] T a8f1f55641e448ac934f4e92869b5059 P a5d2ba6621874a7c853aaa3cacac0965 [term 0 FOLLOWER]: Leader pre-election vote request: Granting yes vote for candidate 8ec9369fcae545d89f68a105c0af6aa5 in term 0.
I20260710 13:25:02.715145 27514 tablet_bootstrap.cc:492] T 832e75da97ce404783a262117ebe3a6f P 44e74d0329c5433b8d05f959ace183eb: No bootstrap required, opened a new log
I20260710 13:25:02.715664 27514 ts_tablet_manager.cc:1403] T 832e75da97ce404783a262117ebe3a6f P 44e74d0329c5433b8d05f959ace183eb: Time spent bootstrapping tablet: real 0.104s	user 0.016s	sys 0.003s
I20260710 13:25:02.720274 27218 catalog_manager.cc:5697] T 9e1e2844c13042cead6ad7eaef132851 P 8ec9369fcae545d89f68a105c0af6aa5 reported cstate change: term changed from 0 to 1, leader changed from <none> to 8ec9369fcae545d89f68a105c0af6aa5 (127.26.140.129). New cstate: current_term: 1 leader_uuid: "8ec9369fcae545d89f68a105c0af6aa5" committed_config { opid_index: -1 OBSOLETE_local: false peers { permanent_uuid: "8ec9369fcae545d89f68a105c0af6aa5" member_type: VOTER last_known_addr { host: "127.26.140.129" port: 36977 } health_report { overall_health: HEALTHY } } peers { permanent_uuid: "44e74d0329c5433b8d05f959ace183eb" member_type: VOTER last_known_addr { host: "127.26.140.130" port: 46723 } health_report { overall_health: UNKNOWN } } peers { permanent_uuid: "a5d2ba6621874a7c853aaa3cacac0965" member_type: VOTER last_known_addr { host: "127.26.140.131" port: 35285 } health_report { overall_health: UNKNOWN } } }
I20260710 13:25:02.725064 27519 raft_consensus.cc:515] T fbfe023cebf24aab9ce41b7980555148 P 44e74d0329c5433b8d05f959ace183eb [term 1 FOLLOWER]: Starting leader election with config: opid_index: -1 OBSOLETE_local: false peers { permanent_uuid: "8ec9369fcae545d89f68a105c0af6aa5" member_type: VOTER last_known_addr { host: "127.26.140.129" port: 36977 } } peers { permanent_uuid: "44e74d0329c5433b8d05f959ace183eb" member_type: VOTER last_known_addr { host: "127.26.140.130" port: 46723 } } peers { permanent_uuid: "a5d2ba6621874a7c853aaa3cacac0965" member_type: VOTER last_known_addr { host: "127.26.140.131" port: 35285 } }
I20260710 13:25:02.725445 27217 catalog_manager.cc:5697] T fa1fe77c063b43c48e1cca9d31350b21 P a5d2ba6621874a7c853aaa3cacac0965 reported cstate change: term changed from 0 to 1, leader changed from <none> to a5d2ba6621874a7c853aaa3cacac0965 (127.26.140.131). New cstate: current_term: 1 leader_uuid: "a5d2ba6621874a7c853aaa3cacac0965" committed_config { opid_index: -1 OBSOLETE_local: false peers { permanent_uuid: "8ec9369fcae545d89f68a105c0af6aa5" member_type: VOTER last_known_addr { host: "127.26.140.129" port: 36977 } health_report { overall_health: UNKNOWN } } peers { permanent_uuid: "44e74d0329c5433b8d05f959ace183eb" member_type: VOTER last_known_addr { host: "127.26.140.130" port: 46723 } health_report { overall_health: UNKNOWN } } peers { permanent_uuid: "a5d2ba6621874a7c853aaa3cacac0965" member_type: VOTER last_known_addr { host: "127.26.140.131" port: 35285 } health_report { overall_health: HEALTHY } } }
I20260710 13:25:02.727535 27519 leader_election.cc:290] T fbfe023cebf24aab9ce41b7980555148 P 44e74d0329c5433b8d05f959ace183eb [CANDIDATE]: Term 1 election: Requested vote from peers 8ec9369fcae545d89f68a105c0af6aa5 (127.26.140.129:36977), a5d2ba6621874a7c853aaa3cacac0965 (127.26.140.131:35285)
I20260710 13:25:02.711910 27559 raft_consensus.cc:2804] T 8eed73a6fa86495097c1e3ab994166c9 P 8ec9369fcae545d89f68a105c0af6aa5 [term 1 FOLLOWER]: Leader election won for term 1
I20260710 13:25:02.728544 27559 raft_consensus.cc:697] T 8eed73a6fa86495097c1e3ab994166c9 P 8ec9369fcae545d89f68a105c0af6aa5 [term 1 LEADER]: Becoming Leader. State: Replica: 8ec9369fcae545d89f68a105c0af6aa5, State: Running, Role: LEADER
I20260710 13:25:02.729377 27559 consensus_queue.cc:237] T 8eed73a6fa86495097c1e3ab994166c9 P 8ec9369fcae545d89f68a105c0af6aa5 [LEADER]: Queue going to LEADER mode. State: All replicated index: 0, Majority replicated index: 0, Committed index: 0, Last appended: 0.0, Last appended by leader: 0, Current term: 1, Majority size: 2, State: 0, Mode: LEADER, active raft config: opid_index: -1 OBSOLETE_local: false peers { permanent_uuid: "8ec9369fcae545d89f68a105c0af6aa5" member_type: VOTER last_known_addr { host: "127.26.140.129" port: 36977 } } peers { permanent_uuid: "44e74d0329c5433b8d05f959ace183eb" member_type: VOTER last_known_addr { host: "127.26.140.130" port: 46723 } } peers { permanent_uuid: "a5d2ba6621874a7c853aaa3cacac0965" member_type: VOTER last_known_addr { host: "127.26.140.131" port: 35285 } }
I20260710 13:25:02.729466 27321 tablet_service.cc:1917] Received RequestConsensusVote() RPC: tablet_id: "fbfe023cebf24aab9ce41b7980555148" candidate_uuid: "44e74d0329c5433b8d05f959ace183eb" candidate_term: 1 candidate_status { last_received { term: 0 index: 0 } } ignore_live_leader: false dest_uuid: "8ec9369fcae545d89f68a105c0af6aa5"
W20260710 13:25:02.731549 27360 leader_election.cc:343] T fbfe023cebf24aab9ce41b7980555148 P 44e74d0329c5433b8d05f959ace183eb [CANDIDATE]: Term 1 election: Tablet error from VoteRequest() call to peer 8ec9369fcae545d89f68a105c0af6aa5 (127.26.140.129:36977): Illegal state: must be running to vote when last-logged opid is not known
I20260710 13:25:02.732352 27470 tablet_service.cc:1917] Received RequestConsensusVote() RPC: tablet_id: "fbfe023cebf24aab9ce41b7980555148" candidate_uuid: "44e74d0329c5433b8d05f959ace183eb" candidate_term: 1 candidate_status { last_received { term: 0 index: 0 } } ignore_live_leader: false dest_uuid: "a5d2ba6621874a7c853aaa3cacac0965"
I20260710 13:25:02.732856 27470 raft_consensus.cc:3060] T fbfe023cebf24aab9ce41b7980555148 P a5d2ba6621874a7c853aaa3cacac0965 [term 0 FOLLOWER]: Advancing to term 1
I20260710 13:25:02.735762 27526 raft_consensus.cc:515] T a8f1f55641e448ac934f4e92869b5059 P 8ec9369fcae545d89f68a105c0af6aa5 [term 1 FOLLOWER]: Starting leader election with config: opid_index: -1 OBSOLETE_local: false peers { permanent_uuid: "8ec9369fcae545d89f68a105c0af6aa5" member_type: VOTER last_known_addr { host: "127.26.140.129" port: 36977 } } peers { permanent_uuid: "44e74d0329c5433b8d05f959ace183eb" member_type: VOTER last_known_addr { host: "127.26.140.130" port: 46723 } } peers { permanent_uuid: "a5d2ba6621874a7c853aaa3cacac0965" member_type: VOTER last_known_addr { host: "127.26.140.131" port: 35285 } }
I20260710 13:25:02.738499 27560 raft_consensus.cc:2749] T fa1fe77c063b43c48e1cca9d31350b21 P 8ec9369fcae545d89f68a105c0af6aa5 [term 1 FOLLOWER]: Leader pre-election lost for term 1. Reason: could not achieve majority
I20260710 13:25:02.743117 27395 tablet_service.cc:1917] Received RequestConsensusVote() RPC: tablet_id: "a8f1f55641e448ac934f4e92869b5059" candidate_uuid: "8ec9369fcae545d89f68a105c0af6aa5" candidate_term: 1 candidate_status { last_received { term: 0 index: 0 } } ignore_live_leader: false dest_uuid: "44e74d0329c5433b8d05f959ace183eb"
I20260710 13:25:02.743896 27395 raft_consensus.cc:3060] T a8f1f55641e448ac934f4e92869b5059 P 44e74d0329c5433b8d05f959ace183eb [term 0 FOLLOWER]: Advancing to term 1
I20260710 13:25:02.757220 27538 raft_consensus.cc:493] T 832e75da97ce404783a262117ebe3a6f P a5d2ba6621874a7c853aaa3cacac0965 [term 0 FOLLOWER]: Starting pre-election (no leader contacted us within the election timeout)
I20260710 13:25:02.757905 27538 raft_consensus.cc:515] T 832e75da97ce404783a262117ebe3a6f P a5d2ba6621874a7c853aaa3cacac0965 [term 0 FOLLOWER]: Starting pre-election with config: opid_index: -1 OBSOLETE_local: false peers { permanent_uuid: "8ec9369fcae545d89f68a105c0af6aa5" member_type: VOTER last_known_addr { host: "127.26.140.129" port: 36977 } } peers { permanent_uuid: "44e74d0329c5433b8d05f959ace183eb" member_type: VOTER last_known_addr { host: "127.26.140.130" port: 46723 } } peers { permanent_uuid: "a5d2ba6621874a7c853aaa3cacac0965" member_type: VOTER last_known_addr { host: "127.26.140.131" port: 35285 } }
I20260710 13:25:02.759655 27514 raft_consensus.cc:359] T 832e75da97ce404783a262117ebe3a6f P 44e74d0329c5433b8d05f959ace183eb [term 0 FOLLOWER]: Replica starting. Triggering 0 pending ops. Active config: opid_index: -1 OBSOLETE_local: false peers { permanent_uuid: "8ec9369fcae545d89f68a105c0af6aa5" member_type: VOTER last_known_addr { host: "127.26.140.129" port: 36977 } } peers { permanent_uuid: "44e74d0329c5433b8d05f959ace183eb" member_type: VOTER last_known_addr { host: "127.26.140.130" port: 46723 } } peers { permanent_uuid: "a5d2ba6621874a7c853aaa3cacac0965" member_type: VOTER last_known_addr { host: "127.26.140.131" port: 35285 } }
I20260710 13:25:02.760385 27514 raft_consensus.cc:385] T 832e75da97ce404783a262117ebe3a6f P 44e74d0329c5433b8d05f959ace183eb [term 0 FOLLOWER]: Consensus starting up: Expiring failure detector timer to make a prompt election more likely
I20260710 13:25:02.760673 27514 raft_consensus.cc:740] T 832e75da97ce404783a262117ebe3a6f P 44e74d0329c5433b8d05f959ace183eb [term 0 FOLLOWER]: Becoming Follower/Learner. State: Replica: 44e74d0329c5433b8d05f959ace183eb, State: Initialized, Role: FOLLOWER
I20260710 13:25:02.761122 27526 leader_election.cc:290] T a8f1f55641e448ac934f4e92869b5059 P 8ec9369fcae545d89f68a105c0af6aa5 [CANDIDATE]: Term 1 election: Requested vote from peers 44e74d0329c5433b8d05f959ace183eb (127.26.140.130:46723), a5d2ba6621874a7c853aaa3cacac0965 (127.26.140.131:35285)
I20260710 13:25:02.764810 27395 raft_consensus.cc:2468] T a8f1f55641e448ac934f4e92869b5059 P 44e74d0329c5433b8d05f959ace183eb [term 1 FOLLOWER]: Leader election vote request: Granting yes vote for candidate 8ec9369fcae545d89f68a105c0af6aa5 in term 1.
I20260710 13:25:02.763427 27321 tablet_service.cc:1917] Received RequestConsensusVote() RPC: tablet_id: "832e75da97ce404783a262117ebe3a6f" candidate_uuid: "a5d2ba6621874a7c853aaa3cacac0965" candidate_term: 1 candidate_status { last_received { term: 0 index: 0 } } ignore_live_leader: false dest_uuid: "8ec9369fcae545d89f68a105c0af6aa5" is_pre_election: true
I20260710 13:25:02.763790 27515 tablet_bootstrap.cc:492] T 50bdc03b7ad04a9795c08406791a0995 P 8ec9369fcae545d89f68a105c0af6aa5: No bootstrap required, opened a new log
I20260710 13:25:02.764636 27469 tablet_service.cc:1917] Received RequestConsensusVote() RPC: tablet_id: "a8f1f55641e448ac934f4e92869b5059" candidate_uuid: "8ec9369fcae545d89f68a105c0af6aa5" candidate_term: 1 candidate_status { last_received { term: 0 index: 0 } } ignore_live_leader: false dest_uuid: "a5d2ba6621874a7c853aaa3cacac0965"
I20260710 13:25:02.765498 27321 raft_consensus.cc:2468] T 832e75da97ce404783a262117ebe3a6f P 8ec9369fcae545d89f68a105c0af6aa5 [term 0 FOLLOWER]: Leader pre-election vote request: Granting yes vote for candidate a5d2ba6621874a7c853aaa3cacac0965 in term 0.
I20260710 13:25:02.765663 27469 raft_consensus.cc:3060] T a8f1f55641e448ac934f4e92869b5059 P a5d2ba6621874a7c853aaa3cacac0965 [term 0 FOLLOWER]: Advancing to term 1
I20260710 13:25:02.766918 27434 leader_election.cc:304] T 832e75da97ce404783a262117ebe3a6f P a5d2ba6621874a7c853aaa3cacac0965 [CANDIDATE]: Term 1 pre-election: Election decided. Result: candidate won. Election summary: received 2 responses out of 3 voters: 2 yes votes; 0 no votes. yes voters: 8ec9369fcae545d89f68a105c0af6aa5, a5d2ba6621874a7c853aaa3cacac0965; no voters: 
I20260710 13:25:02.767066 27284 leader_election.cc:304] T a8f1f55641e448ac934f4e92869b5059 P 8ec9369fcae545d89f68a105c0af6aa5 [CANDIDATE]: Term 1 election: Election decided. Result: candidate won. Election summary: received 2 responses out of 3 voters: 2 yes votes; 0 no votes. yes voters: 44e74d0329c5433b8d05f959ace183eb, 8ec9369fcae545d89f68a105c0af6aa5; no voters: 
I20260710 13:25:02.767872 27539 raft_consensus.cc:2804] T 832e75da97ce404783a262117ebe3a6f P a5d2ba6621874a7c853aaa3cacac0965 [term 0 FOLLOWER]: Leader pre-election won for term 1
I20260710 13:25:02.768352 27539 raft_consensus.cc:493] T 832e75da97ce404783a262117ebe3a6f P a5d2ba6621874a7c853aaa3cacac0965 [term 0 FOLLOWER]: Starting leader election (no leader contacted us within the election timeout)
I20260710 13:25:02.768755 27539 raft_consensus.cc:3060] T 832e75da97ce404783a262117ebe3a6f P a5d2ba6621874a7c853aaa3cacac0965 [term 0 FOLLOWER]: Advancing to term 1
I20260710 13:25:02.767063 27514 consensus_queue.cc:260] T 832e75da97ce404783a262117ebe3a6f P 44e74d0329c5433b8d05f959ace183eb [NON_LEADER]: Queue going to NON_LEADER mode. State: All replicated index: 0, Majority replicated index: 0, Committed index: 0, Last appended: 0.0, Last appended by leader: 0, Current term: 0, Majority size: -1, State: 0, Mode: NON_LEADER, active raft config: opid_index: -1 OBSOLETE_local: false peers { permanent_uuid: "8ec9369fcae545d89f68a105c0af6aa5" member_type: VOTER last_known_addr { host: "127.26.140.129" port: 36977 } } peers { permanent_uuid: "44e74d0329c5433b8d05f959ace183eb" member_type: VOTER last_known_addr { host: "127.26.140.130" port: 46723 } } peers { permanent_uuid: "a5d2ba6621874a7c853aaa3cacac0965" member_type: VOTER last_known_addr { host: "127.26.140.131" port: 35285 } }
I20260710 13:25:02.770576 27514 ts_tablet_manager.cc:1434] T 832e75da97ce404783a262117ebe3a6f P 44e74d0329c5433b8d05f959ace183eb: Time spent starting tablet: real 0.055s	user 0.006s	sys 0.001s
I20260710 13:25:02.767976 27526 raft_consensus.cc:2804] T a8f1f55641e448ac934f4e92869b5059 P 8ec9369fcae545d89f68a105c0af6aa5 [term 1 FOLLOWER]: Leader election won for term 1
I20260710 13:25:02.762291 27396 tablet_service.cc:1917] Received RequestConsensusVote() RPC: tablet_id: "832e75da97ce404783a262117ebe3a6f" candidate_uuid: "a5d2ba6621874a7c853aaa3cacac0965" candidate_term: 1 candidate_status { last_received { term: 0 index: 0 } } ignore_live_leader: false dest_uuid: "44e74d0329c5433b8d05f959ace183eb" is_pre_election: true
I20260710 13:25:02.771142 27526 raft_consensus.cc:697] T a8f1f55641e448ac934f4e92869b5059 P 8ec9369fcae545d89f68a105c0af6aa5 [term 1 LEADER]: Becoming Leader. State: Replica: 8ec9369fcae545d89f68a105c0af6aa5, State: Running, Role: LEADER
I20260710 13:25:02.771240 27396 raft_consensus.cc:2468] T 832e75da97ce404783a262117ebe3a6f P 44e74d0329c5433b8d05f959ace183eb [term 0 FOLLOWER]: Leader pre-election vote request: Granting yes vote for candidate a5d2ba6621874a7c853aaa3cacac0965 in term 0.
I20260710 13:25:02.772301 27470 raft_consensus.cc:2468] T fbfe023cebf24aab9ce41b7980555148 P a5d2ba6621874a7c853aaa3cacac0965 [term 1 FOLLOWER]: Leader election vote request: Granting yes vote for candidate 44e74d0329c5433b8d05f959ace183eb in term 1.
I20260710 13:25:02.760049 27538 leader_election.cc:290] T 832e75da97ce404783a262117ebe3a6f P a5d2ba6621874a7c853aaa3cacac0965 [CANDIDATE]: Term 1 pre-election: Requested pre-vote from peers 8ec9369fcae545d89f68a105c0af6aa5 (127.26.140.129:36977), 44e74d0329c5433b8d05f959ace183eb (127.26.140.130:46723)
I20260710 13:25:02.772105 27526 consensus_queue.cc:237] T a8f1f55641e448ac934f4e92869b5059 P 8ec9369fcae545d89f68a105c0af6aa5 [LEADER]: Queue going to LEADER mode. State: All replicated index: 0, Majority replicated index: 0, Committed index: 0, Last appended: 0.0, Last appended by leader: 0, Current term: 1, Majority size: 2, State: 0, Mode: LEADER, active raft config: opid_index: -1 OBSOLETE_local: false peers { permanent_uuid: "8ec9369fcae545d89f68a105c0af6aa5" member_type: VOTER last_known_addr { host: "127.26.140.129" port: 36977 } } peers { permanent_uuid: "44e74d0329c5433b8d05f959ace183eb" member_type: VOTER last_known_addr { host: "127.26.140.130" port: 46723 } } peers { permanent_uuid: "a5d2ba6621874a7c853aaa3cacac0965" member_type: VOTER last_known_addr { host: "127.26.140.131" port: 35285 } }
I20260710 13:25:02.773751 27361 leader_election.cc:304] T fbfe023cebf24aab9ce41b7980555148 P 44e74d0329c5433b8d05f959ace183eb [CANDIDATE]: Term 1 election: Election decided. Result: candidate won. Election summary: received 3 responses out of 3 voters: 2 yes votes; 1 no votes. yes voters: 44e74d0329c5433b8d05f959ace183eb, a5d2ba6621874a7c853aaa3cacac0965; no voters: 8ec9369fcae545d89f68a105c0af6aa5
I20260710 13:25:02.774530 27519 raft_consensus.cc:2804] T fbfe023cebf24aab9ce41b7980555148 P 44e74d0329c5433b8d05f959ace183eb [term 1 FOLLOWER]: Leader election won for term 1
I20260710 13:25:02.774979 27519 raft_consensus.cc:697] T fbfe023cebf24aab9ce41b7980555148 P 44e74d0329c5433b8d05f959ace183eb [term 1 LEADER]: Becoming Leader. State: Replica: 44e74d0329c5433b8d05f959ace183eb, State: Running, Role: LEADER
I20260710 13:25:02.776324 27514 tablet_bootstrap.cc:492] T df0a047f395140b3bd30343d4074f811 P 44e74d0329c5433b8d05f959ace183eb: Bootstrap starting.
I20260710 13:25:02.775782 27519 consensus_queue.cc:237] T fbfe023cebf24aab9ce41b7980555148 P 44e74d0329c5433b8d05f959ace183eb [LEADER]: Queue going to LEADER mode. State: All replicated index: 0, Majority replicated index: 0, Committed index: 0, Last appended: 0.0, Last appended by leader: 0, Current term: 1, Majority size: 2, State: 0, Mode: LEADER, active raft config: opid_index: -1 OBSOLETE_local: false peers { permanent_uuid: "8ec9369fcae545d89f68a105c0af6aa5" member_type: VOTER last_known_addr { host: "127.26.140.129" port: 36977 } } peers { permanent_uuid: "44e74d0329c5433b8d05f959ace183eb" member_type: VOTER last_known_addr { host: "127.26.140.130" port: 46723 } } peers { permanent_uuid: "a5d2ba6621874a7c853aaa3cacac0965" member_type: VOTER last_known_addr { host: "127.26.140.131" port: 35285 } }
I20260710 13:25:02.778440 27538 raft_consensus.cc:493] T df0a047f395140b3bd30343d4074f811 P a5d2ba6621874a7c853aaa3cacac0965 [term 0 FOLLOWER]: Starting pre-election (no leader contacted us within the election timeout)
I20260710 13:25:02.778882 27538 raft_consensus.cc:515] T df0a047f395140b3bd30343d4074f811 P a5d2ba6621874a7c853aaa3cacac0965 [term 0 FOLLOWER]: Starting pre-election with config: opid_index: -1 OBSOLETE_local: false peers { permanent_uuid: "8ec9369fcae545d89f68a105c0af6aa5" member_type: VOTER last_known_addr { host: "127.26.140.129" port: 36977 } } peers { permanent_uuid: "44e74d0329c5433b8d05f959ace183eb" member_type: VOTER last_known_addr { host: "127.26.140.130" port: 46723 } } peers { permanent_uuid: "a5d2ba6621874a7c853aaa3cacac0965" member_type: VOTER last_known_addr { host: "127.26.140.131" port: 35285 } }
I20260710 13:25:02.781579 27538 leader_election.cc:290] T df0a047f395140b3bd30343d4074f811 P a5d2ba6621874a7c853aaa3cacac0965 [CANDIDATE]: Term 1 pre-election: Requested pre-vote from peers 8ec9369fcae545d89f68a105c0af6aa5 (127.26.140.129:36977), 44e74d0329c5433b8d05f959ace183eb (127.26.140.130:46723)
I20260710 13:25:02.782087 27321 tablet_service.cc:1917] Received RequestConsensusVote() RPC: tablet_id: "df0a047f395140b3bd30343d4074f811" candidate_uuid: "a5d2ba6621874a7c853aaa3cacac0965" candidate_term: 1 candidate_status { last_received { term: 0 index: 0 } } ignore_live_leader: false dest_uuid: "8ec9369fcae545d89f68a105c0af6aa5" is_pre_election: true
I20260710 13:25:02.782166 27396 tablet_service.cc:1917] Received RequestConsensusVote() RPC: tablet_id: "df0a047f395140b3bd30343d4074f811" candidate_uuid: "a5d2ba6621874a7c853aaa3cacac0965" candidate_term: 1 candidate_status { last_received { term: 0 index: 0 } } ignore_live_leader: false dest_uuid: "44e74d0329c5433b8d05f959ace183eb" is_pre_election: true
I20260710 13:25:02.783336 27514 tablet_bootstrap.cc:654] T df0a047f395140b3bd30343d4074f811 P 44e74d0329c5433b8d05f959ace183eb: Neither blocks nor log segments found. Creating new log.
W20260710 13:25:02.783795 27433 leader_election.cc:343] T df0a047f395140b3bd30343d4074f811 P a5d2ba6621874a7c853aaa3cacac0965 [CANDIDATE]: Term 1 pre-election: Tablet error from VoteRequest() call to peer 44e74d0329c5433b8d05f959ace183eb (127.26.140.130:46723): Illegal state: must be running to vote when last-logged opid is not known
W20260710 13:25:02.784379 27434 leader_election.cc:343] T df0a047f395140b3bd30343d4074f811 P a5d2ba6621874a7c853aaa3cacac0965 [CANDIDATE]: Term 1 pre-election: Tablet error from VoteRequest() call to peer 8ec9369fcae545d89f68a105c0af6aa5 (127.26.140.129:36977): Illegal state: must be running to vote when last-logged opid is not known
I20260710 13:25:02.784821 27434 leader_election.cc:304] T df0a047f395140b3bd30343d4074f811 P a5d2ba6621874a7c853aaa3cacac0965 [CANDIDATE]: Term 1 pre-election: Election decided. Result: candidate lost. Election summary: received 3 responses out of 3 voters: 1 yes votes; 2 no votes. yes voters: a5d2ba6621874a7c853aaa3cacac0965; no voters: 44e74d0329c5433b8d05f959ace183eb, 8ec9369fcae545d89f68a105c0af6aa5
I20260710 13:25:02.788373 27539 raft_consensus.cc:515] T 832e75da97ce404783a262117ebe3a6f P a5d2ba6621874a7c853aaa3cacac0965 [term 1 FOLLOWER]: Starting leader election with config: opid_index: -1 OBSOLETE_local: false peers { permanent_uuid: "8ec9369fcae545d89f68a105c0af6aa5" member_type: VOTER last_known_addr { host: "127.26.140.129" port: 36977 } } peers { permanent_uuid: "44e74d0329c5433b8d05f959ace183eb" member_type: VOTER last_known_addr { host: "127.26.140.130" port: 46723 } } peers { permanent_uuid: "a5d2ba6621874a7c853aaa3cacac0965" member_type: VOTER last_known_addr { host: "127.26.140.131" port: 35285 } }
I20260710 13:25:02.789961 27538 raft_consensus.cc:2749] T df0a047f395140b3bd30343d4074f811 P a5d2ba6621874a7c853aaa3cacac0965 [term 0 FOLLOWER]: Leader pre-election lost for term 1. Reason: could not achieve majority
I20260710 13:25:02.765672 27515 ts_tablet_manager.cc:1403] T 50bdc03b7ad04a9795c08406791a0995 P 8ec9369fcae545d89f68a105c0af6aa5: Time spent bootstrapping tablet: real 0.116s	user 0.007s	sys 0.018s
I20260710 13:25:02.775715 27469 raft_consensus.cc:2468] T a8f1f55641e448ac934f4e92869b5059 P a5d2ba6621874a7c853aaa3cacac0965 [term 1 FOLLOWER]: Leader election vote request: Granting yes vote for candidate 8ec9369fcae545d89f68a105c0af6aa5 in term 1.
I20260710 13:25:02.794854 27515 raft_consensus.cc:359] T 50bdc03b7ad04a9795c08406791a0995 P 8ec9369fcae545d89f68a105c0af6aa5 [term 0 FOLLOWER]: Replica starting. Triggering 0 pending ops. Active config: opid_index: -1 OBSOLETE_local: false peers { permanent_uuid: "a5d2ba6621874a7c853aaa3cacac0965" member_type: VOTER last_known_addr { host: "127.26.140.131" port: 35285 } } peers { permanent_uuid: "44e74d0329c5433b8d05f959ace183eb" member_type: VOTER last_known_addr { host: "127.26.140.130" port: 46723 } } peers { permanent_uuid: "8ec9369fcae545d89f68a105c0af6aa5" member_type: VOTER last_known_addr { host: "127.26.140.129" port: 36977 } }
I20260710 13:25:02.789345 27216 catalog_manager.cc:5697] T 8eed73a6fa86495097c1e3ab994166c9 P 8ec9369fcae545d89f68a105c0af6aa5 reported cstate change: term changed from 0 to 1, leader changed from <none> to 8ec9369fcae545d89f68a105c0af6aa5 (127.26.140.129). New cstate: current_term: 1 leader_uuid: "8ec9369fcae545d89f68a105c0af6aa5" committed_config { opid_index: -1 OBSOLETE_local: false peers { permanent_uuid: "8ec9369fcae545d89f68a105c0af6aa5" member_type: VOTER last_known_addr { host: "127.26.140.129" port: 36977 } health_report { overall_health: HEALTHY } } peers { permanent_uuid: "44e74d0329c5433b8d05f959ace183eb" member_type: VOTER last_known_addr { host: "127.26.140.130" port: 46723 } health_report { overall_health: UNKNOWN } } peers { permanent_uuid: "a5d2ba6621874a7c853aaa3cacac0965" member_type: VOTER last_known_addr { host: "127.26.140.131" port: 35285 } health_report { overall_health: UNKNOWN } } }
I20260710 13:25:02.795552 27321 tablet_service.cc:1917] Received RequestConsensusVote() RPC: tablet_id: "832e75da97ce404783a262117ebe3a6f" candidate_uuid: "a5d2ba6621874a7c853aaa3cacac0965" candidate_term: 1 candidate_status { last_received { term: 0 index: 0 } } ignore_live_leader: false dest_uuid: "8ec9369fcae545d89f68a105c0af6aa5"
I20260710 13:25:02.796350 27321 raft_consensus.cc:3060] T 832e75da97ce404783a262117ebe3a6f P 8ec9369fcae545d89f68a105c0af6aa5 [term 0 FOLLOWER]: Advancing to term 1
I20260710 13:25:02.796392 27216 catalog_manager.cc:5697] T a8f1f55641e448ac934f4e92869b5059 P 8ec9369fcae545d89f68a105c0af6aa5 reported cstate change: term changed from 0 to 1, leader changed from <none> to 8ec9369fcae545d89f68a105c0af6aa5 (127.26.140.129). New cstate: current_term: 1 leader_uuid: "8ec9369fcae545d89f68a105c0af6aa5" committed_config { opid_index: -1 OBSOLETE_local: false peers { permanent_uuid: "8ec9369fcae545d89f68a105c0af6aa5" member_type: VOTER last_known_addr { host: "127.26.140.129" port: 36977 } health_report { overall_health: HEALTHY } } peers { permanent_uuid: "44e74d0329c5433b8d05f959ace183eb" member_type: VOTER last_known_addr { host: "127.26.140.130" port: 46723 } health_report { overall_health: UNKNOWN } } peers { permanent_uuid: "a5d2ba6621874a7c853aaa3cacac0965" member_type: VOTER last_known_addr { host: "127.26.140.131" port: 35285 } health_report { overall_health: UNKNOWN } } }
I20260710 13:25:02.795593 27515 raft_consensus.cc:385] T 50bdc03b7ad04a9795c08406791a0995 P 8ec9369fcae545d89f68a105c0af6aa5 [term 0 FOLLOWER]: Consensus starting up: Expiring failure detector timer to make a prompt election more likely
I20260710 13:25:02.803397 27515 raft_consensus.cc:740] T 50bdc03b7ad04a9795c08406791a0995 P 8ec9369fcae545d89f68a105c0af6aa5 [term 0 FOLLOWER]: Becoming Follower/Learner. State: Replica: 8ec9369fcae545d89f68a105c0af6aa5, State: Initialized, Role: FOLLOWER
I20260710 13:25:02.804234 27515 consensus_queue.cc:260] T 50bdc03b7ad04a9795c08406791a0995 P 8ec9369fcae545d89f68a105c0af6aa5 [NON_LEADER]: Queue going to NON_LEADER mode. State: All replicated index: 0, Majority replicated index: 0, Committed index: 0, Last appended: 0.0, Last appended by leader: 0, Current term: 0, Majority size: -1, State: 0, Mode: NON_LEADER, active raft config: opid_index: -1 OBSOLETE_local: false peers { permanent_uuid: "a5d2ba6621874a7c853aaa3cacac0965" member_type: VOTER last_known_addr { host: "127.26.140.131" port: 35285 } } peers { permanent_uuid: "44e74d0329c5433b8d05f959ace183eb" member_type: VOTER last_known_addr { host: "127.26.140.130" port: 46723 } } peers { permanent_uuid: "8ec9369fcae545d89f68a105c0af6aa5" member_type: VOTER last_known_addr { host: "127.26.140.129" port: 36977 } }
I20260710 13:25:02.806754 27515 ts_tablet_manager.cc:1434] T 50bdc03b7ad04a9795c08406791a0995 P 8ec9369fcae545d89f68a105c0af6aa5: Time spent starting tablet: real 0.015s	user 0.005s	sys 0.000s
I20260710 13:25:02.807718 27515 tablet_bootstrap.cc:492] T fbfe023cebf24aab9ce41b7980555148 P 8ec9369fcae545d89f68a105c0af6aa5: Bootstrap starting.
I20260710 13:25:02.817682 27321 raft_consensus.cc:2468] T 832e75da97ce404783a262117ebe3a6f P 8ec9369fcae545d89f68a105c0af6aa5 [term 1 FOLLOWER]: Leader election vote request: Granting yes vote for candidate a5d2ba6621874a7c853aaa3cacac0965 in term 1.
I20260710 13:25:02.818696 27515 tablet_bootstrap.cc:654] T fbfe023cebf24aab9ce41b7980555148 P 8ec9369fcae545d89f68a105c0af6aa5: Neither blocks nor log segments found. Creating new log.
I20260710 13:25:02.825917 27396 tablet_service.cc:1917] Received RequestConsensusVote() RPC: tablet_id: "832e75da97ce404783a262117ebe3a6f" candidate_uuid: "a5d2ba6621874a7c853aaa3cacac0965" candidate_term: 1 candidate_status { last_received { term: 0 index: 0 } } ignore_live_leader: false dest_uuid: "44e74d0329c5433b8d05f959ace183eb"
I20260710 13:25:02.827692 27396 raft_consensus.cc:3060] T 832e75da97ce404783a262117ebe3a6f P 44e74d0329c5433b8d05f959ace183eb [term 0 FOLLOWER]: Advancing to term 1
I20260710 13:25:02.826625 27216 catalog_manager.cc:5697] T fbfe023cebf24aab9ce41b7980555148 P 44e74d0329c5433b8d05f959ace183eb reported cstate change: term changed from 0 to 1, leader changed from <none> to 44e74d0329c5433b8d05f959ace183eb (127.26.140.130). New cstate: current_term: 1 leader_uuid: "44e74d0329c5433b8d05f959ace183eb" committed_config { opid_index: -1 OBSOLETE_local: false peers { permanent_uuid: "8ec9369fcae545d89f68a105c0af6aa5" member_type: VOTER last_known_addr { host: "127.26.140.129" port: 36977 } health_report { overall_health: UNKNOWN } } peers { permanent_uuid: "44e74d0329c5433b8d05f959ace183eb" member_type: VOTER last_known_addr { host: "127.26.140.130" port: 46723 } health_report { overall_health: HEALTHY } } peers { permanent_uuid: "a5d2ba6621874a7c853aaa3cacac0965" member_type: VOTER last_known_addr { host: "127.26.140.131" port: 35285 } health_report { overall_health: UNKNOWN } } }
I20260710 13:25:02.837868 27396 raft_consensus.cc:2468] T 832e75da97ce404783a262117ebe3a6f P 44e74d0329c5433b8d05f959ace183eb [term 1 FOLLOWER]: Leader election vote request: Granting yes vote for candidate a5d2ba6621874a7c853aaa3cacac0965 in term 1.
I20260710 13:25:02.826592 27539 leader_election.cc:290] T 832e75da97ce404783a262117ebe3a6f P a5d2ba6621874a7c853aaa3cacac0965 [CANDIDATE]: Term 1 election: Requested vote from peers 8ec9369fcae545d89f68a105c0af6aa5 (127.26.140.129:36977), 44e74d0329c5433b8d05f959ace183eb (127.26.140.130:46723)
I20260710 13:25:02.839617 27434 leader_election.cc:304] T 832e75da97ce404783a262117ebe3a6f P a5d2ba6621874a7c853aaa3cacac0965 [CANDIDATE]: Term 1 election: Election decided. Result: candidate won. Election summary: received 2 responses out of 3 voters: 2 yes votes; 0 no votes. yes voters: 8ec9369fcae545d89f68a105c0af6aa5, a5d2ba6621874a7c853aaa3cacac0965; no voters: 
I20260710 13:25:02.845654 27538 raft_consensus.cc:2804] T 832e75da97ce404783a262117ebe3a6f P a5d2ba6621874a7c853aaa3cacac0965 [term 1 FOLLOWER]: Leader election won for term 1
I20260710 13:25:02.846141 27538 raft_consensus.cc:697] T 832e75da97ce404783a262117ebe3a6f P a5d2ba6621874a7c853aaa3cacac0965 [term 1 LEADER]: Becoming Leader. State: Replica: a5d2ba6621874a7c853aaa3cacac0965, State: Running, Role: LEADER
I20260710 13:25:02.847010 27538 consensus_queue.cc:237] T 832e75da97ce404783a262117ebe3a6f P a5d2ba6621874a7c853aaa3cacac0965 [LEADER]: Queue going to LEADER mode. State: All replicated index: 0, Majority replicated index: 0, Committed index: 0, Last appended: 0.0, Last appended by leader: 0, Current term: 1, Majority size: 2, State: 0, Mode: LEADER, active raft config: opid_index: -1 OBSOLETE_local: false peers { permanent_uuid: "8ec9369fcae545d89f68a105c0af6aa5" member_type: VOTER last_known_addr { host: "127.26.140.129" port: 36977 } } peers { permanent_uuid: "44e74d0329c5433b8d05f959ace183eb" member_type: VOTER last_known_addr { host: "127.26.140.130" port: 46723 } } peers { permanent_uuid: "a5d2ba6621874a7c853aaa3cacac0965" member_type: VOTER last_known_addr { host: "127.26.140.131" port: 35285 } }
I20260710 13:25:02.859680 27514 tablet_bootstrap.cc:492] T df0a047f395140b3bd30343d4074f811 P 44e74d0329c5433b8d05f959ace183eb: No bootstrap required, opened a new log
I20260710 13:25:02.860139 27514 ts_tablet_manager.cc:1403] T df0a047f395140b3bd30343d4074f811 P 44e74d0329c5433b8d05f959ace183eb: Time spent bootstrapping tablet: real 0.084s	user 0.023s	sys 0.059s
I20260710 13:25:02.860234 27515 tablet_bootstrap.cc:492] T fbfe023cebf24aab9ce41b7980555148 P 8ec9369fcae545d89f68a105c0af6aa5: No bootstrap required, opened a new log
I20260710 13:25:02.860708 27515 ts_tablet_manager.cc:1403] T fbfe023cebf24aab9ce41b7980555148 P 8ec9369fcae545d89f68a105c0af6aa5: Time spent bootstrapping tablet: real 0.053s	user 0.012s	sys 0.007s
I20260710 13:25:02.862567 27514 raft_consensus.cc:359] T df0a047f395140b3bd30343d4074f811 P 44e74d0329c5433b8d05f959ace183eb [term 0 FOLLOWER]: Replica starting. Triggering 0 pending ops. Active config: opid_index: -1 OBSOLETE_local: false peers { permanent_uuid: "8ec9369fcae545d89f68a105c0af6aa5" member_type: VOTER last_known_addr { host: "127.26.140.129" port: 36977 } } peers { permanent_uuid: "44e74d0329c5433b8d05f959ace183eb" member_type: VOTER last_known_addr { host: "127.26.140.130" port: 46723 } } peers { permanent_uuid: "a5d2ba6621874a7c853aaa3cacac0965" member_type: VOTER last_known_addr { host: "127.26.140.131" port: 35285 } }
I20260710 13:25:02.863572 27514 raft_consensus.cc:385] T df0a047f395140b3bd30343d4074f811 P 44e74d0329c5433b8d05f959ace183eb [term 0 FOLLOWER]: Consensus starting up: Expiring failure detector timer to make a prompt election more likely
I20260710 13:25:02.863844 27514 raft_consensus.cc:740] T df0a047f395140b3bd30343d4074f811 P 44e74d0329c5433b8d05f959ace183eb [term 0 FOLLOWER]: Becoming Follower/Learner. State: Replica: 44e74d0329c5433b8d05f959ace183eb, State: Initialized, Role: FOLLOWER
I20260710 13:25:02.864624 27514 consensus_queue.cc:260] T df0a047f395140b3bd30343d4074f811 P 44e74d0329c5433b8d05f959ace183eb [NON_LEADER]: Queue going to NON_LEADER mode. State: All replicated index: 0, Majority replicated index: 0, Committed index: 0, Last appended: 0.0, Last appended by leader: 0, Current term: 0, Majority size: -1, State: 0, Mode: NON_LEADER, active raft config: opid_index: -1 OBSOLETE_local: false peers { permanent_uuid: "8ec9369fcae545d89f68a105c0af6aa5" member_type: VOTER last_known_addr { host: "127.26.140.129" port: 36977 } } peers { permanent_uuid: "44e74d0329c5433b8d05f959ace183eb" member_type: VOTER last_known_addr { host: "127.26.140.130" port: 46723 } } peers { permanent_uuid: "a5d2ba6621874a7c853aaa3cacac0965" member_type: VOTER last_known_addr { host: "127.26.140.131" port: 35285 } }
I20260710 13:25:02.866689 27514 ts_tablet_manager.cc:1434] T df0a047f395140b3bd30343d4074f811 P 44e74d0329c5433b8d05f959ace183eb: Time spent starting tablet: real 0.006s	user 0.005s	sys 0.000s
I20260710 13:25:02.869040 27515 raft_consensus.cc:359] T fbfe023cebf24aab9ce41b7980555148 P 8ec9369fcae545d89f68a105c0af6aa5 [term 0 FOLLOWER]: Replica starting. Triggering 0 pending ops. Active config: opid_index: -1 OBSOLETE_local: false peers { permanent_uuid: "8ec9369fcae545d89f68a105c0af6aa5" member_type: VOTER last_known_addr { host: "127.26.140.129" port: 36977 } } peers { permanent_uuid: "44e74d0329c5433b8d05f959ace183eb" member_type: VOTER last_known_addr { host: "127.26.140.130" port: 46723 } } peers { permanent_uuid: "a5d2ba6621874a7c853aaa3cacac0965" member_type: VOTER last_known_addr { host: "127.26.140.131" port: 35285 } }
I20260710 13:25:02.869715 27515 raft_consensus.cc:385] T fbfe023cebf24aab9ce41b7980555148 P 8ec9369fcae545d89f68a105c0af6aa5 [term 0 FOLLOWER]: Consensus starting up: Expiring failure detector timer to make a prompt election more likely
I20260710 13:25:02.869985 27515 raft_consensus.cc:740] T fbfe023cebf24aab9ce41b7980555148 P 8ec9369fcae545d89f68a105c0af6aa5 [term 0 FOLLOWER]: Becoming Follower/Learner. State: Replica: 8ec9369fcae545d89f68a105c0af6aa5, State: Initialized, Role: FOLLOWER
I20260710 13:25:02.870833 27515 consensus_queue.cc:260] T fbfe023cebf24aab9ce41b7980555148 P 8ec9369fcae545d89f68a105c0af6aa5 [NON_LEADER]: Queue going to NON_LEADER mode. State: All replicated index: 0, Majority replicated index: 0, Committed index: 0, Last appended: 0.0, Last appended by leader: 0, Current term: 0, Majority size: -1, State: 0, Mode: NON_LEADER, active raft config: opid_index: -1 OBSOLETE_local: false peers { permanent_uuid: "8ec9369fcae545d89f68a105c0af6aa5" member_type: VOTER last_known_addr { host: "127.26.140.129" port: 36977 } } peers { permanent_uuid: "44e74d0329c5433b8d05f959ace183eb" member_type: VOTER last_known_addr { host: "127.26.140.130" port: 46723 } } peers { permanent_uuid: "a5d2ba6621874a7c853aaa3cacac0965" member_type: VOTER last_known_addr { host: "127.26.140.131" port: 35285 } }
I20260710 13:25:02.875386 27526 raft_consensus.cc:493] T fbfe023cebf24aab9ce41b7980555148 P 8ec9369fcae545d89f68a105c0af6aa5 [term 0 FOLLOWER]: Starting pre-election (no leader contacted us within the election timeout)
I20260710 13:25:02.875886 27515 ts_tablet_manager.cc:1434] T fbfe023cebf24aab9ce41b7980555148 P 8ec9369fcae545d89f68a105c0af6aa5: Time spent starting tablet: real 0.015s	user 0.005s	sys 0.002s
I20260710 13:25:02.876044 27526 raft_consensus.cc:515] T fbfe023cebf24aab9ce41b7980555148 P 8ec9369fcae545d89f68a105c0af6aa5 [term 0 FOLLOWER]: Starting pre-election with config: opid_index: -1 OBSOLETE_local: false peers { permanent_uuid: "8ec9369fcae545d89f68a105c0af6aa5" member_type: VOTER last_known_addr { host: "127.26.140.129" port: 36977 } } peers { permanent_uuid: "44e74d0329c5433b8d05f959ace183eb" member_type: VOTER last_known_addr { host: "127.26.140.130" port: 46723 } } peers { permanent_uuid: "a5d2ba6621874a7c853aaa3cacac0965" member_type: VOTER last_known_addr { host: "127.26.140.131" port: 35285 } }
I20260710 13:25:02.877015 27515 tablet_bootstrap.cc:492] T df0a047f395140b3bd30343d4074f811 P 8ec9369fcae545d89f68a105c0af6aa5: Bootstrap starting.
I20260710 13:25:02.878547 27526 leader_election.cc:290] T fbfe023cebf24aab9ce41b7980555148 P 8ec9369fcae545d89f68a105c0af6aa5 [CANDIDATE]: Term 1 pre-election: Requested pre-vote from peers 44e74d0329c5433b8d05f959ace183eb (127.26.140.130:46723), a5d2ba6621874a7c853aaa3cacac0965 (127.26.140.131:35285)
I20260710 13:25:02.879830 27469 tablet_service.cc:1917] Received RequestConsensusVote() RPC: tablet_id: "fbfe023cebf24aab9ce41b7980555148" candidate_uuid: "8ec9369fcae545d89f68a105c0af6aa5" candidate_term: 1 candidate_status { last_received { term: 0 index: 0 } } ignore_live_leader: false dest_uuid: "a5d2ba6621874a7c853aaa3cacac0965" is_pre_election: true
I20260710 13:25:02.880805 27469 raft_consensus.cc:2393] T fbfe023cebf24aab9ce41b7980555148 P a5d2ba6621874a7c853aaa3cacac0965 [term 1 FOLLOWER]: Leader pre-election vote request: Denying vote to candidate 8ec9369fcae545d89f68a105c0af6aa5 in current term 1: Already voted for candidate 44e74d0329c5433b8d05f959ace183eb in this term.
I20260710 13:25:02.880546 27396 tablet_service.cc:1917] Received RequestConsensusVote() RPC: tablet_id: "fbfe023cebf24aab9ce41b7980555148" candidate_uuid: "8ec9369fcae545d89f68a105c0af6aa5" candidate_term: 1 candidate_status { last_received { term: 0 index: 0 } } ignore_live_leader: false dest_uuid: "44e74d0329c5433b8d05f959ace183eb" is_pre_election: true
I20260710 13:25:02.879909 27217 catalog_manager.cc:5697] T 832e75da97ce404783a262117ebe3a6f P a5d2ba6621874a7c853aaa3cacac0965 reported cstate change: term changed from 0 to 1, leader changed from <none> to a5d2ba6621874a7c853aaa3cacac0965 (127.26.140.131). New cstate: current_term: 1 leader_uuid: "a5d2ba6621874a7c853aaa3cacac0965" committed_config { opid_index: -1 OBSOLETE_local: false peers { permanent_uuid: "8ec9369fcae545d89f68a105c0af6aa5" member_type: VOTER last_known_addr { host: "127.26.140.129" port: 36977 } health_report { overall_health: UNKNOWN } } peers { permanent_uuid: "44e74d0329c5433b8d05f959ace183eb" member_type: VOTER last_known_addr { host: "127.26.140.130" port: 46723 } health_report { overall_health: UNKNOWN } } peers { permanent_uuid: "a5d2ba6621874a7c853aaa3cacac0965" member_type: VOTER last_known_addr { host: "127.26.140.131" port: 35285 } health_report { overall_health: HEALTHY } } }
I20260710 13:25:02.882413 27284 leader_election.cc:304] T fbfe023cebf24aab9ce41b7980555148 P 8ec9369fcae545d89f68a105c0af6aa5 [CANDIDATE]: Term 1 pre-election: Election decided. Result: candidate lost. Election summary: received 3 responses out of 3 voters: 1 yes votes; 2 no votes. yes voters: 8ec9369fcae545d89f68a105c0af6aa5; no voters: 44e74d0329c5433b8d05f959ace183eb, a5d2ba6621874a7c853aaa3cacac0965
I20260710 13:25:02.883662 27515 tablet_bootstrap.cc:654] T df0a047f395140b3bd30343d4074f811 P 8ec9369fcae545d89f68a105c0af6aa5: Neither blocks nor log segments found. Creating new log.
I20260710 13:25:02.886448 27526 raft_consensus.cc:3060] T fbfe023cebf24aab9ce41b7980555148 P 8ec9369fcae545d89f68a105c0af6aa5 [term 0 FOLLOWER]: Advancing to term 1
W20260710 13:25:02.896919 27266 auto_rebalancer.cc:288] Could not retrieve cluster info: Service unavailable: Tablet not running
I20260710 13:25:02.898142 27526 raft_consensus.cc:2749] T fbfe023cebf24aab9ce41b7980555148 P 8ec9369fcae545d89f68a105c0af6aa5 [term 1 FOLLOWER]: Leader pre-election lost for term 1. Reason: could not achieve majority
I20260710 13:25:02.898514 27515 tablet_bootstrap.cc:492] T df0a047f395140b3bd30343d4074f811 P 8ec9369fcae545d89f68a105c0af6aa5: No bootstrap required, opened a new log
I20260710 13:25:02.898975 27515 ts_tablet_manager.cc:1403] T df0a047f395140b3bd30343d4074f811 P 8ec9369fcae545d89f68a105c0af6aa5: Time spent bootstrapping tablet: real 0.022s	user 0.006s	sys 0.006s
I20260710 13:25:02.901925 27515 raft_consensus.cc:359] T df0a047f395140b3bd30343d4074f811 P 8ec9369fcae545d89f68a105c0af6aa5 [term 0 FOLLOWER]: Replica starting. Triggering 0 pending ops. Active config: opid_index: -1 OBSOLETE_local: false peers { permanent_uuid: "8ec9369fcae545d89f68a105c0af6aa5" member_type: VOTER last_known_addr { host: "127.26.140.129" port: 36977 } } peers { permanent_uuid: "44e74d0329c5433b8d05f959ace183eb" member_type: VOTER last_known_addr { host: "127.26.140.130" port: 46723 } } peers { permanent_uuid: "a5d2ba6621874a7c853aaa3cacac0965" member_type: VOTER last_known_addr { host: "127.26.140.131" port: 35285 } }
I20260710 13:25:02.902634 27515 raft_consensus.cc:385] T df0a047f395140b3bd30343d4074f811 P 8ec9369fcae545d89f68a105c0af6aa5 [term 0 FOLLOWER]: Consensus starting up: Expiring failure detector timer to make a prompt election more likely
I20260710 13:25:02.902902 27515 raft_consensus.cc:740] T df0a047f395140b3bd30343d4074f811 P 8ec9369fcae545d89f68a105c0af6aa5 [term 0 FOLLOWER]: Becoming Follower/Learner. State: Replica: 8ec9369fcae545d89f68a105c0af6aa5, State: Initialized, Role: FOLLOWER
I20260710 13:25:02.903540 27515 consensus_queue.cc:260] T df0a047f395140b3bd30343d4074f811 P 8ec9369fcae545d89f68a105c0af6aa5 [NON_LEADER]: Queue going to NON_LEADER mode. State: All replicated index: 0, Majority replicated index: 0, Committed index: 0, Last appended: 0.0, Last appended by leader: 0, Current term: 0, Majority size: -1, State: 0, Mode: NON_LEADER, active raft config: opid_index: -1 OBSOLETE_local: false peers { permanent_uuid: "8ec9369fcae545d89f68a105c0af6aa5" member_type: VOTER last_known_addr { host: "127.26.140.129" port: 36977 } } peers { permanent_uuid: "44e74d0329c5433b8d05f959ace183eb" member_type: VOTER last_known_addr { host: "127.26.140.130" port: 46723 } } peers { permanent_uuid: "a5d2ba6621874a7c853aaa3cacac0965" member_type: VOTER last_known_addr { host: "127.26.140.131" port: 35285 } }
I20260710 13:25:02.905542 27515 ts_tablet_manager.cc:1434] T df0a047f395140b3bd30343d4074f811 P 8ec9369fcae545d89f68a105c0af6aa5: Time spent starting tablet: real 0.006s	user 0.007s	sys 0.000s
I20260710 13:25:02.960852 27321 raft_consensus.cc:3060] T 50bdc03b7ad04a9795c08406791a0995 P 8ec9369fcae545d89f68a105c0af6aa5 [term 0 FOLLOWER]: Advancing to term 1
I20260710 13:25:02.967118 27519 consensus_queue.cc:1048] T 50bdc03b7ad04a9795c08406791a0995 P 44e74d0329c5433b8d05f959ace183eb [LEADER]: Connected to new peer: Peer: permanent_uuid: "8ec9369fcae545d89f68a105c0af6aa5" member_type: VOTER last_known_addr { host: "127.26.140.129" port: 36977 }, Status: LMP_MISMATCH, Last received: 0.0, Next index: 1, Last known committed idx: 0, Time since last communication: 0.000s
