I20260710 13:25:36.158244 28850 raft_consensus.cc:2955] T 683c1d2b5695451293b561ab9709d2d1 P 31e5aea7cd8a4dfdb98f73c57b750fdd [term 2 FOLLOWER]: Committing config change with OpId 2.4: config changed from index 3 to 4, 41dab8b4a8914acf85bc9af5488e4dba (127.27.2.68) changed from NON_VOTER to VOTER. New config: { opid_index: 4 OBSOLETE_local: false peers { permanent_uuid: "3e89a3b4a4e24daeac85bd540b82bc14" member_type: VOTER last_known_addr { host: "127.27.2.65" port: 44559 } attrs { replace: true } } peers { permanent_uuid: "31e5aea7cd8a4dfdb98f73c57b750fdd" member_type: VOTER last_known_addr { host: "127.27.2.66" port: 46593 } } peers { permanent_uuid: "a61b05ea26764dcea0e0dd551d0b03c5" member_type: VOTER last_known_addr { host: "127.27.2.67" port: 34167 } } peers { permanent_uuid: "41dab8b4a8914acf85bc9af5488e4dba" member_type: VOTER last_known_addr { host: "127.27.2.68" port: 39721 } attrs { promote: false } } }
I20260710 13:25:36.165815 29186 raft_consensus.cc:1275] T 339535f553f34e78b8f67b8d30c21bcd P 41dab8b4a8914acf85bc9af5488e4dba [term 1 FOLLOWER]: Refusing update from remote peer 3e89a3b4a4e24daeac85bd540b82bc14: Log matching property violated. Preceding OpId in replica: term: 1 index: 3. Preceding OpId from leader: term: 1 index: 4. (index mismatch)
I20260710 13:25:36.168737 29436 consensus_queue.cc:1048] T 339535f553f34e78b8f67b8d30c21bcd P 3e89a3b4a4e24daeac85bd540b82bc14 [LEADER]: Connected to new peer: Peer: permanent_uuid: "41dab8b4a8914acf85bc9af5488e4dba" member_type: VOTER last_known_addr { host: "127.27.2.68" port: 39721 } attrs { promote: false }, Status: LMP_MISMATCH, Last received: 0.0, Next index: 4, Last known committed idx: 3, Time since last communication: 0.002s
I20260710 13:25:36.179649 28671 catalog_manager.cc:5697] T 683c1d2b5695451293b561ab9709d2d1 P 41dab8b4a8914acf85bc9af5488e4dba reported cstate change: config changed from index 3 to 4, 41dab8b4a8914acf85bc9af5488e4dba (127.27.2.68) changed from NON_VOTER to VOTER. New cstate: current_term: 2 leader_uuid: "a61b05ea26764dcea0e0dd551d0b03c5" committed_config { opid_index: 4 OBSOLETE_local: false peers { permanent_uuid: "3e89a3b4a4e24daeac85bd540b82bc14" member_type: VOTER last_known_addr { host: "127.27.2.65" port: 44559 } attrs { replace: true } } peers { permanent_uuid: "31e5aea7cd8a4dfdb98f73c57b750fdd" member_type: VOTER last_known_addr { host: "127.27.2.66" port: 46593 } } peers { permanent_uuid: "a61b05ea26764dcea0e0dd551d0b03c5" member_type: VOTER last_known_addr { host: "127.27.2.67" port: 34167 } } peers { permanent_uuid: "41dab8b4a8914acf85bc9af5488e4dba" member_type: VOTER last_known_addr { host: "127.27.2.68" port: 39721 } attrs { promote: false } } }
I20260710 13:25:36.179713 28775 raft_consensus.cc:2955] T 683c1d2b5695451293b561ab9709d2d1 P 3e89a3b4a4e24daeac85bd540b82bc14 [term 2 FOLLOWER]: Committing config change with OpId 2.4: config changed from index 3 to 4, 41dab8b4a8914acf85bc9af5488e4dba (127.27.2.68) changed from NON_VOTER to VOTER. New config: { opid_index: 4 OBSOLETE_local: false peers { permanent_uuid: "3e89a3b4a4e24daeac85bd540b82bc14" member_type: VOTER last_known_addr { host: "127.27.2.65" port: 44559 } attrs { replace: true } } peers { permanent_uuid: "31e5aea7cd8a4dfdb98f73c57b750fdd" member_type: VOTER last_known_addr { host: "127.27.2.66" port: 46593 } } peers { permanent_uuid: "a61b05ea26764dcea0e0dd551d0b03c5" member_type: VOTER last_known_addr { host: "127.27.2.67" port: 34167 } } peers { permanent_uuid: "41dab8b4a8914acf85bc9af5488e4dba" member_type: VOTER last_known_addr { host: "127.27.2.68" port: 39721 } attrs { promote: false } } }
I20260710 13:25:36.184382 28921 raft_consensus.cc:1275] T 339535f553f34e78b8f67b8d30c21bcd P a61b05ea26764dcea0e0dd551d0b03c5 [term 1 FOLLOWER]: Refusing update from remote peer 3e89a3b4a4e24daeac85bd540b82bc14: Log matching property violated. Preceding OpId in replica: term: 1 index: 3. Preceding OpId from leader: term: 1 index: 4. (index mismatch)
I20260710 13:25:36.185693 29406 consensus_queue.cc:1048] T 339535f553f34e78b8f67b8d30c21bcd P 3e89a3b4a4e24daeac85bd540b82bc14 [LEADER]: Connected to new peer: Peer: permanent_uuid: "a61b05ea26764dcea0e0dd551d0b03c5" member_type: VOTER last_known_addr { host: "127.27.2.67" port: 34167 }, Status: LMP_MISMATCH, Last received: 0.0, Next index: 4, Last known committed idx: 3, Time since last communication: 0.001s
I20260710 13:25:36.188534 29372 raft_consensus.cc:2955] T 339535f553f34e78b8f67b8d30c21bcd P 3e89a3b4a4e24daeac85bd540b82bc14 [term 1 LEADER]: Committing config change with OpId 1.4: config changed from index 3 to 4, VOTER 31e5aea7cd8a4dfdb98f73c57b750fdd (127.27.2.66) evicted. New config: { opid_index: 4 OBSOLETE_local: false peers { permanent_uuid: "3e89a3b4a4e24daeac85bd540b82bc14" member_type: VOTER last_known_addr { host: "127.27.2.65" port: 44559 } } peers { permanent_uuid: "a61b05ea26764dcea0e0dd551d0b03c5" member_type: VOTER last_known_addr { host: "127.27.2.67" port: 34167 } } peers { permanent_uuid: "41dab8b4a8914acf85bc9af5488e4dba" member_type: VOTER last_known_addr { host: "127.27.2.68" port: 39721 } attrs { promote: false } } }
I20260710 13:25:36.191466 29186 raft_consensus.cc:2955] T 339535f553f34e78b8f67b8d30c21bcd P 41dab8b4a8914acf85bc9af5488e4dba [term 1 FOLLOWER]: Committing config change with OpId 1.4: config changed from index 3 to 4, VOTER 31e5aea7cd8a4dfdb98f73c57b750fdd (127.27.2.66) evicted. New config: { opid_index: 4 OBSOLETE_local: false peers { permanent_uuid: "3e89a3b4a4e24daeac85bd540b82bc14" member_type: VOTER last_known_addr { host: "127.27.2.65" port: 44559 } } peers { permanent_uuid: "a61b05ea26764dcea0e0dd551d0b03c5" member_type: VOTER last_known_addr { host: "127.27.2.67" port: 34167 } } peers { permanent_uuid: "41dab8b4a8914acf85bc9af5488e4dba" member_type: VOTER last_known_addr { host: "127.27.2.68" port: 39721 } attrs { promote: false } } }
I20260710 13:25:36.199165 28920 raft_consensus.cc:2955] T 339535f553f34e78b8f67b8d30c21bcd P a61b05ea26764dcea0e0dd551d0b03c5 [term 1 FOLLOWER]: Committing config change with OpId 1.4: config changed from index 3 to 4, VOTER 31e5aea7cd8a4dfdb98f73c57b750fdd (127.27.2.66) evicted. New config: { opid_index: 4 OBSOLETE_local: false peers { permanent_uuid: "3e89a3b4a4e24daeac85bd540b82bc14" member_type: VOTER last_known_addr { host: "127.27.2.65" port: 44559 } } peers { permanent_uuid: "a61b05ea26764dcea0e0dd551d0b03c5" member_type: VOTER last_known_addr { host: "127.27.2.67" port: 34167 } } peers { permanent_uuid: "41dab8b4a8914acf85bc9af5488e4dba" member_type: VOTER last_known_addr { host: "127.27.2.68" port: 39721 } attrs { promote: false } } }
I20260710 13:25:36.204946 28658 catalog_manager.cc:5210] ChangeConfig:REMOVE_PEER RPC for tablet 339535f553f34e78b8f67b8d30c21bcd with cas_config_opid_index 3: ChangeConfig:REMOVE_PEER succeeded (attempt 1)
I20260710 13:25:36.207998 28925 consensus_queue.cc:237] T 683c1d2b5695451293b561ab9709d2d1 P a61b05ea26764dcea0e0dd551d0b03c5 [LEADER]: Queue going to LEADER mode. State: All replicated index: 0, Majority replicated index: 4, Committed index: 4, Last appended: 2.4, Last appended by leader: 1, Current term: 2, Majority size: 2, State: 0, Mode: LEADER, active raft config: opid_index: 5 OBSOLETE_local: false peers { permanent_uuid: "31e5aea7cd8a4dfdb98f73c57b750fdd" member_type: VOTER last_known_addr { host: "127.27.2.66" port: 46593 } } peers { permanent_uuid: "a61b05ea26764dcea0e0dd551d0b03c5" member_type: VOTER last_known_addr { host: "127.27.2.67" port: 34167 } } peers { permanent_uuid: "41dab8b4a8914acf85bc9af5488e4dba" member_type: VOTER last_known_addr { host: "127.27.2.68" port: 39721 } attrs { promote: false } }
I20260710 13:25:36.214334 28671 catalog_manager.cc:5697] T 339535f553f34e78b8f67b8d30c21bcd P 3e89a3b4a4e24daeac85bd540b82bc14 reported cstate change: config changed from index 3 to 4, VOTER 31e5aea7cd8a4dfdb98f73c57b750fdd (127.27.2.66) evicted. New cstate: current_term: 1 leader_uuid: "3e89a3b4a4e24daeac85bd540b82bc14" committed_config { opid_index: 4 OBSOLETE_local: false peers { permanent_uuid: "3e89a3b4a4e24daeac85bd540b82bc14" member_type: VOTER last_known_addr { host: "127.27.2.65" port: 44559 } health_report { overall_health: HEALTHY } } peers { permanent_uuid: "a61b05ea26764dcea0e0dd551d0b03c5" member_type: VOTER last_known_addr { host: "127.27.2.67" port: 34167 } health_report { overall_health: HEALTHY } } peers { permanent_uuid: "41dab8b4a8914acf85bc9af5488e4dba" member_type: VOTER last_known_addr { host: "127.27.2.68" port: 39721 } attrs { promote: false } health_report { overall_health: HEALTHY } } }
I20260710 13:25:36.220118 29185 raft_consensus.cc:1275] T 683c1d2b5695451293b561ab9709d2d1 P 41dab8b4a8914acf85bc9af5488e4dba [term 2 FOLLOWER]: Refusing update from remote peer a61b05ea26764dcea0e0dd551d0b03c5: Log matching property violated. Preceding OpId in replica: term: 2 index: 4. Preceding OpId from leader: term: 2 index: 5. (index mismatch)
I20260710 13:25:36.222391 29458 consensus_queue.cc:1048] T 683c1d2b5695451293b561ab9709d2d1 P a61b05ea26764dcea0e0dd551d0b03c5 [LEADER]: Connected to new peer: Peer: permanent_uuid: "41dab8b4a8914acf85bc9af5488e4dba" member_type: VOTER last_known_addr { host: "127.27.2.68" port: 39721 } attrs { promote: false }, Status: LMP_MISMATCH, Last received: 0.0, Next index: 5, Last known committed idx: 4, Time since last communication: 0.000s
I20260710 13:25:36.224143 28849 raft_consensus.cc:1275] T 683c1d2b5695451293b561ab9709d2d1 P 31e5aea7cd8a4dfdb98f73c57b750fdd [term 2 FOLLOWER]: Refusing update from remote peer a61b05ea26764dcea0e0dd551d0b03c5: Log matching property violated. Preceding OpId in replica: term: 2 index: 4. Preceding OpId from leader: term: 2 index: 5. (index mismatch)
I20260710 13:25:36.226889 29463 consensus_queue.cc:1048] T 683c1d2b5695451293b561ab9709d2d1 P a61b05ea26764dcea0e0dd551d0b03c5 [LEADER]: Connected to new peer: Peer: permanent_uuid: "31e5aea7cd8a4dfdb98f73c57b750fdd" member_type: VOTER last_known_addr { host: "127.27.2.66" port: 46593 }, Status: LMP_MISMATCH, Last received: 0.0, Next index: 5, Last known committed idx: 4, Time since last communication: 0.000s
I20260710 13:25:36.232667 29186 raft_consensus.cc:2955] T 683c1d2b5695451293b561ab9709d2d1 P 41dab8b4a8914acf85bc9af5488e4dba [term 2 FOLLOWER]: Committing config change with OpId 2.5: config changed from index 4 to 5, VOTER 3e89a3b4a4e24daeac85bd540b82bc14 (127.27.2.65) evicted. New config: { opid_index: 5 OBSOLETE_local: false peers { permanent_uuid: "31e5aea7cd8a4dfdb98f73c57b750fdd" member_type: VOTER last_known_addr { host: "127.27.2.66" port: 46593 } } peers { permanent_uuid: "a61b05ea26764dcea0e0dd551d0b03c5" member_type: VOTER last_known_addr { host: "127.27.2.67" port: 34167 } } peers { permanent_uuid: "41dab8b4a8914acf85bc9af5488e4dba" member_type: VOTER last_known_addr { host: "127.27.2.68" port: 39721 } attrs { promote: false } } }
I20260710 13:25:36.230929 29458 raft_consensus.cc:2955] T 683c1d2b5695451293b561ab9709d2d1 P a61b05ea26764dcea0e0dd551d0b03c5 [term 2 LEADER]: Committing config change with OpId 2.5: config changed from index 4 to 5, VOTER 3e89a3b4a4e24daeac85bd540b82bc14 (127.27.2.65) evicted. New config: { opid_index: 5 OBSOLETE_local: false peers { permanent_uuid: "31e5aea7cd8a4dfdb98f73c57b750fdd" member_type: VOTER last_known_addr { host: "127.27.2.66" port: 46593 } } peers { permanent_uuid: "a61b05ea26764dcea0e0dd551d0b03c5" member_type: VOTER last_known_addr { host: "127.27.2.67" port: 34167 } } peers { permanent_uuid: "41dab8b4a8914acf85bc9af5488e4dba" member_type: VOTER last_known_addr { host: "127.27.2.68" port: 39721 } attrs { promote: false } } }
I20260710 13:25:36.238135 28840 tablet_service.cc:1558] Processing DeleteTablet for tablet 339535f553f34e78b8f67b8d30c21bcd with delete_type TABLET_DATA_TOMBSTONED (TS 31e5aea7cd8a4dfdb98f73c57b750fdd not found in new config with opid_index 4) from {username='slave'} at 127.0.0.1:54180
I20260710 13:25:36.239162 29452 tablet_replica.cc:333] T 339535f553f34e78b8f67b8d30c21bcd P 31e5aea7cd8a4dfdb98f73c57b750fdd: stopping tablet replica
I20260710 13:25:36.246318 28850 raft_consensus.cc:2955] T 683c1d2b5695451293b561ab9709d2d1 P 31e5aea7cd8a4dfdb98f73c57b750fdd [term 2 FOLLOWER]: Committing config change with OpId 2.5: config changed from index 4 to 5, VOTER 3e89a3b4a4e24daeac85bd540b82bc14 (127.27.2.65) evicted. New config: { opid_index: 5 OBSOLETE_local: false peers { permanent_uuid: "31e5aea7cd8a4dfdb98f73c57b750fdd" member_type: VOTER last_known_addr { host: "127.27.2.66" port: 46593 } } peers { permanent_uuid: "a61b05ea26764dcea0e0dd551d0b03c5" member_type: VOTER last_known_addr { host: "127.27.2.67" port: 34167 } } peers { permanent_uuid: "41dab8b4a8914acf85bc9af5488e4dba" member_type: VOTER last_known_addr { host: "127.27.2.68" port: 39721 } attrs { promote: false } } }
I20260710 13:25:36.254496 28671 catalog_manager.cc:5697] T 683c1d2b5695451293b561ab9709d2d1 P 41dab8b4a8914acf85bc9af5488e4dba reported cstate change: config changed from index 4 to 5, VOTER 3e89a3b4a4e24daeac85bd540b82bc14 (127.27.2.65) evicted. New cstate: current_term: 2 leader_uuid: "a61b05ea26764dcea0e0dd551d0b03c5" committed_config { opid_index: 5 OBSOLETE_local: false peers { permanent_uuid: "31e5aea7cd8a4dfdb98f73c57b750fdd" member_type: VOTER last_known_addr { host: "127.27.2.66" port: 46593 } } peers { permanent_uuid: "a61b05ea26764dcea0e0dd551d0b03c5" member_type: VOTER last_known_addr { host: "127.27.2.67" port: 34167 } } peers { permanent_uuid: "41dab8b4a8914acf85bc9af5488e4dba" member_type: VOTER last_known_addr { host: "127.27.2.68" port: 39721 } attrs { promote: false } } }
I20260710 13:25:36.256506 28660 catalog_manager.cc:5210] ChangeConfig:REMOVE_PEER RPC for tablet 683c1d2b5695451293b561ab9709d2d1 with cas_config_opid_index 4: ChangeConfig:REMOVE_PEER succeeded (attempt 1)
I20260710 13:25:36.256736 29452 raft_consensus.cc:2243] T 339535f553f34e78b8f67b8d30c21bcd P 31e5aea7cd8a4dfdb98f73c57b750fdd [term 1 FOLLOWER]: Raft consensus shutting down.
I20260710 13:25:36.257414 29452 raft_consensus.cc:2272] T 339535f553f34e78b8f67b8d30c21bcd P 31e5aea7cd8a4dfdb98f73c57b750fdd [term 1 FOLLOWER]: Raft consensus is shut down!
I20260710 13:25:36.260841 29452 ts_tablet_manager.cc:1916] T 339535f553f34e78b8f67b8d30c21bcd P 31e5aea7cd8a4dfdb98f73c57b750fdd: Deleting tablet data with delete state TABLET_DATA_TOMBSTONED
I20260710 13:25:36.267930 28757 tablet_service.cc:1558] Processing DeleteTablet for tablet 683c1d2b5695451293b561ab9709d2d1 with delete_type TABLET_DATA_TOMBSTONED (TS 3e89a3b4a4e24daeac85bd540b82bc14 not found in new config with opid_index 5) from {username='slave'} at 127.0.0.1:42860
I20260710 13:25:36.270304 29467 tablet_replica.cc:333] T 683c1d2b5695451293b561ab9709d2d1 P 3e89a3b4a4e24daeac85bd540b82bc14: stopping tablet replica
I20260710 13:25:36.271251 29467 raft_consensus.cc:2243] T 683c1d2b5695451293b561ab9709d2d1 P 3e89a3b4a4e24daeac85bd540b82bc14 [term 2 FOLLOWER]: Raft consensus shutting down.
I20260710 13:25:36.271947 29467 raft_consensus.cc:2272] T 683c1d2b5695451293b561ab9709d2d1 P 3e89a3b4a4e24daeac85bd540b82bc14 [term 2 FOLLOWER]: Raft consensus is shut down!
I20260710 13:25:36.274731 29467 ts_tablet_manager.cc:1916] T 683c1d2b5695451293b561ab9709d2d1 P 3e89a3b4a4e24daeac85bd540b82bc14: Deleting tablet data with delete state TABLET_DATA_TOMBSTONED
I20260710 13:25:36.281361 29452 ts_tablet_manager.cc:1929] T 339535f553f34e78b8f67b8d30c21bcd P 31e5aea7cd8a4dfdb98f73c57b750fdd: tablet deleted with delete type TABLET_DATA_TOMBSTONED: last-logged OpId 1.3
I20260710 13:25:36.281894 29452 log.cc:1199] T 339535f553f34e78b8f67b8d30c21bcd P 31e5aea7cd8a4dfdb98f73c57b750fdd: Deleting WAL directory at /tmp/dist-test-taski8Y_Fu/test-tmp/auto_leader_rebalancer-test.0.LeaderRebalancerTest.AddTserver.1783689897847991-27657-0/minicluster-data/ts-1-root/wals/339535f553f34e78b8f67b8d30c21bcd
I20260710 13:25:36.283145 28659 catalog_manager.cc:5028] TS 31e5aea7cd8a4dfdb98f73c57b750fdd (127.27.2.66:46593): tablet 339535f553f34e78b8f67b8d30c21bcd (table test-workload [id=075b9b52323a41ca8a1cb98041c51451]) successfully deleted
I20260710 13:25:36.287386 29467 ts_tablet_manager.cc:1929] T 683c1d2b5695451293b561ab9709d2d1 P 3e89a3b4a4e24daeac85bd540b82bc14: tablet deleted with delete type TABLET_DATA_TOMBSTONED: last-logged OpId 2.4
I20260710 13:25:36.287752 29467 log.cc:1199] T 683c1d2b5695451293b561ab9709d2d1 P 3e89a3b4a4e24daeac85bd540b82bc14: Deleting WAL directory at /tmp/dist-test-taski8Y_Fu/test-tmp/auto_leader_rebalancer-test.0.LeaderRebalancerTest.AddTserver.1783689897847991-27657-0/minicluster-data/ts-0-root/wals/683c1d2b5695451293b561ab9709d2d1
I20260710 13:25:36.289060 28658 catalog_manager.cc:5028] TS 3e89a3b4a4e24daeac85bd540b82bc14 (127.27.2.65:44559): tablet 683c1d2b5695451293b561ab9709d2d1 (table test-workload [id=075b9b52323a41ca8a1cb98041c51451]) successfully deleted
I20260710 13:25:37.300596 28850 consensus_queue.cc:237] T b3d10b00a2004ebb9561b7805b83826a P 31e5aea7cd8a4dfdb98f73c57b750fdd [LEADER]: Queue going to LEADER mode. State: All replicated index: 0, Majority replicated index: 1, Committed index: 1, Last appended: 1.1, Last appended by leader: 0, Current term: 1, Majority size: 2, State: 0, Mode: LEADER, active raft config: opid_index: 2 OBSOLETE_local: false peers { permanent_uuid: "a61b05ea26764dcea0e0dd551d0b03c5" member_type: VOTER last_known_addr { host: "127.27.2.67" port: 34167 } } peers { permanent_uuid: "31e5aea7cd8a4dfdb98f73c57b750fdd" member_type: VOTER last_known_addr { host: "127.27.2.66" port: 46593 } } peers { permanent_uuid: "3e89a3b4a4e24daeac85bd540b82bc14" member_type: VOTER last_known_addr { host: "127.27.2.65" port: 44559 } attrs { replace: true } } peers { permanent_uuid: "41dab8b4a8914acf85bc9af5488e4dba" member_type: NON_VOTER last_known_addr { host: "127.27.2.68" port: 39721 } attrs { promote: true } }
I20260710 13:25:37.307055 28775 raft_consensus.cc:1275] T b3d10b00a2004ebb9561b7805b83826a P 3e89a3b4a4e24daeac85bd540b82bc14 [term 1 FOLLOWER]: Refusing update from remote peer 31e5aea7cd8a4dfdb98f73c57b750fdd: Log matching property violated. Preceding OpId in replica: term: 1 index: 1. Preceding OpId from leader: term: 1 index: 2. (index mismatch)
W20260710 13:25:37.308182 28816 consensus_peers.cc:597] T b3d10b00a2004ebb9561b7805b83826a P 31e5aea7cd8a4dfdb98f73c57b750fdd -> Peer 41dab8b4a8914acf85bc9af5488e4dba (127.27.2.68:39721): Couldn't send request to peer 41dab8b4a8914acf85bc9af5488e4dba. Error code: TABLET_NOT_FOUND (6). Status: Not found: Tablet not found: b3d10b00a2004ebb9561b7805b83826a. This is attempt 1: this message will repeat every 5th retry.
I20260710 13:25:37.308382 28921 raft_consensus.cc:1275] T b3d10b00a2004ebb9561b7805b83826a P a61b05ea26764dcea0e0dd551d0b03c5 [term 1 FOLLOWER]: Refusing update from remote peer 31e5aea7cd8a4dfdb98f73c57b750fdd: Log matching property violated. Preceding OpId in replica: term: 1 index: 1. Preceding OpId from leader: term: 1 index: 2. (index mismatch)
I20260710 13:25:37.308423 29471 consensus_queue.cc:1048] T b3d10b00a2004ebb9561b7805b83826a P 31e5aea7cd8a4dfdb98f73c57b750fdd [LEADER]: Connected to new peer: Peer: permanent_uuid: "3e89a3b4a4e24daeac85bd540b82bc14" member_type: VOTER last_known_addr { host: "127.27.2.65" port: 44559 } attrs { replace: true }, Status: LMP_MISMATCH, Last received: 0.0, Next index: 2, Last known committed idx: 1, Time since last communication: 0.001s
I20260710 13:25:37.309666 29403 consensus_queue.cc:1048] T b3d10b00a2004ebb9561b7805b83826a P 31e5aea7cd8a4dfdb98f73c57b750fdd [LEADER]: Connected to new peer: Peer: permanent_uuid: "a61b05ea26764dcea0e0dd551d0b03c5" member_type: VOTER last_known_addr { host: "127.27.2.67" port: 34167 }, Status: LMP_MISMATCH, Last received: 0.0, Next index: 2, Last known committed idx: 1, Time since last communication: 0.000s
I20260710 13:25:37.317492 29469 raft_consensus.cc:2955] T b3d10b00a2004ebb9561b7805b83826a P 31e5aea7cd8a4dfdb98f73c57b750fdd [term 1 LEADER]: Committing config change with OpId 1.2: config changed from index -1 to 2, NON_VOTER 41dab8b4a8914acf85bc9af5488e4dba (127.27.2.68) added. New config: { opid_index: 2 OBSOLETE_local: false peers { permanent_uuid: "a61b05ea26764dcea0e0dd551d0b03c5" member_type: VOTER last_known_addr { host: "127.27.2.67" port: 34167 } } peers { permanent_uuid: "31e5aea7cd8a4dfdb98f73c57b750fdd" member_type: VOTER last_known_addr { host: "127.27.2.66" port: 46593 } } peers { permanent_uuid: "3e89a3b4a4e24daeac85bd540b82bc14" member_type: VOTER last_known_addr { host: "127.27.2.65" port: 44559 } attrs { replace: true } } peers { permanent_uuid: "41dab8b4a8914acf85bc9af5488e4dba" member_type: NON_VOTER last_known_addr { host: "127.27.2.68" port: 39721 } attrs { promote: true } } }
I20260710 13:25:37.318929 28775 raft_consensus.cc:2955] T b3d10b00a2004ebb9561b7805b83826a P 3e89a3b4a4e24daeac85bd540b82bc14 [term 1 FOLLOWER]: Committing config change with OpId 1.2: config changed from index -1 to 2, NON_VOTER 41dab8b4a8914acf85bc9af5488e4dba (127.27.2.68) added. New config: { opid_index: 2 OBSOLETE_local: false peers { permanent_uuid: "a61b05ea26764dcea0e0dd551d0b03c5" member_type: VOTER last_known_addr { host: "127.27.2.67" port: 34167 } } peers { permanent_uuid: "31e5aea7cd8a4dfdb98f73c57b750fdd" member_type: VOTER last_known_addr { host: "127.27.2.66" port: 46593 } } peers { permanent_uuid: "3e89a3b4a4e24daeac85bd540b82bc14" member_type: VOTER last_known_addr { host: "127.27.2.65" port: 44559 } attrs { replace: true } } peers { permanent_uuid: "41dab8b4a8914acf85bc9af5488e4dba" member_type: NON_VOTER last_known_addr { host: "127.27.2.68" port: 39721 } attrs { promote: true } } }
I20260710 13:25:37.319376 28921 raft_consensus.cc:2955] T b3d10b00a2004ebb9561b7805b83826a P a61b05ea26764dcea0e0dd551d0b03c5 [term 1 FOLLOWER]: Committing config change with OpId 1.2: config changed from index -1 to 2, NON_VOTER 41dab8b4a8914acf85bc9af5488e4dba (127.27.2.68) added. New config: { opid_index: 2 OBSOLETE_local: false peers { permanent_uuid: "a61b05ea26764dcea0e0dd551d0b03c5" member_type: VOTER last_known_addr { host: "127.27.2.67" port: 34167 } } peers { permanent_uuid: "31e5aea7cd8a4dfdb98f73c57b750fdd" member_type: VOTER last_known_addr { host: "127.27.2.66" port: 46593 } } peers { permanent_uuid: "3e89a3b4a4e24daeac85bd540b82bc14" member_type: VOTER last_known_addr { host: "127.27.2.65" port: 44559 } attrs { replace: true } } peers { permanent_uuid: "41dab8b4a8914acf85bc9af5488e4dba" member_type: NON_VOTER last_known_addr { host: "127.27.2.68" port: 39721 } attrs { promote: true } } }
I20260710 13:25:37.331125 28770 consensus_queue.cc:237] T 470d4d5e8fb54fdf949a14eced57f6d1 P 3e89a3b4a4e24daeac85bd540b82bc14 [LEADER]: Queue going to LEADER mode. State: All replicated index: 0, Majority replicated index: 1, Committed index: 1, Last appended: 1.1, Last appended by leader: 0, Current term: 1, Majority size: 2, State: 0, Mode: LEADER, active raft config: opid_index: 2 OBSOLETE_local: false peers { permanent_uuid: "3e89a3b4a4e24daeac85bd540b82bc14" member_type: VOTER last_known_addr { host: "127.27.2.65" port: 44559 } } peers { permanent_uuid: "31e5aea7cd8a4dfdb98f73c57b750fdd" member_type: VOTER last_known_addr { host: "127.27.2.66" port: 46593 } } peers { permanent_uuid: "a61b05ea26764dcea0e0dd551d0b03c5" member_type: VOTER last_known_addr { host: "127.27.2.67" port: 34167 } attrs { replace: true } } peers { permanent_uuid: "41dab8b4a8914acf85bc9af5488e4dba" member_type: NON_VOTER last_known_addr { host: "127.27.2.68" port: 39721 } attrs { promote: true } }
I20260710 13:25:37.335156 28671 catalog_manager.cc:5697] T b3d10b00a2004ebb9561b7805b83826a P 3e89a3b4a4e24daeac85bd540b82bc14 reported cstate change: config changed from index -1 to 2, NON_VOTER 41dab8b4a8914acf85bc9af5488e4dba (127.27.2.68) added. New cstate: current_term: 1 leader_uuid: "31e5aea7cd8a4dfdb98f73c57b750fdd" committed_config { opid_index: 2 OBSOLETE_local: false peers { permanent_uuid: "a61b05ea26764dcea0e0dd551d0b03c5" member_type: VOTER last_known_addr { host: "127.27.2.67" port: 34167 } } peers { permanent_uuid: "31e5aea7cd8a4dfdb98f73c57b750fdd" member_type: VOTER last_known_addr { host: "127.27.2.66" port: 46593 } } peers { permanent_uuid: "3e89a3b4a4e24daeac85bd540b82bc14" member_type: VOTER last_known_addr { host: "127.27.2.65" port: 44559 } attrs { replace: true } } peers { permanent_uuid: "41dab8b4a8914acf85bc9af5488e4dba" member_type: NON_VOTER last_known_addr { host: "127.27.2.68" port: 39721 } attrs { promote: true } } }
W20260710 13:25:37.346076 28741 consensus_peers.cc:597] T 470d4d5e8fb54fdf949a14eced57f6d1 P 3e89a3b4a4e24daeac85bd540b82bc14 -> Peer 41dab8b4a8914acf85bc9af5488e4dba (127.27.2.68:39721): Couldn't send request to peer 41dab8b4a8914acf85bc9af5488e4dba. Error code: TABLET_NOT_FOUND (6). Status: Not found: Tablet not found: 470d4d5e8fb54fdf949a14eced57f6d1. This is attempt 1: this message will repeat every 5th retry.
I20260710 13:25:37.347507 28921 raft_consensus.cc:1275] T 470d4d5e8fb54fdf949a14eced57f6d1 P a61b05ea26764dcea0e0dd551d0b03c5 [term 1 FOLLOWER]: Refusing update from remote peer 3e89a3b4a4e24daeac85bd540b82bc14: Log matching property violated. Preceding OpId in replica: term: 1 index: 1. Preceding OpId from leader: term: 1 index: 2. (index mismatch)
I20260710 13:25:37.347509 28850 raft_consensus.cc:1275] T 470d4d5e8fb54fdf949a14eced57f6d1 P 31e5aea7cd8a4dfdb98f73c57b750fdd [term 1 FOLLOWER]: Refusing update from remote peer 3e89a3b4a4e24daeac85bd540b82bc14: Log matching property violated. Preceding OpId in replica: term: 1 index: 1. Preceding OpId from leader: term: 1 index: 2. (index mismatch)
I20260710 13:25:37.348855 29468 consensus_queue.cc:1048] T 470d4d5e8fb54fdf949a14eced57f6d1 P 3e89a3b4a4e24daeac85bd540b82bc14 [LEADER]: Connected to new peer: Peer: permanent_uuid: "a61b05ea26764dcea0e0dd551d0b03c5" member_type: VOTER last_known_addr { host: "127.27.2.67" port: 34167 } attrs { replace: true }, Status: LMP_MISMATCH, Last received: 0.0, Next index: 2, Last known committed idx: 1, Time since last communication: 0.000s
I20260710 13:25:37.349884 29406 consensus_queue.cc:1048] T 470d4d5e8fb54fdf949a14eced57f6d1 P 3e89a3b4a4e24daeac85bd540b82bc14 [LEADER]: Connected to new peer: Peer: permanent_uuid: "31e5aea7cd8a4dfdb98f73c57b750fdd" member_type: VOTER last_known_addr { host: "127.27.2.66" port: 46593 }, Status: LMP_MISMATCH, Last received: 0.0, Next index: 2, Last known committed idx: 1, Time since last communication: 0.000s
I20260710 13:25:37.359643 29468 raft_consensus.cc:2955] T 470d4d5e8fb54fdf949a14eced57f6d1 P 3e89a3b4a4e24daeac85bd540b82bc14 [term 1 LEADER]: Committing config change with OpId 1.2: config changed from index -1 to 2, NON_VOTER 41dab8b4a8914acf85bc9af5488e4dba (127.27.2.68) added. New config: { opid_index: 2 OBSOLETE_local: false peers { permanent_uuid: "3e89a3b4a4e24daeac85bd540b82bc14" member_type: VOTER last_known_addr { host: "127.27.2.65" port: 44559 } } peers { permanent_uuid: "31e5aea7cd8a4dfdb98f73c57b750fdd" member_type: VOTER last_known_addr { host: "127.27.2.66" port: 46593 } } peers { permanent_uuid: "a61b05ea26764dcea0e0dd551d0b03c5" member_type: VOTER last_known_addr { host: "127.27.2.67" port: 34167 } attrs { replace: true } } peers { permanent_uuid: "41dab8b4a8914acf85bc9af5488e4dba" member_type: NON_VOTER last_known_addr { host: "127.27.2.68" port: 39721 } attrs { promote: true } } }
I20260710 13:25:37.362944 28921 raft_consensus.cc:2955] T 470d4d5e8fb54fdf949a14eced57f6d1 P a61b05ea26764dcea0e0dd551d0b03c5 [term 1 FOLLOWER]: Committing config change with OpId 1.2: config changed from index -1 to 2, NON_VOTER 41dab8b4a8914acf85bc9af5488e4dba (127.27.2.68) added. New config: { opid_index: 2 OBSOLETE_local: false peers { permanent_uuid: "3e89a3b4a4e24daeac85bd540b82bc14" member_type: VOTER last_known_addr { host: "127.27.2.65" port: 44559 } } peers { permanent_uuid: "31e5aea7cd8a4dfdb98f73c57b750fdd" member_type: VOTER last_known_addr { host: "127.27.2.66" port: 46593 } } peers { permanent_uuid: "a61b05ea26764dcea0e0dd551d0b03c5" member_type: VOTER last_known_addr { host: "127.27.2.67" port: 34167 } attrs { replace: true } } peers { permanent_uuid: "41dab8b4a8914acf85bc9af5488e4dba" member_type: NON_VOTER last_known_addr { host: "127.27.2.68" port: 39721 } attrs { promote: true } } }
I20260710 13:25:37.369022 28849 raft_consensus.cc:2955] T 470d4d5e8fb54fdf949a14eced57f6d1 P 31e5aea7cd8a4dfdb98f73c57b750fdd [term 1 FOLLOWER]: Committing config change with OpId 1.2: config changed from index -1 to 2, NON_VOTER 41dab8b4a8914acf85bc9af5488e4dba (127.27.2.68) added. New config: { opid_index: 2 OBSOLETE_local: false peers { permanent_uuid: "3e89a3b4a4e24daeac85bd540b82bc14" member_type: VOTER last_known_addr { host: "127.27.2.65" port: 44559 } } peers { permanent_uuid: "31e5aea7cd8a4dfdb98f73c57b750fdd" member_type: VOTER last_known_addr { host: "127.27.2.66" port: 46593 } } peers { permanent_uuid: "a61b05ea26764dcea0e0dd551d0b03c5" member_type: VOTER last_known_addr { host: "127.27.2.67" port: 34167 } attrs { replace: true } } peers { permanent_uuid: "41dab8b4a8914acf85bc9af5488e4dba" member_type: NON_VOTER last_known_addr { host: "127.27.2.68" port: 39721 } attrs { promote: true } } }
I20260710 13:25:37.376703 28672 catalog_manager.cc:5697] T 470d4d5e8fb54fdf949a14eced57f6d1 P a61b05ea26764dcea0e0dd551d0b03c5 reported cstate change: config changed from index -1 to 2, NON_VOTER 41dab8b4a8914acf85bc9af5488e4dba (127.27.2.68) added. New cstate: current_term: 1 leader_uuid: "3e89a3b4a4e24daeac85bd540b82bc14" committed_config { opid_index: 2 OBSOLETE_local: false peers { permanent_uuid: "3e89a3b4a4e24daeac85bd540b82bc14" member_type: VOTER last_known_addr { host: "127.27.2.65" port: 44559 } } peers { permanent_uuid: "31e5aea7cd8a4dfdb98f73c57b750fdd" member_type: VOTER last_known_addr { host: "127.27.2.66" port: 46593 } } peers { permanent_uuid: "a61b05ea26764dcea0e0dd551d0b03c5" member_type: VOTER last_known_addr { host: "127.27.2.67" port: 34167 } attrs { replace: true } } peers { permanent_uuid: "41dab8b4a8914acf85bc9af5488e4dba" member_type: NON_VOTER last_known_addr { host: "127.27.2.68" port: 39721 } attrs { promote: true } } }
I20260710 13:25:37.848613 29483 ts_tablet_manager.cc:933] T b3d10b00a2004ebb9561b7805b83826a P 41dab8b4a8914acf85bc9af5488e4dba: Initiating tablet copy from peer 31e5aea7cd8a4dfdb98f73c57b750fdd (127.27.2.66:46593)
I20260710 13:25:37.850579 29483 tablet_copy_client.cc:323] T b3d10b00a2004ebb9561b7805b83826a P 41dab8b4a8914acf85bc9af5488e4dba: tablet copy: Beginning tablet copy session from remote peer at address 127.27.2.66:46593
I20260710 13:25:37.852200 28861 tablet_copy_service.cc:140] P 31e5aea7cd8a4dfdb98f73c57b750fdd: Received BeginTabletCopySession request for tablet b3d10b00a2004ebb9561b7805b83826a from peer 41dab8b4a8914acf85bc9af5488e4dba ({username='slave'} at 127.0.0.1:54222)
I20260710 13:25:37.852726 28861 tablet_copy_service.cc:161] P 31e5aea7cd8a4dfdb98f73c57b750fdd: Beginning new tablet copy session on tablet b3d10b00a2004ebb9561b7805b83826a from peer 41dab8b4a8914acf85bc9af5488e4dba at {username='slave'} at 127.0.0.1:54222: session id = 41dab8b4a8914acf85bc9af5488e4dba-b3d10b00a2004ebb9561b7805b83826a
I20260710 13:25:37.858841 28861 tablet_copy_source_session.cc:215] T b3d10b00a2004ebb9561b7805b83826a P 31e5aea7cd8a4dfdb98f73c57b750fdd: Tablet Copy: opened 0 blocks and 1 log segments
I20260710 13:25:37.861307 29483 data_dirs.cc:400] Could only allocate 1 dirs of requested 3 for tablet b3d10b00a2004ebb9561b7805b83826a. 1 dirs total, 0 dirs full, 0 dirs failed
I20260710 13:25:37.871229 29483 tablet_copy_client.cc:806] T b3d10b00a2004ebb9561b7805b83826a P 41dab8b4a8914acf85bc9af5488e4dba: tablet copy: Starting download of 0 data blocks...
I20260710 13:25:37.871742 29483 tablet_copy_client.cc:670] T b3d10b00a2004ebb9561b7805b83826a P 41dab8b4a8914acf85bc9af5488e4dba: tablet copy: Starting download of 1 WAL segments...
I20260710 13:25:37.875288 29483 tablet_copy_client.cc:538] T b3d10b00a2004ebb9561b7805b83826a P 41dab8b4a8914acf85bc9af5488e4dba: tablet copy: Tablet Copy complete. Replacing tablet superblock.
I20260710 13:25:37.881987 29483 tablet_bootstrap.cc:492] T b3d10b00a2004ebb9561b7805b83826a P 41dab8b4a8914acf85bc9af5488e4dba: Bootstrap starting.
I20260710 13:25:37.901893 29483 tablet_bootstrap.cc:492] T b3d10b00a2004ebb9561b7805b83826a P 41dab8b4a8914acf85bc9af5488e4dba: Bootstrap replayed 1/1 log segments. Stats: ops{read=2 overwritten=0 applied=2 ignored=0} inserts{seen=0 ignored=0} mutations{seen=0 ignored=0} orphaned_commits=0. Pending: 0 replicates
I20260710 13:25:37.904465 29483 tablet_bootstrap.cc:492] T b3d10b00a2004ebb9561b7805b83826a P 41dab8b4a8914acf85bc9af5488e4dba: Bootstrap complete.
I20260710 13:25:37.905314 29483 ts_tablet_manager.cc:1403] T b3d10b00a2004ebb9561b7805b83826a P 41dab8b4a8914acf85bc9af5488e4dba: Time spent bootstrapping tablet: real 0.024s	user 0.016s	sys 0.004s
I20260710 13:25:37.908198 29483 raft_consensus.cc:359] T b3d10b00a2004ebb9561b7805b83826a P 41dab8b4a8914acf85bc9af5488e4dba [term 1 LEARNER]: Replica starting. Triggering 0 pending ops. Active config: opid_index: 2 OBSOLETE_local: false peers { permanent_uuid: "a61b05ea26764dcea0e0dd551d0b03c5" member_type: VOTER last_known_addr { host: "127.27.2.67" port: 34167 } } peers { permanent_uuid: "31e5aea7cd8a4dfdb98f73c57b750fdd" member_type: VOTER last_known_addr { host: "127.27.2.66" port: 46593 } } peers { permanent_uuid: "3e89a3b4a4e24daeac85bd540b82bc14" member_type: VOTER last_known_addr { host: "127.27.2.65" port: 44559 } attrs { replace: true } } peers { permanent_uuid: "41dab8b4a8914acf85bc9af5488e4dba" member_type: NON_VOTER last_known_addr { host: "127.27.2.68" port: 39721 } attrs { promote: true } }
I20260710 13:25:37.909021 29483 raft_consensus.cc:740] T b3d10b00a2004ebb9561b7805b83826a P 41dab8b4a8914acf85bc9af5488e4dba [term 1 LEARNER]: Becoming Follower/Learner. State: Replica: 41dab8b4a8914acf85bc9af5488e4dba, State: Initialized, Role: LEARNER
I20260710 13:25:37.909669 29483 consensus_queue.cc:260] T b3d10b00a2004ebb9561b7805b83826a P 41dab8b4a8914acf85bc9af5488e4dba [NON_LEADER]: Queue going to NON_LEADER mode. State: All replicated index: 0, Majority replicated index: 0, Committed index: 2, Last appended: 1.2, Last appended by leader: 2, Current term: 0, Majority size: -1, State: 0, Mode: NON_LEADER, active raft config: opid_index: 2 OBSOLETE_local: false peers { permanent_uuid: "a61b05ea26764dcea0e0dd551d0b03c5" member_type: VOTER last_known_addr { host: "127.27.2.67" port: 34167 } } peers { permanent_uuid: "31e5aea7cd8a4dfdb98f73c57b750fdd" member_type: VOTER last_known_addr { host: "127.27.2.66" port: 46593 } } peers { permanent_uuid: "3e89a3b4a4e24daeac85bd540b82bc14" member_type: VOTER last_known_addr { host: "127.27.2.65" port: 44559 } attrs { replace: true } } peers { permanent_uuid: "41dab8b4a8914acf85bc9af5488e4dba" member_type: NON_VOTER last_known_addr { host: "127.27.2.68" port: 39721 } attrs { promote: true } }
I20260710 13:25:37.912586 29483 ts_tablet_manager.cc:1434] T b3d10b00a2004ebb9561b7805b83826a P 41dab8b4a8914acf85bc9af5488e4dba: Time spent starting tablet: real 0.007s	user 0.000s	sys 0.006s
I20260710 13:25:37.914297 28861 tablet_copy_service.cc:342] P 31e5aea7cd8a4dfdb98f73c57b750fdd: Request end of tablet copy session 41dab8b4a8914acf85bc9af5488e4dba-b3d10b00a2004ebb9561b7805b83826a received from {username='slave'} at 127.0.0.1:54222
I20260710 13:25:37.914711 28861 tablet_copy_service.cc:434] P 31e5aea7cd8a4dfdb98f73c57b750fdd: ending tablet copy session 41dab8b4a8914acf85bc9af5488e4dba-b3d10b00a2004ebb9561b7805b83826a on tablet b3d10b00a2004ebb9561b7805b83826a with peer 41dab8b4a8914acf85bc9af5488e4dba
I20260710 13:25:37.965566 29483 ts_tablet_manager.cc:933] T 470d4d5e8fb54fdf949a14eced57f6d1 P 41dab8b4a8914acf85bc9af5488e4dba: Initiating tablet copy from peer 3e89a3b4a4e24daeac85bd540b82bc14 (127.27.2.65:44559)
I20260710 13:25:37.967276 29483 tablet_copy_client.cc:323] T 470d4d5e8fb54fdf949a14eced57f6d1 P 41dab8b4a8914acf85bc9af5488e4dba: tablet copy: Beginning tablet copy session from remote peer at address 127.27.2.65:44559
I20260710 13:25:37.968883 28786 tablet_copy_service.cc:140] P 3e89a3b4a4e24daeac85bd540b82bc14: Received BeginTabletCopySession request for tablet 470d4d5e8fb54fdf949a14eced57f6d1 from peer 41dab8b4a8914acf85bc9af5488e4dba ({username='slave'} at 127.0.0.1:42902)
I20260710 13:25:37.969426 28786 tablet_copy_service.cc:161] P 3e89a3b4a4e24daeac85bd540b82bc14: Beginning new tablet copy session on tablet 470d4d5e8fb54fdf949a14eced57f6d1 from peer 41dab8b4a8914acf85bc9af5488e4dba at {username='slave'} at 127.0.0.1:42902: session id = 41dab8b4a8914acf85bc9af5488e4dba-470d4d5e8fb54fdf949a14eced57f6d1
I20260710 13:25:37.977209 28786 tablet_copy_source_session.cc:215] T 470d4d5e8fb54fdf949a14eced57f6d1 P 3e89a3b4a4e24daeac85bd540b82bc14: Tablet Copy: opened 0 blocks and 1 log segments
I20260710 13:25:37.980168 29483 data_dirs.cc:400] Could only allocate 1 dirs of requested 3 for tablet 470d4d5e8fb54fdf949a14eced57f6d1. 1 dirs total, 0 dirs full, 0 dirs failed
I20260710 13:25:37.991356 29483 tablet_copy_client.cc:806] T 470d4d5e8fb54fdf949a14eced57f6d1 P 41dab8b4a8914acf85bc9af5488e4dba: tablet copy: Starting download of 0 data blocks...
I20260710 13:25:37.991887 29483 tablet_copy_client.cc:670] T 470d4d5e8fb54fdf949a14eced57f6d1 P 41dab8b4a8914acf85bc9af5488e4dba: tablet copy: Starting download of 1 WAL segments...
I20260710 13:25:37.995280 29483 tablet_copy_client.cc:538] T 470d4d5e8fb54fdf949a14eced57f6d1 P 41dab8b4a8914acf85bc9af5488e4dba: tablet copy: Tablet Copy complete. Replacing tablet superblock.
I20260710 13:25:38.002451 29483 tablet_bootstrap.cc:492] T 470d4d5e8fb54fdf949a14eced57f6d1 P 41dab8b4a8914acf85bc9af5488e4dba: Bootstrap starting.
I20260710 13:25:38.021484 29483 tablet_bootstrap.cc:492] T 470d4d5e8fb54fdf949a14eced57f6d1 P 41dab8b4a8914acf85bc9af5488e4dba: Bootstrap replayed 1/1 log segments. Stats: ops{read=2 overwritten=0 applied=2 ignored=0} inserts{seen=0 ignored=0} mutations{seen=0 ignored=0} orphaned_commits=0. Pending: 0 replicates
I20260710 13:25:38.022302 29483 tablet_bootstrap.cc:492] T 470d4d5e8fb54fdf949a14eced57f6d1 P 41dab8b4a8914acf85bc9af5488e4dba: Bootstrap complete.
I20260710 13:25:38.022830 29483 ts_tablet_manager.cc:1403] T 470d4d5e8fb54fdf949a14eced57f6d1 P 41dab8b4a8914acf85bc9af5488e4dba: Time spent bootstrapping tablet: real 0.021s	user 0.015s	sys 0.004s
I20260710 13:25:38.025017 29483 raft_consensus.cc:359] T 470d4d5e8fb54fdf949a14eced57f6d1 P 41dab8b4a8914acf85bc9af5488e4dba [term 1 LEARNER]: Replica starting. Triggering 0 pending ops. Active config: opid_index: 2 OBSOLETE_local: false peers { permanent_uuid: "3e89a3b4a4e24daeac85bd540b82bc14" member_type: VOTER last_known_addr { host: "127.27.2.65" port: 44559 } } peers { permanent_uuid: "31e5aea7cd8a4dfdb98f73c57b750fdd" member_type: VOTER last_known_addr { host: "127.27.2.66" port: 46593 } } peers { permanent_uuid: "a61b05ea26764dcea0e0dd551d0b03c5" member_type: VOTER last_known_addr { host: "127.27.2.67" port: 34167 } attrs { replace: true } } peers { permanent_uuid: "41dab8b4a8914acf85bc9af5488e4dba" member_type: NON_VOTER last_known_addr { host: "127.27.2.68" port: 39721 } attrs { promote: true } }
I20260710 13:25:38.025677 29483 raft_consensus.cc:740] T 470d4d5e8fb54fdf949a14eced57f6d1 P 41dab8b4a8914acf85bc9af5488e4dba [term 1 LEARNER]: Becoming Follower/Learner. State: Replica: 41dab8b4a8914acf85bc9af5488e4dba, State: Initialized, Role: LEARNER
I20260710 13:25:38.026262 29483 consensus_queue.cc:260] T 470d4d5e8fb54fdf949a14eced57f6d1 P 41dab8b4a8914acf85bc9af5488e4dba [NON_LEADER]: Queue going to NON_LEADER mode. State: All replicated index: 0, Majority replicated index: 0, Committed index: 2, Last appended: 1.2, Last appended by leader: 2, Current term: 0, Majority size: -1, State: 0, Mode: NON_LEADER, active raft config: opid_index: 2 OBSOLETE_local: false peers { permanent_uuid: "3e89a3b4a4e24daeac85bd540b82bc14" member_type: VOTER last_known_addr { host: "127.27.2.65" port: 44559 } } peers { permanent_uuid: "31e5aea7cd8a4dfdb98f73c57b750fdd" member_type: VOTER last_known_addr { host: "127.27.2.66" port: 46593 } } peers { permanent_uuid: "a61b05ea26764dcea0e0dd551d0b03c5" member_type: VOTER last_known_addr { host: "127.27.2.67" port: 34167 } attrs { replace: true } } peers { permanent_uuid: "41dab8b4a8914acf85bc9af5488e4dba" member_type: NON_VOTER last_known_addr { host: "127.27.2.68" port: 39721 } attrs { promote: true } }
I20260710 13:25:38.028542 29483 ts_tablet_manager.cc:1434] T 470d4d5e8fb54fdf949a14eced57f6d1 P 41dab8b4a8914acf85bc9af5488e4dba: Time spent starting tablet: real 0.005s	user 0.004s	sys 0.000s
I20260710 13:25:38.030272 28786 tablet_copy_service.cc:342] P 3e89a3b4a4e24daeac85bd540b82bc14: Request end of tablet copy session 41dab8b4a8914acf85bc9af5488e4dba-470d4d5e8fb54fdf949a14eced57f6d1 received from {username='slave'} at 127.0.0.1:42902
I20260710 13:25:38.030638 28786 tablet_copy_service.cc:434] P 3e89a3b4a4e24daeac85bd540b82bc14: ending tablet copy session 41dab8b4a8914acf85bc9af5488e4dba-470d4d5e8fb54fdf949a14eced57f6d1 on tablet 470d4d5e8fb54fdf949a14eced57f6d1 with peer 41dab8b4a8914acf85bc9af5488e4dba
I20260710 13:25:38.382369 29185 raft_consensus.cc:1217] T b3d10b00a2004ebb9561b7805b83826a P 41dab8b4a8914acf85bc9af5488e4dba [term 1 LEARNER]: Deduplicated request from leader. Original: 1.1->[1.2-1.2]   Dedup: 1.2->[]
I20260710 13:25:38.546895 29185 raft_consensus.cc:1217] T 470d4d5e8fb54fdf949a14eced57f6d1 P 41dab8b4a8914acf85bc9af5488e4dba [term 1 LEARNER]: Deduplicated request from leader. Original: 1.1->[1.2-1.2]   Dedup: 1.2->[]
I20260710 13:25:38.954396 29469 raft_consensus.cc:1064] T b3d10b00a2004ebb9561b7805b83826a P 31e5aea7cd8a4dfdb98f73c57b750fdd: attempting to promote NON_VOTER 41dab8b4a8914acf85bc9af5488e4dba to VOTER
I20260710 13:25:38.956835 29469 consensus_queue.cc:237] T b3d10b00a2004ebb9561b7805b83826a P 31e5aea7cd8a4dfdb98f73c57b750fdd [LEADER]: Queue going to LEADER mode. State: All replicated index: 0, Majority replicated index: 2, Committed index: 2, Last appended: 1.2, Last appended by leader: 0, Current term: 1, Majority size: 3, State: 0, Mode: LEADER, active raft config: opid_index: 3 OBSOLETE_local: false peers { permanent_uuid: "a61b05ea26764dcea0e0dd551d0b03c5" member_type: VOTER last_known_addr { host: "127.27.2.67" port: 34167 } } peers { permanent_uuid: "31e5aea7cd8a4dfdb98f73c57b750fdd" member_type: VOTER last_known_addr { host: "127.27.2.66" port: 46593 } } peers { permanent_uuid: "3e89a3b4a4e24daeac85bd540b82bc14" member_type: VOTER last_known_addr { host: "127.27.2.65" port: 44559 } attrs { replace: true } } peers { permanent_uuid: "41dab8b4a8914acf85bc9af5488e4dba" member_type: VOTER last_known_addr { host: "127.27.2.68" port: 39721 } attrs { promote: false } }
I20260710 13:25:38.964067 29186 raft_consensus.cc:1275] T b3d10b00a2004ebb9561b7805b83826a P 41dab8b4a8914acf85bc9af5488e4dba [term 1 LEARNER]: Refusing update from remote peer 31e5aea7cd8a4dfdb98f73c57b750fdd: Log matching property violated. Preceding OpId in replica: term: 1 index: 2. Preceding OpId from leader: term: 1 index: 3. (index mismatch)
I20260710 13:25:38.968158 29491 consensus_queue.cc:1048] T b3d10b00a2004ebb9561b7805b83826a P 31e5aea7cd8a4dfdb98f73c57b750fdd [LEADER]: Connected to new peer: Peer: permanent_uuid: "41dab8b4a8914acf85bc9af5488e4dba" member_type: VOTER last_known_addr { host: "127.27.2.68" port: 39721 } attrs { promote: false }, Status: LMP_MISMATCH, Last received: 0.0, Next index: 3, Last known committed idx: 2, Time since last communication: 0.001s
I20260710 13:25:38.970501 28770 raft_consensus.cc:1275] T b3d10b00a2004ebb9561b7805b83826a P 3e89a3b4a4e24daeac85bd540b82bc14 [term 1 FOLLOWER]: Refusing update from remote peer 31e5aea7cd8a4dfdb98f73c57b750fdd: Log matching property violated. Preceding OpId in replica: term: 1 index: 2. Preceding OpId from leader: term: 1 index: 3. (index mismatch)
I20260710 13:25:38.973524 28920 raft_consensus.cc:1275] T b3d10b00a2004ebb9561b7805b83826a P a61b05ea26764dcea0e0dd551d0b03c5 [term 1 FOLLOWER]: Refusing update from remote peer 31e5aea7cd8a4dfdb98f73c57b750fdd: Log matching property violated. Preceding OpId in replica: term: 1 index: 2. Preceding OpId from leader: term: 1 index: 3. (index mismatch)
I20260710 13:25:38.980098 29491 consensus_queue.cc:1048] T b3d10b00a2004ebb9561b7805b83826a P 31e5aea7cd8a4dfdb98f73c57b750fdd [LEADER]: Connected to new peer: Peer: permanent_uuid: "3e89a3b4a4e24daeac85bd540b82bc14" member_type: VOTER last_known_addr { host: "127.27.2.65" port: 44559 } attrs { replace: true }, Status: LMP_MISMATCH, Last received: 0.0, Next index: 3, Last known committed idx: 2, Time since last communication: 0.001s
I20260710 13:25:38.982492 29491 consensus_queue.cc:1048] T b3d10b00a2004ebb9561b7805b83826a P 31e5aea7cd8a4dfdb98f73c57b750fdd [LEADER]: Connected to new peer: Peer: permanent_uuid: "a61b05ea26764dcea0e0dd551d0b03c5" member_type: VOTER last_known_addr { host: "127.27.2.67" port: 34167 }, Status: LMP_MISMATCH, Last received: 0.0, Next index: 3, Last known committed idx: 2, Time since last communication: 0.000s
I20260710 13:25:39.007601 29186 raft_consensus.cc:2955] T b3d10b00a2004ebb9561b7805b83826a P 41dab8b4a8914acf85bc9af5488e4dba [term 1 FOLLOWER]: Committing config change with OpId 1.3: config changed from index 2 to 3, 41dab8b4a8914acf85bc9af5488e4dba (127.27.2.68) changed from NON_VOTER to VOTER. New config: { opid_index: 3 OBSOLETE_local: false peers { permanent_uuid: "a61b05ea26764dcea0e0dd551d0b03c5" member_type: VOTER last_known_addr { host: "127.27.2.67" port: 34167 } } peers { permanent_uuid: "31e5aea7cd8a4dfdb98f73c57b750fdd" member_type: VOTER last_known_addr { host: "127.27.2.66" port: 46593 } } peers { permanent_uuid: "3e89a3b4a4e24daeac85bd540b82bc14" member_type: VOTER last_known_addr { host: "127.27.2.65" port: 44559 } attrs { replace: true } } peers { permanent_uuid: "41dab8b4a8914acf85bc9af5488e4dba" member_type: VOTER last_known_addr { host: "127.27.2.68" port: 39721 } attrs { promote: false } } }
I20260710 13:25:39.011993 28920 raft_consensus.cc:2955] T b3d10b00a2004ebb9561b7805b83826a P a61b05ea26764dcea0e0dd551d0b03c5 [term 1 FOLLOWER]: Committing config change with OpId 1.3: config changed from index 2 to 3, 41dab8b4a8914acf85bc9af5488e4dba (127.27.2.68) changed from NON_VOTER to VOTER. New config: { opid_index: 3 OBSOLETE_local: false peers { permanent_uuid: "a61b05ea26764dcea0e0dd551d0b03c5" member_type: VOTER last_known_addr { host: "127.27.2.67" port: 34167 } } peers { permanent_uuid: "31e5aea7cd8a4dfdb98f73c57b750fdd" member_type: VOTER last_known_addr { host: "127.27.2.66" port: 46593 } } peers { permanent_uuid: "3e89a3b4a4e24daeac85bd540b82bc14" member_type: VOTER last_known_addr { host: "127.27.2.65" port: 44559 } attrs { replace: true } } peers { permanent_uuid: "41dab8b4a8914acf85bc9af5488e4dba" member_type: VOTER last_known_addr { host: "127.27.2.68" port: 39721 } attrs { promote: false } } }
I20260710 13:25:39.009490 29496 raft_consensus.cc:2955] T b3d10b00a2004ebb9561b7805b83826a P 31e5aea7cd8a4dfdb98f73c57b750fdd [term 1 LEADER]: Committing config change with OpId 1.3: config changed from index 2 to 3, 41dab8b4a8914acf85bc9af5488e4dba (127.27.2.68) changed from NON_VOTER to VOTER. New config: { opid_index: 3 OBSOLETE_local: false peers { permanent_uuid: "a61b05ea26764dcea0e0dd551d0b03c5" member_type: VOTER last_known_addr { host: "127.27.2.67" port: 34167 } } peers { permanent_uuid: "31e5aea7cd8a4dfdb98f73c57b750fdd" member_type: VOTER last_known_addr { host: "127.27.2.66" port: 46593 } } peers { permanent_uuid: "3e89a3b4a4e24daeac85bd540b82bc14" member_type: VOTER last_known_addr { host: "127.27.2.65" port: 44559 } attrs { replace: true } } peers { permanent_uuid: "41dab8b4a8914acf85bc9af5488e4dba" member_type: VOTER last_known_addr { host: "127.27.2.68" port: 39721 } attrs { promote: false } } }
I20260710 13:25:39.026929 28671 catalog_manager.cc:5697] T b3d10b00a2004ebb9561b7805b83826a P 41dab8b4a8914acf85bc9af5488e4dba reported cstate change: config changed from index 2 to 3, 41dab8b4a8914acf85bc9af5488e4dba (127.27.2.68) changed from NON_VOTER to VOTER. New cstate: current_term: 1 leader_uuid: "31e5aea7cd8a4dfdb98f73c57b750fdd" committed_config { opid_index: 3 OBSOLETE_local: false peers { permanent_uuid: "a61b05ea26764dcea0e0dd551d0b03c5" member_type: VOTER last_known_addr { host: "127.27.2.67" port: 34167 } } peers { permanent_uuid: "31e5aea7cd8a4dfdb98f73c57b750fdd" member_type: VOTER last_known_addr { host: "127.27.2.66" port: 46593 } } peers { permanent_uuid: "3e89a3b4a4e24daeac85bd540b82bc14" member_type: VOTER last_known_addr { host: "127.27.2.65" port: 44559 } attrs { replace: true } } peers { permanent_uuid: "41dab8b4a8914acf85bc9af5488e4dba" member_type: VOTER last_known_addr { host: "127.27.2.68" port: 39721 } attrs { promote: false } } }
