I20260710 13:25:01.040807 27867 raft_consensus.cc:2468] T ac2fb94e60894915889e4c2bf7de6a0d P 18c6f1fcee1549cc9a2c7d6a26ba898e [term 0 FOLLOWER]: Leader pre-election vote request: Granting yes vote for candidate 2792ad7455e54936bc561a24e6e027a8 in term 0.
I20260710 13:25:01.042016 27984 tablet_bootstrap.cc:492] T c3418527631f4f5092b5cdd022636426 P 2792ad7455e54936bc561a24e6e027a8: No bootstrap required, opened a new log
I20260710 13:25:01.042496 27984 ts_tablet_manager.cc:1403] T c3418527631f4f5092b5cdd022636426 P 2792ad7455e54936bc561a24e6e027a8: Time spent bootstrapping tablet: real 0.039s	user 0.006s	sys 0.006s
I20260710 13:25:01.044544 27756 leader_election.cc:304] T ac2fb94e60894915889e4c2bf7de6a0d P 2792ad7455e54936bc561a24e6e027a8 [CANDIDATE]: Term 1 pre-election: Election decided. Result: candidate won. Election summary: received 3 responses out of 3 voters: 2 yes votes; 1 no votes. yes voters: 18c6f1fcee1549cc9a2c7d6a26ba898e, 2792ad7455e54936bc561a24e6e027a8; no voters: aab6b03e3fe04d7b966c82fdbf030c63
I20260710 13:25:01.045320 27989 raft_consensus.cc:2804] T ac2fb94e60894915889e4c2bf7de6a0d P 2792ad7455e54936bc561a24e6e027a8 [term 0 FOLLOWER]: Leader pre-election won for term 1
I20260710 13:25:01.045574 27992 leader_election.cc:290] T ac2fb94e60894915889e4c2bf7de6a0d P 2792ad7455e54936bc561a24e6e027a8 [CANDIDATE]: Term 1 pre-election: Requested pre-vote from peers 18c6f1fcee1549cc9a2c7d6a26ba898e (127.27.2.66:39961), aab6b03e3fe04d7b966c82fdbf030c63 (127.27.2.67:37031)
I20260710 13:25:01.045677 27989 raft_consensus.cc:493] T ac2fb94e60894915889e4c2bf7de6a0d P 2792ad7455e54936bc561a24e6e027a8 [term 0 FOLLOWER]: Starting leader election (no leader contacted us within the election timeout)
I20260710 13:25:01.046069 27989 raft_consensus.cc:3060] T ac2fb94e60894915889e4c2bf7de6a0d P 2792ad7455e54936bc561a24e6e027a8 [term 0 FOLLOWER]: Advancing to term 1
I20260710 13:25:01.054733 27994 raft_consensus.cc:493] T b062f14441554a65b175ac80a45702f4 P aab6b03e3fe04d7b966c82fdbf030c63 [term 0 FOLLOWER]: Starting pre-election (no leader contacted us within the election timeout)
I20260710 13:25:01.055699 27994 raft_consensus.cc:515] T b062f14441554a65b175ac80a45702f4 P aab6b03e3fe04d7b966c82fdbf030c63 [term 0 FOLLOWER]: Starting pre-election with config: opid_index: -1 OBSOLETE_local: false peers { permanent_uuid: "2792ad7455e54936bc561a24e6e027a8" member_type: VOTER last_known_addr { host: "127.27.2.65" port: 46187 } } peers { permanent_uuid: "18c6f1fcee1549cc9a2c7d6a26ba898e" member_type: VOTER last_known_addr { host: "127.27.2.66" port: 39961 } } peers { permanent_uuid: "aab6b03e3fe04d7b966c82fdbf030c63" member_type: VOTER last_known_addr { host: "127.27.2.67" port: 37031 } }
I20260710 13:25:01.056118 27984 raft_consensus.cc:359] T c3418527631f4f5092b5cdd022636426 P 2792ad7455e54936bc561a24e6e027a8 [term 0 FOLLOWER]: Replica starting. Triggering 0 pending ops. Active config: opid_index: -1 OBSOLETE_local: false peers { permanent_uuid: "2792ad7455e54936bc561a24e6e027a8" member_type: VOTER last_known_addr { host: "127.27.2.65" port: 46187 } } peers { permanent_uuid: "18c6f1fcee1549cc9a2c7d6a26ba898e" member_type: VOTER last_known_addr { host: "127.27.2.66" port: 39961 } } peers { permanent_uuid: "aab6b03e3fe04d7b966c82fdbf030c63" member_type: VOTER last_known_addr { host: "127.27.2.67" port: 37031 } }
I20260710 13:25:01.059193 27984 raft_consensus.cc:385] T c3418527631f4f5092b5cdd022636426 P 2792ad7455e54936bc561a24e6e027a8 [term 0 FOLLOWER]: Consensus starting up: Expiring failure detector timer to make a prompt election more likely
I20260710 13:25:01.059556 27984 raft_consensus.cc:740] T c3418527631f4f5092b5cdd022636426 P 2792ad7455e54936bc561a24e6e027a8 [term 0 FOLLOWER]: Becoming Follower/Learner. State: Replica: 2792ad7455e54936bc561a24e6e027a8, State: Initialized, Role: FOLLOWER
I20260710 13:25:01.060478 27984 consensus_queue.cc:260] T c3418527631f4f5092b5cdd022636426 P 2792ad7455e54936bc561a24e6e027a8 [NON_LEADER]: Queue going to NON_LEADER mode. State: All replicated index: 0, Majority replicated index: 0, Committed index: 0, Last appended: 0.0, Last appended by leader: 0, Current term: 0, Majority size: -1, State: 0, Mode: NON_LEADER, active raft config: opid_index: -1 OBSOLETE_local: false peers { permanent_uuid: "2792ad7455e54936bc561a24e6e027a8" member_type: VOTER last_known_addr { host: "127.27.2.65" port: 46187 } } peers { permanent_uuid: "18c6f1fcee1549cc9a2c7d6a26ba898e" member_type: VOTER last_known_addr { host: "127.27.2.66" port: 39961 } } peers { permanent_uuid: "aab6b03e3fe04d7b966c82fdbf030c63" member_type: VOTER last_known_addr { host: "127.27.2.67" port: 37031 } }
I20260710 13:25:01.062994 27984 ts_tablet_manager.cc:1434] T c3418527631f4f5092b5cdd022636426 P 2792ad7455e54936bc561a24e6e027a8: Time spent starting tablet: real 0.020s	user 0.006s	sys 0.001s
I20260710 13:25:01.064803 27989 raft_consensus.cc:515] T ac2fb94e60894915889e4c2bf7de6a0d P 2792ad7455e54936bc561a24e6e027a8 [term 1 FOLLOWER]: Starting leader election with config: opid_index: -1 OBSOLETE_local: false peers { permanent_uuid: "2792ad7455e54936bc561a24e6e027a8" member_type: VOTER last_known_addr { host: "127.27.2.65" port: 46187 } } peers { permanent_uuid: "18c6f1fcee1549cc9a2c7d6a26ba898e" member_type: VOTER last_known_addr { host: "127.27.2.66" port: 39961 } } peers { permanent_uuid: "aab6b03e3fe04d7b966c82fdbf030c63" member_type: VOTER last_known_addr { host: "127.27.2.67" port: 37031 } }
I20260710 13:25:01.066970 27989 leader_election.cc:290] T ac2fb94e60894915889e4c2bf7de6a0d P 2792ad7455e54936bc561a24e6e027a8 [CANDIDATE]: Term 1 election: Requested vote from peers 18c6f1fcee1549cc9a2c7d6a26ba898e (127.27.2.66:39961), aab6b03e3fe04d7b966c82fdbf030c63 (127.27.2.67:37031)
I20260710 13:25:01.067487 27991 raft_consensus.cc:493] T 4ce932fc0b664c31b03a13d44afaf758 P 18c6f1fcee1549cc9a2c7d6a26ba898e [term 0 FOLLOWER]: Starting pre-election (no leader contacted us within the election timeout)
I20260710 13:25:01.067716 27867 tablet_service.cc:1917] Received RequestConsensusVote() RPC: tablet_id: "ac2fb94e60894915889e4c2bf7de6a0d" candidate_uuid: "2792ad7455e54936bc561a24e6e027a8" candidate_term: 1 candidate_status { last_received { term: 0 index: 0 } } ignore_live_leader: false dest_uuid: "18c6f1fcee1549cc9a2c7d6a26ba898e"
I20260710 13:25:01.067931 27991 raft_consensus.cc:515] T 4ce932fc0b664c31b03a13d44afaf758 P 18c6f1fcee1549cc9a2c7d6a26ba898e [term 0 FOLLOWER]: Starting pre-election with config: opid_index: -1 OBSOLETE_local: false peers { permanent_uuid: "2792ad7455e54936bc561a24e6e027a8" member_type: VOTER last_known_addr { host: "127.27.2.65" port: 46187 } } peers { permanent_uuid: "18c6f1fcee1549cc9a2c7d6a26ba898e" member_type: VOTER last_known_addr { host: "127.27.2.66" port: 39961 } } peers { permanent_uuid: "aab6b03e3fe04d7b966c82fdbf030c63" member_type: VOTER last_known_addr { host: "127.27.2.67" port: 37031 } }
I20260710 13:25:01.069649 27941 tablet_service.cc:1917] Received RequestConsensusVote() RPC: tablet_id: "ac2fb94e60894915889e4c2bf7de6a0d" candidate_uuid: "2792ad7455e54936bc561a24e6e027a8" candidate_term: 1 candidate_status { last_received { term: 0 index: 0 } } ignore_live_leader: false dest_uuid: "aab6b03e3fe04d7b966c82fdbf030c63"
I20260710 13:25:01.070010 27991 leader_election.cc:290] T 4ce932fc0b664c31b03a13d44afaf758 P 18c6f1fcee1549cc9a2c7d6a26ba898e [CANDIDATE]: Term 1 pre-election: Requested pre-vote from peers 2792ad7455e54936bc561a24e6e027a8 (127.27.2.65:46187), aab6b03e3fe04d7b966c82fdbf030c63 (127.27.2.67:37031)
I20260710 13:25:01.071537 27994 leader_election.cc:290] T b062f14441554a65b175ac80a45702f4 P aab6b03e3fe04d7b966c82fdbf030c63 [CANDIDATE]: Term 1 pre-election: Requested pre-vote from peers 2792ad7455e54936bc561a24e6e027a8 (127.27.2.65:46187), 18c6f1fcee1549cc9a2c7d6a26ba898e (127.27.2.66:39961)
I20260710 13:25:01.073550 27985 ts_tablet_manager.cc:1434] T ac2fb94e60894915889e4c2bf7de6a0d P 18c6f1fcee1549cc9a2c7d6a26ba898e: Time spent starting tablet: real 0.039s	user 0.005s	sys 0.000s
W20260710 13:25:01.073923 27758 leader_election.cc:343] T ac2fb94e60894915889e4c2bf7de6a0d P 2792ad7455e54936bc561a24e6e027a8 [CANDIDATE]: Term 1 election: Tablet error from VoteRequest() call to peer aab6b03e3fe04d7b966c82fdbf030c63 (127.27.2.67:37031): Illegal state: must be running to vote when last-logged opid is not known
I20260710 13:25:01.074252 27792 tablet_service.cc:1917] Received RequestConsensusVote() RPC: tablet_id: "4ce932fc0b664c31b03a13d44afaf758" candidate_uuid: "18c6f1fcee1549cc9a2c7d6a26ba898e" candidate_term: 1 candidate_status { last_received { term: 0 index: 0 } } ignore_live_leader: false dest_uuid: "2792ad7455e54936bc561a24e6e027a8" is_pre_election: true
I20260710 13:25:01.074824 27984 tablet_bootstrap.cc:492] T b062f14441554a65b175ac80a45702f4 P 2792ad7455e54936bc561a24e6e027a8: Bootstrap starting.
I20260710 13:25:01.074741 27791 tablet_service.cc:1917] Received RequestConsensusVote() RPC: tablet_id: "b062f14441554a65b175ac80a45702f4" candidate_uuid: "aab6b03e3fe04d7b966c82fdbf030c63" candidate_term: 1 candidate_status { last_received { term: 0 index: 0 } } ignore_live_leader: false dest_uuid: "2792ad7455e54936bc561a24e6e027a8" is_pre_election: true
I20260710 13:25:01.074889 27792 raft_consensus.cc:2468] T 4ce932fc0b664c31b03a13d44afaf758 P 2792ad7455e54936bc561a24e6e027a8 [term 0 FOLLOWER]: Leader pre-election vote request: Granting yes vote for candidate 18c6f1fcee1549cc9a2c7d6a26ba898e in term 0.
I20260710 13:25:01.068262 27867 raft_consensus.cc:3060] T ac2fb94e60894915889e4c2bf7de6a0d P 18c6f1fcee1549cc9a2c7d6a26ba898e [term 0 FOLLOWER]: Advancing to term 1
I20260710 13:25:01.075845 27866 tablet_service.cc:1917] Received RequestConsensusVote() RPC: tablet_id: "b062f14441554a65b175ac80a45702f4" candidate_uuid: "aab6b03e3fe04d7b966c82fdbf030c63" candidate_term: 1 candidate_status { last_received { term: 0 index: 0 } } ignore_live_leader: false dest_uuid: "18c6f1fcee1549cc9a2c7d6a26ba898e" is_pre_election: true
I20260710 13:25:01.076558 27832 leader_election.cc:304] T 4ce932fc0b664c31b03a13d44afaf758 P 18c6f1fcee1549cc9a2c7d6a26ba898e [CANDIDATE]: Term 1 pre-election: Election decided. Result: candidate won. Election summary: received 2 responses out of 3 voters: 2 yes votes; 0 no votes. yes voters: 18c6f1fcee1549cc9a2c7d6a26ba898e, 2792ad7455e54936bc561a24e6e027a8; no voters: 
I20260710 13:25:01.078464 27991 raft_consensus.cc:2804] T 4ce932fc0b664c31b03a13d44afaf758 P 18c6f1fcee1549cc9a2c7d6a26ba898e [term 0 FOLLOWER]: Leader pre-election won for term 1
I20260710 13:25:01.078825 27991 raft_consensus.cc:493] T 4ce932fc0b664c31b03a13d44afaf758 P 18c6f1fcee1549cc9a2c7d6a26ba898e [term 0 FOLLOWER]: Starting leader election (no leader contacted us within the election timeout)
I20260710 13:25:01.079164 27991 raft_consensus.cc:3060] T 4ce932fc0b664c31b03a13d44afaf758 P 18c6f1fcee1549cc9a2c7d6a26ba898e [term 0 FOLLOWER]: Advancing to term 1
W20260710 13:25:01.081986 27906 leader_election.cc:343] T b062f14441554a65b175ac80a45702f4 P aab6b03e3fe04d7b966c82fdbf030c63 [CANDIDATE]: Term 1 pre-election: Tablet error from VoteRequest() call to peer 2792ad7455e54936bc561a24e6e027a8 (127.27.2.65:46187): Illegal state: must be running to vote when last-logged opid is not known
I20260710 13:25:01.082901 27941 tablet_service.cc:1917] Received RequestConsensusVote() RPC: tablet_id: "4ce932fc0b664c31b03a13d44afaf758" candidate_uuid: "18c6f1fcee1549cc9a2c7d6a26ba898e" candidate_term: 1 candidate_status { last_received { term: 0 index: 0 } } ignore_live_leader: false dest_uuid: "aab6b03e3fe04d7b966c82fdbf030c63" is_pre_election: true
W20260710 13:25:01.084436 27833 leader_election.cc:343] T 4ce932fc0b664c31b03a13d44afaf758 P 18c6f1fcee1549cc9a2c7d6a26ba898e [CANDIDATE]: Term 1 pre-election: Tablet error from VoteRequest() call to peer aab6b03e3fe04d7b966c82fdbf030c63 (127.27.2.67:37031): Illegal state: must be running to vote when last-logged opid is not known
W20260710 13:25:01.086784 27905 leader_election.cc:343] T b062f14441554a65b175ac80a45702f4 P aab6b03e3fe04d7b966c82fdbf030c63 [CANDIDATE]: Term 1 pre-election: Tablet error from VoteRequest() call to peer 18c6f1fcee1549cc9a2c7d6a26ba898e (127.27.2.66:39961): Illegal state: must be running to vote when last-logged opid is not known
I20260710 13:25:01.087205 27905 leader_election.cc:304] T b062f14441554a65b175ac80a45702f4 P aab6b03e3fe04d7b966c82fdbf030c63 [CANDIDATE]: Term 1 pre-election: Election decided. Result: candidate lost. Election summary: received 3 responses out of 3 voters: 1 yes votes; 2 no votes. yes voters: aab6b03e3fe04d7b966c82fdbf030c63; no voters: 18c6f1fcee1549cc9a2c7d6a26ba898e, 2792ad7455e54936bc561a24e6e027a8
I20260710 13:25:01.088227 27994 raft_consensus.cc:2749] T b062f14441554a65b175ac80a45702f4 P aab6b03e3fe04d7b966c82fdbf030c63 [term 0 FOLLOWER]: Leader pre-election lost for term 1. Reason: could not achieve majority
I20260710 13:25:01.089159 27985 tablet_bootstrap.cc:492] T ea1d53b4afdf4665acbfcec0471d70a2 P 18c6f1fcee1549cc9a2c7d6a26ba898e: Bootstrap starting.
I20260710 13:25:01.093034 27867 raft_consensus.cc:2468] T ac2fb94e60894915889e4c2bf7de6a0d P 18c6f1fcee1549cc9a2c7d6a26ba898e [term 1 FOLLOWER]: Leader election vote request: Granting yes vote for candidate 2792ad7455e54936bc561a24e6e027a8 in term 1.
I20260710 13:25:01.096999 27756 leader_election.cc:304] T ac2fb94e60894915889e4c2bf7de6a0d P 2792ad7455e54936bc561a24e6e027a8 [CANDIDATE]: Term 1 election: Election decided. Result: candidate won. Election summary: received 3 responses out of 3 voters: 2 yes votes; 1 no votes. yes voters: 18c6f1fcee1549cc9a2c7d6a26ba898e, 2792ad7455e54936bc561a24e6e027a8; no voters: aab6b03e3fe04d7b966c82fdbf030c63
I20260710 13:25:01.097744 27989 raft_consensus.cc:2804] T ac2fb94e60894915889e4c2bf7de6a0d P 2792ad7455e54936bc561a24e6e027a8 [term 1 FOLLOWER]: Leader election won for term 1
I20260710 13:25:01.098222 27989 raft_consensus.cc:697] T ac2fb94e60894915889e4c2bf7de6a0d P 2792ad7455e54936bc561a24e6e027a8 [term 1 LEADER]: Becoming Leader. State: Replica: 2792ad7455e54936bc561a24e6e027a8, State: Running, Role: LEADER
I20260710 13:25:01.099213 27989 consensus_queue.cc:237] T ac2fb94e60894915889e4c2bf7de6a0d P 2792ad7455e54936bc561a24e6e027a8 [LEADER]: Queue going to LEADER mode. State: All replicated index: 0, Majority replicated index: 0, Committed index: 0, Last appended: 0.0, Last appended by leader: 0, Current term: 1, Majority size: 2, State: 0, Mode: LEADER, active raft config: opid_index: -1 OBSOLETE_local: false peers { permanent_uuid: "2792ad7455e54936bc561a24e6e027a8" member_type: VOTER last_known_addr { host: "127.27.2.65" port: 46187 } } peers { permanent_uuid: "18c6f1fcee1549cc9a2c7d6a26ba898e" member_type: VOTER last_known_addr { host: "127.27.2.66" port: 39961 } } peers { permanent_uuid: "aab6b03e3fe04d7b966c82fdbf030c63" member_type: VOTER last_known_addr { host: "127.27.2.67" port: 37031 } }
I20260710 13:25:01.094516 27991 raft_consensus.cc:515] T 4ce932fc0b664c31b03a13d44afaf758 P 18c6f1fcee1549cc9a2c7d6a26ba898e [term 1 FOLLOWER]: Starting leader election with config: opid_index: -1 OBSOLETE_local: false peers { permanent_uuid: "2792ad7455e54936bc561a24e6e027a8" member_type: VOTER last_known_addr { host: "127.27.2.65" port: 46187 } } peers { permanent_uuid: "18c6f1fcee1549cc9a2c7d6a26ba898e" member_type: VOTER last_known_addr { host: "127.27.2.66" port: 39961 } } peers { permanent_uuid: "aab6b03e3fe04d7b966c82fdbf030c63" member_type: VOTER last_known_addr { host: "127.27.2.67" port: 37031 } }
I20260710 13:25:01.104578 27985 tablet_bootstrap.cc:654] T ea1d53b4afdf4665acbfcec0471d70a2 P 18c6f1fcee1549cc9a2c7d6a26ba898e: Neither blocks nor log segments found. Creating new log.
I20260710 13:25:01.107456 27991 leader_election.cc:290] T 4ce932fc0b664c31b03a13d44afaf758 P 18c6f1fcee1549cc9a2c7d6a26ba898e [CANDIDATE]: Term 1 election: Requested vote from peers 2792ad7455e54936bc561a24e6e027a8 (127.27.2.65:46187), aab6b03e3fe04d7b966c82fdbf030c63 (127.27.2.67:37031)
I20260710 13:25:01.108827 27791 tablet_service.cc:1917] Received RequestConsensusVote() RPC: tablet_id: "4ce932fc0b664c31b03a13d44afaf758" candidate_uuid: "18c6f1fcee1549cc9a2c7d6a26ba898e" candidate_term: 1 candidate_status { last_received { term: 0 index: 0 } } ignore_live_leader: false dest_uuid: "2792ad7455e54936bc561a24e6e027a8"
I20260710 13:25:01.111186 27791 raft_consensus.cc:3060] T 4ce932fc0b664c31b03a13d44afaf758 P 2792ad7455e54936bc561a24e6e027a8 [term 0 FOLLOWER]: Advancing to term 1
I20260710 13:25:01.112277 27984 tablet_bootstrap.cc:654] T b062f14441554a65b175ac80a45702f4 P 2792ad7455e54936bc561a24e6e027a8: Neither blocks nor log segments found. Creating new log.
I20260710 13:25:01.114939 27941 tablet_service.cc:1917] Received RequestConsensusVote() RPC: tablet_id: "4ce932fc0b664c31b03a13d44afaf758" candidate_uuid: "18c6f1fcee1549cc9a2c7d6a26ba898e" candidate_term: 1 candidate_status { last_received { term: 0 index: 0 } } ignore_live_leader: false dest_uuid: "aab6b03e3fe04d7b966c82fdbf030c63"
I20260710 13:25:01.119961 27791 raft_consensus.cc:2468] T 4ce932fc0b664c31b03a13d44afaf758 P 2792ad7455e54936bc561a24e6e027a8 [term 1 FOLLOWER]: Leader election vote request: Granting yes vote for candidate 18c6f1fcee1549cc9a2c7d6a26ba898e in term 1.
I20260710 13:25:01.120599 27986 tablet_bootstrap.cc:492] T c3418527631f4f5092b5cdd022636426 P aab6b03e3fe04d7b966c82fdbf030c63: No bootstrap required, opened a new log
W20260710 13:25:01.123005 27833 leader_election.cc:343] T 4ce932fc0b664c31b03a13d44afaf758 P 18c6f1fcee1549cc9a2c7d6a26ba898e [CANDIDATE]: Term 1 election: Tablet error from VoteRequest() call to peer aab6b03e3fe04d7b966c82fdbf030c63 (127.27.2.67:37031): Illegal state: must be running to vote when last-logged opid is not known
I20260710 13:25:01.123624 27986 ts_tablet_manager.cc:1403] T c3418527631f4f5092b5cdd022636426 P aab6b03e3fe04d7b966c82fdbf030c63: Time spent bootstrapping tablet: real 0.099s	user 0.033s	sys 0.044s
I20260710 13:25:01.125239 27832 leader_election.cc:304] T 4ce932fc0b664c31b03a13d44afaf758 P 18c6f1fcee1549cc9a2c7d6a26ba898e [CANDIDATE]: Term 1 election: Election decided. Result: candidate won. Election summary: received 3 responses out of 3 voters: 2 yes votes; 1 no votes. yes voters: 18c6f1fcee1549cc9a2c7d6a26ba898e, 2792ad7455e54936bc561a24e6e027a8; no voters: aab6b03e3fe04d7b966c82fdbf030c63
I20260710 13:25:01.126140 27991 raft_consensus.cc:2804] T 4ce932fc0b664c31b03a13d44afaf758 P 18c6f1fcee1549cc9a2c7d6a26ba898e [term 1 FOLLOWER]: Leader election won for term 1
I20260710 13:25:01.137712 27991 raft_consensus.cc:697] T 4ce932fc0b664c31b03a13d44afaf758 P 18c6f1fcee1549cc9a2c7d6a26ba898e [term 1 LEADER]: Becoming Leader. State: Replica: 18c6f1fcee1549cc9a2c7d6a26ba898e, State: Running, Role: LEADER
I20260710 13:25:01.138985 27986 raft_consensus.cc:359] T c3418527631f4f5092b5cdd022636426 P aab6b03e3fe04d7b966c82fdbf030c63 [term 0 FOLLOWER]: Replica starting. Triggering 0 pending ops. Active config: opid_index: -1 OBSOLETE_local: false peers { permanent_uuid: "2792ad7455e54936bc561a24e6e027a8" member_type: VOTER last_known_addr { host: "127.27.2.65" port: 46187 } } peers { permanent_uuid: "18c6f1fcee1549cc9a2c7d6a26ba898e" member_type: VOTER last_known_addr { host: "127.27.2.66" port: 39961 } } peers { permanent_uuid: "aab6b03e3fe04d7b966c82fdbf030c63" member_type: VOTER last_known_addr { host: "127.27.2.67" port: 37031 } }
I20260710 13:25:01.139946 27986 raft_consensus.cc:385] T c3418527631f4f5092b5cdd022636426 P aab6b03e3fe04d7b966c82fdbf030c63 [term 0 FOLLOWER]: Consensus starting up: Expiring failure detector timer to make a prompt election more likely
I20260710 13:25:01.139438 27991 consensus_queue.cc:237] T 4ce932fc0b664c31b03a13d44afaf758 P 18c6f1fcee1549cc9a2c7d6a26ba898e [LEADER]: Queue going to LEADER mode. State: All replicated index: 0, Majority replicated index: 0, Committed index: 0, Last appended: 0.0, Last appended by leader: 0, Current term: 1, Majority size: 2, State: 0, Mode: LEADER, active raft config: opid_index: -1 OBSOLETE_local: false peers { permanent_uuid: "2792ad7455e54936bc561a24e6e027a8" member_type: VOTER last_known_addr { host: "127.27.2.65" port: 46187 } } peers { permanent_uuid: "18c6f1fcee1549cc9a2c7d6a26ba898e" member_type: VOTER last_known_addr { host: "127.27.2.66" port: 39961 } } peers { permanent_uuid: "aab6b03e3fe04d7b966c82fdbf030c63" member_type: VOTER last_known_addr { host: "127.27.2.67" port: 37031 } }
I20260710 13:25:01.140277 27986 raft_consensus.cc:740] T c3418527631f4f5092b5cdd022636426 P aab6b03e3fe04d7b966c82fdbf030c63 [term 0 FOLLOWER]: Becoming Follower/Learner. State: Replica: aab6b03e3fe04d7b966c82fdbf030c63, State: Initialized, Role: FOLLOWER
I20260710 13:25:01.141114 27986 consensus_queue.cc:260] T c3418527631f4f5092b5cdd022636426 P aab6b03e3fe04d7b966c82fdbf030c63 [NON_LEADER]: Queue going to NON_LEADER mode. State: All replicated index: 0, Majority replicated index: 0, Committed index: 0, Last appended: 0.0, Last appended by leader: 0, Current term: 0, Majority size: -1, State: 0, Mode: NON_LEADER, active raft config: opid_index: -1 OBSOLETE_local: false peers { permanent_uuid: "2792ad7455e54936bc561a24e6e027a8" member_type: VOTER last_known_addr { host: "127.27.2.65" port: 46187 } } peers { permanent_uuid: "18c6f1fcee1549cc9a2c7d6a26ba898e" member_type: VOTER last_known_addr { host: "127.27.2.66" port: 39961 } } peers { permanent_uuid: "aab6b03e3fe04d7b966c82fdbf030c63" member_type: VOTER last_known_addr { host: "127.27.2.67" port: 37031 } }
I20260710 13:25:01.148109 27986 ts_tablet_manager.cc:1434] T c3418527631f4f5092b5cdd022636426 P aab6b03e3fe04d7b966c82fdbf030c63: Time spent starting tablet: real 0.024s	user 0.006s	sys 0.002s
I20260710 13:25:01.149988 27986 tablet_bootstrap.cc:492] T dc0f9174a304423aa3511c8d22e32306 P aab6b03e3fe04d7b966c82fdbf030c63: Bootstrap starting.
I20260710 13:25:01.148977 27985 tablet_bootstrap.cc:492] T ea1d53b4afdf4665acbfcec0471d70a2 P 18c6f1fcee1549cc9a2c7d6a26ba898e: No bootstrap required, opened a new log
I20260710 13:25:01.151680 27994 raft_consensus.cc:493] T 0b36e66d4c1d4548a4ce7f76c8146918 P aab6b03e3fe04d7b966c82fdbf030c63 [term 0 FOLLOWER]: Starting pre-election (no leader contacted us within the election timeout)
I20260710 13:25:01.152267 27994 raft_consensus.cc:515] T 0b36e66d4c1d4548a4ce7f76c8146918 P aab6b03e3fe04d7b966c82fdbf030c63 [term 0 FOLLOWER]: Starting pre-election with config: opid_index: -1 OBSOLETE_local: false peers { permanent_uuid: "2792ad7455e54936bc561a24e6e027a8" member_type: VOTER last_known_addr { host: "127.27.2.65" port: 46187 } } peers { permanent_uuid: "18c6f1fcee1549cc9a2c7d6a26ba898e" member_type: VOTER last_known_addr { host: "127.27.2.66" port: 39961 } } peers { permanent_uuid: "aab6b03e3fe04d7b966c82fdbf030c63" member_type: VOTER last_known_addr { host: "127.27.2.67" port: 37031 } }
I20260710 13:25:01.154356 27994 leader_election.cc:290] T 0b36e66d4c1d4548a4ce7f76c8146918 P aab6b03e3fe04d7b966c82fdbf030c63 [CANDIDATE]: Term 1 pre-election: Requested pre-vote from peers 2792ad7455e54936bc561a24e6e027a8 (127.27.2.65:46187), 18c6f1fcee1549cc9a2c7d6a26ba898e (127.27.2.66:39961)
I20260710 13:25:01.155000 27989 raft_consensus.cc:493] T ea1d53b4afdf4665acbfcec0471d70a2 P 2792ad7455e54936bc561a24e6e027a8 [term 0 FOLLOWER]: Starting pre-election (no leader contacted us within the election timeout)
I20260710 13:25:01.155586 27867 tablet_service.cc:1917] Received RequestConsensusVote() RPC: tablet_id: "0b36e66d4c1d4548a4ce7f76c8146918" candidate_uuid: "aab6b03e3fe04d7b966c82fdbf030c63" candidate_term: 1 candidate_status { last_received { term: 0 index: 0 } } ignore_live_leader: false dest_uuid: "18c6f1fcee1549cc9a2c7d6a26ba898e" is_pre_election: true
I20260710 13:25:01.155449 27989 raft_consensus.cc:515] T ea1d53b4afdf4665acbfcec0471d70a2 P 2792ad7455e54936bc561a24e6e027a8 [term 0 FOLLOWER]: Starting pre-election with config: opid_index: -1 OBSOLETE_local: false peers { permanent_uuid: "2792ad7455e54936bc561a24e6e027a8" member_type: VOTER last_known_addr { host: "127.27.2.65" port: 46187 } } peers { permanent_uuid: "18c6f1fcee1549cc9a2c7d6a26ba898e" member_type: VOTER last_known_addr { host: "127.27.2.66" port: 39961 } } peers { permanent_uuid: "aab6b03e3fe04d7b966c82fdbf030c63" member_type: VOTER last_known_addr { host: "127.27.2.67" port: 37031 } }
I20260710 13:25:01.156287 27791 tablet_service.cc:1917] Received RequestConsensusVote() RPC: tablet_id: "0b36e66d4c1d4548a4ce7f76c8146918" candidate_uuid: "aab6b03e3fe04d7b966c82fdbf030c63" candidate_term: 1 candidate_status { last_received { term: 0 index: 0 } } ignore_live_leader: false dest_uuid: "2792ad7455e54936bc561a24e6e027a8" is_pre_election: true
W20260710 13:25:01.156968 27905 leader_election.cc:343] T 0b36e66d4c1d4548a4ce7f76c8146918 P aab6b03e3fe04d7b966c82fdbf030c63 [CANDIDATE]: Term 1 pre-election: Tablet error from VoteRequest() call to peer 18c6f1fcee1549cc9a2c7d6a26ba898e (127.27.2.66:39961): Illegal state: must be running to vote when last-logged opid is not known
I20260710 13:25:01.158012 27686 catalog_manager.cc:5697] T ac2fb94e60894915889e4c2bf7de6a0d P 2792ad7455e54936bc561a24e6e027a8 reported cstate change: term changed from 0 to 1, leader changed from <none> to 2792ad7455e54936bc561a24e6e027a8 (127.27.2.65). New cstate: current_term: 1 leader_uuid: "2792ad7455e54936bc561a24e6e027a8" committed_config { opid_index: -1 OBSOLETE_local: false peers { permanent_uuid: "2792ad7455e54936bc561a24e6e027a8" member_type: VOTER last_known_addr { host: "127.27.2.65" port: 46187 } health_report { overall_health: HEALTHY } } peers { permanent_uuid: "18c6f1fcee1549cc9a2c7d6a26ba898e" member_type: VOTER last_known_addr { host: "127.27.2.66" port: 39961 } health_report { overall_health: UNKNOWN } } peers { permanent_uuid: "aab6b03e3fe04d7b966c82fdbf030c63" member_type: VOTER last_known_addr { host: "127.27.2.67" port: 37031 } health_report { overall_health: UNKNOWN } } }
I20260710 13:25:01.159184 27867 tablet_service.cc:1917] Received RequestConsensusVote() RPC: tablet_id: "ea1d53b4afdf4665acbfcec0471d70a2" candidate_uuid: "2792ad7455e54936bc561a24e6e027a8" candidate_term: 1 candidate_status { last_received { term: 0 index: 0 } } ignore_live_leader: false dest_uuid: "18c6f1fcee1549cc9a2c7d6a26ba898e" is_pre_election: true
I20260710 13:25:01.159197 27941 tablet_service.cc:1917] Received RequestConsensusVote() RPC: tablet_id: "ea1d53b4afdf4665acbfcec0471d70a2" candidate_uuid: "2792ad7455e54936bc561a24e6e027a8" candidate_term: 1 candidate_status { last_received { term: 0 index: 0 } } ignore_live_leader: false dest_uuid: "aab6b03e3fe04d7b966c82fdbf030c63" is_pre_election: true
W20260710 13:25:01.160722 27758 leader_election.cc:343] T ea1d53b4afdf4665acbfcec0471d70a2 P 2792ad7455e54936bc561a24e6e027a8 [CANDIDATE]: Term 1 pre-election: Tablet error from VoteRequest() call to peer aab6b03e3fe04d7b966c82fdbf030c63 (127.27.2.67:37031): Illegal state: must be running to vote when last-logged opid is not known
W20260710 13:25:01.161608 27756 leader_election.cc:343] T ea1d53b4afdf4665acbfcec0471d70a2 P 2792ad7455e54936bc561a24e6e027a8 [CANDIDATE]: Term 1 pre-election: Tablet error from VoteRequest() call to peer 18c6f1fcee1549cc9a2c7d6a26ba898e (127.27.2.66:39961): Illegal state: must be running to vote when last-logged opid is not known
I20260710 13:25:01.162021 27756 leader_election.cc:304] T ea1d53b4afdf4665acbfcec0471d70a2 P 2792ad7455e54936bc561a24e6e027a8 [CANDIDATE]: Term 1 pre-election: Election decided. Result: candidate lost. Election summary: received 3 responses out of 3 voters: 1 yes votes; 2 no votes. yes voters: 2792ad7455e54936bc561a24e6e027a8; no voters: 18c6f1fcee1549cc9a2c7d6a26ba898e, aab6b03e3fe04d7b966c82fdbf030c63
I20260710 13:25:01.162765 27992 raft_consensus.cc:2749] T ea1d53b4afdf4665acbfcec0471d70a2 P 2792ad7455e54936bc561a24e6e027a8 [term 0 FOLLOWER]: Leader pre-election lost for term 1. Reason: could not achieve majority
I20260710 13:25:01.156972 27791 raft_consensus.cc:2468] T 0b36e66d4c1d4548a4ce7f76c8146918 P 2792ad7455e54936bc561a24e6e027a8 [term 0 FOLLOWER]: Leader pre-election vote request: Granting yes vote for candidate aab6b03e3fe04d7b966c82fdbf030c63 in term 0.
I20260710 13:25:01.160768 27989 leader_election.cc:290] T ea1d53b4afdf4665acbfcec0471d70a2 P 2792ad7455e54936bc561a24e6e027a8 [CANDIDATE]: Term 1 pre-election: Requested pre-vote from peers 18c6f1fcee1549cc9a2c7d6a26ba898e (127.27.2.66:39961), aab6b03e3fe04d7b966c82fdbf030c63 (127.27.2.67:37031)
I20260710 13:25:01.161610 27985 ts_tablet_manager.cc:1403] T ea1d53b4afdf4665acbfcec0471d70a2 P 18c6f1fcee1549cc9a2c7d6a26ba898e: Time spent bootstrapping tablet: real 0.073s	user 0.011s	sys 0.013s
I20260710 13:25:01.166066 27906 leader_election.cc:304] T 0b36e66d4c1d4548a4ce7f76c8146918 P aab6b03e3fe04d7b966c82fdbf030c63 [CANDIDATE]: Term 1 pre-election: Election decided. Result: candidate won. Election summary: received 3 responses out of 3 voters: 2 yes votes; 1 no votes. yes voters: 2792ad7455e54936bc561a24e6e027a8, aab6b03e3fe04d7b966c82fdbf030c63; no voters: 18c6f1fcee1549cc9a2c7d6a26ba898e
I20260710 13:25:01.167156 27994 raft_consensus.cc:2804] T 0b36e66d4c1d4548a4ce7f76c8146918 P aab6b03e3fe04d7b966c82fdbf030c63 [term 0 FOLLOWER]: Leader pre-election won for term 1
I20260710 13:25:01.167523 27994 raft_consensus.cc:493] T 0b36e66d4c1d4548a4ce7f76c8146918 P aab6b03e3fe04d7b966c82fdbf030c63 [term 0 FOLLOWER]: Starting leader election (no leader contacted us within the election timeout)
I20260710 13:25:01.167900 27994 raft_consensus.cc:3060] T 0b36e66d4c1d4548a4ce7f76c8146918 P aab6b03e3fe04d7b966c82fdbf030c63 [term 0 FOLLOWER]: Advancing to term 1
I20260710 13:25:01.167676 27985 raft_consensus.cc:359] T ea1d53b4afdf4665acbfcec0471d70a2 P 18c6f1fcee1549cc9a2c7d6a26ba898e [term 0 FOLLOWER]: Replica starting. Triggering 0 pending ops. Active config: opid_index: -1 OBSOLETE_local: false peers { permanent_uuid: "2792ad7455e54936bc561a24e6e027a8" member_type: VOTER last_known_addr { host: "127.27.2.65" port: 46187 } } peers { permanent_uuid: "18c6f1fcee1549cc9a2c7d6a26ba898e" member_type: VOTER last_known_addr { host: "127.27.2.66" port: 39961 } } peers { permanent_uuid: "aab6b03e3fe04d7b966c82fdbf030c63" member_type: VOTER last_known_addr { host: "127.27.2.67" port: 37031 } }
I20260710 13:25:01.168437 27985 raft_consensus.cc:385] T ea1d53b4afdf4665acbfcec0471d70a2 P 18c6f1fcee1549cc9a2c7d6a26ba898e [term 0 FOLLOWER]: Consensus starting up: Expiring failure detector timer to make a prompt election more likely
I20260710 13:25:01.168752 27985 raft_consensus.cc:740] T ea1d53b4afdf4665acbfcec0471d70a2 P 18c6f1fcee1549cc9a2c7d6a26ba898e [term 0 FOLLOWER]: Becoming Follower/Learner. State: Replica: 18c6f1fcee1549cc9a2c7d6a26ba898e, State: Initialized, Role: FOLLOWER
I20260710 13:25:01.169510 27985 consensus_queue.cc:260] T ea1d53b4afdf4665acbfcec0471d70a2 P 18c6f1fcee1549cc9a2c7d6a26ba898e [NON_LEADER]: Queue going to NON_LEADER mode. State: All replicated index: 0, Majority replicated index: 0, Committed index: 0, Last appended: 0.0, Last appended by leader: 0, Current term: 0, Majority size: -1, State: 0, Mode: NON_LEADER, active raft config: opid_index: -1 OBSOLETE_local: false peers { permanent_uuid: "2792ad7455e54936bc561a24e6e027a8" member_type: VOTER last_known_addr { host: "127.27.2.65" port: 46187 } } peers { permanent_uuid: "18c6f1fcee1549cc9a2c7d6a26ba898e" member_type: VOTER last_known_addr { host: "127.27.2.66" port: 39961 } } peers { permanent_uuid: "aab6b03e3fe04d7b966c82fdbf030c63" member_type: VOTER last_known_addr { host: "127.27.2.67" port: 37031 } }
I20260710 13:25:01.172654 27986 tablet_bootstrap.cc:654] T dc0f9174a304423aa3511c8d22e32306 P aab6b03e3fe04d7b966c82fdbf030c63: Neither blocks nor log segments found. Creating new log.
I20260710 13:25:01.174806 27985 ts_tablet_manager.cc:1434] T ea1d53b4afdf4665acbfcec0471d70a2 P 18c6f1fcee1549cc9a2c7d6a26ba898e: Time spent starting tablet: real 0.010s	user 0.006s	sys 0.000s
I20260710 13:25:01.174938 27994 raft_consensus.cc:515] T 0b36e66d4c1d4548a4ce7f76c8146918 P aab6b03e3fe04d7b966c82fdbf030c63 [term 1 FOLLOWER]: Starting leader election with config: opid_index: -1 OBSOLETE_local: false peers { permanent_uuid: "2792ad7455e54936bc561a24e6e027a8" member_type: VOTER last_known_addr { host: "127.27.2.65" port: 46187 } } peers { permanent_uuid: "18c6f1fcee1549cc9a2c7d6a26ba898e" member_type: VOTER last_known_addr { host: "127.27.2.66" port: 39961 } } peers { permanent_uuid: "aab6b03e3fe04d7b966c82fdbf030c63" member_type: VOTER last_known_addr { host: "127.27.2.67" port: 37031 } }
I20260710 13:25:01.175901 27985 tablet_bootstrap.cc:492] T 0b36e66d4c1d4548a4ce7f76c8146918 P 18c6f1fcee1549cc9a2c7d6a26ba898e: Bootstrap starting.
I20260710 13:25:01.177798 27791 tablet_service.cc:1917] Received RequestConsensusVote() RPC: tablet_id: "0b36e66d4c1d4548a4ce7f76c8146918" candidate_uuid: "aab6b03e3fe04d7b966c82fdbf030c63" candidate_term: 1 candidate_status { last_received { term: 0 index: 0 } } ignore_live_leader: false dest_uuid: "2792ad7455e54936bc561a24e6e027a8"
I20260710 13:25:01.178398 27791 raft_consensus.cc:3060] T 0b36e66d4c1d4548a4ce7f76c8146918 P 2792ad7455e54936bc561a24e6e027a8 [term 0 FOLLOWER]: Advancing to term 1
I20260710 13:25:01.182634 27985 tablet_bootstrap.cc:654] T 0b36e66d4c1d4548a4ce7f76c8146918 P 18c6f1fcee1549cc9a2c7d6a26ba898e: Neither blocks nor log segments found. Creating new log.
I20260710 13:25:01.185149 27791 raft_consensus.cc:2468] T 0b36e66d4c1d4548a4ce7f76c8146918 P 2792ad7455e54936bc561a24e6e027a8 [term 1 FOLLOWER]: Leader election vote request: Granting yes vote for candidate aab6b03e3fe04d7b966c82fdbf030c63 in term 1.
I20260710 13:25:01.190040 27906 leader_election.cc:304] T 0b36e66d4c1d4548a4ce7f76c8146918 P aab6b03e3fe04d7b966c82fdbf030c63 [CANDIDATE]: Term 1 election: Election decided. Result: candidate won. Election summary: received 2 responses out of 3 voters: 2 yes votes; 0 no votes. yes voters: 2792ad7455e54936bc561a24e6e027a8, aab6b03e3fe04d7b966c82fdbf030c63; no voters: 
I20260710 13:25:01.191205 28010 raft_consensus.cc:2804] T 0b36e66d4c1d4548a4ce7f76c8146918 P aab6b03e3fe04d7b966c82fdbf030c63 [term 1 FOLLOWER]: Leader election won for term 1
I20260710 13:25:01.194074 27986 tablet_bootstrap.cc:492] T dc0f9174a304423aa3511c8d22e32306 P aab6b03e3fe04d7b966c82fdbf030c63: No bootstrap required, opened a new log
I20260710 13:25:01.194687 27986 ts_tablet_manager.cc:1403] T dc0f9174a304423aa3511c8d22e32306 P aab6b03e3fe04d7b966c82fdbf030c63: Time spent bootstrapping tablet: real 0.045s	user 0.011s	sys 0.002s
I20260710 13:25:01.198284 27994 leader_election.cc:290] T 0b36e66d4c1d4548a4ce7f76c8146918 P aab6b03e3fe04d7b966c82fdbf030c63 [CANDIDATE]: Term 1 election: Requested vote from peers 2792ad7455e54936bc561a24e6e027a8 (127.27.2.65:46187), 18c6f1fcee1549cc9a2c7d6a26ba898e (127.27.2.66:39961)
I20260710 13:25:01.199597 27867 tablet_service.cc:1917] Received RequestConsensusVote() RPC: tablet_id: "0b36e66d4c1d4548a4ce7f76c8146918" candidate_uuid: "aab6b03e3fe04d7b966c82fdbf030c63" candidate_term: 1 candidate_status { last_received { term: 0 index: 0 } } ignore_live_leader: false dest_uuid: "18c6f1fcee1549cc9a2c7d6a26ba898e"
W20260710 13:25:01.201139 27905 leader_election.cc:343] T 0b36e66d4c1d4548a4ce7f76c8146918 P aab6b03e3fe04d7b966c82fdbf030c63 [CANDIDATE]: Term 1 election: Tablet error from VoteRequest() call to peer 18c6f1fcee1549cc9a2c7d6a26ba898e (127.27.2.66:39961): Illegal state: must be running to vote when last-logged opid is not known
I20260710 13:25:01.202121 27986 raft_consensus.cc:359] T dc0f9174a304423aa3511c8d22e32306 P aab6b03e3fe04d7b966c82fdbf030c63 [term 0 FOLLOWER]: Replica starting. Triggering 0 pending ops. Active config: opid_index: -1 OBSOLETE_local: false peers { permanent_uuid: "2792ad7455e54936bc561a24e6e027a8" member_type: VOTER last_known_addr { host: "127.27.2.65" port: 46187 } } peers { permanent_uuid: "18c6f1fcee1549cc9a2c7d6a26ba898e" member_type: VOTER last_known_addr { host: "127.27.2.66" port: 39961 } } peers { permanent_uuid: "aab6b03e3fe04d7b966c82fdbf030c63" member_type: VOTER last_known_addr { host: "127.27.2.67" port: 37031 } }
I20260710 13:25:01.202936 27986 raft_consensus.cc:385] T dc0f9174a304423aa3511c8d22e32306 P aab6b03e3fe04d7b966c82fdbf030c63 [term 0 FOLLOWER]: Consensus starting up: Expiring failure detector timer to make a prompt election more likely
I20260710 13:25:01.203269 27986 raft_consensus.cc:740] T dc0f9174a304423aa3511c8d22e32306 P aab6b03e3fe04d7b966c82fdbf030c63 [term 0 FOLLOWER]: Becoming Follower/Learner. State: Replica: aab6b03e3fe04d7b966c82fdbf030c63, State: Initialized, Role: FOLLOWER
I20260710 13:25:01.204088 27986 consensus_queue.cc:260] T dc0f9174a304423aa3511c8d22e32306 P aab6b03e3fe04d7b966c82fdbf030c63 [NON_LEADER]: Queue going to NON_LEADER mode. State: All replicated index: 0, Majority replicated index: 0, Committed index: 0, Last appended: 0.0, Last appended by leader: 0, Current term: 0, Majority size: -1, State: 0, Mode: NON_LEADER, active raft config: opid_index: -1 OBSOLETE_local: false peers { permanent_uuid: "2792ad7455e54936bc561a24e6e027a8" member_type: VOTER last_known_addr { host: "127.27.2.65" port: 46187 } } peers { permanent_uuid: "18c6f1fcee1549cc9a2c7d6a26ba898e" member_type: VOTER last_known_addr { host: "127.27.2.66" port: 39961 } } peers { permanent_uuid: "aab6b03e3fe04d7b966c82fdbf030c63" member_type: VOTER last_known_addr { host: "127.27.2.67" port: 37031 } }
I20260710 13:25:01.205359 27985 tablet_bootstrap.cc:492] T 0b36e66d4c1d4548a4ce7f76c8146918 P 18c6f1fcee1549cc9a2c7d6a26ba898e: No bootstrap required, opened a new log
I20260710 13:25:01.205826 27985 ts_tablet_manager.cc:1403] T 0b36e66d4c1d4548a4ce7f76c8146918 P 18c6f1fcee1549cc9a2c7d6a26ba898e: Time spent bootstrapping tablet: real 0.030s	user 0.012s	sys 0.000s
I20260710 13:25:01.206331 27986 ts_tablet_manager.cc:1434] T dc0f9174a304423aa3511c8d22e32306 P aab6b03e3fe04d7b966c82fdbf030c63: Time spent starting tablet: real 0.011s	user 0.008s	sys 0.000s
I20260710 13:25:01.209273 28010 raft_consensus.cc:697] T 0b36e66d4c1d4548a4ce7f76c8146918 P aab6b03e3fe04d7b966c82fdbf030c63 [term 1 LEADER]: Becoming Leader. State: Replica: aab6b03e3fe04d7b966c82fdbf030c63, State: Running, Role: LEADER
I20260710 13:25:01.210239 27986 tablet_bootstrap.cc:492] T ac2fb94e60894915889e4c2bf7de6a0d P aab6b03e3fe04d7b966c82fdbf030c63: Bootstrap starting.
I20260710 13:25:01.210197 28010 consensus_queue.cc:237] T 0b36e66d4c1d4548a4ce7f76c8146918 P aab6b03e3fe04d7b966c82fdbf030c63 [LEADER]: Queue going to LEADER mode. State: All replicated index: 0, Majority replicated index: 0, Committed index: 0, Last appended: 0.0, Last appended by leader: 0, Current term: 1, Majority size: 2, State: 0, Mode: LEADER, active raft config: opid_index: -1 OBSOLETE_local: false peers { permanent_uuid: "2792ad7455e54936bc561a24e6e027a8" member_type: VOTER last_known_addr { host: "127.27.2.65" port: 46187 } } peers { permanent_uuid: "18c6f1fcee1549cc9a2c7d6a26ba898e" member_type: VOTER last_known_addr { host: "127.27.2.66" port: 39961 } } peers { permanent_uuid: "aab6b03e3fe04d7b966c82fdbf030c63" member_type: VOTER last_known_addr { host: "127.27.2.67" port: 37031 } }
I20260710 13:25:01.215480 27985 raft_consensus.cc:359] T 0b36e66d4c1d4548a4ce7f76c8146918 P 18c6f1fcee1549cc9a2c7d6a26ba898e [term 0 FOLLOWER]: Replica starting. Triggering 0 pending ops. Active config: opid_index: -1 OBSOLETE_local: false peers { permanent_uuid: "2792ad7455e54936bc561a24e6e027a8" member_type: VOTER last_known_addr { host: "127.27.2.65" port: 46187 } } peers { permanent_uuid: "18c6f1fcee1549cc9a2c7d6a26ba898e" member_type: VOTER last_known_addr { host: "127.27.2.66" port: 39961 } } peers { permanent_uuid: "aab6b03e3fe04d7b966c82fdbf030c63" member_type: VOTER last_known_addr { host: "127.27.2.67" port: 37031 } }
I20260710 13:25:01.216181 27985 raft_consensus.cc:385] T 0b36e66d4c1d4548a4ce7f76c8146918 P 18c6f1fcee1549cc9a2c7d6a26ba898e [term 0 FOLLOWER]: Consensus starting up: Expiring failure detector timer to make a prompt election more likely
I20260710 13:25:01.216478 27985 raft_consensus.cc:740] T 0b36e66d4c1d4548a4ce7f76c8146918 P 18c6f1fcee1549cc9a2c7d6a26ba898e [term 0 FOLLOWER]: Becoming Follower/Learner. State: Replica: 18c6f1fcee1549cc9a2c7d6a26ba898e, State: Initialized, Role: FOLLOWER
I20260710 13:25:01.217097 27986 tablet_bootstrap.cc:654] T ac2fb94e60894915889e4c2bf7de6a0d P aab6b03e3fe04d7b966c82fdbf030c63: Neither blocks nor log segments found. Creating new log.
I20260710 13:25:01.220844 27984 tablet_bootstrap.cc:492] T b062f14441554a65b175ac80a45702f4 P 2792ad7455e54936bc561a24e6e027a8: No bootstrap required, opened a new log
I20260710 13:25:01.221391 27984 ts_tablet_manager.cc:1403] T b062f14441554a65b175ac80a45702f4 P 2792ad7455e54936bc561a24e6e027a8: Time spent bootstrapping tablet: real 0.147s	user 0.031s	sys 0.019s
I20260710 13:25:01.217736 27985 consensus_queue.cc:260] T 0b36e66d4c1d4548a4ce7f76c8146918 P 18c6f1fcee1549cc9a2c7d6a26ba898e [NON_LEADER]: Queue going to NON_LEADER mode. State: All replicated index: 0, Majority replicated index: 0, Committed index: 0, Last appended: 0.0, Last appended by leader: 0, Current term: 0, Majority size: -1, State: 0, Mode: NON_LEADER, active raft config: opid_index: -1 OBSOLETE_local: false peers { permanent_uuid: "2792ad7455e54936bc561a24e6e027a8" member_type: VOTER last_known_addr { host: "127.27.2.65" port: 46187 } } peers { permanent_uuid: "18c6f1fcee1549cc9a2c7d6a26ba898e" member_type: VOTER last_known_addr { host: "127.27.2.66" port: 39961 } } peers { permanent_uuid: "aab6b03e3fe04d7b966c82fdbf030c63" member_type: VOTER last_known_addr { host: "127.27.2.67" port: 37031 } }
I20260710 13:25:01.223928 27985 ts_tablet_manager.cc:1434] T 0b36e66d4c1d4548a4ce7f76c8146918 P 18c6f1fcee1549cc9a2c7d6a26ba898e: Time spent starting tablet: real 0.018s	user 0.006s	sys 0.000s
I20260710 13:25:01.224575 27984 raft_consensus.cc:359] T b062f14441554a65b175ac80a45702f4 P 2792ad7455e54936bc561a24e6e027a8 [term 0 FOLLOWER]: Replica starting. Triggering 0 pending ops. Active config: opid_index: -1 OBSOLETE_local: false peers { permanent_uuid: "2792ad7455e54936bc561a24e6e027a8" member_type: VOTER last_known_addr { host: "127.27.2.65" port: 46187 } } peers { permanent_uuid: "18c6f1fcee1549cc9a2c7d6a26ba898e" member_type: VOTER last_known_addr { host: "127.27.2.66" port: 39961 } } peers { permanent_uuid: "aab6b03e3fe04d7b966c82fdbf030c63" member_type: VOTER last_known_addr { host: "127.27.2.67" port: 37031 } }
I20260710 13:25:01.225278 27984 raft_consensus.cc:385] T b062f14441554a65b175ac80a45702f4 P 2792ad7455e54936bc561a24e6e027a8 [term 0 FOLLOWER]: Consensus starting up: Expiring failure detector timer to make a prompt election more likely
I20260710 13:25:01.225584 27984 raft_consensus.cc:740] T b062f14441554a65b175ac80a45702f4 P 2792ad7455e54936bc561a24e6e027a8 [term 0 FOLLOWER]: Becoming Follower/Learner. State: Replica: 2792ad7455e54936bc561a24e6e027a8, State: Initialized, Role: FOLLOWER
I20260710 13:25:01.226402 27984 consensus_queue.cc:260] T b062f14441554a65b175ac80a45702f4 P 2792ad7455e54936bc561a24e6e027a8 [NON_LEADER]: Queue going to NON_LEADER mode. State: All replicated index: 0, Majority replicated index: 0, Committed index: 0, Last appended: 0.0, Last appended by leader: 0, Current term: 0, Majority size: -1, State: 0, Mode: NON_LEADER, active raft config: opid_index: -1 OBSOLETE_local: false peers { permanent_uuid: "2792ad7455e54936bc561a24e6e027a8" member_type: VOTER last_known_addr { host: "127.27.2.65" port: 46187 } } peers { permanent_uuid: "18c6f1fcee1549cc9a2c7d6a26ba898e" member_type: VOTER last_known_addr { host: "127.27.2.66" port: 39961 } } peers { permanent_uuid: "aab6b03e3fe04d7b966c82fdbf030c63" member_type: VOTER last_known_addr { host: "127.27.2.67" port: 37031 } }
I20260710 13:25:01.228655 27984 ts_tablet_manager.cc:1434] T b062f14441554a65b175ac80a45702f4 P 2792ad7455e54936bc561a24e6e027a8: Time spent starting tablet: real 0.007s	user 0.004s	sys 0.000s
I20260710 13:25:01.220546 27686 catalog_manager.cc:5697] T 4ce932fc0b664c31b03a13d44afaf758 P 18c6f1fcee1549cc9a2c7d6a26ba898e reported cstate change: term changed from 0 to 1, leader changed from <none> to 18c6f1fcee1549cc9a2c7d6a26ba898e (127.27.2.66). New cstate: current_term: 1 leader_uuid: "18c6f1fcee1549cc9a2c7d6a26ba898e" committed_config { opid_index: -1 OBSOLETE_local: false peers { permanent_uuid: "2792ad7455e54936bc561a24e6e027a8" member_type: VOTER last_known_addr { host: "127.27.2.65" port: 46187 } health_report { overall_health: UNKNOWN } } peers { permanent_uuid: "18c6f1fcee1549cc9a2c7d6a26ba898e" member_type: VOTER last_known_addr { host: "127.27.2.66" port: 39961 } health_report { overall_health: HEALTHY } } peers { permanent_uuid: "aab6b03e3fe04d7b966c82fdbf030c63" member_type: VOTER last_known_addr { host: "127.27.2.67" port: 37031 } health_report { overall_health: UNKNOWN } } }
I20260710 13:25:01.229543 27986 tablet_bootstrap.cc:492] T ac2fb94e60894915889e4c2bf7de6a0d P aab6b03e3fe04d7b966c82fdbf030c63: No bootstrap required, opened a new log
I20260710 13:25:01.229605 27984 tablet_bootstrap.cc:492] T dc0f9174a304423aa3511c8d22e32306 P 2792ad7455e54936bc561a24e6e027a8: Bootstrap starting.
I20260710 13:25:01.230177 27986 ts_tablet_manager.cc:1403] T ac2fb94e60894915889e4c2bf7de6a0d P aab6b03e3fe04d7b966c82fdbf030c63: Time spent bootstrapping tablet: real 0.020s	user 0.009s	sys 0.009s
I20260710 13:25:01.233619 27986 raft_consensus.cc:359] T ac2fb94e60894915889e4c2bf7de6a0d P aab6b03e3fe04d7b966c82fdbf030c63 [term 0 FOLLOWER]: Replica starting. Triggering 0 pending ops. Active config: opid_index: -1 OBSOLETE_local: false peers { permanent_uuid: "2792ad7455e54936bc561a24e6e027a8" member_type: VOTER last_known_addr { host: "127.27.2.65" port: 46187 } } peers { permanent_uuid: "18c6f1fcee1549cc9a2c7d6a26ba898e" member_type: VOTER last_known_addr { host: "127.27.2.66" port: 39961 } } peers { permanent_uuid: "aab6b03e3fe04d7b966c82fdbf030c63" member_type: VOTER last_known_addr { host: "127.27.2.67" port: 37031 } }
I20260710 13:25:01.234316 27986 raft_consensus.cc:385] T ac2fb94e60894915889e4c2bf7de6a0d P aab6b03e3fe04d7b966c82fdbf030c63 [term 0 FOLLOWER]: Consensus starting up: Expiring failure detector timer to make a prompt election more likely
I20260710 13:25:01.234596 27986 raft_consensus.cc:740] T ac2fb94e60894915889e4c2bf7de6a0d P aab6b03e3fe04d7b966c82fdbf030c63 [term 0 FOLLOWER]: Becoming Follower/Learner. State: Replica: aab6b03e3fe04d7b966c82fdbf030c63, State: Initialized, Role: FOLLOWER
I20260710 13:25:01.235466 27986 consensus_queue.cc:260] T ac2fb94e60894915889e4c2bf7de6a0d P aab6b03e3fe04d7b966c82fdbf030c63 [NON_LEADER]: Queue going to NON_LEADER mode. State: All replicated index: 0, Majority replicated index: 0, Committed index: 0, Last appended: 0.0, Last appended by leader: 0, Current term: 0, Majority size: -1, State: 0, Mode: NON_LEADER, active raft config: opid_index: -1 OBSOLETE_local: false peers { permanent_uuid: "2792ad7455e54936bc561a24e6e027a8" member_type: VOTER last_known_addr { host: "127.27.2.65" port: 46187 } } peers { permanent_uuid: "18c6f1fcee1549cc9a2c7d6a26ba898e" member_type: VOTER last_known_addr { host: "127.27.2.66" port: 39961 } } peers { permanent_uuid: "aab6b03e3fe04d7b966c82fdbf030c63" member_type: VOTER last_known_addr { host: "127.27.2.67" port: 37031 } }
I20260710 13:25:01.236274 27984 tablet_bootstrap.cc:654] T dc0f9174a304423aa3511c8d22e32306 P 2792ad7455e54936bc561a24e6e027a8: Neither blocks nor log segments found. Creating new log.
I20260710 13:25:01.237946 27986 ts_tablet_manager.cc:1434] T ac2fb94e60894915889e4c2bf7de6a0d P aab6b03e3fe04d7b966c82fdbf030c63: Time spent starting tablet: real 0.007s	user 0.006s	sys 0.000s
I20260710 13:25:01.238906 27986 tablet_bootstrap.cc:492] T 0fe58c94619949a781922676fe883261 P aab6b03e3fe04d7b966c82fdbf030c63: Bootstrap starting.
I20260710 13:25:01.240947 27991 raft_consensus.cc:493] T 0b36e66d4c1d4548a4ce7f76c8146918 P 18c6f1fcee1549cc9a2c7d6a26ba898e [term 0 FOLLOWER]: Starting pre-election (no leader contacted us within the election timeout)
I20260710 13:25:01.241411 27991 raft_consensus.cc:515] T 0b36e66d4c1d4548a4ce7f76c8146918 P 18c6f1fcee1549cc9a2c7d6a26ba898e [term 0 FOLLOWER]: Starting pre-election with config: opid_index: -1 OBSOLETE_local: false peers { permanent_uuid: "2792ad7455e54936bc561a24e6e027a8" member_type: VOTER last_known_addr { host: "127.27.2.65" port: 46187 } } peers { permanent_uuid: "18c6f1fcee1549cc9a2c7d6a26ba898e" member_type: VOTER last_known_addr { host: "127.27.2.66" port: 39961 } } peers { permanent_uuid: "aab6b03e3fe04d7b966c82fdbf030c63" member_type: VOTER last_known_addr { host: "127.27.2.67" port: 37031 } }
I20260710 13:25:01.243583 27991 leader_election.cc:290] T 0b36e66d4c1d4548a4ce7f76c8146918 P 18c6f1fcee1549cc9a2c7d6a26ba898e [CANDIDATE]: Term 1 pre-election: Requested pre-vote from peers 2792ad7455e54936bc561a24e6e027a8 (127.27.2.65:46187), aab6b03e3fe04d7b966c82fdbf030c63 (127.27.2.67:37031)
I20260710 13:25:01.244184 27791 tablet_service.cc:1917] Received RequestConsensusVote() RPC: tablet_id: "0b36e66d4c1d4548a4ce7f76c8146918" candidate_uuid: "18c6f1fcee1549cc9a2c7d6a26ba898e" candidate_term: 1 candidate_status { last_received { term: 0 index: 0 } } ignore_live_leader: false dest_uuid: "2792ad7455e54936bc561a24e6e027a8" is_pre_election: true
I20260710 13:25:01.244663 27941 tablet_service.cc:1917] Received RequestConsensusVote() RPC: tablet_id: "0b36e66d4c1d4548a4ce7f76c8146918" candidate_uuid: "18c6f1fcee1549cc9a2c7d6a26ba898e" candidate_term: 1 candidate_status { last_received { term: 0 index: 0 } } ignore_live_leader: false dest_uuid: "aab6b03e3fe04d7b966c82fdbf030c63" is_pre_election: true
