I20260710 13:15:57.449851  1772 raft_consensus.cc:515] T 56a870e954284480af50f6174e266663 P ce6c6e33d8a24d0997c30ba525d8c26d [term 0 FOLLOWER]: Starting pre-election with config: opid_index: -1 OBSOLETE_local: false peers { permanent_uuid: "26a2a70836554ab9be4d62d1f6b6729e" member_type: VOTER last_known_addr { host: "127.0.107.193" port: 46295 } } peers { permanent_uuid: "9b5eb72e6d684b3cb2377837a66a4dec" member_type: VOTER last_known_addr { host: "127.0.107.194" port: 46053 } } peers { permanent_uuid: "ce6c6e33d8a24d0997c30ba525d8c26d" member_type: VOTER last_known_addr { host: "127.0.107.195" port: 36227 } }
I20260710 13:15:57.452129  1772 leader_election.cc:290] T 56a870e954284480af50f6174e266663 P ce6c6e33d8a24d0997c30ba525d8c26d [CANDIDATE]: Term 1 pre-election: Requested pre-vote from peers 26a2a70836554ab9be4d62d1f6b6729e (127.0.107.193:46295), 9b5eb72e6d684b3cb2377837a66a4dec (127.0.107.194:46053)
I20260710 13:15:57.454103  1646 tablet_service.cc:1917] Received RequestConsensusVote() RPC: tablet_id: "56a870e954284480af50f6174e266663" candidate_uuid: "ce6c6e33d8a24d0997c30ba525d8c26d" candidate_term: 1 candidate_status { last_received { term: 0 index: 0 } } ignore_live_leader: false dest_uuid: "9b5eb72e6d684b3cb2377837a66a4dec" is_pre_election: true
I20260710 13:15:57.454815  1646 raft_consensus.cc:2468] T 56a870e954284480af50f6174e266663 P 9b5eb72e6d684b3cb2377837a66a4dec [term 0 FOLLOWER]: Leader pre-election vote request: Granting yes vote for candidate ce6c6e33d8a24d0997c30ba525d8c26d in term 0.
I20260710 13:15:57.455935  1812 raft_consensus.cc:2804] T 9606a809d77c4e05be3895674dec47f2 P 26a2a70836554ab9be4d62d1f6b6729e [term 0 FOLLOWER]: Leader pre-election won for term 1
I20260710 13:15:57.456037  1684 leader_election.cc:304] T 56a870e954284480af50f6174e266663 P ce6c6e33d8a24d0997c30ba525d8c26d [CANDIDATE]: Term 1 pre-election: Election decided. Result: candidate won. Election summary: received 2 responses out of 3 voters: 2 yes votes; 0 no votes. yes voters: 9b5eb72e6d684b3cb2377837a66a4dec, ce6c6e33d8a24d0997c30ba525d8c26d; no voters: 
I20260710 13:15:57.456375  1812 raft_consensus.cc:493] T 9606a809d77c4e05be3895674dec47f2 P 26a2a70836554ab9be4d62d1f6b6729e [term 0 FOLLOWER]: Starting leader election (no leader contacted us within the election timeout)
I20260710 13:15:57.456725  1812 raft_consensus.cc:3060] T 9606a809d77c4e05be3895674dec47f2 P 26a2a70836554ab9be4d62d1f6b6729e [term 0 FOLLOWER]: Advancing to term 1
I20260710 13:15:57.456908  1763 tablet_bootstrap.cc:492] T 9cd6cf365e564132a32d9fc9368bdaf6 P 9b5eb72e6d684b3cb2377837a66a4dec: No bootstrap required, opened a new log
I20260710 13:15:57.458393  1763 ts_tablet_manager.cc:1403] T 9cd6cf365e564132a32d9fc9368bdaf6 P 9b5eb72e6d684b3cb2377837a66a4dec: Time spent bootstrapping tablet: real 0.114s	user 0.038s	sys 0.055s
I20260710 13:15:57.459573  1762 tablet_bootstrap.cc:492] T 83941450edd04290ac701ebebc82af11 P ce6c6e33d8a24d0997c30ba525d8c26d: No bootstrap required, opened a new log
I20260710 13:15:57.460127  1762 ts_tablet_manager.cc:1403] T 83941450edd04290ac701ebebc82af11 P ce6c6e33d8a24d0997c30ba525d8c26d: Time spent bootstrapping tablet: real 0.068s	user 0.019s	sys 0.028s
I20260710 13:15:57.460033  1772 raft_consensus.cc:2804] T 56a870e954284480af50f6174e266663 P ce6c6e33d8a24d0997c30ba525d8c26d [term 0 FOLLOWER]: Leader pre-election won for term 1
I20260710 13:15:57.460662  1772 raft_consensus.cc:493] T 56a870e954284480af50f6174e266663 P ce6c6e33d8a24d0997c30ba525d8c26d [term 0 FOLLOWER]: Starting leader election (no leader contacted us within the election timeout)
I20260710 13:15:57.461071  1772 raft_consensus.cc:3060] T 56a870e954284480af50f6174e266663 P ce6c6e33d8a24d0997c30ba525d8c26d [term 0 FOLLOWER]: Advancing to term 1
I20260710 13:15:57.461457  1763 raft_consensus.cc:359] T 9cd6cf365e564132a32d9fc9368bdaf6 P 9b5eb72e6d684b3cb2377837a66a4dec [term 0 FOLLOWER]: Replica starting. Triggering 0 pending ops. Active config: opid_index: -1 OBSOLETE_local: false peers { permanent_uuid: "26a2a70836554ab9be4d62d1f6b6729e" member_type: VOTER last_known_addr { host: "127.0.107.193" port: 46295 } } peers { permanent_uuid: "9b5eb72e6d684b3cb2377837a66a4dec" member_type: VOTER last_known_addr { host: "127.0.107.194" port: 46053 } } peers { permanent_uuid: "ce6c6e33d8a24d0997c30ba525d8c26d" member_type: VOTER last_known_addr { host: "127.0.107.195" port: 36227 } }
I20260710 13:15:57.462190  1763 raft_consensus.cc:385] T 9cd6cf365e564132a32d9fc9368bdaf6 P 9b5eb72e6d684b3cb2377837a66a4dec [term 0 FOLLOWER]: Consensus starting up: Expiring failure detector timer to make a prompt election more likely
I20260710 13:15:57.462497  1763 raft_consensus.cc:740] T 9cd6cf365e564132a32d9fc9368bdaf6 P 9b5eb72e6d684b3cb2377837a66a4dec [term 0 FOLLOWER]: Becoming Follower/Learner. State: Replica: 9b5eb72e6d684b3cb2377837a66a4dec, State: Initialized, Role: FOLLOWER
I20260710 13:15:57.463703  1762 raft_consensus.cc:359] T 83941450edd04290ac701ebebc82af11 P ce6c6e33d8a24d0997c30ba525d8c26d [term 0 FOLLOWER]: Replica starting. Triggering 0 pending ops. Active config: opid_index: -1 OBSOLETE_local: false peers { permanent_uuid: "26a2a70836554ab9be4d62d1f6b6729e" member_type: VOTER last_known_addr { host: "127.0.107.193" port: 46295 } } peers { permanent_uuid: "9b5eb72e6d684b3cb2377837a66a4dec" member_type: VOTER last_known_addr { host: "127.0.107.194" port: 46053 } } peers { permanent_uuid: "ce6c6e33d8a24d0997c30ba525d8c26d" member_type: VOTER last_known_addr { host: "127.0.107.195" port: 36227 } }
I20260710 13:15:57.464148  1571 tablet_service.cc:1917] Received RequestConsensusVote() RPC: tablet_id: "56a870e954284480af50f6174e266663" candidate_uuid: "ce6c6e33d8a24d0997c30ba525d8c26d" candidate_term: 1 candidate_status { last_received { term: 0 index: 0 } } ignore_live_leader: false dest_uuid: "26a2a70836554ab9be4d62d1f6b6729e" is_pre_election: true
I20260710 13:15:57.464511  1762 raft_consensus.cc:385] T 83941450edd04290ac701ebebc82af11 P ce6c6e33d8a24d0997c30ba525d8c26d [term 0 FOLLOWER]: Consensus starting up: Expiring failure detector timer to make a prompt election more likely
I20260710 13:15:57.459538  1761 ts_tablet_manager.cc:1434] T f11770899d4c48e186bb161778255cdc P 26a2a70836554ab9be4d62d1f6b6729e: Time spent starting tablet: real 0.033s	user 0.016s	sys 0.007s
I20260710 13:15:57.465116  1763 consensus_queue.cc:260] T 9cd6cf365e564132a32d9fc9368bdaf6 P 9b5eb72e6d684b3cb2377837a66a4dec [NON_LEADER]: Queue going to NON_LEADER mode. State: All replicated index: 0, Majority replicated index: 0, Committed index: 0, Last appended: 0.0, Last appended by leader: 0, Current term: 0, Majority size: -1, State: 0, Mode: NON_LEADER, active raft config: opid_index: -1 OBSOLETE_local: false peers { permanent_uuid: "26a2a70836554ab9be4d62d1f6b6729e" member_type: VOTER last_known_addr { host: "127.0.107.193" port: 46295 } } peers { permanent_uuid: "9b5eb72e6d684b3cb2377837a66a4dec" member_type: VOTER last_known_addr { host: "127.0.107.194" port: 46053 } } peers { permanent_uuid: "ce6c6e33d8a24d0997c30ba525d8c26d" member_type: VOTER last_known_addr { host: "127.0.107.195" port: 36227 } }
I20260710 13:15:57.465135  1762 raft_consensus.cc:740] T 83941450edd04290ac701ebebc82af11 P ce6c6e33d8a24d0997c30ba525d8c26d [term 0 FOLLOWER]: Becoming Follower/Learner. State: Replica: ce6c6e33d8a24d0997c30ba525d8c26d, State: Initialized, Role: FOLLOWER
I20260710 13:15:57.467121  1761 tablet_bootstrap.cc:492] T 83941450edd04290ac701ebebc82af11 P 26a2a70836554ab9be4d62d1f6b6729e: Bootstrap starting.
I20260710 13:15:57.467463  1763 ts_tablet_manager.cc:1434] T 9cd6cf365e564132a32d9fc9368bdaf6 P 9b5eb72e6d684b3cb2377837a66a4dec: Time spent starting tablet: real 0.009s	user 0.005s	sys 0.000s
I20260710 13:15:57.467599  1762 consensus_queue.cc:260] T 83941450edd04290ac701ebebc82af11 P ce6c6e33d8a24d0997c30ba525d8c26d [NON_LEADER]: Queue going to NON_LEADER mode. State: All replicated index: 0, Majority replicated index: 0, Committed index: 0, Last appended: 0.0, Last appended by leader: 0, Current term: 0, Majority size: -1, State: 0, Mode: NON_LEADER, active raft config: opid_index: -1 OBSOLETE_local: false peers { permanent_uuid: "26a2a70836554ab9be4d62d1f6b6729e" member_type: VOTER last_known_addr { host: "127.0.107.193" port: 46295 } } peers { permanent_uuid: "9b5eb72e6d684b3cb2377837a66a4dec" member_type: VOTER last_known_addr { host: "127.0.107.194" port: 46053 } } peers { permanent_uuid: "ce6c6e33d8a24d0997c30ba525d8c26d" member_type: VOTER last_known_addr { host: "127.0.107.195" port: 36227 } }
I20260710 13:15:57.470012  1763 tablet_bootstrap.cc:492] T bd043b558f6b4ee3a6ab4490a449de25 P 9b5eb72e6d684b3cb2377837a66a4dec: Bootstrap starting.
I20260710 13:15:57.472849  1778 raft_consensus.cc:515] T 114fc5e14da54a4fbd89694453c93fef P 9b5eb72e6d684b3cb2377837a66a4dec [term 1 FOLLOWER]: Starting leader election with config: opid_index: -1 OBSOLETE_local: false peers { permanent_uuid: "26a2a70836554ab9be4d62d1f6b6729e" member_type: VOTER last_known_addr { host: "127.0.107.193" port: 46295 } } peers { permanent_uuid: "9b5eb72e6d684b3cb2377837a66a4dec" member_type: VOTER last_known_addr { host: "127.0.107.194" port: 46053 } } peers { permanent_uuid: "ce6c6e33d8a24d0997c30ba525d8c26d" member_type: VOTER last_known_addr { host: "127.0.107.195" port: 36227 } }
I20260710 13:15:57.474254  1762 ts_tablet_manager.cc:1434] T 83941450edd04290ac701ebebc82af11 P ce6c6e33d8a24d0997c30ba525d8c26d: Time spent starting tablet: real 0.014s	user 0.005s	sys 0.001s
I20260710 13:15:57.475327  1762 tablet_bootstrap.cc:492] T 9606a809d77c4e05be3895674dec47f2 P ce6c6e33d8a24d0997c30ba525d8c26d: Bootstrap starting.
I20260710 13:15:57.474999  1767 raft_consensus.cc:515] T 56a870e954284480af50f6174e266663 P 26a2a70836554ab9be4d62d1f6b6729e [term 1 FOLLOWER]: Starting leader election with config: opid_index: -1 OBSOLETE_local: false peers { permanent_uuid: "26a2a70836554ab9be4d62d1f6b6729e" member_type: VOTER last_known_addr { host: "127.0.107.193" port: 46295 } } peers { permanent_uuid: "9b5eb72e6d684b3cb2377837a66a4dec" member_type: VOTER last_known_addr { host: "127.0.107.194" port: 46053 } } peers { permanent_uuid: "ce6c6e33d8a24d0997c30ba525d8c26d" member_type: VOTER last_known_addr { host: "127.0.107.195" port: 36227 } }
I20260710 13:15:57.479031  1647 raft_consensus.cc:2393] T 114fc5e14da54a4fbd89694453c93fef P 9b5eb72e6d684b3cb2377837a66a4dec [term 1 FOLLOWER]: Leader pre-election vote request: Denying vote to candidate 26a2a70836554ab9be4d62d1f6b6729e in current term 1: Already voted for candidate 9b5eb72e6d684b3cb2377837a66a4dec in this term.
I20260710 13:15:57.479877  1571 raft_consensus.cc:2393] T 56a870e954284480af50f6174e266663 P 26a2a70836554ab9be4d62d1f6b6729e [term 1 FOLLOWER]: Leader pre-election vote request: Denying vote to candidate ce6c6e33d8a24d0997c30ba525d8c26d in current term 1: Already voted for candidate 26a2a70836554ab9be4d62d1f6b6729e in this term.
I20260710 13:15:57.481807  1761 tablet_bootstrap.cc:654] T 83941450edd04290ac701ebebc82af11 P 26a2a70836554ab9be4d62d1f6b6729e: Neither blocks nor log segments found. Creating new log.
I20260710 13:15:57.483718  1647 tablet_service.cc:1917] Received RequestConsensusVote() RPC: tablet_id: "56a870e954284480af50f6174e266663" candidate_uuid: "26a2a70836554ab9be4d62d1f6b6729e" candidate_term: 1 candidate_status { last_received { term: 0 index: 0 } } ignore_live_leader: false dest_uuid: "9b5eb72e6d684b3cb2377837a66a4dec"
I20260710 13:15:57.484148  1778 leader_election.cc:290] T 114fc5e14da54a4fbd89694453c93fef P 9b5eb72e6d684b3cb2377837a66a4dec [CANDIDATE]: Term 1 election: Requested vote from peers 26a2a70836554ab9be4d62d1f6b6729e (127.0.107.193:46295), ce6c6e33d8a24d0997c30ba525d8c26d (127.0.107.195:36227)
I20260710 13:15:57.484323  1647 raft_consensus.cc:3060] T 56a870e954284480af50f6174e266663 P 9b5eb72e6d684b3cb2377837a66a4dec [term 0 FOLLOWER]: Advancing to term 1
I20260710 13:15:57.477245  1767 leader_election.cc:290] T 56a870e954284480af50f6174e266663 P 26a2a70836554ab9be4d62d1f6b6729e [CANDIDATE]: Term 1 election: Requested vote from peers 9b5eb72e6d684b3cb2377837a66a4dec (127.0.107.194:46053), ce6c6e33d8a24d0997c30ba525d8c26d (127.0.107.195:36227)
I20260710 13:15:57.486749  1721 tablet_service.cc:1917] Received RequestConsensusVote() RPC: tablet_id: "114fc5e14da54a4fbd89694453c93fef" candidate_uuid: "9b5eb72e6d684b3cb2377837a66a4dec" candidate_term: 1 candidate_status { last_received { term: 0 index: 0 } } ignore_live_leader: false dest_uuid: "ce6c6e33d8a24d0997c30ba525d8c26d"
I20260710 13:15:57.487357  1721 raft_consensus.cc:3060] T 114fc5e14da54a4fbd89694453c93fef P ce6c6e33d8a24d0997c30ba525d8c26d [term 0 FOLLOWER]: Advancing to term 1
I20260710 13:15:57.488152  1762 tablet_bootstrap.cc:654] T 9606a809d77c4e05be3895674dec47f2 P ce6c6e33d8a24d0997c30ba525d8c26d: Neither blocks nor log segments found. Creating new log.
I20260710 13:15:57.488874  1720 tablet_service.cc:1917] Received RequestConsensusVote() RPC: tablet_id: "56a870e954284480af50f6174e266663" candidate_uuid: "26a2a70836554ab9be4d62d1f6b6729e" candidate_term: 1 candidate_status { last_received { term: 0 index: 0 } } ignore_live_leader: false dest_uuid: "ce6c6e33d8a24d0997c30ba525d8c26d" is_pre_election: true
I20260710 13:15:57.489789  1719 tablet_service.cc:1917] Received RequestConsensusVote() RPC: tablet_id: "114fc5e14da54a4fbd89694453c93fef" candidate_uuid: "26a2a70836554ab9be4d62d1f6b6729e" candidate_term: 1 candidate_status { last_received { term: 0 index: 0 } } ignore_live_leader: false dest_uuid: "ce6c6e33d8a24d0997c30ba525d8c26d" is_pre_election: true
I20260710 13:15:57.491209  1718 tablet_service.cc:1917] Received RequestConsensusVote() RPC: tablet_id: "9606a809d77c4e05be3895674dec47f2" candidate_uuid: "26a2a70836554ab9be4d62d1f6b6729e" candidate_term: 1 candidate_status { last_received { term: 0 index: 0 } } ignore_live_leader: false dest_uuid: "ce6c6e33d8a24d0997c30ba525d8c26d" is_pre_election: true
I20260710 13:15:57.491528  1763 tablet_bootstrap.cc:654] T bd043b558f6b4ee3a6ab4490a449de25 P 9b5eb72e6d684b3cb2377837a66a4dec: Neither blocks nor log segments found. Creating new log.
I20260710 13:15:57.492686  1717 tablet_service.cc:1917] Received RequestConsensusVote() RPC: tablet_id: "56a870e954284480af50f6174e266663" candidate_uuid: "26a2a70836554ab9be4d62d1f6b6729e" candidate_term: 1 candidate_status { last_received { term: 0 index: 0 } } ignore_live_leader: false dest_uuid: "ce6c6e33d8a24d0997c30ba525d8c26d"
I20260710 13:15:57.489781  1571 tablet_service.cc:1917] Received RequestConsensusVote() RPC: tablet_id: "114fc5e14da54a4fbd89694453c93fef" candidate_uuid: "9b5eb72e6d684b3cb2377837a66a4dec" candidate_term: 1 candidate_status { last_received { term: 0 index: 0 } } ignore_live_leader: false dest_uuid: "26a2a70836554ab9be4d62d1f6b6729e"
I20260710 13:15:57.493521  1571 raft_consensus.cc:3060] T 114fc5e14da54a4fbd89694453c93fef P 26a2a70836554ab9be4d62d1f6b6729e [term 0 FOLLOWER]: Advancing to term 1
I20260710 13:15:57.497100  1535 leader_election.cc:304] T 114fc5e14da54a4fbd89694453c93fef P 26a2a70836554ab9be4d62d1f6b6729e [CANDIDATE]: Term 1 pre-election: Election decided. Result: candidate lost. Election summary: received 3 responses out of 3 voters: 1 yes votes; 2 no votes. yes voters: 26a2a70836554ab9be4d62d1f6b6729e; no voters: 9b5eb72e6d684b3cb2377837a66a4dec, ce6c6e33d8a24d0997c30ba525d8c26d
W20260710 13:15:57.498420  1535 leader_election.cc:343] T 9606a809d77c4e05be3895674dec47f2 P 26a2a70836554ab9be4d62d1f6b6729e [CANDIDATE]: Term 1 pre-election: Tablet error from VoteRequest() call to peer ce6c6e33d8a24d0997c30ba525d8c26d (127.0.107.195:36227): Illegal state: must be running to vote when last-logged opid is not known
I20260710 13:15:57.499832  1778 consensus_queue.cc:1048] T 91c3b7b820e94206ada2a29608d24f29 P 9b5eb72e6d684b3cb2377837a66a4dec [LEADER]: Connected to new peer: Peer: permanent_uuid: "26a2a70836554ab9be4d62d1f6b6729e" member_type: VOTER last_known_addr { host: "127.0.107.193" port: 46295 }, Status: LMP_MISMATCH, Last received: 0.0, Next index: 1, Last known committed idx: 0, Time since last communication: 0.000s
I20260710 13:15:57.501308  1766 consensus_queue.cc:1048] T 91c3b7b820e94206ada2a29608d24f29 P 9b5eb72e6d684b3cb2377837a66a4dec [LEADER]: Connected to new peer: Peer: permanent_uuid: "ce6c6e33d8a24d0997c30ba525d8c26d" member_type: VOTER last_known_addr { host: "127.0.107.195" port: 36227 }, Status: LMP_MISMATCH, Last received: 0.0, Next index: 1, Last known committed idx: 0, Time since last communication: 0.000s
I20260710 13:15:57.523922  1763 tablet_bootstrap.cc:492] T bd043b558f6b4ee3a6ab4490a449de25 P 9b5eb72e6d684b3cb2377837a66a4dec: No bootstrap required, opened a new log
I20260710 13:15:57.524569  1763 ts_tablet_manager.cc:1403] T bd043b558f6b4ee3a6ab4490a449de25 P 9b5eb72e6d684b3cb2377837a66a4dec: Time spent bootstrapping tablet: real 0.055s	user 0.020s	sys 0.009s
I20260710 13:15:57.528848  1763 raft_consensus.cc:359] T bd043b558f6b4ee3a6ab4490a449de25 P 9b5eb72e6d684b3cb2377837a66a4dec [term 0 FOLLOWER]: Replica starting. Triggering 0 pending ops. Active config: opid_index: -1 OBSOLETE_local: false peers { permanent_uuid: "26a2a70836554ab9be4d62d1f6b6729e" member_type: VOTER last_known_addr { host: "127.0.107.193" port: 46295 } } peers { permanent_uuid: "9b5eb72e6d684b3cb2377837a66a4dec" member_type: VOTER last_known_addr { host: "127.0.107.194" port: 46053 } } peers { permanent_uuid: "ce6c6e33d8a24d0997c30ba525d8c26d" member_type: VOTER last_known_addr { host: "127.0.107.195" port: 36227 } }
I20260710 13:15:57.529896  1763 raft_consensus.cc:385] T bd043b558f6b4ee3a6ab4490a449de25 P 9b5eb72e6d684b3cb2377837a66a4dec [term 0 FOLLOWER]: Consensus starting up: Expiring failure detector timer to make a prompt election more likely
I20260710 13:15:57.530336  1763 raft_consensus.cc:740] T bd043b558f6b4ee3a6ab4490a449de25 P 9b5eb72e6d684b3cb2377837a66a4dec [term 0 FOLLOWER]: Becoming Follower/Learner. State: Replica: 9b5eb72e6d684b3cb2377837a66a4dec, State: Initialized, Role: FOLLOWER
I20260710 13:15:57.531499  1763 consensus_queue.cc:260] T bd043b558f6b4ee3a6ab4490a449de25 P 9b5eb72e6d684b3cb2377837a66a4dec [NON_LEADER]: Queue going to NON_LEADER mode. State: All replicated index: 0, Majority replicated index: 0, Committed index: 0, Last appended: 0.0, Last appended by leader: 0, Current term: 0, Majority size: -1, State: 0, Mode: NON_LEADER, active raft config: opid_index: -1 OBSOLETE_local: false peers { permanent_uuid: "26a2a70836554ab9be4d62d1f6b6729e" member_type: VOTER last_known_addr { host: "127.0.107.193" port: 46295 } } peers { permanent_uuid: "9b5eb72e6d684b3cb2377837a66a4dec" member_type: VOTER last_known_addr { host: "127.0.107.194" port: 46053 } } peers { permanent_uuid: "ce6c6e33d8a24d0997c30ba525d8c26d" member_type: VOTER last_known_addr { host: "127.0.107.195" port: 36227 } }
I20260710 13:15:57.538475  1763 ts_tablet_manager.cc:1434] T bd043b558f6b4ee3a6ab4490a449de25 P 9b5eb72e6d684b3cb2377837a66a4dec: Time spent starting tablet: real 0.013s	user 0.010s	sys 0.001s
I20260710 13:15:57.539489  1763 tablet_bootstrap.cc:492] T 9d7f27444ba742bfb51ff35433c1cf64 P 9b5eb72e6d684b3cb2377837a66a4dec: Bootstrap starting.
I20260710 13:15:57.545465  1763 tablet_bootstrap.cc:654] T 9d7f27444ba742bfb51ff35433c1cf64 P 9b5eb72e6d684b3cb2377837a66a4dec: Neither blocks nor log segments found. Creating new log.
I20260710 13:15:57.571529  1647 raft_consensus.cc:2468] T 56a870e954284480af50f6174e266663 P 9b5eb72e6d684b3cb2377837a66a4dec [term 1 FOLLOWER]: Leader election vote request: Granting yes vote for candidate 26a2a70836554ab9be4d62d1f6b6729e in term 1.
I20260710 13:15:57.571776  1721 raft_consensus.cc:2468] T 114fc5e14da54a4fbd89694453c93fef P ce6c6e33d8a24d0997c30ba525d8c26d [term 1 FOLLOWER]: Leader election vote request: Granting yes vote for candidate 9b5eb72e6d684b3cb2377837a66a4dec in term 1.
I20260710 13:15:57.572736  1571 raft_consensus.cc:2468] T 114fc5e14da54a4fbd89694453c93fef P 26a2a70836554ab9be4d62d1f6b6729e [term 1 FOLLOWER]: Leader election vote request: Granting yes vote for candidate 9b5eb72e6d684b3cb2377837a66a4dec in term 1.
I20260710 13:15:57.573529  1767 raft_consensus.cc:2749] T 114fc5e14da54a4fbd89694453c93fef P 26a2a70836554ab9be4d62d1f6b6729e [term 1 FOLLOWER]: Leader pre-election lost for term 1. Reason: could not achieve majority
I20260710 13:15:57.573720  1772 raft_consensus.cc:515] T 56a870e954284480af50f6174e266663 P ce6c6e33d8a24d0997c30ba525d8c26d [term 1 FOLLOWER]: Starting leader election with config: opid_index: -1 OBSOLETE_local: false peers { permanent_uuid: "26a2a70836554ab9be4d62d1f6b6729e" member_type: VOTER last_known_addr { host: "127.0.107.193" port: 46295 } } peers { permanent_uuid: "9b5eb72e6d684b3cb2377837a66a4dec" member_type: VOTER last_known_addr { host: "127.0.107.194" port: 46053 } } peers { permanent_uuid: "ce6c6e33d8a24d0997c30ba525d8c26d" member_type: VOTER last_known_addr { host: "127.0.107.195" port: 36227 } }
I20260710 13:15:57.575757  1772 leader_election.cc:290] T 56a870e954284480af50f6174e266663 P ce6c6e33d8a24d0997c30ba525d8c26d [CANDIDATE]: Term 1 election: Requested vote from peers 26a2a70836554ab9be4d62d1f6b6729e (127.0.107.193:46295), 9b5eb72e6d684b3cb2377837a66a4dec (127.0.107.194:46053)
I20260710 13:15:57.571523  1812 raft_consensus.cc:515] T 9606a809d77c4e05be3895674dec47f2 P 26a2a70836554ab9be4d62d1f6b6729e [term 1 FOLLOWER]: Starting leader election with config: opid_index: -1 OBSOLETE_local: false peers { permanent_uuid: "26a2a70836554ab9be4d62d1f6b6729e" member_type: VOTER last_known_addr { host: "127.0.107.193" port: 46295 } } peers { permanent_uuid: "9b5eb72e6d684b3cb2377837a66a4dec" member_type: VOTER last_known_addr { host: "127.0.107.194" port: 46053 } } peers { permanent_uuid: "ce6c6e33d8a24d0997c30ba525d8c26d" member_type: VOTER last_known_addr { host: "127.0.107.195" port: 36227 } }
I20260710 13:15:57.576562  1720 raft_consensus.cc:2393] T 56a870e954284480af50f6174e266663 P ce6c6e33d8a24d0997c30ba525d8c26d [term 1 FOLLOWER]: Leader pre-election vote request: Denying vote to candidate 26a2a70836554ab9be4d62d1f6b6729e in current term 1: Already voted for candidate ce6c6e33d8a24d0997c30ba525d8c26d in this term.
I20260710 13:15:57.576380  1611 leader_election.cc:304] T 114fc5e14da54a4fbd89694453c93fef P 9b5eb72e6d684b3cb2377837a66a4dec [CANDIDATE]: Term 1 election: Election decided. Result: candidate won. Election summary: received 2 responses out of 3 voters: 2 yes votes; 0 no votes. yes voters: 26a2a70836554ab9be4d62d1f6b6729e, 9b5eb72e6d684b3cb2377837a66a4dec; no voters: 
I20260710 13:15:57.578229  1812 leader_election.cc:290] T 9606a809d77c4e05be3895674dec47f2 P 26a2a70836554ab9be4d62d1f6b6729e [CANDIDATE]: Term 1 election: Requested vote from peers 9b5eb72e6d684b3cb2377837a66a4dec (127.0.107.194:46053), ce6c6e33d8a24d0997c30ba525d8c26d (127.0.107.195:36227)
I20260710 13:15:57.578668  1766 raft_consensus.cc:2804] T 114fc5e14da54a4fbd89694453c93fef P 9b5eb72e6d684b3cb2377837a66a4dec [term 1 FOLLOWER]: Leader election won for term 1
I20260710 13:15:57.573202  1535 leader_election.cc:304] T 56a870e954284480af50f6174e266663 P 26a2a70836554ab9be4d62d1f6b6729e [CANDIDATE]: Term 1 election: Election decided. Result: candidate won. Election summary: received 3 responses out of 3 voters: 2 yes votes; 1 no votes. yes voters: 26a2a70836554ab9be4d62d1f6b6729e, 9b5eb72e6d684b3cb2377837a66a4dec; no voters: ce6c6e33d8a24d0997c30ba525d8c26d
I20260710 13:15:57.579303  1766 raft_consensus.cc:697] T 114fc5e14da54a4fbd89694453c93fef P 9b5eb72e6d684b3cb2377837a66a4dec [term 1 LEADER]: Becoming Leader. State: Replica: 9b5eb72e6d684b3cb2377837a66a4dec, State: Running, Role: LEADER
I20260710 13:15:57.580278  1766 consensus_queue.cc:237] T 114fc5e14da54a4fbd89694453c93fef P 9b5eb72e6d684b3cb2377837a66a4dec [LEADER]: Queue going to LEADER mode. State: All replicated index: 0, Majority replicated index: 0, Committed index: 0, Last appended: 0.0, Last appended by leader: 0, Current term: 1, Majority size: 2, State: 0, Mode: LEADER, active raft config: opid_index: -1 OBSOLETE_local: false peers { permanent_uuid: "26a2a70836554ab9be4d62d1f6b6729e" member_type: VOTER last_known_addr { host: "127.0.107.193" port: 46295 } } peers { permanent_uuid: "9b5eb72e6d684b3cb2377837a66a4dec" member_type: VOTER last_known_addr { host: "127.0.107.194" port: 46053 } } peers { permanent_uuid: "ce6c6e33d8a24d0997c30ba525d8c26d" member_type: VOTER last_known_addr { host: "127.0.107.195" port: 36227 } }
I20260710 13:15:57.581646  1812 raft_consensus.cc:2804] T 56a870e954284480af50f6174e266663 P 26a2a70836554ab9be4d62d1f6b6729e [term 1 FOLLOWER]: Leader election won for term 1
I20260710 13:15:57.581813  1647 tablet_service.cc:1917] Received RequestConsensusVote() RPC: tablet_id: "56a870e954284480af50f6174e266663" candidate_uuid: "ce6c6e33d8a24d0997c30ba525d8c26d" candidate_term: 1 candidate_status { last_received { term: 0 index: 0 } } ignore_live_leader: false dest_uuid: "9b5eb72e6d684b3cb2377837a66a4dec"
I20260710 13:15:57.582176  1763 tablet_bootstrap.cc:492] T 9d7f27444ba742bfb51ff35433c1cf64 P 9b5eb72e6d684b3cb2377837a66a4dec: No bootstrap required, opened a new log
I20260710 13:15:57.581246  1721 tablet_service.cc:1917] Received RequestConsensusVote() RPC: tablet_id: "9606a809d77c4e05be3895674dec47f2" candidate_uuid: "26a2a70836554ab9be4d62d1f6b6729e" candidate_term: 1 candidate_status { last_received { term: 0 index: 0 } } ignore_live_leader: false dest_uuid: "ce6c6e33d8a24d0997c30ba525d8c26d"
I20260710 13:15:57.582744  1763 ts_tablet_manager.cc:1403] T 9d7f27444ba742bfb51ff35433c1cf64 P 9b5eb72e6d684b3cb2377837a66a4dec: Time spent bootstrapping tablet: real 0.043s	user 0.013s	sys 0.001s
I20260710 13:15:57.582840  1811 raft_consensus.cc:493] T f88c4d6076f54a22856ff5e3de7e8077 P 26a2a70836554ab9be4d62d1f6b6729e [term 0 FOLLOWER]: Starting pre-election (no leader contacted us within the election timeout)
I20260710 13:15:57.583351  1811 raft_consensus.cc:515] T f88c4d6076f54a22856ff5e3de7e8077 P 26a2a70836554ab9be4d62d1f6b6729e [term 0 FOLLOWER]: Starting pre-election with config: opid_index: -1 OBSOLETE_local: false peers { permanent_uuid: "26a2a70836554ab9be4d62d1f6b6729e" member_type: VOTER last_known_addr { host: "127.0.107.193" port: 46295 } } peers { permanent_uuid: "9b5eb72e6d684b3cb2377837a66a4dec" member_type: VOTER last_known_addr { host: "127.0.107.194" port: 46053 } } peers { permanent_uuid: "ce6c6e33d8a24d0997c30ba525d8c26d" member_type: VOTER last_known_addr { host: "127.0.107.195" port: 36227 } }
W20260710 13:15:57.584223  1535 leader_election.cc:343] T 9606a809d77c4e05be3895674dec47f2 P 26a2a70836554ab9be4d62d1f6b6729e [CANDIDATE]: Term 1 election: Tablet error from VoteRequest() call to peer ce6c6e33d8a24d0997c30ba525d8c26d (127.0.107.195:36227): Illegal state: must be running to vote when last-logged opid is not known
I20260710 13:15:57.584949  1646 tablet_service.cc:1917] Received RequestConsensusVote() RPC: tablet_id: "9606a809d77c4e05be3895674dec47f2" candidate_uuid: "26a2a70836554ab9be4d62d1f6b6729e" candidate_term: 1 candidate_status { last_received { term: 0 index: 0 } } ignore_live_leader: false dest_uuid: "9b5eb72e6d684b3cb2377837a66a4dec"
I20260710 13:15:57.585661  1646 raft_consensus.cc:3060] T 9606a809d77c4e05be3895674dec47f2 P 9b5eb72e6d684b3cb2377837a66a4dec [term 0 FOLLOWER]: Advancing to term 1
I20260710 13:15:57.585877  1811 leader_election.cc:290] T f88c4d6076f54a22856ff5e3de7e8077 P 26a2a70836554ab9be4d62d1f6b6729e [CANDIDATE]: Term 1 pre-election: Requested pre-vote from peers 9b5eb72e6d684b3cb2377837a66a4dec (127.0.107.194:46053), ce6c6e33d8a24d0997c30ba525d8c26d (127.0.107.195:36227)
I20260710 13:15:57.585858  1763 raft_consensus.cc:359] T 9d7f27444ba742bfb51ff35433c1cf64 P 9b5eb72e6d684b3cb2377837a66a4dec [term 0 FOLLOWER]: Replica starting. Triggering 0 pending ops. Active config: opid_index: -1 OBSOLETE_local: false peers { permanent_uuid: "26a2a70836554ab9be4d62d1f6b6729e" member_type: VOTER last_known_addr { host: "127.0.107.193" port: 46295 } } peers { permanent_uuid: "9b5eb72e6d684b3cb2377837a66a4dec" member_type: VOTER last_known_addr { host: "127.0.107.194" port: 46053 } } peers { permanent_uuid: "ce6c6e33d8a24d0997c30ba525d8c26d" member_type: VOTER last_known_addr { host: "127.0.107.195" port: 36227 } }
I20260710 13:15:57.586679  1763 raft_consensus.cc:385] T 9d7f27444ba742bfb51ff35433c1cf64 P 9b5eb72e6d684b3cb2377837a66a4dec [term 0 FOLLOWER]: Consensus starting up: Expiring failure detector timer to make a prompt election more likely
I20260710 13:15:57.586699  1812 raft_consensus.cc:697] T 56a870e954284480af50f6174e266663 P 26a2a70836554ab9be4d62d1f6b6729e [term 1 LEADER]: Becoming Leader. State: Replica: 26a2a70836554ab9be4d62d1f6b6729e, State: Running, Role: LEADER
I20260710 13:15:57.587977  1812 consensus_queue.cc:237] T 56a870e954284480af50f6174e266663 P 26a2a70836554ab9be4d62d1f6b6729e [LEADER]: Queue going to LEADER mode. State: All replicated index: 0, Majority replicated index: 0, Committed index: 0, Last appended: 0.0, Last appended by leader: 0, Current term: 1, Majority size: 2, State: 0, Mode: LEADER, active raft config: opid_index: -1 OBSOLETE_local: false peers { permanent_uuid: "26a2a70836554ab9be4d62d1f6b6729e" member_type: VOTER last_known_addr { host: "127.0.107.193" port: 46295 } } peers { permanent_uuid: "9b5eb72e6d684b3cb2377837a66a4dec" member_type: VOTER last_known_addr { host: "127.0.107.194" port: 46053 } } peers { permanent_uuid: "ce6c6e33d8a24d0997c30ba525d8c26d" member_type: VOTER last_known_addr { host: "127.0.107.195" port: 36227 } }
I20260710 13:15:57.588570  1572 tablet_service.cc:1917] Received RequestConsensusVote() RPC: tablet_id: "56a870e954284480af50f6174e266663" candidate_uuid: "ce6c6e33d8a24d0997c30ba525d8c26d" candidate_term: 1 candidate_status { last_received { term: 0 index: 0 } } ignore_live_leader: false dest_uuid: "26a2a70836554ab9be4d62d1f6b6729e"
I20260710 13:15:57.588892  1721 tablet_service.cc:1917] Received RequestConsensusVote() RPC: tablet_id: "f88c4d6076f54a22856ff5e3de7e8077" candidate_uuid: "26a2a70836554ab9be4d62d1f6b6729e" candidate_term: 1 candidate_status { last_received { term: 0 index: 0 } } ignore_live_leader: false dest_uuid: "ce6c6e33d8a24d0997c30ba525d8c26d" is_pre_election: true
I20260710 13:15:57.589505  1721 raft_consensus.cc:2468] T f88c4d6076f54a22856ff5e3de7e8077 P ce6c6e33d8a24d0997c30ba525d8c26d [term 0 FOLLOWER]: Leader pre-election vote request: Granting yes vote for candidate 26a2a70836554ab9be4d62d1f6b6729e in term 0.
I20260710 13:15:57.591089  1762 tablet_bootstrap.cc:492] T 9606a809d77c4e05be3895674dec47f2 P ce6c6e33d8a24d0997c30ba525d8c26d: No bootstrap required, opened a new log
I20260710 13:15:57.591445  1647 raft_consensus.cc:2393] T 56a870e954284480af50f6174e266663 P 9b5eb72e6d684b3cb2377837a66a4dec [term 1 FOLLOWER]: Leader election vote request: Denying vote to candidate ce6c6e33d8a24d0997c30ba525d8c26d in current term 1: Already voted for candidate 26a2a70836554ab9be4d62d1f6b6729e in this term.
I20260710 13:15:57.587049  1763 raft_consensus.cc:740] T 9d7f27444ba742bfb51ff35433c1cf64 P 9b5eb72e6d684b3cb2377837a66a4dec [term 0 FOLLOWER]: Becoming Follower/Learner. State: Replica: 9b5eb72e6d684b3cb2377837a66a4dec, State: Initialized, Role: FOLLOWER
I20260710 13:15:57.591717  1535 leader_election.cc:304] T f88c4d6076f54a22856ff5e3de7e8077 P 26a2a70836554ab9be4d62d1f6b6729e [CANDIDATE]: Term 1 pre-election: Election decided. Result: candidate won. Election summary: received 2 responses out of 3 voters: 2 yes votes; 0 no votes. yes voters: 26a2a70836554ab9be4d62d1f6b6729e, ce6c6e33d8a24d0997c30ba525d8c26d; no voters: 
I20260710 13:15:57.591677  1762 ts_tablet_manager.cc:1403] T 9606a809d77c4e05be3895674dec47f2 P ce6c6e33d8a24d0997c30ba525d8c26d: Time spent bootstrapping tablet: real 0.117s	user 0.026s	sys 0.017s
I20260710 13:15:57.592374  1763 consensus_queue.cc:260] T 9d7f27444ba742bfb51ff35433c1cf64 P 9b5eb72e6d684b3cb2377837a66a4dec [NON_LEADER]: Queue going to NON_LEADER mode. State: All replicated index: 0, Majority replicated index: 0, Committed index: 0, Last appended: 0.0, Last appended by leader: 0, Current term: 0, Majority size: -1, State: 0, Mode: NON_LEADER, active raft config: opid_index: -1 OBSOLETE_local: false peers { permanent_uuid: "26a2a70836554ab9be4d62d1f6b6729e" member_type: VOTER last_known_addr { host: "127.0.107.193" port: 46295 } } peers { permanent_uuid: "9b5eb72e6d684b3cb2377837a66a4dec" member_type: VOTER last_known_addr { host: "127.0.107.194" port: 46053 } } peers { permanent_uuid: "ce6c6e33d8a24d0997c30ba525d8c26d" member_type: VOTER last_known_addr { host: "127.0.107.195" port: 36227 } }
I20260710 13:15:57.592613  1645 tablet_service.cc:1917] Received RequestConsensusVote() RPC: tablet_id: "f88c4d6076f54a22856ff5e3de7e8077" candidate_uuid: "26a2a70836554ab9be4d62d1f6b6729e" candidate_term: 1 candidate_status { last_received { term: 0 index: 0 } } ignore_live_leader: false dest_uuid: "9b5eb72e6d684b3cb2377837a66a4dec" is_pre_election: true
I20260710 13:15:57.595261  1645 raft_consensus.cc:2468] T f88c4d6076f54a22856ff5e3de7e8077 P 9b5eb72e6d684b3cb2377837a66a4dec [term 0 FOLLOWER]: Leader pre-election vote request: Granting yes vote for candidate 26a2a70836554ab9be4d62d1f6b6729e in term 0.
I20260710 13:15:57.595350  1684 leader_election.cc:304] T 56a870e954284480af50f6174e266663 P ce6c6e33d8a24d0997c30ba525d8c26d [CANDIDATE]: Term 1 election: Election decided. Result: candidate lost. Election summary: received 3 responses out of 3 voters: 1 yes votes; 2 no votes. yes voters: ce6c6e33d8a24d0997c30ba525d8c26d; no voters: 26a2a70836554ab9be4d62d1f6b6729e, 9b5eb72e6d684b3cb2377837a66a4dec
I20260710 13:15:57.598102  1761 tablet_bootstrap.cc:492] T 83941450edd04290ac701ebebc82af11 P 26a2a70836554ab9be4d62d1f6b6729e: No bootstrap required, opened a new log
I20260710 13:15:57.598531  1761 ts_tablet_manager.cc:1403] T 83941450edd04290ac701ebebc82af11 P 26a2a70836554ab9be4d62d1f6b6729e: Time spent bootstrapping tablet: real 0.133s	user 0.018s	sys 0.025s
I20260710 13:15:57.596673  1772 raft_consensus.cc:2749] T 56a870e954284480af50f6174e266663 P ce6c6e33d8a24d0997c30ba525d8c26d [term 1 FOLLOWER]: Leader election lost for term 1. Reason: could not achieve majority
I20260710 13:15:57.600705  1767 raft_consensus.cc:493] T f11770899d4c48e186bb161778255cdc P 26a2a70836554ab9be4d62d1f6b6729e [term 0 FOLLOWER]: Starting pre-election (no leader contacted us within the election timeout)
I20260710 13:15:57.602234  1767 raft_consensus.cc:515] T f11770899d4c48e186bb161778255cdc P 26a2a70836554ab9be4d62d1f6b6729e [term 0 FOLLOWER]: Starting pre-election with config: opid_index: -1 OBSOLETE_local: false peers { permanent_uuid: "26a2a70836554ab9be4d62d1f6b6729e" member_type: VOTER last_known_addr { host: "127.0.107.193" port: 46295 } } peers { permanent_uuid: "9b5eb72e6d684b3cb2377837a66a4dec" member_type: VOTER last_known_addr { host: "127.0.107.194" port: 46053 } } peers { permanent_uuid: "ce6c6e33d8a24d0997c30ba525d8c26d" member_type: VOTER last_known_addr { host: "127.0.107.195" port: 36227 } }
I20260710 13:15:57.603098  1763 ts_tablet_manager.cc:1434] T 9d7f27444ba742bfb51ff35433c1cf64 P 9b5eb72e6d684b3cb2377837a66a4dec: Time spent starting tablet: real 0.020s	user 0.007s	sys 0.000s
I20260710 13:15:57.604123  1763 tablet_bootstrap.cc:492] T ffc145dcf9844b0fa76b93bbba9e4a32 P 9b5eb72e6d684b3cb2377837a66a4dec: Bootstrap starting.
I20260710 13:15:57.604779  1767 leader_election.cc:290] T f11770899d4c48e186bb161778255cdc P 26a2a70836554ab9be4d62d1f6b6729e [CANDIDATE]: Term 1 pre-election: Requested pre-vote from peers 9b5eb72e6d684b3cb2377837a66a4dec (127.0.107.194:46053), ce6c6e33d8a24d0997c30ba525d8c26d (127.0.107.195:36227)
I20260710 13:15:57.597103  1811 raft_consensus.cc:2804] T f88c4d6076f54a22856ff5e3de7e8077 P 26a2a70836554ab9be4d62d1f6b6729e [term 0 FOLLOWER]: Leader pre-election won for term 1
I20260710 13:15:57.606527  1811 raft_consensus.cc:493] T f88c4d6076f54a22856ff5e3de7e8077 P 26a2a70836554ab9be4d62d1f6b6729e [term 0 FOLLOWER]: Starting leader election (no leader contacted us within the election timeout)
I20260710 13:15:57.606918  1762 raft_consensus.cc:359] T 9606a809d77c4e05be3895674dec47f2 P ce6c6e33d8a24d0997c30ba525d8c26d [term 0 FOLLOWER]: Replica starting. Triggering 0 pending ops. Active config: opid_index: -1 OBSOLETE_local: false peers { permanent_uuid: "26a2a70836554ab9be4d62d1f6b6729e" member_type: VOTER last_known_addr { host: "127.0.107.193" port: 46295 } } peers { permanent_uuid: "9b5eb72e6d684b3cb2377837a66a4dec" member_type: VOTER last_known_addr { host: "127.0.107.194" port: 46053 } } peers { permanent_uuid: "ce6c6e33d8a24d0997c30ba525d8c26d" member_type: VOTER last_known_addr { host: "127.0.107.195" port: 36227 } }
I20260710 13:15:57.609968  1762 raft_consensus.cc:385] T 9606a809d77c4e05be3895674dec47f2 P ce6c6e33d8a24d0997c30ba525d8c26d [term 0 FOLLOWER]: Consensus starting up: Expiring failure detector timer to make a prompt election more likely
I20260710 13:15:57.610423  1762 raft_consensus.cc:740] T 9606a809d77c4e05be3895674dec47f2 P ce6c6e33d8a24d0997c30ba525d8c26d [term 0 FOLLOWER]: Becoming Follower/Learner. State: Replica: ce6c6e33d8a24d0997c30ba525d8c26d, State: Initialized, Role: FOLLOWER
I20260710 13:15:57.611207  1645 tablet_service.cc:1917] Received RequestConsensusVote() RPC: tablet_id: "f11770899d4c48e186bb161778255cdc" candidate_uuid: "26a2a70836554ab9be4d62d1f6b6729e" candidate_term: 1 candidate_status { last_received { term: 0 index: 0 } } ignore_live_leader: false dest_uuid: "9b5eb72e6d684b3cb2377837a66a4dec" is_pre_election: true
I20260710 13:15:57.611941  1645 raft_consensus.cc:2468] T f11770899d4c48e186bb161778255cdc P 9b5eb72e6d684b3cb2377837a66a4dec [term 0 FOLLOWER]: Leader pre-election vote request: Granting yes vote for candidate 26a2a70836554ab9be4d62d1f6b6729e in term 0.
I20260710 13:15:57.611488  1762 consensus_queue.cc:260] T 9606a809d77c4e05be3895674dec47f2 P ce6c6e33d8a24d0997c30ba525d8c26d [NON_LEADER]: Queue going to NON_LEADER mode. State: All replicated index: 0, Majority replicated index: 0, Committed index: 0, Last appended: 0.0, Last appended by leader: 0, Current term: 0, Majority size: -1, State: 0, Mode: NON_LEADER, active raft config: opid_index: -1 OBSOLETE_local: false peers { permanent_uuid: "26a2a70836554ab9be4d62d1f6b6729e" member_type: VOTER last_known_addr { host: "127.0.107.193" port: 46295 } } peers { permanent_uuid: "9b5eb72e6d684b3cb2377837a66a4dec" member_type: VOTER last_known_addr { host: "127.0.107.194" port: 46053 } } peers { permanent_uuid: "ce6c6e33d8a24d0997c30ba525d8c26d" member_type: VOTER last_known_addr { host: "127.0.107.195" port: 36227 } }
I20260710 13:15:57.614668  1761 raft_consensus.cc:359] T 83941450edd04290ac701ebebc82af11 P 26a2a70836554ab9be4d62d1f6b6729e [term 0 FOLLOWER]: Replica starting. Triggering 0 pending ops. Active config: opid_index: -1 OBSOLETE_local: false peers { permanent_uuid: "26a2a70836554ab9be4d62d1f6b6729e" member_type: VOTER last_known_addr { host: "127.0.107.193" port: 46295 } } peers { permanent_uuid: "9b5eb72e6d684b3cb2377837a66a4dec" member_type: VOTER last_known_addr { host: "127.0.107.194" port: 46053 } } peers { permanent_uuid: "ce6c6e33d8a24d0997c30ba525d8c26d" member_type: VOTER last_known_addr { host: "127.0.107.195" port: 36227 } }
I20260710 13:15:57.615674  1761 raft_consensus.cc:385] T 83941450edd04290ac701ebebc82af11 P 26a2a70836554ab9be4d62d1f6b6729e [term 0 FOLLOWER]: Consensus starting up: Expiring failure detector timer to make a prompt election more likely
I20260710 13:15:57.616053  1761 raft_consensus.cc:740] T 83941450edd04290ac701ebebc82af11 P 26a2a70836554ab9be4d62d1f6b6729e [term 0 FOLLOWER]: Becoming Follower/Learner. State: Replica: 26a2a70836554ab9be4d62d1f6b6729e, State: Initialized, Role: FOLLOWER
I20260710 13:15:57.606940  1811 raft_consensus.cc:3060] T f88c4d6076f54a22856ff5e3de7e8077 P 26a2a70836554ab9be4d62d1f6b6729e [term 0 FOLLOWER]: Advancing to term 1
I20260710 13:15:57.617045  1761 consensus_queue.cc:260] T 83941450edd04290ac701ebebc82af11 P 26a2a70836554ab9be4d62d1f6b6729e [NON_LEADER]: Queue going to NON_LEADER mode. State: All replicated index: 0, Majority replicated index: 0, Committed index: 0, Last appended: 0.0, Last appended by leader: 0, Current term: 0, Majority size: -1, State: 0, Mode: NON_LEADER, active raft config: opid_index: -1 OBSOLETE_local: false peers { permanent_uuid: "26a2a70836554ab9be4d62d1f6b6729e" member_type: VOTER last_known_addr { host: "127.0.107.193" port: 46295 } } peers { permanent_uuid: "9b5eb72e6d684b3cb2377837a66a4dec" member_type: VOTER last_known_addr { host: "127.0.107.194" port: 46053 } } peers { permanent_uuid: "ce6c6e33d8a24d0997c30ba525d8c26d" member_type: VOTER last_known_addr { host: "127.0.107.195" port: 36227 } }
I20260710 13:15:57.619480  1761 ts_tablet_manager.cc:1434] T 83941450edd04290ac701ebebc82af11 P 26a2a70836554ab9be4d62d1f6b6729e: Time spent starting tablet: real 0.021s	user 0.005s	sys 0.002s
I20260710 13:15:57.620411  1761 tablet_bootstrap.cc:492] T 9cd6cf365e564132a32d9fc9368bdaf6 P 26a2a70836554ab9be4d62d1f6b6729e: Bootstrap starting.
I20260710 13:15:57.626827  1762 ts_tablet_manager.cc:1434] T 9606a809d77c4e05be3895674dec47f2 P ce6c6e33d8a24d0997c30ba525d8c26d: Time spent starting tablet: real 0.032s	user 0.007s	sys 0.000s
I20260710 13:15:57.623780  1720 tablet_service.cc:1917] Received RequestConsensusVote() RPC: tablet_id: "f11770899d4c48e186bb161778255cdc" candidate_uuid: "26a2a70836554ab9be4d62d1f6b6729e" candidate_term: 1 candidate_status { last_received { term: 0 index: 0 } } ignore_live_leader: false dest_uuid: "ce6c6e33d8a24d0997c30ba525d8c26d" is_pre_election: true
I20260710 13:15:57.627803  1763 tablet_bootstrap.cc:654] T ffc145dcf9844b0fa76b93bbba9e4a32 P 9b5eb72e6d684b3cb2377837a66a4dec: Neither blocks nor log segments found. Creating new log.
I20260710 13:15:57.627840  1720 raft_consensus.cc:2468] T f11770899d4c48e186bb161778255cdc P ce6c6e33d8a24d0997c30ba525d8c26d [term 0 FOLLOWER]: Leader pre-election vote request: Granting yes vote for candidate 26a2a70836554ab9be4d62d1f6b6729e in term 0.
I20260710 13:15:57.622282  1535 leader_election.cc:304] T f11770899d4c48e186bb161778255cdc P 26a2a70836554ab9be4d62d1f6b6729e [CANDIDATE]: Term 1 pre-election: Election decided. Result: candidate won. Election summary: received 2 responses out of 3 voters: 2 yes votes; 0 no votes. yes voters: 26a2a70836554ab9be4d62d1f6b6729e, 9b5eb72e6d684b3cb2377837a66a4dec; no voters: 
I20260710 13:15:57.630959  1812 raft_consensus.cc:2804] T f11770899d4c48e186bb161778255cdc P 26a2a70836554ab9be4d62d1f6b6729e [term 0 FOLLOWER]: Leader pre-election won for term 1
I20260710 13:15:57.631340  1812 raft_consensus.cc:493] T f11770899d4c48e186bb161778255cdc P 26a2a70836554ab9be4d62d1f6b6729e [term 0 FOLLOWER]: Starting leader election (no leader contacted us within the election timeout)
I20260710 13:15:57.631668  1812 raft_consensus.cc:3060] T f11770899d4c48e186bb161778255cdc P 26a2a70836554ab9be4d62d1f6b6729e [term 0 FOLLOWER]: Advancing to term 1
I20260710 13:15:57.631986  1468 catalog_manager.cc:5697] T 56a870e954284480af50f6174e266663 P 26a2a70836554ab9be4d62d1f6b6729e reported cstate change: term changed from 0 to 1, leader changed from <none> to 26a2a70836554ab9be4d62d1f6b6729e (127.0.107.193). New cstate: current_term: 1 leader_uuid: "26a2a70836554ab9be4d62d1f6b6729e" committed_config { opid_index: -1 OBSOLETE_local: false peers { permanent_uuid: "26a2a70836554ab9be4d62d1f6b6729e" member_type: VOTER last_known_addr { host: "127.0.107.193" port: 46295 } health_report { overall_health: HEALTHY } } peers { permanent_uuid: "9b5eb72e6d684b3cb2377837a66a4dec" member_type: VOTER last_known_addr { host: "127.0.107.194" port: 46053 } health_report { overall_health: UNKNOWN } } peers { permanent_uuid: "ce6c6e33d8a24d0997c30ba525d8c26d" member_type: VOTER last_known_addr { host: "127.0.107.195" port: 36227 } health_report { overall_health: UNKNOWN } } }
I20260710 13:15:57.635861  1762 tablet_bootstrap.cc:492] T 261db9864dc744f799c0496cddf26496 P ce6c6e33d8a24d0997c30ba525d8c26d: Bootstrap starting.
I20260710 13:15:57.647780  1761 tablet_bootstrap.cc:654] T 9cd6cf365e564132a32d9fc9368bdaf6 P 26a2a70836554ab9be4d62d1f6b6729e: Neither blocks nor log segments found. Creating new log.
I20260710 13:15:57.648132  1467 catalog_manager.cc:5697] T 114fc5e14da54a4fbd89694453c93fef P 9b5eb72e6d684b3cb2377837a66a4dec reported cstate change: term changed from 0 to 1, leader changed from <none> to 9b5eb72e6d684b3cb2377837a66a4dec (127.0.107.194). New cstate: current_term: 1 leader_uuid: "9b5eb72e6d684b3cb2377837a66a4dec" committed_config { opid_index: -1 OBSOLETE_local: false peers { permanent_uuid: "26a2a70836554ab9be4d62d1f6b6729e" member_type: VOTER last_known_addr { host: "127.0.107.193" port: 46295 } health_report { overall_health: UNKNOWN } } peers { permanent_uuid: "9b5eb72e6d684b3cb2377837a66a4dec" member_type: VOTER last_known_addr { host: "127.0.107.194" port: 46053 } health_report { overall_health: HEALTHY } } peers { permanent_uuid: "ce6c6e33d8a24d0997c30ba525d8c26d" member_type: VOTER last_known_addr { host: "127.0.107.195" port: 36227 } health_report { overall_health: UNKNOWN } } }
I20260710 13:15:57.658739  1762 tablet_bootstrap.cc:654] T 261db9864dc744f799c0496cddf26496 P ce6c6e33d8a24d0997c30ba525d8c26d: Neither blocks nor log segments found. Creating new log.
I20260710 13:15:57.663925  1761 tablet_bootstrap.cc:492] T 9cd6cf365e564132a32d9fc9368bdaf6 P 26a2a70836554ab9be4d62d1f6b6729e: No bootstrap required, opened a new log
I20260710 13:15:57.664458  1761 ts_tablet_manager.cc:1403] T 9cd6cf365e564132a32d9fc9368bdaf6 P 26a2a70836554ab9be4d62d1f6b6729e: Time spent bootstrapping tablet: real 0.044s	user 0.013s	sys 0.003s
I20260710 13:15:57.666260  1763 tablet_bootstrap.cc:492] T ffc145dcf9844b0fa76b93bbba9e4a32 P 9b5eb72e6d684b3cb2377837a66a4dec: No bootstrap required, opened a new log
I20260710 13:15:57.666761  1763 ts_tablet_manager.cc:1403] T ffc145dcf9844b0fa76b93bbba9e4a32 P 9b5eb72e6d684b3cb2377837a66a4dec: Time spent bootstrapping tablet: real 0.063s	user 0.018s	sys 0.013s
I20260710 13:15:57.667354  1761 raft_consensus.cc:359] T 9cd6cf365e564132a32d9fc9368bdaf6 P 26a2a70836554ab9be4d62d1f6b6729e [term 0 FOLLOWER]: Replica starting. Triggering 0 pending ops. Active config: opid_index: -1 OBSOLETE_local: false peers { permanent_uuid: "26a2a70836554ab9be4d62d1f6b6729e" member_type: VOTER last_known_addr { host: "127.0.107.193" port: 46295 } } peers { permanent_uuid: "9b5eb72e6d684b3cb2377837a66a4dec" member_type: VOTER last_known_addr { host: "127.0.107.194" port: 46053 } } peers { permanent_uuid: "ce6c6e33d8a24d0997c30ba525d8c26d" member_type: VOTER last_known_addr { host: "127.0.107.195" port: 36227 } }
I20260710 13:15:57.668102  1761 raft_consensus.cc:385] T 9cd6cf365e564132a32d9fc9368bdaf6 P 26a2a70836554ab9be4d62d1f6b6729e [term 0 FOLLOWER]: Consensus starting up: Expiring failure detector timer to make a prompt election more likely
I20260710 13:15:57.668391  1761 raft_consensus.cc:740] T 9cd6cf365e564132a32d9fc9368bdaf6 P 26a2a70836554ab9be4d62d1f6b6729e [term 0 FOLLOWER]: Becoming Follower/Learner. State: Replica: 26a2a70836554ab9be4d62d1f6b6729e, State: Initialized, Role: FOLLOWER
I20260710 13:15:57.669307  1761 consensus_queue.cc:260] T 9cd6cf365e564132a32d9fc9368bdaf6 P 26a2a70836554ab9be4d62d1f6b6729e [NON_LEADER]: Queue going to NON_LEADER mode. State: All replicated index: 0, Majority replicated index: 0, Committed index: 0, Last appended: 0.0, Last appended by leader: 0, Current term: 0, Majority size: -1, State: 0, Mode: NON_LEADER, active raft config: opid_index: -1 OBSOLETE_local: false peers { permanent_uuid: "26a2a70836554ab9be4d62d1f6b6729e" member_type: VOTER last_known_addr { host: "127.0.107.193" port: 46295 } } peers { permanent_uuid: "9b5eb72e6d684b3cb2377837a66a4dec" member_type: VOTER last_known_addr { host: "127.0.107.194" port: 46053 } } peers { permanent_uuid: "ce6c6e33d8a24d0997c30ba525d8c26d" member_type: VOTER last_known_addr { host: "127.0.107.195" port: 36227 } }
I20260710 13:15:57.669592  1763 raft_consensus.cc:359] T ffc145dcf9844b0fa76b93bbba9e4a32 P 9b5eb72e6d684b3cb2377837a66a4dec [term 0 FOLLOWER]: Replica starting. Triggering 0 pending ops. Active config: opid_index: -1 OBSOLETE_local: false peers { permanent_uuid: "26a2a70836554ab9be4d62d1f6b6729e" member_type: VOTER last_known_addr { host: "127.0.107.193" port: 46295 } } peers { permanent_uuid: "9b5eb72e6d684b3cb2377837a66a4dec" member_type: VOTER last_known_addr { host: "127.0.107.194" port: 46053 } } peers { permanent_uuid: "ce6c6e33d8a24d0997c30ba525d8c26d" member_type: VOTER last_known_addr { host: "127.0.107.195" port: 36227 } }
I20260710 13:15:57.670639  1646 raft_consensus.cc:2468] T 9606a809d77c4e05be3895674dec47f2 P 9b5eb72e6d684b3cb2377837a66a4dec [term 1 FOLLOWER]: Leader election vote request: Granting yes vote for candidate 26a2a70836554ab9be4d62d1f6b6729e in term 1.
I20260710 13:15:57.671761  1812 raft_consensus.cc:515] T f11770899d4c48e186bb161778255cdc P 26a2a70836554ab9be4d62d1f6b6729e [term 1 FOLLOWER]: Starting leader election with config: opid_index: -1 OBSOLETE_local: false peers { permanent_uuid: "26a2a70836554ab9be4d62d1f6b6729e" member_type: VOTER last_known_addr { host: "127.0.107.193" port: 46295 } } peers { permanent_uuid: "9b5eb72e6d684b3cb2377837a66a4dec" member_type: VOTER last_known_addr { host: "127.0.107.194" port: 46053 } } peers { permanent_uuid: "ce6c6e33d8a24d0997c30ba525d8c26d" member_type: VOTER last_known_addr { host: "127.0.107.195" port: 36227 } }
