I20260710 13:25:39.264755 28364 tablet_service.cc:2072] Received LeaderStepDown RPC: tablet_id: "7e6961495ed74574baa593f33fc1441e"
dest_uuid: "899c4d5c938f49009b34bd5af1378341"
mode: GRACEFUL
new_leader_uuid: "8989c6577797440f9e51bfc0b46c4aea"
 from {username='slave'} at 127.0.0.1:38532
I20260710 13:25:39.265242 28364 raft_consensus.cc:606] T 7e6961495ed74574baa593f33fc1441e P 899c4d5c938f49009b34bd5af1378341 [term 1 LEADER]: Received request to transfer leadership to TS 8989c6577797440f9e51bfc0b46c4aea
I20260710 13:25:39.278254 28212 tablet_service.cc:2072] Received LeaderStepDown RPC: tablet_id: "dd86509284c5446ea062d0eae4deb7b3"
dest_uuid: "8989c6577797440f9e51bfc0b46c4aea"
mode: GRACEFUL
new_leader_uuid: "83f3c9c6bda4408c92ca157c18626fe6"
 from {username='slave'} at 127.0.0.1:55988
I20260710 13:25:39.278776 28212 raft_consensus.cc:606] T dd86509284c5446ea062d0eae4deb7b3 P 8989c6577797440f9e51bfc0b46c4aea [term 1 LEADER]: Received request to transfer leadership to TS 83f3c9c6bda4408c92ca157c18626fe6
I20260710 13:25:39.281021 28364 tablet_service.cc:2072] Received LeaderStepDown RPC: tablet_id: "fd751368f0c240499113b2f194e0a96a"
dest_uuid: "899c4d5c938f49009b34bd5af1378341"
mode: GRACEFUL
new_leader_uuid: "7da8401cbf4546f6afb8063397bfefe2"
 from {username='slave'} at 127.0.0.1:38532
I20260710 13:25:39.281436 28364 raft_consensus.cc:606] T fd751368f0c240499113b2f194e0a96a P 899c4d5c938f49009b34bd5af1378341 [term 1 LEADER]: Received request to transfer leadership to TS 7da8401cbf4546f6afb8063397bfefe2
I20260710 13:25:39.282341 27114 auto_leader_rebalancer.cc:479] table: test-workload, leader rebalance finish, leader transfer count: 5
I20260710 13:25:39.282985 27114 auto_leader_rebalancer.cc:554] All tables' leader rebalancing finished this round
I20260710 13:25:39.393170 29016 raft_consensus.cc:993] T 7e6961495ed74574baa593f33fc1441e P 899c4d5c938f49009b34bd5af1378341: : Instructing follower 8989c6577797440f9e51bfc0b46c4aea to start an election
I20260710 13:25:39.393595 29012 raft_consensus.cc:1081] T 7e6961495ed74574baa593f33fc1441e P 899c4d5c938f49009b34bd5af1378341 [term 1 LEADER]: Signalling peer 8989c6577797440f9e51bfc0b46c4aea to start an election
I20260710 13:25:39.394783 28212 tablet_service.cc:2044] Received Run Leader Election RPC: tablet_id: "7e6961495ed74574baa593f33fc1441e"
dest_uuid: "8989c6577797440f9e51bfc0b46c4aea"
 from {username='slave'} at 127.0.0.1:57174
I20260710 13:25:39.395202 28212 raft_consensus.cc:493] T 7e6961495ed74574baa593f33fc1441e P 8989c6577797440f9e51bfc0b46c4aea [term 1 FOLLOWER]: Starting forced leader election (received explicit request)
I20260710 13:25:39.395427 28212 raft_consensus.cc:3060] T 7e6961495ed74574baa593f33fc1441e P 8989c6577797440f9e51bfc0b46c4aea [term 1 FOLLOWER]: Advancing to term 2
I20260710 13:25:39.399380 28212 raft_consensus.cc:515] T 7e6961495ed74574baa593f33fc1441e P 8989c6577797440f9e51bfc0b46c4aea [term 2 FOLLOWER]: Starting forced leader election with config: opid_index: -1 OBSOLETE_local: false peers { permanent_uuid: "8989c6577797440f9e51bfc0b46c4aea" member_type: VOTER last_known_addr { host: "127.26.122.129" port: 41177 } } peers { permanent_uuid: "83f3c9c6bda4408c92ca157c18626fe6" member_type: VOTER last_known_addr { host: "127.26.122.130" port: 42143 } } peers { permanent_uuid: "899c4d5c938f49009b34bd5af1378341" member_type: VOTER last_known_addr { host: "127.26.122.131" port: 33759 } }
I20260710 13:25:39.401026 28212 leader_election.cc:290] T 7e6961495ed74574baa593f33fc1441e P 8989c6577797440f9e51bfc0b46c4aea [CANDIDATE]: Term 2 election: Requested vote from peers 83f3c9c6bda4408c92ca157c18626fe6 (127.26.122.130:42143), 899c4d5c938f49009b34bd5af1378341 (127.26.122.131:33759)
I20260710 13:25:39.401635 28290 tablet_service.cc:1917] Received RequestConsensusVote() RPC: tablet_id: "7e6961495ed74574baa593f33fc1441e" candidate_uuid: "8989c6577797440f9e51bfc0b46c4aea" candidate_term: 2 candidate_status { last_received { term: 1 index: 1 } } ignore_live_leader: true dest_uuid: "83f3c9c6bda4408c92ca157c18626fe6"
I20260710 13:25:39.401841 28364 tablet_service.cc:1917] Received RequestConsensusVote() RPC: tablet_id: "7e6961495ed74574baa593f33fc1441e" candidate_uuid: "8989c6577797440f9e51bfc0b46c4aea" candidate_term: 2 candidate_status { last_received { term: 1 index: 1 } } ignore_live_leader: true dest_uuid: "899c4d5c938f49009b34bd5af1378341"
I20260710 13:25:39.402289 28290 raft_consensus.cc:3060] T 7e6961495ed74574baa593f33fc1441e P 83f3c9c6bda4408c92ca157c18626fe6 [term 1 FOLLOWER]: Advancing to term 2
I20260710 13:25:39.402385 28364 raft_consensus.cc:3055] T 7e6961495ed74574baa593f33fc1441e P 899c4d5c938f49009b34bd5af1378341 [term 1 LEADER]: Stepping down as leader of term 1
I20260710 13:25:39.402752 28364 raft_consensus.cc:740] T 7e6961495ed74574baa593f33fc1441e P 899c4d5c938f49009b34bd5af1378341 [term 1 LEADER]: Becoming Follower/Learner. State: Replica: 899c4d5c938f49009b34bd5af1378341, State: Running, Role: LEADER
I20260710 13:25:39.403405 28364 consensus_queue.cc:260] T 7e6961495ed74574baa593f33fc1441e P 899c4d5c938f49009b34bd5af1378341 [NON_LEADER]: Queue going to NON_LEADER mode. State: All replicated index: 0, Majority replicated index: 1, Committed index: 1, Last appended: 1.1, Last appended by leader: 1, Current term: 1, Majority size: -1, State: 0, Mode: NON_LEADER, active raft config: opid_index: -1 OBSOLETE_local: false peers { permanent_uuid: "8989c6577797440f9e51bfc0b46c4aea" member_type: VOTER last_known_addr { host: "127.26.122.129" port: 41177 } } peers { permanent_uuid: "83f3c9c6bda4408c92ca157c18626fe6" member_type: VOTER last_known_addr { host: "127.26.122.130" port: 42143 } } peers { permanent_uuid: "899c4d5c938f49009b34bd5af1378341" member_type: VOTER last_known_addr { host: "127.26.122.131" port: 33759 } }
I20260710 13:25:39.404247 28364 raft_consensus.cc:3060] T 7e6961495ed74574baa593f33fc1441e P 899c4d5c938f49009b34bd5af1378341 [term 1 FOLLOWER]: Advancing to term 2
I20260710 13:25:39.406893 28290 raft_consensus.cc:2468] T 7e6961495ed74574baa593f33fc1441e P 83f3c9c6bda4408c92ca157c18626fe6 [term 2 FOLLOWER]: Leader election vote request: Granting yes vote for candidate 8989c6577797440f9e51bfc0b46c4aea in term 2.
I20260710 13:25:39.408066 28181 leader_election.cc:304] T 7e6961495ed74574baa593f33fc1441e P 8989c6577797440f9e51bfc0b46c4aea [CANDIDATE]: Term 2 election: Election decided. Result: candidate won. Election summary: received 2 responses out of 3 voters: 2 yes votes; 0 no votes. yes voters: 83f3c9c6bda4408c92ca157c18626fe6, 8989c6577797440f9e51bfc0b46c4aea; no voters: 
I20260710 13:25:39.408440 28364 raft_consensus.cc:2468] T 7e6961495ed74574baa593f33fc1441e P 899c4d5c938f49009b34bd5af1378341 [term 2 FOLLOWER]: Leader election vote request: Granting yes vote for candidate 8989c6577797440f9e51bfc0b46c4aea in term 2.
I20260710 13:25:39.408896 29015 raft_consensus.cc:2804] T 7e6961495ed74574baa593f33fc1441e P 8989c6577797440f9e51bfc0b46c4aea [term 2 FOLLOWER]: Leader election won for term 2
I20260710 13:25:39.409950 29015 raft_consensus.cc:697] T 7e6961495ed74574baa593f33fc1441e P 8989c6577797440f9e51bfc0b46c4aea [term 2 LEADER]: Becoming Leader. State: Replica: 8989c6577797440f9e51bfc0b46c4aea, State: Running, Role: LEADER
I20260710 13:25:39.410598 29015 consensus_queue.cc:237] T 7e6961495ed74574baa593f33fc1441e P 8989c6577797440f9e51bfc0b46c4aea [LEADER]: Queue going to LEADER mode. State: All replicated index: 0, Majority replicated index: 1, Committed index: 1, Last appended: 1.1, Last appended by leader: 1, Current term: 2, Majority size: 2, State: 0, Mode: LEADER, active raft config: opid_index: -1 OBSOLETE_local: false peers { permanent_uuid: "8989c6577797440f9e51bfc0b46c4aea" member_type: VOTER last_known_addr { host: "127.26.122.129" port: 41177 } } peers { permanent_uuid: "83f3c9c6bda4408c92ca157c18626fe6" member_type: VOTER last_known_addr { host: "127.26.122.130" port: 42143 } } peers { permanent_uuid: "899c4d5c938f49009b34bd5af1378341" member_type: VOTER last_known_addr { host: "127.26.122.131" port: 33759 } }
I20260710 13:25:39.417672 28110 catalog_manager.cc:5697] T 7e6961495ed74574baa593f33fc1441e P 8989c6577797440f9e51bfc0b46c4aea reported cstate change: term changed from 1 to 2, leader changed from 899c4d5c938f49009b34bd5af1378341 (127.26.122.131) to 8989c6577797440f9e51bfc0b46c4aea (127.26.122.129). New cstate: current_term: 2 leader_uuid: "8989c6577797440f9e51bfc0b46c4aea" committed_config { opid_index: -1 OBSOLETE_local: false peers { permanent_uuid: "8989c6577797440f9e51bfc0b46c4aea" member_type: VOTER last_known_addr { host: "127.26.122.129" port: 41177 } health_report { overall_health: HEALTHY } } peers { permanent_uuid: "83f3c9c6bda4408c92ca157c18626fe6" member_type: VOTER last_known_addr { host: "127.26.122.130" port: 42143 } health_report { overall_health: UNKNOWN } } peers { permanent_uuid: "899c4d5c938f49009b34bd5af1378341" member_type: VOTER last_known_addr { host: "127.26.122.131" port: 33759 } health_report { overall_health: UNKNOWN } } }
I20260710 13:25:39.490597 29021 raft_consensus.cc:993] T 1883069fafce471486f93e68de4c71e6 P 83f3c9c6bda4408c92ca157c18626fe6: : Instructing follower 7da8401cbf4546f6afb8063397bfefe2 to start an election
I20260710 13:25:39.491178 29021 raft_consensus.cc:1081] T 1883069fafce471486f93e68de4c71e6 P 83f3c9c6bda4408c92ca157c18626fe6 [term 1 LEADER]: Signalling peer 7da8401cbf4546f6afb8063397bfefe2 to start an election
I20260710 13:25:39.492817 28640 tablet_service.cc:2044] Received Run Leader Election RPC: tablet_id: "1883069fafce471486f93e68de4c71e6"
dest_uuid: "7da8401cbf4546f6afb8063397bfefe2"
 from {username='slave'} at 127.0.0.1:53072
I20260710 13:25:39.493255 28640 raft_consensus.cc:493] T 1883069fafce471486f93e68de4c71e6 P 7da8401cbf4546f6afb8063397bfefe2 [term 1 FOLLOWER]: Starting forced leader election (received explicit request)
I20260710 13:25:39.493530 28640 raft_consensus.cc:3060] T 1883069fafce471486f93e68de4c71e6 P 7da8401cbf4546f6afb8063397bfefe2 [term 1 FOLLOWER]: Advancing to term 2
I20260710 13:25:39.497686 28640 raft_consensus.cc:515] T 1883069fafce471486f93e68de4c71e6 P 7da8401cbf4546f6afb8063397bfefe2 [term 2 FOLLOWER]: Starting forced leader election with config: opid_index: 4 OBSOLETE_local: false peers { permanent_uuid: "8989c6577797440f9e51bfc0b46c4aea" member_type: VOTER last_known_addr { host: "127.26.122.129" port: 41177 } } peers { permanent_uuid: "83f3c9c6bda4408c92ca157c18626fe6" member_type: VOTER last_known_addr { host: "127.26.122.130" port: 42143 } } peers { permanent_uuid: "7da8401cbf4546f6afb8063397bfefe2" member_type: VOTER last_known_addr { host: "127.26.122.132" port: 33479 } attrs { promote: false } }
I20260710 13:25:39.499445 28640 leader_election.cc:290] T 1883069fafce471486f93e68de4c71e6 P 7da8401cbf4546f6afb8063397bfefe2 [CANDIDATE]: Term 2 election: Requested vote from peers 8989c6577797440f9e51bfc0b46c4aea (127.26.122.129:41177), 83f3c9c6bda4408c92ca157c18626fe6 (127.26.122.130:42143)
I20260710 13:25:39.500178 28212 tablet_service.cc:1917] Received RequestConsensusVote() RPC: tablet_id: "1883069fafce471486f93e68de4c71e6" candidate_uuid: "7da8401cbf4546f6afb8063397bfefe2" candidate_term: 2 candidate_status { last_received { term: 1 index: 4 } } ignore_live_leader: true dest_uuid: "8989c6577797440f9e51bfc0b46c4aea"
I20260710 13:25:39.500396 28290 tablet_service.cc:1917] Received RequestConsensusVote() RPC: tablet_id: "1883069fafce471486f93e68de4c71e6" candidate_uuid: "7da8401cbf4546f6afb8063397bfefe2" candidate_term: 2 candidate_status { last_received { term: 1 index: 4 } } ignore_live_leader: true dest_uuid: "83f3c9c6bda4408c92ca157c18626fe6"
I20260710 13:25:39.500701 28212 raft_consensus.cc:3060] T 1883069fafce471486f93e68de4c71e6 P 8989c6577797440f9e51bfc0b46c4aea [term 1 FOLLOWER]: Advancing to term 2
I20260710 13:25:39.500942 28290 raft_consensus.cc:3055] T 1883069fafce471486f93e68de4c71e6 P 83f3c9c6bda4408c92ca157c18626fe6 [term 1 LEADER]: Stepping down as leader of term 1
I20260710 13:25:39.501255 28290 raft_consensus.cc:740] T 1883069fafce471486f93e68de4c71e6 P 83f3c9c6bda4408c92ca157c18626fe6 [term 1 LEADER]: Becoming Follower/Learner. State: Replica: 83f3c9c6bda4408c92ca157c18626fe6, State: Running, Role: LEADER
I20260710 13:25:39.501897 28290 consensus_queue.cc:260] T 1883069fafce471486f93e68de4c71e6 P 83f3c9c6bda4408c92ca157c18626fe6 [NON_LEADER]: Queue going to NON_LEADER mode. State: All replicated index: 0, Majority replicated index: 4, Committed index: 4, Last appended: 1.4, Last appended by leader: 4, Current term: 1, Majority size: -1, State: 0, Mode: NON_LEADER, active raft config: opid_index: 4 OBSOLETE_local: false peers { permanent_uuid: "8989c6577797440f9e51bfc0b46c4aea" member_type: VOTER last_known_addr { host: "127.26.122.129" port: 41177 } } peers { permanent_uuid: "83f3c9c6bda4408c92ca157c18626fe6" member_type: VOTER last_known_addr { host: "127.26.122.130" port: 42143 } } peers { permanent_uuid: "7da8401cbf4546f6afb8063397bfefe2" member_type: VOTER last_known_addr { host: "127.26.122.132" port: 33479 } attrs { promote: false } }
I20260710 13:25:39.502770 28290 raft_consensus.cc:3060] T 1883069fafce471486f93e68de4c71e6 P 83f3c9c6bda4408c92ca157c18626fe6 [term 1 FOLLOWER]: Advancing to term 2
I20260710 13:25:39.504989 28212 raft_consensus.cc:2468] T 1883069fafce471486f93e68de4c71e6 P 8989c6577797440f9e51bfc0b46c4aea [term 2 FOLLOWER]: Leader election vote request: Granting yes vote for candidate 7da8401cbf4546f6afb8063397bfefe2 in term 2.
I20260710 13:25:39.506064 28606 leader_election.cc:304] T 1883069fafce471486f93e68de4c71e6 P 7da8401cbf4546f6afb8063397bfefe2 [CANDIDATE]: Term 2 election: Election decided. Result: candidate won. Election summary: received 2 responses out of 3 voters: 2 yes votes; 0 no votes. yes voters: 7da8401cbf4546f6afb8063397bfefe2, 8989c6577797440f9e51bfc0b46c4aea; no voters: 
I20260710 13:25:39.506660 28290 raft_consensus.cc:2468] T 1883069fafce471486f93e68de4c71e6 P 83f3c9c6bda4408c92ca157c18626fe6 [term 2 FOLLOWER]: Leader election vote request: Granting yes vote for candidate 7da8401cbf4546f6afb8063397bfefe2 in term 2.
I20260710 13:25:39.507519 29028 raft_consensus.cc:2804] T 1883069fafce471486f93e68de4c71e6 P 7da8401cbf4546f6afb8063397bfefe2 [term 2 FOLLOWER]: Leader election won for term 2
I20260710 13:25:39.508651 29028 raft_consensus.cc:697] T 1883069fafce471486f93e68de4c71e6 P 7da8401cbf4546f6afb8063397bfefe2 [term 2 LEADER]: Becoming Leader. State: Replica: 7da8401cbf4546f6afb8063397bfefe2, State: Running, Role: LEADER
I20260710 13:25:39.509472 29028 consensus_queue.cc:237] T 1883069fafce471486f93e68de4c71e6 P 7da8401cbf4546f6afb8063397bfefe2 [LEADER]: Queue going to LEADER mode. State: All replicated index: 0, Majority replicated index: 4, Committed index: 4, Last appended: 1.4, Last appended by leader: 4, Current term: 2, Majority size: 2, State: 0, Mode: LEADER, active raft config: opid_index: 4 OBSOLETE_local: false peers { permanent_uuid: "8989c6577797440f9e51bfc0b46c4aea" member_type: VOTER last_known_addr { host: "127.26.122.129" port: 41177 } } peers { permanent_uuid: "83f3c9c6bda4408c92ca157c18626fe6" member_type: VOTER last_known_addr { host: "127.26.122.130" port: 42143 } } peers { permanent_uuid: "7da8401cbf4546f6afb8063397bfefe2" member_type: VOTER last_known_addr { host: "127.26.122.132" port: 33479 } attrs { promote: false } }
I20260710 13:25:39.516764 28110 catalog_manager.cc:5697] T 1883069fafce471486f93e68de4c71e6 P 7da8401cbf4546f6afb8063397bfefe2 reported cstate change: term changed from 1 to 2, leader changed from 83f3c9c6bda4408c92ca157c18626fe6 (127.26.122.130) to 7da8401cbf4546f6afb8063397bfefe2 (127.26.122.132). New cstate: current_term: 2 leader_uuid: "7da8401cbf4546f6afb8063397bfefe2" committed_config { opid_index: 4 OBSOLETE_local: false peers { permanent_uuid: "8989c6577797440f9e51bfc0b46c4aea" member_type: VOTER last_known_addr { host: "127.26.122.129" port: 41177 } health_report { overall_health: UNKNOWN } } peers { permanent_uuid: "83f3c9c6bda4408c92ca157c18626fe6" member_type: VOTER last_known_addr { host: "127.26.122.130" port: 42143 } health_report { overall_health: UNKNOWN } } peers { permanent_uuid: "7da8401cbf4546f6afb8063397bfefe2" member_type: VOTER last_known_addr { host: "127.26.122.132" port: 33479 } attrs { promote: false } health_report { overall_health: HEALTHY } } }
I20260710 13:25:39.645251 29016 raft_consensus.cc:993] T 02789c768a7a470e8394b52630e20560 P 899c4d5c938f49009b34bd5af1378341: : Instructing follower 7da8401cbf4546f6afb8063397bfefe2 to start an election
I20260710 13:25:39.646682 29016 raft_consensus.cc:1081] T 02789c768a7a470e8394b52630e20560 P 899c4d5c938f49009b34bd5af1378341 [term 1 LEADER]: Signalling peer 7da8401cbf4546f6afb8063397bfefe2 to start an election
I20260710 13:25:39.646907 29031 raft_consensus.cc:993] T fd751368f0c240499113b2f194e0a96a P 899c4d5c938f49009b34bd5af1378341: : Instructing follower 7da8401cbf4546f6afb8063397bfefe2 to start an election
I20260710 13:25:39.647467 29012 raft_consensus.cc:1081] T fd751368f0c240499113b2f194e0a96a P 899c4d5c938f49009b34bd5af1378341 [term 1 LEADER]: Signalling peer 7da8401cbf4546f6afb8063397bfefe2 to start an election
I20260710 13:25:39.648223 28636 tablet_service.cc:2044] Received Run Leader Election RPC: tablet_id: "02789c768a7a470e8394b52630e20560"
dest_uuid: "7da8401cbf4546f6afb8063397bfefe2"
 from {username='slave'} at 127.0.0.1:53066
I20260710 13:25:39.648756 28636 raft_consensus.cc:493] T 02789c768a7a470e8394b52630e20560 P 7da8401cbf4546f6afb8063397bfefe2 [term 1 FOLLOWER]: Starting forced leader election (received explicit request)
I20260710 13:25:39.648912 28640 tablet_service.cc:2044] Received Run Leader Election RPC: tablet_id: "fd751368f0c240499113b2f194e0a96a"
dest_uuid: "7da8401cbf4546f6afb8063397bfefe2"
 from {username='slave'} at 127.0.0.1:53066
I20260710 13:25:39.649085 28636 raft_consensus.cc:3060] T 02789c768a7a470e8394b52630e20560 P 7da8401cbf4546f6afb8063397bfefe2 [term 1 FOLLOWER]: Advancing to term 2
I20260710 13:25:39.649471 28640 raft_consensus.cc:493] T fd751368f0c240499113b2f194e0a96a P 7da8401cbf4546f6afb8063397bfefe2 [term 1 FOLLOWER]: Starting forced leader election (received explicit request)
I20260710 13:25:39.649781 28640 raft_consensus.cc:3060] T fd751368f0c240499113b2f194e0a96a P 7da8401cbf4546f6afb8063397bfefe2 [term 1 FOLLOWER]: Advancing to term 2
I20260710 13:25:39.653025 29022 raft_consensus.cc:993] T dd86509284c5446ea062d0eae4deb7b3 P 8989c6577797440f9e51bfc0b46c4aea: : Instructing follower 83f3c9c6bda4408c92ca157c18626fe6 to start an election
I20260710 13:25:39.653503 29015 raft_consensus.cc:1081] T dd86509284c5446ea062d0eae4deb7b3 P 8989c6577797440f9e51bfc0b46c4aea [term 1 LEADER]: Signalling peer 83f3c9c6bda4408c92ca157c18626fe6 to start an election
I20260710 13:25:39.654939 28290 tablet_service.cc:2044] Received Run Leader Election RPC: tablet_id: "dd86509284c5446ea062d0eae4deb7b3"
dest_uuid: "83f3c9c6bda4408c92ca157c18626fe6"
 from {username='slave'} at 127.0.0.1:43682
I20260710 13:25:39.654933 28636 raft_consensus.cc:515] T 02789c768a7a470e8394b52630e20560 P 7da8401cbf4546f6afb8063397bfefe2 [term 2 FOLLOWER]: Starting forced leader election with config: opid_index: 4 OBSOLETE_local: false peers { permanent_uuid: "8989c6577797440f9e51bfc0b46c4aea" member_type: VOTER last_known_addr { host: "127.26.122.129" port: 41177 } } peers { permanent_uuid: "899c4d5c938f49009b34bd5af1378341" member_type: VOTER last_known_addr { host: "127.26.122.131" port: 33759 } } peers { permanent_uuid: "7da8401cbf4546f6afb8063397bfefe2" member_type: VOTER last_known_addr { host: "127.26.122.132" port: 33479 } attrs { promote: false } }
I20260710 13:25:39.655310 28640 raft_consensus.cc:515] T fd751368f0c240499113b2f194e0a96a P 7da8401cbf4546f6afb8063397bfefe2 [term 2 FOLLOWER]: Starting forced leader election with config: opid_index: 4 OBSOLETE_local: false peers { permanent_uuid: "83f3c9c6bda4408c92ca157c18626fe6" member_type: VOTER last_known_addr { host: "127.26.122.130" port: 42143 } } peers { permanent_uuid: "899c4d5c938f49009b34bd5af1378341" member_type: VOTER last_known_addr { host: "127.26.122.131" port: 33759 } } peers { permanent_uuid: "7da8401cbf4546f6afb8063397bfefe2" member_type: VOTER last_known_addr { host: "127.26.122.132" port: 33479 } attrs { promote: false } }
I20260710 13:25:39.655623 28290 raft_consensus.cc:493] T dd86509284c5446ea062d0eae4deb7b3 P 83f3c9c6bda4408c92ca157c18626fe6 [term 1 FOLLOWER]: Starting forced leader election (received explicit request)
I20260710 13:25:39.656020 28290 raft_consensus.cc:3060] T dd86509284c5446ea062d0eae4deb7b3 P 83f3c9c6bda4408c92ca157c18626fe6 [term 1 FOLLOWER]: Advancing to term 2
I20260710 13:25:39.656886 28636 leader_election.cc:290] T 02789c768a7a470e8394b52630e20560 P 7da8401cbf4546f6afb8063397bfefe2 [CANDIDATE]: Term 2 election: Requested vote from peers 8989c6577797440f9e51bfc0b46c4aea (127.26.122.129:41177), 899c4d5c938f49009b34bd5af1378341 (127.26.122.131:33759)
I20260710 13:25:39.657567 28212 tablet_service.cc:1917] Received RequestConsensusVote() RPC: tablet_id: "02789c768a7a470e8394b52630e20560" candidate_uuid: "7da8401cbf4546f6afb8063397bfefe2" candidate_term: 2 candidate_status { last_received { term: 1 index: 4 } } ignore_live_leader: true dest_uuid: "8989c6577797440f9e51bfc0b46c4aea"
I20260710 13:25:39.657812 28364 tablet_service.cc:1917] Received RequestConsensusVote() RPC: tablet_id: "02789c768a7a470e8394b52630e20560" candidate_uuid: "7da8401cbf4546f6afb8063397bfefe2" candidate_term: 2 candidate_status { last_received { term: 1 index: 4 } } ignore_live_leader: true dest_uuid: "899c4d5c938f49009b34bd5af1378341"
I20260710 13:25:39.658126 28212 raft_consensus.cc:3060] T 02789c768a7a470e8394b52630e20560 P 8989c6577797440f9e51bfc0b46c4aea [term 1 FOLLOWER]: Advancing to term 2
I20260710 13:25:39.658310 28364 raft_consensus.cc:3055] T 02789c768a7a470e8394b52630e20560 P 899c4d5c938f49009b34bd5af1378341 [term 1 LEADER]: Stepping down as leader of term 1
I20260710 13:25:39.658612 28364 raft_consensus.cc:740] T 02789c768a7a470e8394b52630e20560 P 899c4d5c938f49009b34bd5af1378341 [term 1 LEADER]: Becoming Follower/Learner. State: Replica: 899c4d5c938f49009b34bd5af1378341, State: Running, Role: LEADER
I20260710 13:25:39.659353 28364 consensus_queue.cc:260] T 02789c768a7a470e8394b52630e20560 P 899c4d5c938f49009b34bd5af1378341 [NON_LEADER]: Queue going to NON_LEADER mode. State: All replicated index: 0, Majority replicated index: 4, Committed index: 4, Last appended: 1.4, Last appended by leader: 4, Current term: 1, Majority size: -1, State: 0, Mode: NON_LEADER, active raft config: opid_index: 4 OBSOLETE_local: false peers { permanent_uuid: "8989c6577797440f9e51bfc0b46c4aea" member_type: VOTER last_known_addr { host: "127.26.122.129" port: 41177 } } peers { permanent_uuid: "899c4d5c938f49009b34bd5af1378341" member_type: VOTER last_known_addr { host: "127.26.122.131" port: 33759 } } peers { permanent_uuid: "7da8401cbf4546f6afb8063397bfefe2" member_type: VOTER last_known_addr { host: "127.26.122.132" port: 33479 } attrs { promote: false } }
I20260710 13:25:39.660344 28364 raft_consensus.cc:3060] T 02789c768a7a470e8394b52630e20560 P 899c4d5c938f49009b34bd5af1378341 [term 1 FOLLOWER]: Advancing to term 2
I20260710 13:25:39.660864 28290 raft_consensus.cc:515] T dd86509284c5446ea062d0eae4deb7b3 P 83f3c9c6bda4408c92ca157c18626fe6 [term 2 FOLLOWER]: Starting forced leader election with config: opid_index: -1 OBSOLETE_local: false peers { permanent_uuid: "8989c6577797440f9e51bfc0b46c4aea" member_type: VOTER last_known_addr { host: "127.26.122.129" port: 41177 } } peers { permanent_uuid: "83f3c9c6bda4408c92ca157c18626fe6" member_type: VOTER last_known_addr { host: "127.26.122.130" port: 42143 } } peers { permanent_uuid: "899c4d5c938f49009b34bd5af1378341" member_type: VOTER last_known_addr { host: "127.26.122.131" port: 33759 } }
I20260710 13:25:39.662547 28290 leader_election.cc:290] T dd86509284c5446ea062d0eae4deb7b3 P 83f3c9c6bda4408c92ca157c18626fe6 [CANDIDATE]: Term 2 election: Requested vote from peers 8989c6577797440f9e51bfc0b46c4aea (127.26.122.129:41177), 899c4d5c938f49009b34bd5af1378341 (127.26.122.131:33759)
I20260710 13:25:39.662818 28211 tablet_service.cc:1917] Received RequestConsensusVote() RPC: tablet_id: "dd86509284c5446ea062d0eae4deb7b3" candidate_uuid: "83f3c9c6bda4408c92ca157c18626fe6" candidate_term: 2 candidate_status { last_received { term: 1 index: 1 } } ignore_live_leader: true dest_uuid: "8989c6577797440f9e51bfc0b46c4aea"
I20260710 13:25:39.663359 28211 raft_consensus.cc:3055] T dd86509284c5446ea062d0eae4deb7b3 P 8989c6577797440f9e51bfc0b46c4aea [term 1 LEADER]: Stepping down as leader of term 1
I20260710 13:25:39.663656 28211 raft_consensus.cc:740] T dd86509284c5446ea062d0eae4deb7b3 P 8989c6577797440f9e51bfc0b46c4aea [term 1 LEADER]: Becoming Follower/Learner. State: Replica: 8989c6577797440f9e51bfc0b46c4aea, State: Running, Role: LEADER
I20260710 13:25:39.664323 28212 raft_consensus.cc:2468] T 02789c768a7a470e8394b52630e20560 P 8989c6577797440f9e51bfc0b46c4aea [term 2 FOLLOWER]: Leader election vote request: Granting yes vote for candidate 7da8401cbf4546f6afb8063397bfefe2 in term 2.
I20260710 13:25:39.664378 28211 consensus_queue.cc:260] T dd86509284c5446ea062d0eae4deb7b3 P 8989c6577797440f9e51bfc0b46c4aea [NON_LEADER]: Queue going to NON_LEADER mode. State: All replicated index: 0, Majority replicated index: 1, Committed index: 1, Last appended: 1.1, Last appended by leader: 1, Current term: 1, Majority size: -1, State: 0, Mode: NON_LEADER, active raft config: opid_index: -1 OBSOLETE_local: false peers { permanent_uuid: "8989c6577797440f9e51bfc0b46c4aea" member_type: VOTER last_known_addr { host: "127.26.122.129" port: 41177 } } peers { permanent_uuid: "83f3c9c6bda4408c92ca157c18626fe6" member_type: VOTER last_known_addr { host: "127.26.122.130" port: 42143 } } peers { permanent_uuid: "899c4d5c938f49009b34bd5af1378341" member_type: VOTER last_known_addr { host: "127.26.122.131" port: 33759 } }
I20260710 13:25:39.665273 28290 tablet_service.cc:1917] Received RequestConsensusVote() RPC: tablet_id: "fd751368f0c240499113b2f194e0a96a" candidate_uuid: "7da8401cbf4546f6afb8063397bfefe2" candidate_term: 2 candidate_status { last_received { term: 1 index: 4 } } ignore_live_leader: true dest_uuid: "83f3c9c6bda4408c92ca157c18626fe6"
I20260710 13:25:39.665449 28211 raft_consensus.cc:3060] T dd86509284c5446ea062d0eae4deb7b3 P 8989c6577797440f9e51bfc0b46c4aea [term 1 FOLLOWER]: Advancing to term 2
I20260710 13:25:39.665537 28606 leader_election.cc:304] T 02789c768a7a470e8394b52630e20560 P 7da8401cbf4546f6afb8063397bfefe2 [CANDIDATE]: Term 2 election: Election decided. Result: candidate won. Election summary: received 2 responses out of 3 voters: 2 yes votes; 0 no votes. yes voters: 7da8401cbf4546f6afb8063397bfefe2, 8989c6577797440f9e51bfc0b46c4aea; no voters: 
I20260710 13:25:39.665830 28290 raft_consensus.cc:3060] T fd751368f0c240499113b2f194e0a96a P 83f3c9c6bda4408c92ca157c18626fe6 [term 1 FOLLOWER]: Advancing to term 2
I20260710 13:25:39.666280 28364 raft_consensus.cc:2468] T 02789c768a7a470e8394b52630e20560 P 899c4d5c938f49009b34bd5af1378341 [term 2 FOLLOWER]: Leader election vote request: Granting yes vote for candidate 7da8401cbf4546f6afb8063397bfefe2 in term 2.
I20260710 13:25:39.666407 29028 raft_consensus.cc:2804] T 02789c768a7a470e8394b52630e20560 P 7da8401cbf4546f6afb8063397bfefe2 [term 2 FOLLOWER]: Leader election won for term 2
I20260710 13:25:39.666872 29028 raft_consensus.cc:697] T 02789c768a7a470e8394b52630e20560 P 7da8401cbf4546f6afb8063397bfefe2 [term 2 LEADER]: Becoming Leader. State: Replica: 7da8401cbf4546f6afb8063397bfefe2, State: Running, Role: LEADER
I20260710 13:25:39.667689 29028 consensus_queue.cc:237] T 02789c768a7a470e8394b52630e20560 P 7da8401cbf4546f6afb8063397bfefe2 [LEADER]: Queue going to LEADER mode. State: All replicated index: 0, Majority replicated index: 4, Committed index: 4, Last appended: 1.4, Last appended by leader: 4, Current term: 2, Majority size: 2, State: 0, Mode: LEADER, active raft config: opid_index: 4 OBSOLETE_local: false peers { permanent_uuid: "8989c6577797440f9e51bfc0b46c4aea" member_type: VOTER last_known_addr { host: "127.26.122.129" port: 41177 } } peers { permanent_uuid: "899c4d5c938f49009b34bd5af1378341" member_type: VOTER last_known_addr { host: "127.26.122.131" port: 33759 } } peers { permanent_uuid: "7da8401cbf4546f6afb8063397bfefe2" member_type: VOTER last_known_addr { host: "127.26.122.132" port: 33479 } attrs { promote: false } }
I20260710 13:25:39.668172 28640 leader_election.cc:290] T fd751368f0c240499113b2f194e0a96a P 7da8401cbf4546f6afb8063397bfefe2 [CANDIDATE]: Term 2 election: Requested vote from peers 83f3c9c6bda4408c92ca157c18626fe6 (127.26.122.130:42143), 899c4d5c938f49009b34bd5af1378341 (127.26.122.131:33759)
I20260710 13:25:39.667999 28364 tablet_service.cc:1917] Received RequestConsensusVote() RPC: tablet_id: "dd86509284c5446ea062d0eae4deb7b3" candidate_uuid: "83f3c9c6bda4408c92ca157c18626fe6" candidate_term: 2 candidate_status { last_received { term: 1 index: 1 } } ignore_live_leader: true dest_uuid: "899c4d5c938f49009b34bd5af1378341"
I20260710 13:25:39.668679 28364 raft_consensus.cc:3060] T dd86509284c5446ea062d0eae4deb7b3 P 899c4d5c938f49009b34bd5af1378341 [term 1 FOLLOWER]: Advancing to term 2
I20260710 13:25:39.673300 28363 tablet_service.cc:1917] Received RequestConsensusVote() RPC: tablet_id: "fd751368f0c240499113b2f194e0a96a" candidate_uuid: "7da8401cbf4546f6afb8063397bfefe2" candidate_term: 2 candidate_status { last_received { term: 1 index: 4 } } ignore_live_leader: true dest_uuid: "899c4d5c938f49009b34bd5af1378341"
I20260710 13:25:39.673832 28363 raft_consensus.cc:3055] T fd751368f0c240499113b2f194e0a96a P 899c4d5c938f49009b34bd5af1378341 [term 1 LEADER]: Stepping down as leader of term 1
I20260710 13:25:39.674099 28363 raft_consensus.cc:740] T fd751368f0c240499113b2f194e0a96a P 899c4d5c938f49009b34bd5af1378341 [term 1 LEADER]: Becoming Follower/Learner. State: Replica: 899c4d5c938f49009b34bd5af1378341, State: Running, Role: LEADER
I20260710 13:25:39.674882 28364 raft_consensus.cc:2468] T dd86509284c5446ea062d0eae4deb7b3 P 899c4d5c938f49009b34bd5af1378341 [term 2 FOLLOWER]: Leader election vote request: Granting yes vote for candidate 83f3c9c6bda4408c92ca157c18626fe6 in term 2.
I20260710 13:25:39.674798 28363 consensus_queue.cc:260] T fd751368f0c240499113b2f194e0a96a P 899c4d5c938f49009b34bd5af1378341 [NON_LEADER]: Queue going to NON_LEADER mode. State: All replicated index: 0, Majority replicated index: 4, Committed index: 4, Last appended: 1.4, Last appended by leader: 4, Current term: 1, Majority size: -1, State: 0, Mode: NON_LEADER, active raft config: opid_index: 4 OBSOLETE_local: false peers { permanent_uuid: "83f3c9c6bda4408c92ca157c18626fe6" member_type: VOTER last_known_addr { host: "127.26.122.130" port: 42143 } } peers { permanent_uuid: "899c4d5c938f49009b34bd5af1378341" member_type: VOTER last_known_addr { host: "127.26.122.131" port: 33759 } } peers { permanent_uuid: "7da8401cbf4546f6afb8063397bfefe2" member_type: VOTER last_known_addr { host: "127.26.122.132" port: 33479 } attrs { promote: false } }
I20260710 13:25:39.675994 28363 raft_consensus.cc:3060] T fd751368f0c240499113b2f194e0a96a P 899c4d5c938f49009b34bd5af1378341 [term 1 FOLLOWER]: Advancing to term 2
I20260710 13:25:39.671722 28211 raft_consensus.cc:2468] T dd86509284c5446ea062d0eae4deb7b3 P 8989c6577797440f9e51bfc0b46c4aea [term 2 FOLLOWER]: Leader election vote request: Granting yes vote for candidate 83f3c9c6bda4408c92ca157c18626fe6 in term 2.
I20260710 13:25:39.679399 28254 leader_election.cc:304] T dd86509284c5446ea062d0eae4deb7b3 P 83f3c9c6bda4408c92ca157c18626fe6 [CANDIDATE]: Term 2 election: Election decided. Result: candidate won. Election summary: received 2 responses out of 3 voters: 2 yes votes; 0 no votes. yes voters: 83f3c9c6bda4408c92ca157c18626fe6, 899c4d5c938f49009b34bd5af1378341; no voters: 
I20260710 13:25:39.680684 29008 raft_consensus.cc:2804] T dd86509284c5446ea062d0eae4deb7b3 P 83f3c9c6bda4408c92ca157c18626fe6 [term 2 FOLLOWER]: Leader election won for term 2
I20260710 13:25:39.681186 29008 raft_consensus.cc:697] T dd86509284c5446ea062d0eae4deb7b3 P 83f3c9c6bda4408c92ca157c18626fe6 [term 2 LEADER]: Becoming Leader. State: Replica: 83f3c9c6bda4408c92ca157c18626fe6, State: Running, Role: LEADER
I20260710 13:25:39.682029 29008 consensus_queue.cc:237] T dd86509284c5446ea062d0eae4deb7b3 P 83f3c9c6bda4408c92ca157c18626fe6 [LEADER]: Queue going to LEADER mode. State: All replicated index: 0, Majority replicated index: 1, Committed index: 1, Last appended: 1.1, Last appended by leader: 1, Current term: 2, Majority size: 2, State: 0, Mode: LEADER, active raft config: opid_index: -1 OBSOLETE_local: false peers { permanent_uuid: "8989c6577797440f9e51bfc0b46c4aea" member_type: VOTER last_known_addr { host: "127.26.122.129" port: 41177 } } peers { permanent_uuid: "83f3c9c6bda4408c92ca157c18626fe6" member_type: VOTER last_known_addr { host: "127.26.122.130" port: 42143 } } peers { permanent_uuid: "899c4d5c938f49009b34bd5af1378341" member_type: VOTER last_known_addr { host: "127.26.122.131" port: 33759 } }
I20260710 13:25:39.685488 28363 raft_consensus.cc:2468] T fd751368f0c240499113b2f194e0a96a P 899c4d5c938f49009b34bd5af1378341 [term 2 FOLLOWER]: Leader election vote request: Granting yes vote for candidate 7da8401cbf4546f6afb8063397bfefe2 in term 2.
I20260710 13:25:39.686051 28110 catalog_manager.cc:5697] T 02789c768a7a470e8394b52630e20560 P 7da8401cbf4546f6afb8063397bfefe2 reported cstate change: term changed from 1 to 2, leader changed from 899c4d5c938f49009b34bd5af1378341 (127.26.122.131) to 7da8401cbf4546f6afb8063397bfefe2 (127.26.122.132). New cstate: current_term: 2 leader_uuid: "7da8401cbf4546f6afb8063397bfefe2" committed_config { opid_index: 4 OBSOLETE_local: false peers { permanent_uuid: "8989c6577797440f9e51bfc0b46c4aea" member_type: VOTER last_known_addr { host: "127.26.122.129" port: 41177 } health_report { overall_health: UNKNOWN } } peers { permanent_uuid: "899c4d5c938f49009b34bd5af1378341" member_type: VOTER last_known_addr { host: "127.26.122.131" port: 33759 } health_report { overall_health: UNKNOWN } } peers { permanent_uuid: "7da8401cbf4546f6afb8063397bfefe2" member_type: VOTER last_known_addr { host: "127.26.122.132" port: 33479 } attrs { promote: false } health_report { overall_health: HEALTHY } } }
I20260710 13:25:39.688299 28290 raft_consensus.cc:2468] T fd751368f0c240499113b2f194e0a96a P 83f3c9c6bda4408c92ca157c18626fe6 [term 2 FOLLOWER]: Leader election vote request: Granting yes vote for candidate 7da8401cbf4546f6afb8063397bfefe2 in term 2.
I20260710 13:25:39.688686 28604 leader_election.cc:304] T fd751368f0c240499113b2f194e0a96a P 7da8401cbf4546f6afb8063397bfefe2 [CANDIDATE]: Term 2 election: Election decided. Result: candidate won. Election summary: received 2 responses out of 3 voters: 2 yes votes; 0 no votes. yes voters: 7da8401cbf4546f6afb8063397bfefe2, 899c4d5c938f49009b34bd5af1378341; no voters: 
I20260710 13:25:39.689570 29028 raft_consensus.cc:2804] T fd751368f0c240499113b2f194e0a96a P 7da8401cbf4546f6afb8063397bfefe2 [term 2 FOLLOWER]: Leader election won for term 2
I20260710 13:25:39.692072 29028 raft_consensus.cc:697] T fd751368f0c240499113b2f194e0a96a P 7da8401cbf4546f6afb8063397bfefe2 [term 2 LEADER]: Becoming Leader. State: Replica: 7da8401cbf4546f6afb8063397bfefe2, State: Running, Role: LEADER
I20260710 13:25:39.693001 29028 consensus_queue.cc:237] T fd751368f0c240499113b2f194e0a96a P 7da8401cbf4546f6afb8063397bfefe2 [LEADER]: Queue going to LEADER mode. State: All replicated index: 0, Majority replicated index: 4, Committed index: 4, Last appended: 1.4, Last appended by leader: 4, Current term: 2, Majority size: 2, State: 0, Mode: LEADER, active raft config: opid_index: 4 OBSOLETE_local: false peers { permanent_uuid: "83f3c9c6bda4408c92ca157c18626fe6" member_type: VOTER last_known_addr { host: "127.26.122.130" port: 42143 } } peers { permanent_uuid: "899c4d5c938f49009b34bd5af1378341" member_type: VOTER last_known_addr { host: "127.26.122.131" port: 33759 } } peers { permanent_uuid: "7da8401cbf4546f6afb8063397bfefe2" member_type: VOTER last_known_addr { host: "127.26.122.132" port: 33479 } attrs { promote: false } }
I20260710 13:25:39.701292 28112 catalog_manager.cc:5697] T dd86509284c5446ea062d0eae4deb7b3 P 83f3c9c6bda4408c92ca157c18626fe6 reported cstate change: term changed from 1 to 2, leader changed from 8989c6577797440f9e51bfc0b46c4aea (127.26.122.129) to 83f3c9c6bda4408c92ca157c18626fe6 (127.26.122.130). New cstate: current_term: 2 leader_uuid: "83f3c9c6bda4408c92ca157c18626fe6" committed_config { opid_index: -1 OBSOLETE_local: false peers { permanent_uuid: "8989c6577797440f9e51bfc0b46c4aea" member_type: VOTER last_known_addr { host: "127.26.122.129" port: 41177 } health_report { overall_health: UNKNOWN } } peers { permanent_uuid: "83f3c9c6bda4408c92ca157c18626fe6" member_type: VOTER last_known_addr { host: "127.26.122.130" port: 42143 } health_report { overall_health: HEALTHY } } peers { permanent_uuid: "899c4d5c938f49009b34bd5af1378341" member_type: VOTER last_known_addr { host: "127.26.122.131" port: 33759 } health_report { overall_health: UNKNOWN } } }
I20260710 13:25:39.711642 28110 catalog_manager.cc:5697] T fd751368f0c240499113b2f194e0a96a P 7da8401cbf4546f6afb8063397bfefe2 reported cstate change: term changed from 1 to 2, leader changed from 899c4d5c938f49009b34bd5af1378341 (127.26.122.131) to 7da8401cbf4546f6afb8063397bfefe2 (127.26.122.132). New cstate: current_term: 2 leader_uuid: "7da8401cbf4546f6afb8063397bfefe2" committed_config { opid_index: 4 OBSOLETE_local: false peers { permanent_uuid: "83f3c9c6bda4408c92ca157c18626fe6" member_type: VOTER last_known_addr { host: "127.26.122.130" port: 42143 } health_report { overall_health: UNKNOWN } } peers { permanent_uuid: "899c4d5c938f49009b34bd5af1378341" member_type: VOTER last_known_addr { host: "127.26.122.131" port: 33759 } health_report { overall_health: UNKNOWN } } peers { permanent_uuid: "7da8401cbf4546f6afb8063397bfefe2" member_type: VOTER last_known_addr { host: "127.26.122.132" port: 33479 } attrs { promote: false } health_report { overall_health: HEALTHY } } }
I20260710 13:25:39.872455 28363 raft_consensus.cc:1275] T 7e6961495ed74574baa593f33fc1441e P 899c4d5c938f49009b34bd5af1378341 [term 2 FOLLOWER]: Refusing update from remote peer 8989c6577797440f9e51bfc0b46c4aea: Log matching property violated. Preceding OpId in replica: term: 1 index: 1. Preceding OpId from leader: term: 2 index: 2. (index mismatch)
I20260710 13:25:39.873689 29022 consensus_queue.cc:1048] T 7e6961495ed74574baa593f33fc1441e P 8989c6577797440f9e51bfc0b46c4aea [LEADER]: Connected to new peer: Peer: permanent_uuid: "899c4d5c938f49009b34bd5af1378341" member_type: VOTER last_known_addr { host: "127.26.122.131" port: 33759 }, Status: LMP_MISMATCH, Last received: 0.0, Next index: 2, Last known committed idx: 1, Time since last communication: 0.000s
I20260710 13:25:39.882303 28290 raft_consensus.cc:1275] T 7e6961495ed74574baa593f33fc1441e P 83f3c9c6bda4408c92ca157c18626fe6 [term 2 FOLLOWER]: Refusing update from remote peer 8989c6577797440f9e51bfc0b46c4aea: Log matching property violated. Preceding OpId in replica: term: 1 index: 1. Preceding OpId from leader: term: 2 index: 2. (index mismatch)
I20260710 13:25:39.884039 29015 consensus_queue.cc:1048] T 7e6961495ed74574baa593f33fc1441e P 8989c6577797440f9e51bfc0b46c4aea [LEADER]: Connected to new peer: Peer: permanent_uuid: "83f3c9c6bda4408c92ca157c18626fe6" member_type: VOTER last_known_addr { host: "127.26.122.130" port: 42143 }, Status: LMP_MISMATCH, Last received: 0.0, Next index: 2, Last known committed idx: 1, Time since last communication: 0.000s
I20260710 13:25:40.053385 28211 raft_consensus.cc:1275] T 02789c768a7a470e8394b52630e20560 P 8989c6577797440f9e51bfc0b46c4aea [term 2 FOLLOWER]: Refusing update from remote peer 7da8401cbf4546f6afb8063397bfefe2: Log matching property violated. Preceding OpId in replica: term: 1 index: 4. Preceding OpId from leader: term: 2 index: 5. (index mismatch)
I20260710 13:25:40.054533 29028 consensus_queue.cc:1048] T 02789c768a7a470e8394b52630e20560 P 7da8401cbf4546f6afb8063397bfefe2 [LEADER]: Connected to new peer: Peer: permanent_uuid: "8989c6577797440f9e51bfc0b46c4aea" member_type: VOTER last_known_addr { host: "127.26.122.129" port: 41177 }, Status: LMP_MISMATCH, Last received: 0.0, Next index: 5, Last known committed idx: 4, Time since last communication: 0.000s
I20260710 13:25:40.063273 28212 raft_consensus.cc:1275] T 1883069fafce471486f93e68de4c71e6 P 8989c6577797440f9e51bfc0b46c4aea [term 2 FOLLOWER]: Refusing update from remote peer 7da8401cbf4546f6afb8063397bfefe2: Log matching property violated. Preceding OpId in replica: term: 1 index: 4. Preceding OpId from leader: term: 2 index: 5. (index mismatch)
I20260710 13:25:40.064836 29028 consensus_queue.cc:1048] T 1883069fafce471486f93e68de4c71e6 P 7da8401cbf4546f6afb8063397bfefe2 [LEADER]: Connected to new peer: Peer: permanent_uuid: "8989c6577797440f9e51bfc0b46c4aea" member_type: VOTER last_known_addr { host: "127.26.122.129" port: 41177 }, Status: LMP_MISMATCH, Last received: 0.0, Next index: 5, Last known committed idx: 4, Time since last communication: 0.000s
I20260710 13:25:40.067323 28364 raft_consensus.cc:1275] T 02789c768a7a470e8394b52630e20560 P 899c4d5c938f49009b34bd5af1378341 [term 2 FOLLOWER]: Refusing update from remote peer 7da8401cbf4546f6afb8063397bfefe2: Log matching property violated. Preceding OpId in replica: term: 1 index: 4. Preceding OpId from leader: term: 2 index: 5. (index mismatch)
I20260710 13:25:40.068794 29029 consensus_queue.cc:1048] T 02789c768a7a470e8394b52630e20560 P 7da8401cbf4546f6afb8063397bfefe2 [LEADER]: Connected to new peer: Peer: permanent_uuid: "899c4d5c938f49009b34bd5af1378341" member_type: VOTER last_known_addr { host: "127.26.122.131" port: 33759 }, Status: LMP_MISMATCH, Last received: 0.0, Next index: 5, Last known committed idx: 4, Time since last communication: 0.001s
I20260710 13:25:40.080750 28290 raft_consensus.cc:1275] T 1883069fafce471486f93e68de4c71e6 P 83f3c9c6bda4408c92ca157c18626fe6 [term 2 FOLLOWER]: Refusing update from remote peer 7da8401cbf4546f6afb8063397bfefe2: Log matching property violated. Preceding OpId in replica: term: 1 index: 4. Preceding OpId from leader: term: 2 index: 5. (index mismatch)
I20260710 13:25:40.082857 29044 consensus_queue.cc:1048] T 1883069fafce471486f93e68de4c71e6 P 7da8401cbf4546f6afb8063397bfefe2 [LEADER]: Connected to new peer: Peer: permanent_uuid: "83f3c9c6bda4408c92ca157c18626fe6" member_type: VOTER last_known_addr { host: "127.26.122.130" port: 42143 }, Status: LMP_MISMATCH, Last received: 0.0, Next index: 5, Last known committed idx: 4, Time since last communication: 0.001s
I20260710 13:25:40.133890 28364 raft_consensus.cc:1275] T dd86509284c5446ea062d0eae4deb7b3 P 899c4d5c938f49009b34bd5af1378341 [term 2 FOLLOWER]: Refusing update from remote peer 83f3c9c6bda4408c92ca157c18626fe6: Log matching property violated. Preceding OpId in replica: term: 1 index: 1. Preceding OpId from leader: term: 2 index: 2. (index mismatch)
I20260710 13:25:40.135202 29008 consensus_queue.cc:1048] T dd86509284c5446ea062d0eae4deb7b3 P 83f3c9c6bda4408c92ca157c18626fe6 [LEADER]: Connected to new peer: Peer: permanent_uuid: "899c4d5c938f49009b34bd5af1378341" member_type: VOTER last_known_addr { host: "127.26.122.131" port: 33759 }, Status: LMP_MISMATCH, Last received: 0.0, Next index: 2, Last known committed idx: 1, Time since last communication: 0.000s
I20260710 13:25:40.142920 28213 raft_consensus.cc:1275] T dd86509284c5446ea062d0eae4deb7b3 P 8989c6577797440f9e51bfc0b46c4aea [term 2 FOLLOWER]: Refusing update from remote peer 83f3c9c6bda4408c92ca157c18626fe6: Log matching property violated. Preceding OpId in replica: term: 1 index: 1. Preceding OpId from leader: term: 2 index: 2. (index mismatch)
I20260710 13:25:40.144228 29021 consensus_queue.cc:1048] T dd86509284c5446ea062d0eae4deb7b3 P 83f3c9c6bda4408c92ca157c18626fe6 [LEADER]: Connected to new peer: Peer: permanent_uuid: "8989c6577797440f9e51bfc0b46c4aea" member_type: VOTER last_known_addr { host: "127.26.122.129" port: 41177 }, Status: LMP_MISMATCH, Last received: 0.0, Next index: 2, Last known committed idx: 1, Time since last communication: 0.000s
I20260710 13:25:40.213959 28290 raft_consensus.cc:1275] T fd751368f0c240499113b2f194e0a96a P 83f3c9c6bda4408c92ca157c18626fe6 [term 2 FOLLOWER]: Refusing update from remote peer 7da8401cbf4546f6afb8063397bfefe2: Log matching property violated. Preceding OpId in replica: term: 1 index: 4. Preceding OpId from leader: term: 2 index: 5. (index mismatch)
I20260710 13:25:40.214931 29029 consensus_queue.cc:1048] T fd751368f0c240499113b2f194e0a96a P 7da8401cbf4546f6afb8063397bfefe2 [LEADER]: Connected to new peer: Peer: permanent_uuid: "83f3c9c6bda4408c92ca157c18626fe6" member_type: VOTER last_known_addr { host: "127.26.122.130" port: 42143 }, Status: LMP_MISMATCH, Last received: 0.0, Next index: 5, Last known committed idx: 4, Time since last communication: 0.000s
I20260710 13:25:40.223290 28364 raft_consensus.cc:1275] T fd751368f0c240499113b2f194e0a96a P 899c4d5c938f49009b34bd5af1378341 [term 2 FOLLOWER]: Refusing update from remote peer 7da8401cbf4546f6afb8063397bfefe2: Log matching property violated. Preceding OpId in replica: term: 1 index: 4. Preceding OpId from leader: term: 2 index: 5. (index mismatch)
I20260710 13:25:40.224517 29044 consensus_queue.cc:1048] T fd751368f0c240499113b2f194e0a96a P 7da8401cbf4546f6afb8063397bfefe2 [LEADER]: Connected to new peer: Peer: permanent_uuid: "899c4d5c938f49009b34bd5af1378341" member_type: VOTER last_known_addr { host: "127.26.122.131" port: 33759 }, Status: LMP_MISMATCH, Last received: 0.0, Next index: 5, Last known committed idx: 4, Time since last communication: 0.000s
I20260710 13:25:40.283916 27114 auto_leader_rebalancer.cc:141] leader rebalance for table test-workload
I20260710 13:25:40.298233 27114 auto_leader_rebalancer.cc:141] leader rebalance for table test-workload
I20260710 13:25:40.312685 28213 tablet_service.cc:2072] Received LeaderStepDown RPC: tablet_id: "1a744f77381e41ef8446c37ff831963c"
dest_uuid: "8989c6577797440f9e51bfc0b46c4aea"
mode: GRACEFUL
new_leader_uuid: "7da8401cbf4546f6afb8063397bfefe2"
 from {username='slave'} at 127.0.0.1:55988
I20260710 13:25:40.313261 28213 raft_consensus.cc:606] T 1a744f77381e41ef8446c37ff831963c P 8989c6577797440f9e51bfc0b46c4aea [term 1 LEADER]: Received request to transfer leadership to TS 7da8401cbf4546f6afb8063397bfefe2
I20260710 13:25:40.317655 28364 tablet_service.cc:2072] Received LeaderStepDown RPC: tablet_id: "dcc9905e45734dc4a0907cbef80b65aa"
dest_uuid: "899c4d5c938f49009b34bd5af1378341"
mode: GRACEFUL
new_leader_uuid: "83f3c9c6bda4408c92ca157c18626fe6"
 from {username='slave'} at 127.0.0.1:38532
I20260710 13:25:40.318252 28364 raft_consensus.cc:606] T dcc9905e45734dc4a0907cbef80b65aa P 899c4d5c938f49009b34bd5af1378341 [term 1 LEADER]: Received request to transfer leadership to TS 83f3c9c6bda4408c92ca157c18626fe6
I20260710 13:25:40.320484 28290 tablet_service.cc:2072] Received LeaderStepDown RPC: tablet_id: "e4d9d6dd469e40bcb2a2dd283ca27435"
dest_uuid: "83f3c9c6bda4408c92ca157c18626fe6"
mode: GRACEFUL
new_leader_uuid: "7da8401cbf4546f6afb8063397bfefe2"
 from {username='slave'} at 127.0.0.1:59510
I20260710 13:25:40.320948 28290 raft_consensus.cc:606] T e4d9d6dd469e40bcb2a2dd283ca27435 P 83f3c9c6bda4408c92ca157c18626fe6 [term 1 LEADER]: Received request to transfer leadership to TS 7da8401cbf4546f6afb8063397bfefe2
I20260710 13:25:40.321944 27114 auto_leader_rebalancer.cc:479] table: test-workload, leader rebalance finish, leader transfer count: 3
I20260710 13:25:40.322551 27114 auto_leader_rebalancer.cc:554] All tables' leader rebalancing finished this round
I20260710 13:25:40.343902 29016 raft_consensus.cc:993] T dcc9905e45734dc4a0907cbef80b65aa P 899c4d5c938f49009b34bd5af1378341: : Instructing follower 83f3c9c6bda4408c92ca157c18626fe6 to start an election
I20260710 13:25:40.344331 29012 raft_consensus.cc:1081] T dcc9905e45734dc4a0907cbef80b65aa P 899c4d5c938f49009b34bd5af1378341 [term 1 LEADER]: Signalling peer 83f3c9c6bda4408c92ca157c18626fe6 to start an election
I20260710 13:25:40.345649 28290 tablet_service.cc:2044] Received Run Leader Election RPC: tablet_id: "dcc9905e45734dc4a0907cbef80b65aa"
dest_uuid: "83f3c9c6bda4408c92ca157c18626fe6"
 from {username='slave'} at 127.0.0.1:43698
I20260710 13:25:40.346136 28290 raft_consensus.cc:493] T dcc9905e45734dc4a0907cbef80b65aa P 83f3c9c6bda4408c92ca157c18626fe6 [term 1 FOLLOWER]: Starting forced leader election (received explicit request)
I20260710 13:25:40.346432 28290 raft_consensus.cc:3060] T dcc9905e45734dc4a0907cbef80b65aa P 83f3c9c6bda4408c92ca157c18626fe6 [term 1 FOLLOWER]: Advancing to term 2
I20260710 13:25:40.350802 28290 raft_consensus.cc:515] T dcc9905e45734dc4a0907cbef80b65aa P 83f3c9c6bda4408c92ca157c18626fe6 [term 2 FOLLOWER]: Starting forced leader election with config: opid_index: -1 OBSOLETE_local: false peers { permanent_uuid: "8989c6577797440f9e51bfc0b46c4aea" member_type: VOTER last_known_addr { host: "127.26.122.129" port: 41177 } } peers { permanent_uuid: "83f3c9c6bda4408c92ca157c18626fe6" member_type: VOTER last_known_addr { host: "127.26.122.130" port: 42143 } } peers { permanent_uuid: "899c4d5c938f49009b34bd5af1378341" member_type: VOTER last_known_addr { host: "127.26.122.131" port: 33759 } }
I20260710 13:25:40.352823 28213 tablet_service.cc:1917] Received RequestConsensusVote() RPC: tablet_id: "dcc9905e45734dc4a0907cbef80b65aa" candidate_uuid: "83f3c9c6bda4408c92ca157c18626fe6" candidate_term: 2 candidate_status { last_received { term: 1 index: 1 } } ignore_live_leader: true dest_uuid: "8989c6577797440f9e51bfc0b46c4aea"
